833
CDUS43 KBIS 070738
CLIISN


CLIMATE REPORT
NATIONAL WEATHER SERVICE BISMARCK ND
136 AM CST SUN FEB 7 2016


...................................

...THE WILLISTON ND CLIMATE SUMMARY FOR FEBRUARY 6 2016...

CLIMATE NORMAL PERIOD 1981 TO 2010
CLIMATE RECORD PERIOD 1894 TO 2016


WEATHER ITEM   OBSERVED TIME   RECORD YEAR NORMAL DEPARTURE LAST
                VALUE   (LST)  VALUE       VALUE  FROM      YEAR
                                                  NORMAL
..................................................................
TEMPERATURE (F)
 YESTERDAY
  MAXIMUM         49    312 PM  52    1963  25     24       32
  MINIMUM         24   1225 AM -34    1914   3     21       14
  AVERAGE         37                        14     23       23

PRECIPITATION (IN)
  YESTERDAY        0.00          0.33 1945   0.01  -0.01     0.00
  MONTH TO DATE    0.04                      0.07  -0.03     0.16
  SINCE DEC 1      0.97                      1.28  -0.31     0.67
  SINCE JAN 1      0.42                      0.66  -0.24     0.64

SNOWFALL (IN)
  YESTERDAY       MM
  SNOW DEPTH      MM

DEGREE DAYS
 HEATING
  YESTERDAY       28                        51    -23       42
  MONTH TO DATE  237                       309    -72      353
  SINCE DEC 1   3066                      3568   -502     3207
  SINCE JUL 1   4816                      5730   -914     5400

 COOLING
  YESTERDAY        0                         0      0        0
  MONTH TO DATE    0                         0      0        0
  SINCE DEC 1      0                         0      0        0
  SINCE JAN 1      0                         0      0        0
..................................................................


WIND (MPH)
  HIGHEST WIND SPEED    35   HIGHEST WIND DIRECTION     W (270)
  HIGHEST GUST SPEED    46   HIGHEST GUST DIRECTION     W (280)
  AVERAGE WIND SPEED    16.1


SKY COVER
  POSSIBLE SUNSHINE  MM
  AVERAGE SKY COVER 0.3


WEATHER CONDITIONS
 THE FOLLOWING WEATHER WAS RECORDED YESTERDAY.
  NO SIGNIFICANT WEATHER WAS OBSERVED.


RELATIVE HUMIDITY (PERCENT)
 HIGHEST    85           100 AM
 LOWEST     39           300 PM
 AVERAGE    62

..........................................................


THE WILLISTON ND CLIMATE NORMALS FOR TODAY
                         NORMAL    RECORD    YEAR
 MAXIMUM TEMPERATURE (F)   25        58      1991
 MINIMUM TEMPERATURE (F)    4       -40      1895


SUNRISE AND SUNSET
FEBRUARY  7 2016......SUNRISE   815 AM CST   SUNSET   603 PM CST
FEBRUARY  8 2016......SUNRISE   813 AM CST   SUNSET   605 PM CST


-  INDICATES NEGATIVE NUMBERS.
R  INDICATES RECORD WAS SET OR TIED.
MM INDICATES DATA IS MISSING.
T  INDICATES TRACE AMOUNT.




$$
