000
CDUS43 KBIS 240745
CLIISN


CLIMATE REPORT
NATIONAL WEATHER SERVICE BISMARCK ND
244 AM CDT WED MAY 24 2017


...................................

...THE WILLISTON ND CLIMATE SUMMARY FOR MAY 23 2017...

CLIMATE NORMAL PERIOD 1981 TO 2010
CLIMATE RECORD PERIOD 1894 TO 2017


WEATHER ITEM   OBSERVED TIME   RECORD YEAR NORMAL DEPARTURE LAST
                VALUE   (LST)  VALUE       VALUE  FROM      YEAR
                                                  NORMAL
..................................................................
TEMPERATURE (F)
 YESTERDAY
  MAXIMUM         73    346 PM  95    1980  70      3       74
  MINIMUM         34    408 AM  27    2001  43     -9       39
  AVERAGE         54                        56     -2       57

PRECIPITATION (IN)
  YESTERDAY        0.00          1.52 1933   0.07  -0.07     0.00
  MONTH TO DATE    0.76                      1.33  -0.57     0.21
  SINCE MAR 1      2.11                      3.04  -0.93     2.34
  SINCE JAN 1      3.25                      4.02  -0.77     3.47

SNOWFALL (IN)
  YESTERDAY       MM
  SNOW DEPTH      MM

DEGREE DAYS
 HEATING
  YESTERDAY       11                         9      2        8
  MONTH TO DATE  202                       285    -83      201
  SINCE MAR 1   1860                      2042   -182     1668
  SINCE JUL 1   7882                      8810   -928     7278

 COOLING
  YESTERDAY        0                         0      0        0
  MONTH TO DATE   22                         0     22       10
  SINCE MAR 1     22                         1     21       10
  SINCE JAN 1     22                         1     21       10
..................................................................


WIND (MPH)
  HIGHEST WIND SPEED    14   HIGHEST WIND DIRECTION    SE (150)
  HIGHEST GUST SPEED    19   HIGHEST GUST DIRECTION    SE (140)
  AVERAGE WIND SPEED     5.7


SKY COVER
  POSSIBLE SUNSHINE  MM
  AVERAGE SKY COVER 0.0


WEATHER CONDITIONS
 THE FOLLOWING WEATHER WAS RECORDED YESTERDAY.
  NO SIGNIFICANT WEATHER WAS OBSERVED.


RELATIVE HUMIDITY (PERCENT)
 HIGHEST    89           400 AM
 LOWEST     20           400 PM
 AVERAGE    55

..........................................................


THE WILLISTON ND CLIMATE NORMALS FOR TODAY
                         NORMAL    RECORD    YEAR
 MAXIMUM TEMPERATURE (F)   70        92      1980
                                             1977
 MINIMUM TEMPERATURE (F)   43        23      2002


SUNRISE AND SUNSET
MAY 24 2017...........SUNRISE   605 AM CDT   SUNSET   939 PM CDT
MAY 25 2017...........SUNRISE   604 AM CDT   SUNSET   940 PM CDT


-  INDICATES NEGATIVE NUMBERS.
R  INDICATES RECORD WAS SET OR TIED.
MM INDICATES DATA IS MISSING.
T  INDICATES TRACE AMOUNT.




$$
