000
CDUS43 KBIS 060925
CLIISN


CLIMATE REPORT
NATIONAL WEATHER SERVICE BISMARCK ND
424 AM CDT FRI MAY 6 2016


...................................

...THE WILLISTON ND CLIMATE SUMMARY FOR MAY 5 2016...

CLIMATE NORMAL PERIOD 1981 TO 2010
CLIMATE RECORD PERIOD 1894 TO 2016


WEATHER ITEM   OBSERVED TIME   RECORD YEAR NORMAL DEPARTURE LAST
                VALUE   (LST)  VALUE       VALUE  FROM      YEAR
                                                  NORMAL
..................................................................
TEMPERATURE (F)
 YESTERDAY
  MAXIMUM         90R   505 PM  89    1934  65     25       82
  MINIMUM         46    350 AM  21    1929  37      9       49
  AVERAGE         68                        51     17       66

PRECIPITATION (IN)
  YESTERDAY        0.00          1.39 1965   0.04  -0.04     0.00
  MONTH TO DATE    0.00                      0.24  -0.24     0.00
  SINCE MAR 1      2.13                      1.95   0.18     0.74
  SINCE JAN 1      3.26                      2.93   0.33     1.68

SNOWFALL (IN)
  YESTERDAY       MM
  SNOW DEPTH      MM

DEGREE DAYS
 HEATING
  YESTERDAY        0                        15    -15        0
  MONTH TO DATE   30                        76    -46       43
  SINCE MAR 1   1497                      1833   -336     1515
  SINCE JUL 1   7107                      8601  -1494     8031

 COOLING
  YESTERDAY        3                         0      3        1
  MONTH TO DATE    3                         0      3        1
  SINCE MAR 1      3                         1      2        1
  SINCE JAN 1      3                         1      2        1
..................................................................


WIND (MPH)
  HIGHEST WIND SPEED    20   HIGHEST WIND DIRECTION    SW (230)
  HIGHEST GUST SPEED    26   HIGHEST GUST DIRECTION    SW (210)
  AVERAGE WIND SPEED     7.3


SKY COVER
  POSSIBLE SUNSHINE  MM
  AVERAGE SKY COVER 0.0


WEATHER CONDITIONS
 THE FOLLOWING WEATHER WAS RECORDED YESTERDAY.
  HAZE


RELATIVE HUMIDITY (PERCENT)
 HIGHEST    82           300 AM
 LOWEST     16           200 PM
 AVERAGE    49

..........................................................


THE WILLISTON ND CLIMATE NORMALS FOR TODAY
                         NORMAL    RECORD    YEAR
 MAXIMUM TEMPERATURE (F)   65        89      1992
 MINIMUM TEMPERATURE (F)   37        17      1907


SUNRISE AND SUNSET
MAY  6 2016...........SUNRISE   627 AM CDT   SUNSET   916 PM CDT
MAY  7 2016...........SUNRISE   626 AM CDT   SUNSET   917 PM CDT


-  INDICATES NEGATIVE NUMBERS.
R  INDICATES RECORD WAS SET OR TIED.
MM INDICATES DATA IS MISSING.
T  INDICATES TRACE AMOUNT.




$$
