000
CDUS43 KBIS 300038
CLIISN


CLIMATE REPORT
NATIONAL WEATHER SERVICE BISMARCK ND
738 PM CDT MON AUG 29 2016


...................................

...THE WILLISTON ND CLIMATE SUMMARY FOR AUGUST 29 2016...
VALID TODAY AS OF 0700 PM LOCAL TIME.

CLIMATE NORMAL PERIOD 1981 TO 2010
CLIMATE RECORD PERIOD 1894 TO 2016


WEATHER ITEM   OBSERVED TIME   RECORD YEAR NORMAL DEPARTURE LAST
                VALUE   (LST)  VALUE       VALUE  FROM      YEAR
                                                  NORMAL
..................................................................
TEMPERATURE (F)
 TODAY
  MAXIMUM         82    525 PM  99    2012  80      2       94
  MINIMUM         50    635 AM  34    1988  50      0       54
  AVERAGE         66                        65      1       74

PRECIPITATION (IN)
  TODAY            0.00          0.70 1920   0.04  -0.04     0.00
  MONTH TO DATE    0.45                      1.36  -0.91     0.82
  SINCE JUN 1      4.68                      6.42  -1.74     4.27
  SINCE JAN 1      9.75                     11.03  -1.28     7.77

SNOWFALL (IN)
  TODAY           MM

DEGREE DAYS
 HEATING
  TODAY            0                         3     -3        0
  MONTH TO DATE    9                        42    -33       31
  SINCE JUN 1     26                       186   -160       93
  SINCE JUL 1     10                        66    -56       39

 COOLING
  TODAY            1                         3     -2        9
  MONTH TO DATE  156                       160     -4      201
  SINCE JUN 1    461                       410     51      551
  SINCE JAN 1    471                       423     48      552
..................................................................


WIND (MPH)
  HIGHEST WIND SPEED    17   HIGHEST WIND DIRECTION     N (20)
  HIGHEST GUST SPEED    21   HIGHEST GUST DIRECTION     N (20)
  AVERAGE WIND SPEED     8.2


SKY COVER
  POSSIBLE SUNSHINE  MM
  AVERAGE SKY COVER 0.0


WEATHER CONDITIONS
 THE FOLLOWING WEATHER WAS RECORDED TODAY.
  NO SIGNIFICANT WEATHER WAS OBSERVED.


RELATIVE HUMIDITY (PERCENT)
 HIGHEST    77           600 AM
 LOWEST     21           600 PM
 AVERAGE    49

..........................................................


THE WILLISTON ND CLIMATE NORMALS FOR TOMORROW
                         NORMAL    RECORD    YEAR
 MAXIMUM TEMPERATURE (F)   79        97      2008
                                             1983
                                             1981
 MINIMUM TEMPERATURE (F)   50        37      1935


SUNRISE AND SUNSET
AUGUST 29 2016........SUNRISE   709 AM CDT   SUNSET   841 PM CDT
AUGUST 30 2016........SUNRISE   710 AM CDT   SUNSET   839 PM CDT


-  INDICATES NEGATIVE NUMBERS.
R  INDICATES RECORD WAS SET OR TIED.
MM INDICATES DATA IS MISSING.
T  INDICATES TRACE AMOUNT.




$$
