000
CDUS43 KBIS 010720
CLIISN


CLIMATE REPORT
NATIONAL WEATHER SERVICE BISMARCK ND
219 AM CDT FRI AUG 1 2014


...................................

...THE WILLISTON ND CLIMATE SUMMARY FOR JULY 31 2014...

CLIMATE NORMAL PERIOD 1981 TO 2010
CLIMATE RECORD PERIOD 1894 TO 2014


WEATHER ITEM   OBSERVED TIME   RECORD YEAR NORMAL DEPARTURE LAST
                VALUE   (LST)  VALUE       VALUE  FROM      YEAR
                                                  NORMAL
..................................................................
TEMPERATURE (F)
 YESTERDAY
  MAXIMUM         90    455 PM 105    1989  86      4       80
  MINIMUM         62    556 AM  40    1898  57      5       48
  AVERAGE         76                        72      4       64

PRECIPITATION (IN)
  YESTERDAY        0.10          0.69 1931   0.06   0.04     0.00
  MONTH TO DATE    0.66                      2.54  -1.88     1.75
  SINCE JUN 1      2.10                      5.06  -2.96     5.91
  SINCE JAN 1      6.19                      9.67  -3.48    13.72

SNOWFALL (IN)
  YESTERDAY       MM             0.0  2002   0.0   MM       MM
                                      2001
  MONTH TO DATE   MM                         0.0   MM       MM
  SINCE JUN 1      0.0                       0.0    0.0     MM
  SINCE JUL 1     MM                         0.0   MM       MM
  SNOW DEPTH      MM

DEGREE DAYS
 HEATING
  YESTERDAY        0                         0      0        1
  MONTH TO DATE   17                        21     -4       25
  SINCE JUN 1    127                       144    -17      153
  SINCE JUL 1     17                        24     -7       25

 COOLING
  YESTERDAY       11                         7      4        0
  MONTH TO DATE  164                       182    -18      126
  SINCE JUN 1    192                       250    -58      153
  SINCE JAN 1    213                       263    -50      161
..................................................................


WIND (MPH)
  HIGHEST WIND SPEED    15   HIGHEST WIND DIRECTION     E (100)
  HIGHEST GUST SPEED    20   HIGHEST GUST DIRECTION     E (100)
  AVERAGE WIND SPEED     6.9


SKY COVER
  POSSIBLE SUNSHINE  MM
  AVERAGE SKY COVER 0.3


WEATHER CONDITIONS
 THE FOLLOWING WEATHER WAS RECORDED YESTERDAY.
  LIGHT RAIN


RELATIVE HUMIDITY (PERCENT)
 HIGHEST    84           300 AM
 LOWEST     29           300 PM
 AVERAGE    57

..........................................................


THE WILLISTON ND CLIMATE NORMALS FOR TODAY
                         NORMAL    RECORD    YEAR
 MAXIMUM TEMPERATURE (F)   86       104      1900
 MINIMUM TEMPERATURE (F)   57        40      1923


SUNRISE AND SUNSET
AUGUST  1 2014........SUNRISE   630 AM CDT   SUNSET   931 PM CDT
AUGUST  2 2014........SUNRISE   631 AM CDT   SUNSET   929 PM CDT


-  INDICATES NEGATIVE NUMBERS.
R  INDICATES RECORD WAS SET OR TIED.
MM INDICATES DATA IS MISSING.
T  INDICATES TRACE AMOUNT.




$$
