000
CDUS43 KBIS 031235
CLIISN


CLIMATE REPORT
NATIONAL WEATHER SERVICE BISMARCK ND
634 AM CST SAT DEC 3 2016


...................................

...THE WILLISTON ND CLIMATE SUMMARY FOR DECEMBER 2 2016...

CLIMATE NORMAL PERIOD 1981 TO 2010
CLIMATE RECORD PERIOD 1894 TO 2016


WEATHER ITEM   OBSERVED TIME   RECORD YEAR NORMAL DEPARTURE LAST
                VALUE   (LST)  VALUE       VALUE  FROM      YEAR
                                                  NORMAL
..................................................................
TEMPERATURE (F)
 YESTERDAY
  MAXIMUM         31    521 PM  55    1948  29      2       41
  MINIMUM         21   1130 PM -27    1985   8     13        9
  AVERAGE         26                        18      8       25

PRECIPITATION (IN)
  YESTERDAY        0.01          0.88 1982   0.02  -0.01     0.00
  MONTH TO DATE    0.01                      0.04  -0.03     0.00
  SINCE DEC 1      0.01                      0.04  -0.03     0.00
  SINCE JAN 1     14.60                     13.79   0.81    11.49

SNOWFALL (IN)
  YESTERDAY       MM
  SNOW DEPTH      MM

DEGREE DAYS
 HEATING
  YESTERDAY       39                        47     -8       40
  MONTH TO DATE   75                        93    -18       87
  SINCE DEC 1     75                        93    -18       87
  SINCE JUL 1   1654                      2255   -601     1837

 COOLING
  YESTERDAY        0                         0      0        0
  MONTH TO DATE    0                         0      0        0
  SINCE DEC 1      0                         0      0        0
  SINCE JAN 1    521                       456     65      612
..................................................................


WIND (MPH)
  HIGHEST WIND SPEED    10   HIGHEST WIND DIRECTION    SW (240)
  HIGHEST GUST SPEED    12   HIGHEST GUST DIRECTION    SW (220)
  AVERAGE WIND SPEED     4.7


SKY COVER
  POSSIBLE SUNSHINE  MM
  AVERAGE SKY COVER 0.8


WEATHER CONDITIONS
 THE FOLLOWING WEATHER WAS RECORDED YESTERDAY.
  LIGHT SNOW
  FOG


RELATIVE HUMIDITY (PERCENT)
 HIGHEST    92           800 PM
 LOWEST     78          1200 AM
 AVERAGE    85

..........................................................


THE WILLISTON ND CLIMATE NORMALS FOR TODAY
                         NORMAL    RECORD    YEAR
 MAXIMUM TEMPERATURE (F)   28        57      1941
 MINIMUM TEMPERATURE (F)    8       -24      2006


SUNRISE AND SUNSET
DECEMBER  3 2016......SUNRISE   827 AM CST   SUNSET   502 PM CST
DECEMBER  4 2016......SUNRISE   828 AM CST   SUNSET   502 PM CST


-  INDICATES NEGATIVE NUMBERS.
R  INDICATES RECORD WAS SET OR TIED.
MM INDICATES DATA IS MISSING.
T  INDICATES TRACE AMOUNT.




$$
