000
CDUS43 KBIS 232229
CLIISN


CLIMATE REPORT
NATIONAL WEATHER SERVICE BISMARCK ND
525 PM CDT THU MAR 23 2017


...................................

...THE WILLISTON ND CLIMATE SUMMARY FOR MARCH 23 2017...
VALID TODAY AS OF 0500 PM LOCAL TIME.

CLIMATE NORMAL PERIOD 1981 TO 2010
CLIMATE RECORD PERIOD 1894 TO 2017


WEATHER ITEM   OBSERVED TIME   RECORD YEAR NORMAL DEPARTURE LAST
                VALUE   (LST)  VALUE       VALUE  FROM      YEAR
                                                  NORMAL
..................................................................
TEMPERATURE (F)
 TODAY
  MAXIMUM         58    358 PM  76    1993  44     14       41
  MINIMUM         28    204 AM -22    1965  21      7       19
  AVERAGE         43                        33     10       30

PRECIPITATION (IN)
  TODAY            0.00          0.55 1975   0.03  -0.03     0.00
  MONTH TO DATE    0.64                      0.51   0.13     0.08
  SINCE MAR 1      0.64                      0.51   0.13     0.08
  SINCE JAN 1      1.78                      1.49   0.29     1.21

SNOWFALL (IN)
  TODAY           MM

DEGREE DAYS
 HEATING
  TODAY           22                        32    -10       35
  MONTH TO DATE  896                       866     30      648
  SINCE MAR 1    896                       866     30      648
  SINCE JUL 1   6918                      7634   -716     6258

 COOLING
  TODAY            0                         0      0        0
  MONTH TO DATE    0                         0      0        0
  SINCE MAR 1      0                         0      0        0
  SINCE JAN 1      0                         0      0        0
..................................................................


WIND (MPH)
  HIGHEST WIND SPEED    12   HIGHEST WIND DIRECTION     E (70)
  HIGHEST GUST SPEED    16   HIGHEST GUST DIRECTION     E (70)
  AVERAGE WIND SPEED     2.8


SKY COVER
  POSSIBLE SUNSHINE  MM
  AVERAGE SKY COVER 0.1


WEATHER CONDITIONS
 THE FOLLOWING WEATHER WAS RECORDED TODAY.
  FOG
  HAZE


RELATIVE HUMIDITY (PERCENT)
 HIGHEST    96           800 AM
 LOWEST     47           400 PM
 AVERAGE    72

..........................................................


THE WILLISTON ND CLIMATE NORMALS FOR TOMORROW
                         NORMAL    RECORD    YEAR
 MAXIMUM TEMPERATURE (F)   45        76      1993
 MINIMUM TEMPERATURE (F)   22       -18      1965


SUNRISE AND SUNSET
MARCH 23 2017.........SUNRISE   751 AM CDT   SUNSET   812 PM CDT
MARCH 24 2017.........SUNRISE   749 AM CDT   SUNSET   814 PM CDT


-  INDICATES NEGATIVE NUMBERS.
R  INDICATES RECORD WAS SET OR TIED.
MM INDICATES DATA IS MISSING.
T  INDICATES TRACE AMOUNT.




$$
