000
CDUS43 KBIS 270846
CLIISN


CLIMATE REPORT
NATIONAL WEATHER SERVICE BISMARCK ND
345 AM CDT TUE JUN 27 2017


...................................

...THE WILLISTON ND CLIMATE SUMMARY FOR JUNE 26 2017...

CLIMATE NORMAL PERIOD 1981 TO 2010
CLIMATE RECORD PERIOD 1894 TO 2017


WEATHER ITEM   OBSERVED TIME   RECORD YEAR NORMAL DEPARTURE LAST
                VALUE   (LST)  VALUE       VALUE  FROM      YEAR
                                                  NORMAL
..................................................................
TEMPERATURE (F)
 YESTERDAY
  MAXIMUM         85    542 PM 100    1931  80      5       76
  MINIMUM         44    518 AM  41    1966  52     -8       57
                                      1958
  AVERAGE         65                        66     -1       67

PRECIPITATION (IN)
  YESTERDAY        0.00          2.16 1914   0.09  -0.09     0.00
  MONTH TO DATE    1.29                      2.17  -0.88     1.82
  SINCE JUN 1      1.29                      2.17  -0.88     1.82
  SINCE JAN 1      4.76                      6.78  -2.02     6.89

DEGREE DAYS
 HEATING
  YESTERDAY        0                         2     -2        0
  MONTH TO DATE   28                       112    -84       16
  SINCE JUN 1     28                       112    -84       16
  SINCE JUL 1   7958                      8986  -1028     7368

 COOLING
  YESTERDAY        0                         3     -3        2
  MONTH TO DATE   71                        52     19       84
  SINCE JUN 1     71                        52     19       84
  SINCE JAN 1     94                        65     29       94
..................................................................


WIND (MPH)
  HIGHEST WIND SPEED    17   HIGHEST WIND DIRECTION    SE (120)
  HIGHEST GUST SPEED    23   HIGHEST GUST DIRECTION    SE (140)
  AVERAGE WIND SPEED     8.2


SKY COVER
  POSSIBLE SUNSHINE  MM
  AVERAGE SKY COVER 0.0


WEATHER CONDITIONS
 THE FOLLOWING WEATHER WAS RECORDED YESTERDAY.
  NO SIGNIFICANT WEATHER WAS OBSERVED.


RELATIVE HUMIDITY (PERCENT)
 HIGHEST    89           500 AM
 LOWEST     22           300 PM
 AVERAGE    56

..........................................................


THE WILLISTON ND CLIMATE NORMALS FOR TODAY
                         NORMAL    RECORD    YEAR
 MAXIMUM TEMPERATURE (F)   80       101      1988
 MINIMUM TEMPERATURE (F)   53        34      1999


SUNRISE AND SUNSET
JUNE 27 2017..........SUNRISE   556 AM CDT   SUNSET   959 PM CDT
JUNE 28 2017..........SUNRISE   557 AM CDT   SUNSET   959 PM CDT


-  INDICATES NEGATIVE NUMBERS.
R  INDICATES RECORD WAS SET OR TIED.
MM INDICATES DATA IS MISSING.
T  INDICATES TRACE AMOUNT.




$$
