000
CDUS43 KBIS 280732
CLIISN


CLIMATE REPORT
NATIONAL WEATHER SERVICE BISMARCK ND
131 AM CST WED JAN 28 2015


...................................

...THE WILLISTON ND CLIMATE SUMMARY FOR JANUARY 27 2015...

CLIMATE NORMAL PERIOD 1981 TO 2010
CLIMATE RECORD PERIOD 1894 TO 2015


WEATHER ITEM   OBSERVED TIME   RECORD YEAR NORMAL DEPARTURE LAST
                VALUE   (LST)  VALUE       VALUE  FROM      YEAR
                                                  NORMAL
..................................................................
TEMPERATURE (F)
 YESTERDAY
  MAXIMUM         53R   227 PM  47    1931  23     30        1
  MINIMUM         27    504 AM -40    1915   1     26      -14
  AVERAGE         40                        12     28       -6

PRECIPITATION (IN)
  YESTERDAY        0.00          0.13 2004   0.01  -0.01     0.00
  MONTH TO DATE    0.34                      0.53  -0.19     0.18
  SINCE DEC 1      0.37                      1.15  -0.78     1.25
  SINCE JAN 1      0.34                      0.53  -0.19     0.18

SNOWFALL (IN)
  YESTERDAY       MM             4.3  2004   0.3   MM       MM
  MONTH TO DATE   MM                         9.1   MM       MM
  SINCE DEC 1     MM                        18.6   MM       MM
  SINCE JUL 1     MM                        27.5   MM       MM
  SNOW DEPTH      MM

DEGREE DAYS
 HEATING
  YESTERDAY       25                        53    -28       71
  MONTH TO DATE 1291                      1465   -174     1313
  SINCE DEC 1   2692                      3050   -358     3088
  SINCE JUL 1   4885                      5212   -327     5162

 COOLING
  YESTERDAY        0                         0      0        0
  MONTH TO DATE    0                         0      0        0
  SINCE DEC 1      0                         0      0        0
  SINCE JAN 1      0                         0      0        0
..................................................................


WIND (MPH)
  HIGHEST WIND SPEED    13   HIGHEST WIND DIRECTION    SW (210)
  HIGHEST GUST SPEED    14   HIGHEST GUST DIRECTION    SW (210)
  AVERAGE WIND SPEED     2.3


SKY COVER
  POSSIBLE SUNSHINE  MM
  AVERAGE SKY COVER 0.0


WEATHER CONDITIONS
 THE FOLLOWING WEATHER WAS RECORDED YESTERDAY.
  NO SIGNIFICANT WEATHER WAS OBSERVED.


RELATIVE HUMIDITY (PERCENT)
 HIGHEST    92          1200 AM
 LOWEST     54           200 PM
 AVERAGE    73

..........................................................


THE WILLISTON ND CLIMATE NORMALS FOR TODAY
                         NORMAL    RECORD    YEAR
 MAXIMUM TEMPERATURE (F)   23        48      1919
 MINIMUM TEMPERATURE (F)    1       -35      1916


SUNRISE AND SUNSET
JANUARY 28 2015.......SUNRISE   828 AM CST   SUNSET   548 PM CST
JANUARY 29 2015.......SUNRISE   827 AM CST   SUNSET   549 PM CST


-  INDICATES NEGATIVE NUMBERS.
R  INDICATES RECORD WAS SET OR TIED.
MM INDICATES DATA IS MISSING.
T  INDICATES TRACE AMOUNT.




$$
