000
CDUS43 KBIS 290908
CLIISN


CLIMATE REPORT
NATIONAL WEATHER SERVICE BISMARCK ND
408 AM CDT FRI MAY 29 2015


...................................

...THE WILLISTON ND CLIMATE SUMMARY FOR MAY 28 2015...

CLIMATE NORMAL PERIOD 1981 TO 2010
CLIMATE RECORD PERIOD 1894 TO 2015


WEATHER ITEM   OBSERVED TIME   RECORD YEAR NORMAL DEPARTURE LAST
                VALUE   (LST)  VALUE       VALUE  FROM      YEAR
                                                  NORMAL
..................................................................
TEMPERATURE (F)
 YESTERDAY
  MAXIMUM         75    319 PM  96    1919  71      4       81
  MINIMUM         50   1159 PM  21    1947  45      5       56
  AVERAGE         63                        58      5       69

PRECIPITATION (IN)
  YESTERDAY        T             0.69 1982   0.08  -0.08     0.28
  MONTH TO DATE    1.82                      1.69   0.13     1.61
  SINCE MAR 1      2.56                      3.40  -0.84     3.64
  SINCE JAN 1      3.50                      4.38  -0.88     4.08

SNOWFALL (IN)
  YESTERDAY       MM             0.0  2002   0.0   MM       MM
                                      2001
  MONTH TO DATE   MM                         1.3   MM       MM
  SINCE MAR 1     MM                        11.2   MM       MM
  SINCE JUL 1     MM                        45.3   MM       MM
  SNOW DEPTH      MM

DEGREE DAYS
 HEATING
  YESTERDAY        2                         8     -6        0
  MONTH TO DATE  340                       327     13      345
  SINCE MAR 1   1812                      2084   -272     2274
  SINCE JUL 1   8328                      8852   -524     9223

 COOLING
  YESTERDAY        0                         1     -1        4
  MONTH TO DATE    1                         4     -3       19
  SINCE MAR 1      1                         5     -4       19
  SINCE JAN 1      1                         5     -4       19
..................................................................


WIND (MPH)
  HIGHEST WIND SPEED    33   HIGHEST WIND DIRECTION     N (360)
  HIGHEST GUST SPEED    41   HIGHEST GUST DIRECTION     N (10)
  AVERAGE WIND SPEED    12.7


SKY COVER
  POSSIBLE SUNSHINE  MM
  AVERAGE SKY COVER 0.7


WEATHER CONDITIONS
 THE FOLLOWING WEATHER WAS RECORDED YESTERDAY.
  LIGHT RAIN
  FOG


RELATIVE HUMIDITY (PERCENT)
 HIGHEST   100           600 AM
 LOWEST     46           300 PM
 AVERAGE    73

..........................................................


THE WILLISTON ND CLIMATE NORMALS FOR TODAY
                         NORMAL    RECORD    YEAR
 MAXIMUM TEMPERATURE (F)   71        99      1988
                                             1934
 MINIMUM TEMPERATURE (F)   45        26      1947


SUNRISE AND SUNSET
MAY 29 2015...........SUNRISE   601 AM CDT   SUNSET   944 PM CDT
MAY 30 2015...........SUNRISE   600 AM CDT   SUNSET   945 PM CDT


-  INDICATES NEGATIVE NUMBERS.
R  INDICATES RECORD WAS SET OR TIED.
MM INDICATES DATA IS MISSING.
T  INDICATES TRACE AMOUNT.




$$
