000
CDUS43 KBIS 210033
CLIISN


CLIMATE REPORT
NATIONAL WEATHER SERVICE BISMARCK ND
733 PM CDT SUN AUG 20 2017


...................................

...THE WILLISTON ND CLIMATE SUMMARY FOR AUGUST 20 2017...
VALID TODAY AS OF 0700 PM LOCAL TIME.

CLIMATE NORMAL PERIOD 1981 TO 2010
CLIMATE RECORD PERIOD 1894 TO 2017


WEATHER ITEM   OBSERVED TIME   RECORD YEAR NORMAL DEPARTURE LAST
                VALUE   (LST)  VALUE       VALUE  FROM      YEAR
                                                  NORMAL
..................................................................
TEMPERATURE (F)
 TODAY
  MAXIMUM         80    356 PM 101    1942  83     -3       78
  MINIMUM         43    624 AM  36    1907  53    -10       50
  AVERAGE         62                        68     -6       64

PRECIPITATION (IN)
  TODAY            0.00          1.15 1974   0.05  -0.05     0.00
  MONTH TO DATE    2.18                      0.96   1.22     0.44
  SINCE JUN 1      4.26                      6.02  -1.76     4.67
  SINCE JAN 1      7.73                     10.63  -2.90     9.74

SNOWFALL (IN)
  TODAY           MM

DEGREE DAYS
 HEATING
  TODAY            3                         2      1        1
  MONTH TO DATE   11                        21    -10        1
  SINCE JUN 1     42                       165   -123       18
  SINCE JUL 1     11                        45    -34        2

 COOLING
  TODAY            0                         5     -5        0
  MONTH TO DATE   48                       126    -78      124
  SINCE JUN 1    514                       376    138      429
  SINCE JAN 1    537                       389    148      439
..................................................................


WIND (MPH)
  HIGHEST WIND SPEED    12   HIGHEST WIND DIRECTION    SE (140)
  HIGHEST GUST SPEED    15   HIGHEST GUST DIRECTION     E (110)
  AVERAGE WIND SPEED     3.0


SKY COVER
  POSSIBLE SUNSHINE  MM
  AVERAGE SKY COVER 0.1


WEATHER CONDITIONS
 THE FOLLOWING WEATHER WAS RECORDED TODAY.
  NO SIGNIFICANT WEATHER WAS OBSERVED.


RELATIVE HUMIDITY (PERCENT)
 HIGHEST    83           600 AM
 LOWEST     16           300 PM
 AVERAGE    50

..........................................................


THE WILLISTON ND CLIMATE NORMALS FOR TOMORROW
                         NORMAL    RECORD    YEAR
 MAXIMUM TEMPERATURE (F)   83        99      1971
                                             1969
 MINIMUM TEMPERATURE (F)   53        34      1907


SUNRISE AND SUNSET
AUGUST 20 2017........SUNRISE   656 AM CDT   SUNSET   858 PM CDT
AUGUST 21 2017........SUNRISE   658 AM CDT   SUNSET   857 PM CDT


-  INDICATES NEGATIVE NUMBERS.
R  INDICATES RECORD WAS SET OR TIED.
MM INDICATES DATA IS MISSING.
T  INDICATES TRACE AMOUNT.




$$
