000
CDUS41 KOKX 270622
CLIISP


CLIMATE REPORT
NATIONAL WEATHER SERVICE NEW YORK NY
122 AM EST TUE JAN 27 2015


...................................

...THE ISLIP NY CLIMATE SUMMARY FOR JANUARY 26 2015...

CLIMATE NORMAL PERIOD 1981 TO 2010
CLIMATE RECORD PERIOD 1986 TO 2015


WEATHER ITEM   OBSERVED TIME   RECORD YEAR NORMAL DEPARTURE LAST
                VALUE   (LST)  VALUE       VALUE  FROM      YEAR
                                                  NORMAL
..................................................................
TEMPERATURE (F)
 YESTERDAY
  MAXIMUM         28    445 PM  52    2002  38    -10       37
  MINIMUM         23    957 AM   7    1991  23      0       17
  AVERAGE         26                        30     -4       27

PRECIPITATION (IN)
  YESTERDAY        0.19          0.94 1986   0.11   0.08      T
  MONTH TO DATE    3.80                      3.10   0.70     3.87
  SINCE DEC 1      9.92                      7.16   2.76     9.67
  SINCE JAN 1      3.80                      3.10   0.70     3.87

SNOWFALL (IN)
  YESTERDAY        7.5 R         4.5  1987   0.2    7.3       T
  MONTH TO DATE   12.4                       5.6    6.8     23.7
  SINCE OCT 1     12.8                      11.5    1.3     32.1
  SINCE JUL 1     12.8                      11.5    1.3     32.1
  SNOW DEPTH       T

DEGREE DAYS
 HEATING
  YESTERDAY       39                        34      5       38
  MONTH TO DATE  905                       897      8      946
  SINCE DEC 1   1687                      1808   -121     1804
  SINCE JUL 1   2600                      2824   -224     2768

 COOLING
  YESTERDAY        0                         0      0        0
  MONTH TO DATE    0                         0      0        0
  SINCE DEC 1      0                         0      0        0
  SINCE JAN 1      0                         0      0        0
..................................................................


WIND (MPH)
  HIGHEST WIND SPEED    33   HIGHEST WIND DIRECTION    NE (30)
  HIGHEST GUST SPEED    43   HIGHEST GUST DIRECTION    NE (40)
  AVERAGE WIND SPEED    18.1


SKY COVER
  AVERAGE SKY COVER 1.0


WEATHER CONDITIONS
 THE FOLLOWING WEATHER WAS RECORDED YESTERDAY.
  HEAVY SNOW
  SNOW
  LIGHT SNOW
  FOG
  FOG W/VISIBILITY <= 1/4 MILE
  HAZE


RELATIVE HUMIDITY (PERCENT)
 HIGHEST    92           500 PM
 LOWEST     46          1200 AM
 AVERAGE    69

..........................................................


THE ISLIP NY CLIMATE NORMALS FOR TODAY
                         NORMAL    RECORD    YEAR
 MAXIMUM TEMPERATURE (F)   38        59      2002
 MINIMUM TEMPERATURE (F)   23         5      1994


SUNRISE AND SUNSET
JANUARY 27 2015.......SUNRISE   707 AM EST   SUNSET   503 PM EST
JANUARY 28 2015.......SUNRISE   706 AM EST   SUNSET   505 PM EST


-  INDICATES NEGATIVE NUMBERS.
R  INDICATES RECORD WAS SET OR TIED.
MM INDICATES DATA IS MISSING.
T  INDICATES TRACE AMOUNT.




$$
