000
CDUS41 KOKX 240633
CLIISP


CLIMATE REPORT
NATIONAL WEATHER SERVICE NEW YORK NY
233 AM EDT SUN JUL 24 2016


...................................

...THE ISLIP NY CLIMATE SUMMARY FOR JULY 23 2016...

CLIMATE NORMAL PERIOD 1981 TO 2010
CLIMATE RECORD PERIOD 1984 TO 2016


WEATHER ITEM   OBSERVED TIME   RECORD YEAR NORMAL DEPARTURE LAST
                VALUE   (LST)  VALUE       VALUE  FROM      YEAR
                                                  NORMAL
..................................................................
TEMPERATURE (F)
 YESTERDAY
  MAXIMUM         96    400 PM  97    2011  82     14       83
  MINIMUM         75   1159 PM  58    2000  67      8       63
                                      1992
  AVERAGE         86                        74     12       73

PRECIPITATION (IN)
  YESTERDAY        0.00          2.23 2009   0.12  -0.12     0.00
  MONTH TO DATE    1.95                      2.47  -0.52     1.41
  SINCE JUN 1      3.08                      6.74  -3.66     5.46
  SINCE JAN 1     20.27                     26.20  -5.93    20.55

SNOWFALL (IN)
  YESTERDAY        0.0          MM      MM   0.0    0.0      0.0
  MONTH TO DATE    0.0                       0.0    0.0      0.0
  SINCE OCT 1     41.4                      24.8   16.6     63.7
  SINCE JUL 1      0.0                       0.0    0.0      0.0
  SNOW DEPTH       0

DEGREE DAYS
 HEATING
  YESTERDAY        0                         0      0        0
  MONTH TO DATE    0                         0      0        0
  SINCE JUN 1      8                        38    -30       46
  SINCE JUL 1      0                         0      0        0

 COOLING
  YESTERDAY       21                         9     12        8
  MONTH TO DATE  260                       200     60      234
  SINCE JUN 1    399                       340     59      386
  SINCE JAN 1    443                       364     79      436
..................................................................


WIND (MPH)
  HIGHEST WIND SPEED    21   HIGHEST WIND DIRECTION     W (280)
  HIGHEST GUST SPEED    26   HIGHEST GUST DIRECTION     W (290)
  AVERAGE WIND SPEED    10.3


SKY COVER
  AVERAGE SKY COVER 0.2


WEATHER CONDITIONS
 THE FOLLOWING WEATHER WAS RECORDED YESTERDAY.
  NO SIGNIFICANT WEATHER WAS OBSERVED.


RELATIVE HUMIDITY (PERCENT)
 HIGHEST    87           300 AM
 LOWEST     24           500 PM
 AVERAGE    56

..........................................................


THE ISLIP NY CLIMATE NORMALS FOR TODAY
                         NORMAL    RECORD    YEAR
 MAXIMUM TEMPERATURE (F)   82        96      2010
 MINIMUM TEMPERATURE (F)   67        58      1992
                                             1985


SUNRISE AND SUNSET
JULY 24 2016..........SUNRISE   542 AM EDT   SUNSET   815 PM EDT
JULY 25 2016..........SUNRISE   543 AM EDT   SUNSET   815 PM EDT


-  INDICATES NEGATIVE NUMBERS.
R  INDICATES RECORD WAS SET OR TIED.
MM INDICATES DATA IS MISSING.
T  INDICATES TRACE AMOUNT.




$$
