000
CDHW43 PHFO 241239
CLIITO


CLIMATE REPORT
NATIONAL WEATHER SERVICE HONOLULU HI
229 AM HST SUN JUL 24 2016


...................................

...THE HILO HI CLIMATE SUMMARY FOR JULY 23 2016...

CLIMATE NORMAL PERIOD 1981 TO 2010
CLIMATE RECORD PERIOD 1946 TO 2016


WEATHER ITEM   OBSERVED TIME   RECORD YEAR NORMAL DEPARTURE LAST
                VALUE   (LST)  VALUE       VALUE  FROM      YEAR
                                                  NORMAL
..................................................................
TEMPERATURE (F)
 YESTERDAY
  MAXIMUM         80    146 PM  90    2004  83     -3       86
  MINIMUM         71   1046 AM  64    1991  70      1       69
                                      1959
  AVERAGE         76                        76      0       78

PRECIPITATION (IN)
  YESTERDAY        1.96          3.56 1982   0.37   1.59     0.20
  MONTH TO DATE    6.74                      7.83  -1.09     7.16
  SINCE JUN 1     17.93                     15.20   2.73    12.39
  SINCE JAN 1     42.79                     67.11 -24.32    51.31

SNOWFALL (IN)
  YESTERDAY        0.0
  MONTH TO DATE    0.0
  SINCE JUN 1      0.0
  SINCE JUL 1      0.0
  SNOW DEPTH       0

DEGREE DAYS
 HEATING
  YESTERDAY        0                         0      0        0
  MONTH TO DATE    0                         0      0        0
  SINCE JUN 1      0                         0      0        0
  SINCE JUL 1      0                         0      0        0

 COOLING
  YESTERDAY       11                        11      0       13
  MONTH TO DATE  296                       253     43      305
  SINCE JUN 1    662                       559    103      666
  SINCE JAN 1   2208                      1627    581     1984
..................................................................


WIND (MPH)
  HIGHEST WIND SPEED    25   HIGHEST WIND DIRECTION     E (70)
  HIGHEST GUST SPEED    32   HIGHEST GUST DIRECTION     E (70)
  AVERAGE WIND SPEED    12.0


SKY COVER
  POSSIBLE SUNSHINE  MM
  AVERAGE SKY COVER 1.0


WEATHER CONDITIONS
 THE FOLLOWING WEATHER WAS RECORDED YESTERDAY.
  HEAVY RAIN
  RAIN
  LIGHT RAIN
  FOG


RELATIVE HUMIDITY (PERCENT)
 HIGHEST   100           300 AM
 LOWEST     87          1000 PM
 AVERAGE    94

..........................................................


THE HILO HI CLIMATE NORMALS FOR TODAY
                         NORMAL    RECORD    YEAR
 MAXIMUM TEMPERATURE (F)   83        91      2004
 MINIMUM TEMPERATURE (F)   70        63      1955


SUNRISE AND SUNSET
JULY 24 2016..........SUNRISE   554 AM HST   SUNSET   700 PM HST
JULY 25 2016..........SUNRISE   554 AM HST   SUNSET   659 PM HST


-  INDICATES NEGATIVE NUMBERS.
R  INDICATES RECORD WAS SET OR TIED.
MM INDICATES DATA IS MISSING.
T  INDICATES TRACE AMOUNT.




$$
