000
CDHW43 PHFO 030244
CLIITO


CLIMATE REPORT
NATIONAL WEATHER SERVICE HONOLULU HI
434 PM HST THU JUL 2 2015


...................................

...THE HILO HI CLIMATE SUMMARY FOR JULY 2 2015...
VALID TODAY AS OF 0400 PM LOCAL TIME.

CLIMATE NORMAL PERIOD 1981 TO 2010
CLIMATE RECORD PERIOD 1946 TO 2015


WEATHER ITEM   OBSERVED TIME   RECORD YEAR NORMAL DEPARTURE LAST
                VALUE   (LST)  VALUE       VALUE  FROM      YEAR
                                                  NORMAL
..................................................................
TEMPERATURE (F)
 TODAY
  MAXIMUM         87   1224 PM  89    1977  83      4       80
  MINIMUM         74    404 AM  64    1999  69      5       68
                                      1956
  AVERAGE         81                        76      5       74

PRECIPITATION (IN)
  TODAY            0.03          1.52 1958   0.30  -0.27     0.16
  MONTH TO DATE    0.05                      0.59  -0.54     0.34
  SINCE JUN 1      5.28                      7.96  -2.68     6.91
  SINCE JAN 1     44.35                     59.87 -15.52    54.65

SNOWFALL (IN)
  TODAY            0.0
  MONTH TO DATE    0.0
  SINCE JUN 1      0.0
  SINCE JUL 1      0.0
  SNOW DEPTH       0

DEGREE DAYS
 HEATING
  TODAY            0                         0      0        0
  MONTH TO DATE    0                         0      0        0
  SINCE JUN 1      0                         0      0        0
  SINCE JUL 1      0                         0      0        0

 COOLING
  TODAY           16                        11      5        9
  MONTH TO DATE   32                        22     10       18
  SINCE JUN 1    393                       328     65      284
  SINCE JAN 1   1720                      1396    324     1540
..................................................................


WIND (MPH)
  HIGHEST WIND SPEED    18   HIGHEST WIND DIRECTION     E (100)
  HIGHEST GUST SPEED    25   HIGHEST GUST DIRECTION     E (110)
  AVERAGE WIND SPEED     5.4


SKY COVER
  POSSIBLE SUNSHINE  MM
  AVERAGE SKY COVER 0.8


WEATHER CONDITIONS
 THE FOLLOWING WEATHER WAS RECORDED TODAY.
  LIGHT RAIN
  FOG


RELATIVE HUMIDITY (PERCENT)
 HIGHEST    94           800 AM
 LOWEST     61           100 PM
 AVERAGE    78

..........................................................


THE HILO HI CLIMATE NORMALS FOR TOMORROW
                         NORMAL    RECORD    YEAR
 MAXIMUM TEMPERATURE (F)   83        87      1974
                                             1971
                                             1968
 MINIMUM TEMPERATURE (F)   69        64      1999
                                             1961


SUNRISE AND SUNSET
JULY  2 2015..........SUNRISE   545 AM HST   SUNSET   703 PM HST
JULY  3 2015..........SUNRISE   546 AM HST   SUNSET   703 PM HST


-  INDICATES NEGATIVE NUMBERS.
R  INDICATES RECORD WAS SET OR TIED.
MM INDICATES DATA IS MISSING.
T  INDICATES TRACE AMOUNT.




$$
