000
CDHW43 PHFO 280237
CLIITO


CLIMATE REPORT
NATIONAL WEATHER SERVICE HONOLULU HI
426 PM HST TUE JUN 27 2017


...................................

...THE HILO HI CLIMATE SUMMARY FOR JUNE 27 2017...
VALID TODAY AS OF 0400 PM LOCAL TIME.

CLIMATE NORMAL PERIOD 1981 TO 2010
CLIMATE RECORD PERIOD 1946 TO 2017


WEATHER ITEM   OBSERVED TIME   RECORD YEAR NORMAL DEPARTURE LAST
                VALUE   (LST)  VALUE       VALUE  FROM      YEAR
                                                  NORMAL
..................................................................
TEMPERATURE (F)
 TODAY
  MAXIMUM         83    234 PM  87    1980  83      0       84
                                      1977
                                      1969
  MINIMUM         73    850 AM  65    1975  69      4       71
                                      1970
                                      1956
  AVERAGE         78                        76      2       78

PRECIPITATION (IN)
  TODAY            0.01          1.71 1997   0.29  -0.28     0.53
  MONTH TO DATE    2.86                      6.52  -3.66    10.95
  SINCE JUN 1      2.86                      6.52  -3.66    10.95
  SINCE JAN 1     37.50                     58.43 -20.93    35.81

SNOWFALL (IN)
  TODAY            0.0
  MONTH TO DATE    0.0
  SINCE JUN 1      0.0
  SINCE JUL 1      0.0
  SNOW DEPTH      MM

DEGREE DAYS
 HEATING
  TODAY            0                         0      0        0
  MONTH TO DATE    0                         0      0        0
  SINCE JUN 1      0                         0      0        0
  SINCE JUL 1      0                         0      0        0

 COOLING
  TODAY           13                        11      2       13
  MONTH TO DATE  313                       271     42      323
  SINCE JUN 1    313                       271     42      323
  SINCE JAN 1   1617                      1339    278     1869
..................................................................


WIND (MPH)
  HIGHEST WIND SPEED    17   HIGHEST WIND DIRECTION     E (70)
  HIGHEST GUST SPEED    22   HIGHEST GUST DIRECTION     E (80)
  AVERAGE WIND SPEED    MM


SKY COVER
  POSSIBLE SUNSHINE  MM
  AVERAGE SKY COVER  MM


WEATHER CONDITIONS
 THE FOLLOWING WEATHER WAS RECORDED TODAY.
  FOG
  HAZE


RELATIVE HUMIDITY (PERCENT)
 HIGHEST    MM
 LOWEST     MM
 AVERAGE    MM

..........................................................


THE HILO HI CLIMATE NORMALS FOR TOMORROW
                         NORMAL    RECORD    YEAR
 MAXIMUM TEMPERATURE (F)   83        87      1980
 MINIMUM TEMPERATURE (F)   69        65      1998
                                             1974


SUNRISE AND SUNSET
JUNE 27 2017..........SUNRISE   544 AM HST   SUNSET   703 PM HST
JUNE 28 2017..........SUNRISE   544 AM HST   SUNSET   703 PM HST


-  INDICATES NEGATIVE NUMBERS.
R  INDICATES RECORD WAS SET OR TIED.
MM INDICATES DATA IS MISSING.
T  INDICATES TRACE AMOUNT.




$$
