000
CDHW43 PHFO 101245
CLIITO


CLIMATE REPORT
NATIONAL WEATHER SERVICE HONOLULU HI
245 AM HST THU JUL 10 2014


...................................

...THE HILO HI CLIMATE SUMMARY FOR JULY 9 2014...

CLIMATE NORMAL PERIOD 1981 TO 2010
CLIMATE RECORD PERIOD 1946 TO 2014


WEATHER ITEM   OBSERVED TIME   RECORD YEAR NORMAL DEPARTURE LAST
                VALUE   (LST)  VALUE       VALUE  FROM      YEAR
                                                  NORMAL
..................................................................
TEMPERATURE (F)
 YESTERDAY
  MAXIMUM         78    953 AM  87    2008  83     -5       86
                                      1996
                                      1995
  MINIMUM         66    631 AM  64    1979  69     -3       71
  AVERAGE         72                        76     -4       79

PRECIPITATION (IN)
  YESTERDAY        0.32          1.41 1992   0.35  -0.03      T
  MONTH TO DATE    1.74                      2.85  -1.11     0.90
  SINCE JUN 1      8.31                     10.22  -1.91     5.41
  SINCE JAN 1     56.05                     62.13  -6.08    52.45

SNOWFALL (IN)
  YESTERDAY        0.0
  MONTH TO DATE    0.0
  SINCE JUN 1      0.0
  SINCE JUL 1      0.0
  SNOW DEPTH       0

DEGREE DAYS
 HEATING
  YESTERDAY        0                         0      0        0
  MONTH TO DATE    0                         0      0        0
  SINCE JUN 1      0                         0      0        0
  SINCE JUL 1      0                         0      0        0

 COOLING
  YESTERDAY        7                        11     -4       14
  MONTH TO DATE   82                        99    -17      110
  SINCE JUN 1    348                       405    -57      431
  SINCE JAN 1   1604                      1473    131     1584
..................................................................


WIND (MPH)
  HIGHEST WIND SPEED    14   HIGHEST WIND DIRECTION    NE (40)
  HIGHEST GUST SPEED    16   HIGHEST GUST DIRECTION    NE (50)
  AVERAGE WIND SPEED     4.7


SKY COVER
  POSSIBLE SUNSHINE  MM
  AVERAGE SKY COVER 0.9


WEATHER CONDITIONS
 THE FOLLOWING WEATHER WAS RECORDED YESTERDAY.
  HEAVY RAIN
  RAIN
  LIGHT RAIN
  FOG


RELATIVE HUMIDITY (PERCENT)
 HIGHEST   100           700 AM
 LOWEST     74          1000 AM
 AVERAGE    87

..........................................................


THE HILO HI CLIMATE NORMALS FOR TODAY
                         NORMAL    RECORD    YEAR
 MAXIMUM TEMPERATURE (F)   83        87      2008
                                             2007
                                             1968
 MINIMUM TEMPERATURE (F)   69        64      1979
                                             1975


SUNRISE AND SUNSET
JULY 10 2014..........SUNRISE   548 AM HST   SUNSET   703 PM HST
JULY 11 2014..........SUNRISE   549 AM HST   SUNSET   703 PM HST


-  INDICATES NEGATIVE NUMBERS.
R  INDICATES RECORD WAS SET OR TIED.
MM INDICATES DATA IS MISSING.
T  INDICATES TRACE AMOUNT.




$$
