000
CDHW43 PHFO 030324
CLIITO


CLIMATE REPORT
NATIONAL WEATHER SERVICE HONOLULU HI
514 PM HST TUE JUN 2 2015


...................................

...THE HILO HI CLIMATE SUMMARY FOR JUNE 2 2015...
VALID TODAY AS OF 0500 PM LOCAL TIME.

CLIMATE NORMAL PERIOD 1981 TO 2010
CLIMATE RECORD PERIOD 1946 TO 2015


WEATHER ITEM   OBSERVED TIME   RECORD YEAR NORMAL DEPARTURE LAST
                VALUE   (LST)  VALUE       VALUE  FROM      YEAR
                                                  NORMAL
..................................................................
TEMPERATURE (F)
 TODAY
  MAXIMUM         82    352 PM  88    2007  82      0       81
  MINIMUM         70    518 AM  63    1972  68      2       66
  AVERAGE         76                        75      1       74

PRECIPITATION (IN)
  TODAY            0.09          1.57 1999   0.20  -0.11     0.46
  MONTH TO DATE    1.48                      0.41   1.07     0.65
  SINCE JUN 1      1.48                      0.41   1.07     0.65
  SINCE JAN 1     40.55                     52.32 -11.77    48.39

SNOWFALL (IN)
  TODAY            0.0
  MONTH TO DATE    0.0
  SINCE JUN 1      0.0
  SINCE JUL 1      0.0
  SNOW DEPTH       0

DEGREE DAYS
 HEATING
  TODAY            0                         0      0        0
  MONTH TO DATE    0                         0      0        0
  SINCE JUN 1      0                         0      0        0
  SINCE JUL 1      0                         0      0        0

 COOLING
  TODAY           11                        10      1        9
  MONTH TO DATE   22                        20      2       18
  SINCE JUN 1     22                        20      2       18
  SINCE JAN 1   1349                      1088    261     1274
..................................................................


WIND (MPH)
  HIGHEST WIND SPEED    13   HIGHEST WIND DIRECTION     N (20)
  HIGHEST GUST SPEED    17   HIGHEST GUST DIRECTION     N (10)
  AVERAGE WIND SPEED     4.0


SKY COVER
  POSSIBLE SUNSHINE  MM
  AVERAGE SKY COVER 0.7


WEATHER CONDITIONS
 THE FOLLOWING WEATHER WAS RECORDED TODAY.
  LIGHT RAIN
  FOG


RELATIVE HUMIDITY (PERCENT)
 HIGHEST    97           500 AM
 LOWEST     69           200 PM
 AVERAGE    83

..........................................................


THE HILO HI CLIMATE NORMALS FOR TOMORROW
                         NORMAL    RECORD    YEAR
 MAXIMUM TEMPERATURE (F)   82        88      1992
 MINIMUM TEMPERATURE (F)   68        63      1979


SUNRISE AND SUNSET
JUNE  2 2015..........SUNRISE   541 AM HST   SUNSET   656 PM HST
JUNE  3 2015..........SUNRISE   541 AM HST   SUNSET   656 PM HST


-  INDICATES NEGATIVE NUMBERS.
R  INDICATES RECORD WAS SET OR TIED.
MM INDICATES DATA IS MISSING.
T  INDICATES TRACE AMOUNT.




$$
