000
CDHW43 PHFO 260236
CLIITO


CLIMATE REPORT
NATIONAL WEATHER SERVICE HONOLULU HI
436 PM HST SAT OCT 25 2014


...................................

...THE HILO HI CLIMATE SUMMARY FOR OCTOBER 25 2014...
VALID TODAY AS OF 0400 PM LOCAL TIME.

CLIMATE NORMAL PERIOD 1981 TO 2010
CLIMATE RECORD PERIOD 1946 TO 2014


WEATHER ITEM   OBSERVED TIME   RECORD YEAR NORMAL DEPARTURE LAST
                VALUE   (LST)  VALUE       VALUE  FROM      YEAR
                                                  NORMAL
..................................................................
TEMPERATURE (F)
 TODAY
  MAXIMUM         85    309 PM  87    1992  82      3       83
                                      1957
  MINIMUM         67    622 AM  64    1953  68     -1       70
  AVERAGE         76                        75      1       77

PRECIPITATION (IN)
  TODAY            0.07          1.75 1961   0.34  -0.27      T
  MONTH TO DATE    9.95                      7.52   2.43     4.66
  SINCE SEP 1     13.99                     17.46  -3.47     8.30
  SINCE JAN 1     95.10                     97.40  -2.30    73.18

SNOWFALL (IN)
  TODAY            0.0
  MONTH TO DATE    0.0
  SINCE SEP 1      0.0
  SINCE JUL 1      0.0
  SNOW DEPTH       0

DEGREE DAYS
 HEATING
  TODAY            0                         0      0        0
  MONTH TO DATE    0                         0      0        0
  SINCE SEP 1      0                         0      0        0
  SINCE JUL 1      0                         0      0        0

 COOLING
  TODAY           11                        10      1       12
  MONTH TO DATE  331                       268     63      303
  SINCE SEP 1    775                       604    171      686
  SINCE JAN 1   3052                      2676    376     2899
..................................................................


WIND (MPH)
  HIGHEST WIND SPEED    14   HIGHEST WIND DIRECTION     E (80)
  HIGHEST GUST SPEED    16   HIGHEST GUST DIRECTION     E (80)
  AVERAGE WIND SPEED     6.5


SKY COVER
  POSSIBLE SUNSHINE  MM
  AVERAGE SKY COVER 0.5


WEATHER CONDITIONS
 THE FOLLOWING WEATHER WAS RECORDED TODAY.
  RAIN
  LIGHT RAIN
  FOG


RELATIVE HUMIDITY (PERCENT)
 HIGHEST    87           800 AM
 LOWEST     58           200 PM
 AVERAGE    73

..........................................................


THE HILO HI CLIMATE NORMALS FOR TOMORROW
                         NORMAL    RECORD    YEAR
 MAXIMUM TEMPERATURE (F)   82        87      2013
 MINIMUM TEMPERATURE (F)   68        64      1998
                                             1980
                                             1962


SUNRISE AND SUNSET
OCTOBER 25 2014.......SUNRISE   618 AM HST   SUNSET   550 PM HST
OCTOBER 26 2014.......SUNRISE   619 AM HST   SUNSET   549 PM HST


-  INDICATES NEGATIVE NUMBERS.
R  INDICATES RECORD WAS SET OR TIED.
MM INDICATES DATA IS MISSING.
T  INDICATES TRACE AMOUNT.




$$
