076
CDHW43 PHFO 211245
CLIITO


CLIMATE REPORT
NATIONAL WEATHER SERVICE HONOLULU HI
245 AM HST SUN JAN 21 2018


...................................

...THE HILO HI CLIMATE SUMMARY FOR JANUARY 20 2018...

CLIMATE NORMAL PERIOD 1981 TO 2010
CLIMATE RECORD PERIOD 1946 TO 2018


WEATHER ITEM   OBSERVED TIME   RECORD YEAR NORMAL DEPARTURE LAST
                VALUE   (LST)  VALUE       VALUE  FROM      YEAR
                                                  NORMAL
..................................................................
TEMPERATURE (F)
 YESTERDAY
  MAXIMUM         78   1045 AM  87    1977  79     -1       81
                                      1974
  MINIMUM         66    637 AM  57    1980  64      2       67
                                      1969
  AVERAGE         72                        71      1       74

PRECIPITATION (IN)
  YESTERDAY        0.51          3.03 1994   0.32   0.19      T
  MONTH TO DATE    2.31                      5.60  -3.29     1.27
  SINCE DEC 1     12.21                     17.17  -4.96    21.67
  SINCE JAN 1      2.31                      5.60  -3.29     1.27

SNOWFALL (IN)
  YESTERDAY        0.0
  MONTH TO DATE    0.0
  SINCE DEC 1      0.0
  SINCE JUL 1      0.0
  SNOW DEPTH      MM

DEGREE DAYS
 HEATING
  YESTERDAY        0                         0      0        0
  MONTH TO DATE    0                         0      0        0
  SINCE DEC 1      0                         0      0        0
  SINCE JUL 1      0                         0      0        0

 COOLING
  YESTERDAY        7                         6      1        9
  MONTH TO DATE  165                       131     34      137
  SINCE DEC 1    365                       356      9      367
  SINCE JAN 1    165                       131     34      137
..................................................................


WIND (MPH)
  HIGHEST WIND SPEED    15   HIGHEST WIND DIRECTION     E (110)
  HIGHEST GUST SPEED    23   HIGHEST GUST DIRECTION     E (100)
  AVERAGE WIND SPEED     4.7


SKY COVER
  POSSIBLE SUNSHINE  MM
  AVERAGE SKY COVER  MM


WEATHER CONDITIONS
 THE FOLLOWING WEATHER WAS RECORDED YESTERDAY.
  FOG
  HAZE


RELATIVE HUMIDITY (PERCENT)
 HIGHEST    MM
 LOWEST     MM
 AVERAGE    MM

..........................................................


THE HILO HI CLIMATE NORMALS FOR TODAY
                         NORMAL    RECORD    YEAR
 MAXIMUM TEMPERATURE (F)   79        87      1968
 MINIMUM TEMPERATURE (F)   64        54      1980


SUNRISE AND SUNSET
JANUARY 21 2018.......SUNRISE   657 AM HST   SUNSET   606 PM HST
JANUARY 22 2018.......SUNRISE   657 AM HST   SUNSET   607 PM HST


-  INDICATES NEGATIVE NUMBERS.
R  INDICATES RECORD WAS SET OR TIED.
MM INDICATES DATA IS MISSING.
T  INDICATES TRACE AMOUNT.




$$
