000
CDUS43 KGLD 280756
CLIITR

CLIMATE REPORT
NATIONAL WEATHER SERVICE GOODLAND
148 AM MDT FRI APR 28 2017

...................................

...THE BURLINGTON CO CLIMATE SUMMARY FOR APRIL 27 2017...

CLIMATE NORMAL PERIOD 1981 TO 2010
CLIMATE RECORD PERIOD 1896 TO 2017


WEATHER ITEM   OBSERVED TIME   RECORD YEAR NORMAL DEPARTURE LAST
                VALUE   (LST)  VALUE       VALUE  FROM      YEAR
                                                  NORMAL
..................................................................
TEMPERATURE (F)
 YESTERDAY
  MAXIMUM         63    202 PM  90    1981  66     -3       58
  MINIMUM         35    158 AM  21    1994  37     -2       34
                                      1984
  AVERAGE         49                        52     -3       46

PRECIPITATION (IN)
  YESTERDAY        0.23                      0.06   0.17     0.00
  MONTH TO DATE    2.44                      1.26   1.18     3.57
  SINCE MAR 1      5.37                      2.15   3.22     4.64
  SINCE JAN 1      5.93                      2.95   2.98     5.45

..................................................................


THE BURLINGTON CO CLIMATE NORMALS FOR TODAY
                         NORMAL    RECORD    YEAR
 MAXIMUM TEMPERATURE (F)   66        93      1910
 MINIMUM TEMPERATURE (F)   38        21      1984


-  INDICATES NEGATIVE NUMBERS.
R  INDICATES RECORD WAS SET OR TIED.
MM INDICATES DATA IS MISSING.
T  INDICATES TRACE AMOUNT.


$$
