000
CDUS43 KGLD 260739 RRA
CLIITR

CLIMATE REPORT
NATIONAL WEATHER SERVICE GOODLAND
136 AM MDT TUE JUL 26 2016
...................................

...THE BURLINGTON CO CLIMATE SUMMARY FOR JULY 25 2016...

CLIMATE NORMAL PERIOD 1981 TO 2010
CLIMATE RECORD PERIOD 1896 TO 2016


WEATHER ITEM   OBSERVED TIME   RECORD YEAR NORMAL DEPARTURE LAST
                VALUE   (LST)  VALUE       VALUE  FROM      YEAR
                                                  NORMAL
..................................................................
TEMPERATURE (F)
 YESTERDAY
  MAXIMUM         82    443 PM 103    2003  89     -7       91
                                      2002
  MINIMUM         59    520 AM  48    1911  61     -2       67
  AVERAGE         71                        75     -4       79

PRECIPITATION (IN)
  YESTERDAY        0.00                      0.09  -0.09     0.00
  MONTH TO DATE    1.62                      2.65  -1.03     3.28
  SINCE JUN 1      5.62                      5.53   0.09     6.19
  SINCE JAN 1     13.86                     11.26   2.60    17.21

..................................................................

THE BURLINGTON CO CLIMATE NORMALS FOR TODAY
                         NORMAL    RECORD    YEAR
 MAXIMUM TEMPERATURE (F)   89       103      1960
 MINIMUM TEMPERATURE (F)   61        50      2004
                                             1958

-  INDICATES NEGATIVE NUMBERS.
R  INDICATES RECORD WAS SET OR TIED.
MM INDICATES DATA IS MISSING.
T  INDICATES TRACE AMOUNT.

$$
