000
CDUS43 KGLD 230050
CLIITR

CLIMATE REPORT
NATIONAL WEATHER SERVICE GOODLAND
646 PM MDT TUE JUL 22 2014

...................................

...THE BURLINGTON CO CLIMATE SUMMARY FOR JULY 22 2014...
VALID TODAY AS OF 0600 PM LOCAL TIME.

CLIMATE NORMAL PERIOD 1981 TO 2010
CLIMATE RECORD PERIOD 1896 TO 2014

WEATHER ITEM   OBSERVED TIME   RECORD YEAR NORMAL DEPARTURE LAST
                VALUE   (LST)  VALUE       VALUE  FROM      YEAR
                                                  NORMAL
..................................................................
TEMPERATURE (F)
 TODAY
  MAXIMUM         96    221 PM 105    1963  89      7       98
  MINIMUM         64    435 AM  50    1978  61      3       64
  AVERAGE         80                        75      5       81

PRECIPITATION (IN)
  TODAY            0.00                      0.09  -0.09     0.00
  MONTH TO DATE    2.37                      2.37   0.00     0.66
  SINCE JUN 1      4.73                      5.25  -0.52     2.65
  SINCE JAN 1      7.65                     10.98  -3.33     8.25

..................................................................

THE BURLINGTON CO CLIMATE NORMALS FOR TOMORROW
                         NORMAL    RECORD    YEAR
 MAXIMUM TEMPERATURE (F)   89       104      1940
 MINIMUM TEMPERATURE (F)   61        48      1956

-  INDICATES NEGATIVE NUMBERS.
R  INDICATES RECORD WAS SET OR TIED.
MM INDICATES DATA IS MISSING.
T  INDICATES TRACE AMOUNT.

$$
