000
CDUS43 KGLD 300747
CLIITR

CLIMATE REPORT
NATIONAL WEATHER SERVICE GOODLAND
143 AM MDT SAT AUG 30 2014

...................................

...THE BURLINGTON CO CLIMATE SUMMARY FOR AUGUST 29 2014...

CLIMATE NORMAL PERIOD 1981 TO 2010
CLIMATE RECORD PERIOD 1896 TO 2014

WEATHER ITEM   OBSERVED TIME   RECORD YEAR NORMAL DEPARTURE LAST
                VALUE   (LST)  VALUE       VALUE  FROM      YEAR
                                                  NORMAL
..................................................................
TEMPERATURE (F)
 YESTERDAY
  MAXIMUM         85    316 PM 101    2013  84      1      101
  MINIMUM         52    529 AM  45    2006  55     -3       60
                                      1976
  AVERAGE         69                        69      0       81

PRECIPITATION (IN)
  YESTERDAY        T                         0.08  -0.08     0.00
  MONTH TO DATE    1.88                      2.26  -0.38     1.86
  SINCE JUN 1      6.92                      8.27  -1.35     4.79
  SINCE JAN 1      9.84                     14.00  -4.16    10.39

..................................................................

THE BURLINGTON CO CLIMATE NORMALS FOR TODAY
                         NORMAL    RECORD    YEAR
 MAXIMUM TEMPERATURE (F)   84       102      1990
 MINIMUM TEMPERATURE (F)   55        45      2004

-  INDICATES NEGATIVE NUMBERS.
R  INDICATES RECORD WAS SET OR TIED.
MM INDICATES DATA IS MISSING.
T  INDICATES TRACE AMOUNT.

$$
