000
CDUS44 KJAN 220643
CLIJAN


CLIMATE REPORT
NATIONAL WEATHER SERVICE JACKSON MS
140 AM CDT MON SEP 22 2014


...................................

...THE JACKSON CLIMATE SUMMARY FOR SEPTEMBER 21 2014...

CLIMATE NORMAL PERIOD 1981 TO 2010
CLIMATE RECORD PERIOD 1896 TO 2014


WEATHER ITEM   OBSERVED TIME   RECORD YEAR NORMAL DEPARTURE LAST
                VALUE   (LST)  VALUE       VALUE  FROM      YEAR
                                                  NORMAL
..................................................................
TEMPERATURE (F)
 YESTERDAY
  MAXIMUM         92    400 PM 105    1925  85      7       79
  MINIMUM         64    544 AM  43    1918  63      1       67
  AVERAGE         78                        74      4       73

PRECIPITATION (IN)
  YESTERDAY        0.00          3.80 2013   0.10  -0.10     3.80
  MONTH TO DATE    1.72                      2.08  -0.36     5.20
  SINCE SEP 1      1.72                      2.08  -0.36     5.20
  SINCE JAN 1     45.40                     39.36   6.04    48.86

SNOWFALL (IN)
  YESTERDAY        0.0           0.0  2002   0.0    0.0      0.0
                                      2001
  MONTH TO DATE    0.0                       0.0    0.0      0.0
  SINCE SEP 1      0.0                       0.0    0.0      0.0
  SINCE JUL 1      0.0                       0.0    0.0      0.0

DEGREE DAYS
 HEATING
  YESTERDAY        0                         0      0        0
  MONTH TO DATE    0                         0      0        0
  SINCE SEP 1      0                         0      0        0
  SINCE JUL 1      0                         0      0        0

 COOLING
  YESTERDAY       13                         9      4        8
  MONTH TO DATE  320                       257     63      348
  SINCE SEP 1    320                       257     63      348
  SINCE JAN 1   2050                      2056     -6     2112
..................................................................


WIND (MPH)
  HIGHEST WIND SPEED     9   HIGHEST WIND DIRECTION    NW (310)
  HIGHEST GUST SPEED    12   HIGHEST GUST DIRECTION    NW (310)
  AVERAGE WIND SPEED     0.8


SKY COVER
  POSSIBLE SUNSHINE  MM
  AVERAGE SKY COVER 0.1


WEATHER CONDITIONS
 THE FOLLOWING WEATHER WAS RECORDED YESTERDAY.
  NO SIGNIFICANT WEATHER WAS OBSERVED.


RELATIVE HUMIDITY (PERCENT)
 HIGHEST   100           300 AM
 LOWEST     38           400 PM
 AVERAGE    69

..........................................................


THE JACKSON CLIMATE NORMALS FOR TODAY
                         NORMAL    RECORD    YEAR
 MAXIMUM TEMPERATURE (F)   85       101      1925
 MINIMUM TEMPERATURE (F)   62        41      1983


SUNRISE AND SUNSET
SEPTEMBER 22 2014.....SUNRISE   649 AM CDT   SUNSET   657 PM CDT
SEPTEMBER 23 2014.....SUNRISE   649 AM CDT   SUNSET   656 PM CDT


-  INDICATES NEGATIVE NUMBERS.
R  INDICATES RECORD WAS SET OR TIED.
MM INDICATES DATA IS MISSING.
T  INDICATES TRACE AMOUNT.

&&

AT 4 AM:

THE PEARL RIVER STAGE AT JACKSON WAS 3.8 FEET. THE RIVER HAS REMAINED STEADY
OVER THE PAST 24 HOURS.

THE MISSISSIPPI RIVER STAGE AT VICKSBURG WAS 21.8 FEET. THE RIVER
HAS RISEN 1.1 FEET OVER THE PAST 24 HOURS.

$$
