000
CDUS44 KJAN 022134
CLIJAN


CLIMATE REPORT
NATIONAL WEATHER SERVICE JACKSON MS
432 PM CDT TUE SEP 2 2014


...................................

...THE JACKSON CLIMATE SUMMARY FOR SEPTEMBER 2 2014...
VALID TODAY AS OF 0400 PM LOCAL TIME.

CLIMATE NORMAL PERIOD 1981 TO 2010
CLIMATE RECORD PERIOD 1896 TO 2014


WEATHER ITEM   OBSERVED TIME   RECORD YEAR NORMAL DEPARTURE LAST
                VALUE   (LST)  VALUE       VALUE  FROM      YEAR
                                                  NORMAL
..................................................................
TEMPERATURE (F)
 TODAY
  MAXIMUM         92    144 PM 103    1951  90      2       96
  MINIMUM         75    533 AM  52    1903  69      6       73
  AVERAGE         84                        80      4       85

PRECIPITATION (IN)
  TODAY            0.01          1.41 1992   0.11  -0.10     0.02
  MONTH TO DATE    0.01                      0.21  -0.20     0.02
  SINCE SEP 1      0.01                      0.21  -0.20     0.02
  SINCE JAN 1     43.69                     37.49   6.20    43.68

SNOWFALL (IN)
  TODAY            0.0           0.0  2002   0.0    0.0      0.0
                                      2001
  MONTH TO DATE    0.0                       0.0    0.0      0.0
  SINCE SEP 1      0.0                       0.0    0.0      0.0
  SINCE JUL 1      0.0                       0.0    0.0      0.0

DEGREE DAYS
 HEATING
  TODAY            0                         0      0        0
  MONTH TO DATE    0                         0      0        0
  SINCE SEP 1      0                         0      0        0
  SINCE JUL 1      0                         0      0        0

 COOLING
  TODAY           19                        15      4       20
  MONTH TO DATE   38                        30      8       39
  SINCE SEP 1     38                        30      8       39
  SINCE JAN 1   1768                      1829    -61     1803
..................................................................


WIND (MPH)
  HIGHEST WIND SPEED    13   HIGHEST WIND DIRECTION     N (10)
  HIGHEST GUST SPEED    MM   HIGHEST GUST DIRECTION    MM
  AVERAGE WIND SPEED     6.1


SKY COVER
  POSSIBLE SUNSHINE  MM
  AVERAGE SKY COVER 0.5


WEATHER CONDITIONS
 THE FOLLOWING WEATHER WAS RECORDED TODAY.
  THUNDERSTORM
  LIGHT RAIN


RELATIVE HUMIDITY (PERCENT)
 HIGHEST    94          1200 AM
 LOWEST     59           200 PM
 AVERAGE    77

..........................................................


THE JACKSON CLIMATE NORMALS FOR TOMORROW
                         NORMAL    RECORD    YEAR
 MAXIMUM TEMPERATURE (F)   90       102      2000
 MINIMUM TEMPERATURE (F)   69        54      1952


SUNRISE AND SUNSET
SEPTEMBER  2 2014.....SUNRISE   636 AM CDT   SUNSET   723 PM CDT
SEPTEMBER  3 2014.....SUNRISE   637 AM CDT   SUNSET   722 PM CDT


-  INDICATES NEGATIVE NUMBERS.
R  INDICATES RECORD WAS SET OR TIED.
MM INDICATES DATA IS MISSING.
T  INDICATES TRACE AMOUNT.

&&

AT 4 PM:

THE PEARL RIVER STAGE AT JACKSON WAS 3.7 FEET. THE RIVER HAS
FALLEN 0.1 FEET OVER THE PAST 24 HOURS.

THE MISSISSIPPI RIVER STAGE AT VICKSBURG WAS 15.2 FEET. THE RIVER
HAS RISEN 0.2 FEET OVER THE PAST 24 HOURS.

THE AIR QUALITY INDEX AT JACKSON IS 50...WHICH IS GOOD.

$$
