000
CDUS44 KJAN 240644
CLIJAN


CLIMATE REPORT
NATIONAL WEATHER SERVICE JACKSON MS
1243 AM CST TUE JAN 24 2017


...................................

...THE JACKSON CLIMATE SUMMARY FOR JANUARY 23 2017...

CLIMATE NORMAL PERIOD 1981 TO 2010
CLIMATE RECORD PERIOD 1896 TO 2017


WEATHER ITEM   OBSERVED TIME   RECORD YEAR NORMAL DEPARTURE LAST
                VALUE   (LST)  VALUE       VALUE  FROM      YEAR
                                                  NORMAL
..................................................................
TEMPERATURE (F)
 YESTERDAY
  MAXIMUM         61    244 PM  82    1943  56      5       38
  MINIMUM         41   1115 PM   9    1940  35      6       25
  AVERAGE         51                        46      5       32

PRECIPITATION (IN)
  YESTERDAY        0.00          2.04 1923   0.17  -0.17     0.00
  MONTH TO DATE    7.76                      3.56   4.20     2.15
  SINCE DEC 1     13.50                      8.71   4.79     8.02
  SINCE JAN 1      7.76                      3.56   4.20     2.15

SNOWFALL (IN)
  YESTERDAY        0.0           4.5  1948   0.0    0.0      0.0
  MONTH TO DATE    0.8                       0.2    0.6       T
  SINCE DEC 1      0.8                       0.5    0.3       T
  SINCE JUL 1      0.8                       0.5    0.3       T

DEGREE DAYS
 HEATING
  YESTERDAY       14                        19     -5       33
  MONTH TO DATE  216                       456   -240      451
  SINCE DEC 1    620                       998   -378      721
  SINCE JUL 1    824                      1406   -582      913

 COOLING
  YESTERDAY        0                         0      0        0
  MONTH TO DATE   23                         0     23        0
  SINCE DEC 1     53                         8     45       69
  SINCE JAN 1     23                         0     23        0
..................................................................


WIND (MPH)
  HIGHEST WIND SPEED    25   HIGHEST WIND DIRECTION    NW (330)
  HIGHEST GUST SPEED    34   HIGHEST GUST DIRECTION     N (340)
  AVERAGE WIND SPEED    10.6


SKY COVER
  POSSIBLE SUNSHINE  MM
  AVERAGE SKY COVER 0.4


WEATHER CONDITIONS
 THE FOLLOWING WEATHER WAS RECORDED YESTERDAY.
  NO SIGNIFICANT WEATHER WAS OBSERVED.


RELATIVE HUMIDITY (PERCENT)
 HIGHEST    93          1100 PM
 LOWEST     49           300 PM
 AVERAGE    71

..........................................................


THE JACKSON CLIMATE NORMALS FOR TODAY
                         NORMAL    RECORD    YEAR
 MAXIMUM TEMPERATURE (F)   57        82      1972
 MINIMUM TEMPERATURE (F)   35         1      1948


SUNRISE AND SUNSET
JANUARY 24 2017.......SUNRISE   659 AM CST   SUNSET   527 PM CST
JANUARY 25 2017.......SUNRISE   658 AM CST   SUNSET   528 PM CST


-  INDICATES NEGATIVE NUMBERS.
R  INDICATES RECORD WAS SET OR TIED.
MM INDICATES DATA IS MISSING.
T  INDICATES TRACE AMOUNT.

&&

AT 1 AM:

THE PEARL RIVER STAGE AT JACKSON WAS 19.1 FEET. THE RIVER HAS
RISEN 0.4 FEET IN THE PAST PAST 24 HOURS.

THE MISSISSIPPI RIVER STAGE AT VICKSBURG WAS 27 FEET. THE RIVER
HAS RISEN 1.7 FEET IN THE PAST 24 HOURS.

$$
