000
CDUS44 KJAN 282207
CLIJAN


CLIMATE REPORT
NATIONAL WEATHER SERVICE JACKSON MS
406 PM CST WED JAN 28 2015


...................................

...THE JACKSON CLIMATE SUMMARY FOR JANUARY 28 2015...
VALID TODAY AS OF 0400 PM LOCAL TIME.

CLIMATE NORMAL PERIOD 1981 TO 2010
CLIMATE RECORD PERIOD 1896 TO 2015


WEATHER ITEM   OBSERVED TIME   RECORD YEAR NORMAL DEPARTURE LAST
                VALUE   (LST)  VALUE       VALUE  FROM      YEAR
                                                  NORMAL
..................................................................
TEMPERATURE (F)
 TODAY
  MAXIMUM         68    359 PM  83    1911  57     11       30
  MINIMUM         35    548 AM   5    1940  36     -1       21
  AVERAGE         52                        46      6       26

PRECIPITATION (IN)
  TODAY            0.00          1.56 2006   0.17  -0.17     0.07
  MONTH TO DATE    4.72                      4.42   0.30     1.61
  SINCE DEC 1      8.65                      9.57  -0.92     6.11
  SINCE JAN 1      4.72                      4.42   0.30     1.61

SNOWFALL (IN)
  TODAY            0.0          11.7  1904   0.0    0.0      0.8
  MONTH TO DATE    0.0                       0.3   -0.3      0.8
  SINCE DEC 1      0.0                       0.6   -0.6      0.8
  SINCE JUL 1      0.0                       0.6   -0.6      0.8

DEGREE DAYS
 HEATING
  TODAY           13                        19     -6       39
  MONTH TO DATE  568                       551     17      668
  SINCE DEC 1    996                      1093    -97     1228
  SINCE JUL 1   1496                      1501     -5     1690

 COOLING
  TODAY            0                         0      0        0
  MONTH TO DATE    0                         0      0        0
  SINCE DEC 1      2                         8     -6       12
  SINCE JAN 1      0                         0      0        0
..................................................................


WIND (MPH)
  HIGHEST WIND SPEED    10   HIGHEST WIND DIRECTION     S (160)
  HIGHEST GUST SPEED    14   HIGHEST GUST DIRECTION    SE (120)
  AVERAGE WIND SPEED     6.4


SKY COVER
  POSSIBLE SUNSHINE  MM
  AVERAGE SKY COVER 0.0


WEATHER CONDITIONS
 THE FOLLOWING WEATHER WAS RECORDED TODAY.
  NO SIGNIFICANT WEATHER WAS OBSERVED.


RELATIVE HUMIDITY (PERCENT)
 HIGHEST    76           600 AM
 LOWEST     26           300 PM
 AVERAGE    51

..........................................................


THE JACKSON CLIMATE NORMALS FOR TOMORROW
                         NORMAL    RECORD    YEAR
 MAXIMUM TEMPERATURE (F)   57        81      1950
                                             1917
 MINIMUM TEMPERATURE (F)   36         9      1966


SUNRISE AND SUNSET
JANUARY 28 2015.......SUNRISE   657 AM CST   SUNSET   530 PM CST
JANUARY 29 2015.......SUNRISE   656 AM CST   SUNSET   531 PM CST


-  INDICATES NEGATIVE NUMBERS.
R  INDICATES RECORD WAS SET OR TIED.
MM INDICATES DATA IS MISSING.
T  INDICATES TRACE AMOUNT.

&&

AT 4 PM:

THE PEARL RIVER STAGE AT JACKSON WAS 12.7 FEET. THE RIVER
HAS FALLEN 0.2 FEET OVER THE PAST 24 HOURS.

THE MISSISSIPPI RIVER STAGE AT VICKSBURG WAS 14.9 FEET. THE
RIVER HAS FALLEN 1.0 FEET OVER THE PAST 24 HOURS.

THE AIR QUALITY INDEX AT JACKSON WAS 72 WHICH IS MODERATE.


$$
