000
CDUS44 KJAN 250702
CLIJAN


CLIMATE REPORT
NATIONAL WEATHER SERVICE JACKSON MS
149 AM CDT TUE JUL 25 2017


...................................

...THE JACKSON CLIMATE SUMMARY FOR JULY 24 2017...

CLIMATE NORMAL PERIOD 1981 TO 2010
CLIMATE RECORD PERIOD 1896 TO 2017


WEATHER ITEM   OBSERVED TIME   RECORD YEAR NORMAL DEPARTURE LAST
                VALUE   (LST)  VALUE       VALUE  FROM      YEAR
                                                  NORMAL
..................................................................
TEMPERATURE (F)
 YESTERDAY
  MAXIMUM         86   1009 AM 105    1924  92     -6       93
  MINIMUM         75   1140 AM  59    1915  72      3       74
  AVERAGE         81                        82     -1       84

PRECIPITATION (IN)
  YESTERDAY        1.80          1.91 1931   0.16   1.64     0.03
  MONTH TO DATE    6.61                      3.73   2.88     6.33
  SINCE JUN 1     15.03                      7.85   7.18     9.36
  SINCE JAN 1     46.52                     31.96  14.56    41.81

SNOWFALL (IN)
  YESTERDAY        0.0           0.0  2002   0.0    0.0      0.0
                                      2001
  MONTH TO DATE    0.0                       0.0    0.0      0.0
  SINCE JUN 1      0.0                       0.0    0.0      0.0
  SINCE JUL 1      0.0                       0.0    0.0      0.0

DEGREE DAYS
 HEATING
  YESTERDAY        0                         0      0        0
  MONTH TO DATE    0                         0      0        0
  SINCE JUN 1      0                         0      0        0
  SINCE JUL 1      0                         0      0        0

 COOLING
  YESTERDAY       16                        17     -1       19
  MONTH TO DATE  438                       401     37      476
  SINCE JUN 1    819                       823     -4      992
  SINCE JAN 1   1315                      1181    134     1380
..................................................................


WIND (MPH)
  HIGHEST WIND SPEED    21   HIGHEST WIND DIRECTION     S (190)
  HIGHEST GUST SPEED    27   HIGHEST GUST DIRECTION     S (190)
  AVERAGE WIND SPEED     5.9


SKY COVER
  POSSIBLE SUNSHINE  MM
  AVERAGE SKY COVER 0.9


WEATHER CONDITIONS
 THE FOLLOWING WEATHER WAS RECORDED YESTERDAY.
  THUNDERSTORM
  HEAVY RAIN
  RAIN
  LIGHT RAIN
  FOG
  HAZE


RELATIVE HUMIDITY (PERCENT)
 HIGHEST   100           200 AM
 LOWEST     74          1000 AM
 AVERAGE    87

..........................................................


THE JACKSON CLIMATE NORMALS FOR TODAY
                         NORMAL    RECORD    YEAR
 MAXIMUM TEMPERATURE (F)   92       103      1952
 MINIMUM TEMPERATURE (F)   72        61      1904


SUNRISE AND SUNSET
JULY 25 2017..........SUNRISE   611 AM CDT   SUNSET   803 PM CDT
JULY 26 2017..........SUNRISE   611 AM CDT   SUNSET   802 PM CDT


-  INDICATES NEGATIVE NUMBERS.
R  INDICATES RECORD WAS SET OR TIED.
MM INDICATES DATA IS MISSING.
T  INDICATES TRACE AMOUNT.

AT 2 AM:

THE PEARL RIVER STAGE AT JACKSON WAS 4.6 FEET. THE RIVER FELL 0.1 FEET
OVER THE PAST 24 HOURS.

THE MISSISSIPPI RIVER STAGE AT VICKSBURG WAS 23.1 FEET. THE RIVER WAS STEADY OVER
THE PAST 24 HOURS.


$$
