000
CDUS44 KJAN 220732
CLIJAN


CLIMATE REPORT
NATIONAL WEATHER SERVICE JACKSON MS
128 AM CST WED NOV 22 2017


...................................

...THE JACKSON CLIMATE SUMMARY FOR NOVEMBER 21 2017...

CLIMATE NORMAL PERIOD 1981 TO 2010
CLIMATE RECORD PERIOD 1896 TO 2017


WEATHER ITEM   OBSERVED TIME   RECORD YEAR NORMAL DEPARTURE LAST
                VALUE   (LST)  VALUE       VALUE  FROM      YEAR
                                                  NORMAL
..................................................................
TEMPERATURE (F)
 YESTERDAY
  MAXIMUM         66    237 PM  82    1913  66      0       68
                                      1909
                                      1900
  MINIMUM         33    411 AM  21    1937  42     -9       27
  AVERAGE         50                        54     -4       48

PRECIPITATION (IN)
  YESTERDAY        0.00          2.57 1977   0.17  -0.17     0.00
  MONTH TO DATE    0.94                      3.16  -2.22     0.70
  SINCE SEP 1      4.19                     10.11  -5.92     1.52
  SINCE JAN 1     58.08                     47.39  10.69    54.72

SNOWFALL (IN)
  YESTERDAY        0.0           0.0    MM   0.0    0.0      0.0
  MONTH TO DATE    0.0                       0.0    0.0      0.0
  SINCE SEP 1      0.0                       0.0    0.0      0.0
  SINCE JUL 1      0.0                       0.0    0.0      0.0

DEGREE DAYS
 HEATING
  YESTERDAY       15                        12      3       17
  MONTH TO DATE   99                       185    -86      110
  SINCE SEP 1    166                       292   -126      125
  SINCE JUL 1    166                       292   -126      125

 COOLING
  YESTERDAY        0                         0      0        0
  MONTH TO DATE   73                        21     52       29
  SINCE SEP 1    612                       453    159      725
  SINCE JAN 1   2537                      2252    285     2799
..................................................................


WIND (MPH)
  HIGHEST WIND SPEED     8   HIGHEST WIND DIRECTION    SW (230)
  HIGHEST GUST SPEED    11   HIGHEST GUST DIRECTION     W (260)
  AVERAGE WIND SPEED     1.8


SKY COVER
  POSSIBLE SUNSHINE  MM
  AVERAGE SKY COVER 0.4


WEATHER CONDITIONS
 THE FOLLOWING WEATHER WAS RECORDED YESTERDAY.
  NO SIGNIFICANT WEATHER WAS OBSERVED.


RELATIVE HUMIDITY (PERCENT)
 HIGHEST    92          1100 PM
 LOWEST     48           100 PM
 AVERAGE    70

..........................................................


THE JACKSON CLIMATE NORMALS FOR TODAY
                         NORMAL    RECORD    YEAR
 MAXIMUM TEMPERATURE (F)   65        84      1921
                                             1913
 MINIMUM TEMPERATURE (F)   42        22      1937


SUNRISE AND SUNSET
NOVEMBER 22 2017......SUNRISE   636 AM CST   SUNSET   457 PM CST
NOVEMBER 23 2017......SUNRISE   637 AM CST   SUNSET   456 PM CST


-  INDICATES NEGATIVE NUMBERS.
R  INDICATES RECORD WAS SET OR TIED.
MM INDICATES DATA IS MISSING.
T  INDICATES TRACE AMOUNT.

&&

AT 1 AM:

THE PEARL RIVER STAGE AT JACKSON WAS 3.5 FEET. THE RIVER
FELL 0.1 FEET OVER THE PAST 24 HOURS.

THE MISSISSIPPI RIVER STAGE AT VICKSBURG WAS 20.4 FEET. THE RIVER
FELL 1.1 FEET OVER THE PAST 24 HOURS.


$$
