521
CDUS44 KJAN 080633
CLIJAN


CLIMATE REPORT
NATIONAL WEATHER SERVICE JACKSON MS
1231 AM CST THU DEC 8 2016


...................................

...THE JACKSON CLIMATE SUMMARY FOR DECEMBER 7 2016...

CLIMATE NORMAL PERIOD 1981 TO 2010
CLIMATE RECORD PERIOD 1896 TO 2016


WEATHER ITEM   OBSERVED TIME   RECORD YEAR NORMAL DEPARTURE LAST
                VALUE   (LST)  VALUE       VALUE  FROM      YEAR
                                                  NORMAL
..................................................................
TEMPERATURE (F)
 YESTERDAY
  MAXIMUM         54    224 PM  84    1978  60     -6       68
  MINIMUM         47    642 PM  14    1937  39      8       38
  AVERAGE         51                        49      2       53

PRECIPITATION (IN)
  YESTERDAY        T             1.85 1989   0.17  -0.17     0.00
  MONTH TO DATE    2.99                      1.25   1.74     0.45
  SINCE DEC 1      2.99                      1.25   1.74     0.45
  SINCE JAN 1     60.64                     50.24  10.40    53.86

SNOWFALL (IN)
  YESTERDAY        0.0           T    2011   0.0    0.0      0.0
                                      1950
  MONTH TO DATE    0.0                       0.1   -0.1      0.0
  SINCE DEC 1      0.0                       0.1   -0.1      0.0
  SINCE JUL 1      0.0                       0.1   -0.1      0.0

DEGREE DAYS
 HEATING
  YESTERDAY       14                        16     -2       12
  MONTH TO DATE   94                       106    -12       95
  SINCE DEC 1     94                       106    -12       95
  SINCE JUL 1    298                       514   -216      287

 COOLING
  YESTERDAY        0                         0      0        0
  MONTH TO DATE    0                         0      0        0
  SINCE DEC 1      0                         0      0        0
  SINCE JAN 1   2799                      2253    546     2746
..................................................................


WIND (MPH)
  HIGHEST WIND SPEED     9   HIGHEST WIND DIRECTION     N (360)
  HIGHEST GUST SPEED    13   HIGHEST GUST DIRECTION    NE (30)
  AVERAGE WIND SPEED     2.9


SKY COVER
  POSSIBLE SUNSHINE  MM
  AVERAGE SKY COVER 1.0


WEATHER CONDITIONS
 THE FOLLOWING WEATHER WAS RECORDED YESTERDAY.
  LIGHT RAIN
  FOG


RELATIVE HUMIDITY (PERCENT)
 HIGHEST    93           200 AM
 LOWEST     71           100 PM
 AVERAGE    82

..........................................................


THE JACKSON CLIMATE NORMALS FOR TODAY
                         NORMAL    RECORD    YEAR
 MAXIMUM TEMPERATURE (F)   60        82      1922
 MINIMUM TEMPERATURE (F)   38        19      1965


SUNRISE AND SUNSET
DECEMBER  8 2016......SUNRISE   650 AM CST   SUNSET   455 PM CST
DECEMBER  9 2016......SUNRISE   650 AM CST   SUNSET   455 PM CST


-  INDICATES NEGATIVE NUMBERS.
R  INDICATES RECORD WAS SET OR TIED.
MM INDICATES DATA IS MISSING.
T  INDICATES TRACE AMOUNT.

&&

AT 1 AM:

THE PEARL RIVER STAGE AT JACKSON WAS 4.0 FEET. THE RIVER FELL 0.9 FEET
OVER THE PAST 24 HOURS.

THE MISSISSIPPI RIVER STAGE AT VICKSBURG WAS 11.0 FEET. THE RIVER ROSE
0.8 FOOT OVER THE PAST 24 HOURS.



$$
