000
CDUS44 KJAN 210640
CLIJAN


CLIMATE REPORT
NATIONAL WEATHER SERVICE JACKSON MS
1237 AM CST TUE FEB 21 2017


...................................

...THE JACKSON CLIMATE SUMMARY FOR FEBRUARY 20 2017...

CLIMATE NORMAL PERIOD 1981 TO 2010
CLIMATE RECORD PERIOD 1896 TO 2017


WEATHER ITEM   OBSERVED TIME   RECORD YEAR NORMAL DEPARTURE LAST
                VALUE   (LST)  VALUE       VALUE  FROM      YEAR
                                                  NORMAL
..................................................................
TEMPERATURE (F)
 YESTERDAY
  MAXIMUM         83R   304 PM  83    1986  62     21       76
  MINIMUM         55    501 AM  20    1978  40     15       57
  AVERAGE         69                        51     18       67

PRECIPITATION (IN)
  YESTERDAY        0.13          1.89 1953   0.17  -0.04     0.00
  MONTH TO DATE    0.73                      3.44  -2.71     6.47
  SINCE DEC 1     14.37                     13.56   0.81    15.71
  SINCE JAN 1      8.63                      8.41   0.22     9.84

SNOWFALL (IN)
  YESTERDAY        0.0           T    1978   0.0    0.0      0.0
                                      1959
  MONTH TO DATE    0.0                       0.1   -0.1      0.0
  SINCE DEC 1      0.8                       0.7    0.1       T
  SINCE JUL 1      0.8                       0.7    0.1       T

DEGREE DAYS
 HEATING
  YESTERDAY        0                        14    -14        0
  MONTH TO DATE  148                       331   -183      269
  SINCE DEC 1    872                      1475   -603     1106
  SINCE JUL 1   1076                      1883   -807     1298

 COOLING
  YESTERDAY        4                         0      4        2
  MONTH TO DATE   22                         0     22        7
  SINCE DEC 1     75                        12     63       76
  SINCE JAN 1     45                         4     41        7
..................................................................


WIND (MPH)
  HIGHEST WIND SPEED    20   HIGHEST WIND DIRECTION    SE (150)
  HIGHEST GUST SPEED    25   HIGHEST GUST DIRECTION     S (160)
  AVERAGE WIND SPEED    10.3


SKY COVER
  POSSIBLE SUNSHINE  MM
  AVERAGE SKY COVER 0.4


WEATHER CONDITIONS
 THE FOLLOWING WEATHER WAS RECORDED YESTERDAY.
  HEAVY RAIN
  LIGHT RAIN
  FOG


RELATIVE HUMIDITY (PERCENT)
 HIGHEST    86           300 AM
 LOWEST     36           200 PM
 AVERAGE    61

..........................................................


THE JACKSON CLIMATE NORMALS FOR TODAY
                         NORMAL    RECORD    YEAR
 MAXIMUM TEMPERATURE (F)   62        83      1909
 MINIMUM TEMPERATURE (F)   40        18      1978


SUNRISE AND SUNSET
FEBRUARY 21 2017......SUNRISE   636 AM CST   SUNSET   552 PM CST
FEBRUARY 22 2017......SUNRISE   635 AM CST   SUNSET   553 PM CST


-  INDICATES NEGATIVE NUMBERS.
R  INDICATES RECORD WAS SET OR TIED.
MM INDICATES DATA IS MISSING.
T  INDICATES TRACE AMOUNT.


&&

AT 1 AM:

THE PEARL RIVER STAGE AT JACKSON WAS 6.3 FEET. THE RIVER LEVEL WAS
UNCHANGED OVER THE PAST 24 HOURS.

THE MISSISSIPPI RIVER STAGE AT VICKSBURG WAS 21.7 FEET. THE RIVER
FELL 0.4 FEET OVER THE PAST 24 HOURS.


$$
