000
CDUS44 KJAN 310719
CLIJAN


CLIMATE REPORT
NATIONAL WEATHER SERVICE JACKSON MS
218 AM CDT MON AUG 31 2015


...................................

...THE JACKSON CLIMATE SUMMARY FOR AUGUST 30 2015...

CLIMATE NORMAL PERIOD 1981 TO 2010
CLIMATE RECORD PERIOD 1896 TO 2015


WEATHER ITEM   OBSERVED TIME   RECORD YEAR NORMAL DEPARTURE LAST
                VALUE   (LST)  VALUE       VALUE  FROM      YEAR
                                                  NORMAL
..................................................................
TEMPERATURE (F)
 YESTERDAY
  MAXIMUM         96    310 PM 107    2000  91      5       85
  MINIMUM         68    606 AM  56    1992  70     -2       74
                                      1986
  AVERAGE         82                        80      2       80

PRECIPITATION (IN)
  YESTERDAY        T             2.59 2012   0.11  -0.11     0.31
  MONTH TO DATE    0.40                      4.13  -3.73     3.51
  SINCE JUN 1      8.33                     13.06  -4.73    12.08
  SINCE JAN 1     36.61                     37.17  -0.56    43.68

SNOWFALL (IN)
  YESTERDAY        0.0           0.0  2002   0.0    0.0      0.0
                                      2001
  MONTH TO DATE    0.0                       0.0    0.0      0.0
  SINCE JUN 1      0.0                       0.0    0.0      0.0
  SINCE JUL 1      0.0                       0.0    0.0      0.0

DEGREE DAYS
 HEATING
  YESTERDAY        0                         0      0        0
  MONTH TO DATE    0                         0      0        0
  SINCE JUN 1      0                         0      0        0
  SINCE JUL 1      0                         0      0        0

 COOLING
  YESTERDAY       17                        15      2       15
  MONTH TO DATE  558                       492     66      501
  SINCE JUN 1   1658                      1429    229     1384
  SINCE JAN 1   2111                      1787    324     1715
..................................................................


WIND (MPH)
  HIGHEST WIND SPEED    12   HIGHEST WIND DIRECTION    SE (150)
  HIGHEST GUST SPEED    15   HIGHEST GUST DIRECTION    SE (120)
  AVERAGE WIND SPEED     4.7


SKY COVER
  POSSIBLE SUNSHINE  MM
  AVERAGE SKY COVER 0.3


WEATHER CONDITIONS
 THE FOLLOWING WEATHER WAS RECORDED YESTERDAY.
  LIGHT RAIN


RELATIVE HUMIDITY (PERCENT)
 HIGHEST    87           600 AM
 LOWEST     30           300 PM
 AVERAGE    59

..........................................................


THE JACKSON CLIMATE NORMALS FOR TODAY
                         NORMAL    RECORD    YEAR
 MAXIMUM TEMPERATURE (F)   91       106      2000
 MINIMUM TEMPERATURE (F)   69        57      1946


SUNRISE AND SUNSET
AUGUST 31 2015........SUNRISE   635 AM CDT   SUNSET   726 PM CDT
SEPTEMBER  1 2015.....SUNRISE   635 AM CDT   SUNSET   725 PM CDT


-  INDICATES NEGATIVE NUMBERS.
R  INDICATES RECORD WAS SET OR TIED.
MM INDICATES DATA IS MISSING.
T  INDICATES TRACE AMOUNT.

&&

AT 2 AM:

THE PEARL RIVER STAGE AT JACKSON WAS 3.4 FEET. THE RIVER STAGE HAS
REMAINED STEADY OVER THE PAST 24 HOURS.

THE MISSISSIPPI RIVER STAGE AT VICKSBURG WAS 17.2 FEET. THE RIVER
STAGE FELL A TENTH OF A FOOT OVER THE PAST 24 HOURS.

$$
