000
CDUS42 KJAX 240528
CLIJAX


CLIMATE REPORT
NATIONAL WEATHER SERVICE JACKSONVILLE FL
127 AM EDT MON APR 24 2017


...................................

...THE JACKSONVILLE CLIMATE SUMMARY FOR APRIL 23 2017...

CLIMATE NORMAL PERIOD 1981 TO 2010
CLIMATE RECORD PERIOD 1871 TO 2017


WEATHER ITEM   OBSERVED TIME   RECORD YEAR NORMAL DEPARTURE LAST
                VALUE   (LST)  VALUE       VALUE  FROM      YEAR
                                                  NORMAL
..................................................................
TEMPERATURE (F)
 YESTERDAY
  MAXIMUM         89    225 PM  92    1970  81      8       82
                                      1967
  MINIMUM         60    532 AM  37    1993  56      4       62
  AVERAGE         75                        68      7       72

PRECIPITATION (IN)
  YESTERDAY        T             2.40 1991   0.08  -0.08     0.00
  MONTH TO DATE    0.74                      2.15  -1.41     2.67
  SINCE MAR 1      1.81                      6.10  -4.29     4.50
  SINCE JAN 1      7.21                     12.59  -5.38    12.15

SNOWFALL (IN)
  YESTERDAY        0.0           0.0  2002   0.0    0.0      0.0
                                      2001
  MONTH TO DATE    0.0                       0.0    0.0      0.0
  SINCE MAR 1      0.0                       T      0.0      0.0
  SINCE JUL 1      0.0                       T      0.0      0.0
  SNOW DEPTH       0

DEGREE DAYS
 HEATING
  YESTERDAY        0                         1     -1        0
  MONTH TO DATE   21                        49    -28       21
  SINCE MAR 1    179                       205    -26       95
  SINCE JUL 1    782                      1338   -556      943

 COOLING
  YESTERDAY       10                         5      5        7
  MONTH TO DATE  110                        77     33       72
  SINCE MAR 1    189                       131     58      190
  SINCE JAN 1    261                       160    101      214
..................................................................


WIND (MPH)
  HIGHEST WIND SPEED    23   HIGHEST WIND DIRECTION    SE (130)
  HIGHEST GUST SPEED    26   HIGHEST GUST DIRECTION    SE (130)
  AVERAGE WIND SPEED     7.3


SKY COVER
  POSSIBLE SUNSHINE  MM
  AVERAGE SKY COVER 0.6


WEATHER CONDITIONS
 THE FOLLOWING WEATHER WAS RECORDED YESTERDAY.
  THUNDERSTORM
  LIGHT RAIN
  FOG


RELATIVE HUMIDITY (PERCENT)
 HIGHEST   100           100 AM
 LOWEST     40           200 PM
 AVERAGE    70

..........................................................


THE JACKSONVILLE CLIMATE NORMALS FOR TODAY
                         NORMAL    RECORD    YEAR
 MAXIMUM TEMPERATURE (F)   81        93      1999
                                             1967
                                             1958
 MINIMUM TEMPERATURE (F)   56        39      1986


SUNRISE AND SUNSET
APRIL 24 2017.........SUNRISE   650 AM EDT   SUNSET   801 PM EDT
APRIL 25 2017.........SUNRISE   649 AM EDT   SUNSET   801 PM EDT


-  INDICATES NEGATIVE NUMBERS.
R  INDICATES RECORD WAS SET OR TIED.
MM INDICATES DATA IS MISSING.
T  INDICATES TRACE AMOUNT.




$$
