000
CDUS42 KJAX 182234
CLIJAX


CLIMATE REPORT
NATIONAL WEATHER SERVICE JACKSONVILLE FL
533 PM EST WED JAN 18 2017


...................................

...THE JACKSONVILLE CLIMATE SUMMARY FOR JANUARY 18 2017...
VALID TODAY AS OF 0500 PM LOCAL TIME.

CLIMATE NORMAL PERIOD 1981 TO 2010
CLIMATE RECORD PERIOD 1871 TO 2017


WEATHER ITEM   OBSERVED TIME   RECORD YEAR NORMAL DEPARTURE LAST
                VALUE   (LST)  VALUE       VALUE  FROM      YEAR
                                                  NORMAL
..................................................................
TEMPERATURE (F)
 TODAY
  MAXIMUM         80    224 PM  83    1937  65     15       56
  MINIMUM         49    701 AM  21    1977  41      8       35
  AVERAGE         65                        53     12       46

PRECIPITATION (IN)
  TODAY            0.00          0.62 1941   0.11  -0.11     0.00
  MONTH TO DATE    2.52                      1.80   0.72     2.36
  SINCE DEC 1      4.81                      4.60   0.21     2.92
  SINCE JAN 1      2.52                      1.80   0.72     2.36

SNOWFALL (IN)
  TODAY            0.0           T    1977   0.0    0.0      0.0
  MONTH TO DATE    0.0                       0.0    0.0      0.0
  SINCE DEC 1      0.0                       T      0.0      0.0
  SINCE JUL 1      0.0                       T      0.0      0.0
  SNOW DEPTH       0

DEGREE DAYS
 HEATING
  TODAY            0                        12    -12       19
  MONTH TO DATE  103                       229   -126      235
  SINCE DEC 1    283                       552   -269      322
  SINCE JUL 1    413                       725   -312      376

 COOLING
  TODAY            0                         0      0        0
  MONTH TO DATE   16                         0     16        0
  SINCE DEC 1     59                        21     38      141
  SINCE JAN 1     16                         0     16        0
..................................................................


WIND (MPH)
  HIGHEST WIND SPEED    20   HIGHEST WIND DIRECTION     W (280)
  HIGHEST GUST SPEED    26   HIGHEST GUST DIRECTION     W (280)
  AVERAGE WIND SPEED     5.6


SKY COVER
  POSSIBLE SUNSHINE  MM
  AVERAGE SKY COVER 0.8


WEATHER CONDITIONS
 THE FOLLOWING WEATHER WAS RECORDED TODAY.
  FOG


RELATIVE HUMIDITY (PERCENT)
 HIGHEST   100          1200 AM
 LOWEST     48           400 PM
 AVERAGE    74

..........................................................


THE JACKSONVILLE CLIMATE NORMALS FOR TOMORROW
                         NORMAL    RECORD    YEAR
 MAXIMUM TEMPERATURE (F)   65        83      2001
                                             1937
 MINIMUM TEMPERATURE (F)   41        19      1977


SUNRISE AND SUNSET
JANUARY 18 2017.......SUNRISE   724 AM EST   SUNSET   551 PM EST
JANUARY 19 2017.......SUNRISE   723 AM EST   SUNSET   552 PM EST


-  INDICATES NEGATIVE NUMBERS.
R  INDICATES RECORD WAS SET OR TIED.
MM INDICATES DATA IS MISSING.
T  INDICATES TRACE AMOUNT.




$$
