000
CDUS42 KJAX 080532
CLIJAX


CLIMATE REPORT
NATIONAL WEATHER SERVICE JACKSONVILLE FL
1232 AM EST THU DEC 8 2016


...................................

...THE JACKSONVILLE CLIMATE SUMMARY FOR DECEMBER 7 2016...

CLIMATE NORMAL PERIOD 1981 TO 2010
CLIMATE RECORD PERIOD 1871 TO 2016


WEATHER ITEM   OBSERVED TIME   RECORD YEAR NORMAL DEPARTURE LAST
                VALUE   (LST)  VALUE       VALUE  FROM      YEAR
                                                  NORMAL
..................................................................
TEMPERATURE (F)
 YESTERDAY
  MAXIMUM         73    314 PM  83    2013  68      5       70
  MINIMUM         52    649 AM  21    1937  46      6       47
  AVERAGE         63                        57      6       59

PRECIPITATION (IN)
  YESTERDAY        0.00          2.03 1875   0.09  -0.09     0.01
  MONTH TO DATE    1.99                      0.62   1.37     0.02
  SINCE DEC 1      1.99                      0.62   1.37     0.02
  SINCE JAN 1     38.22                     50.21 -11.99    44.00

SNOWFALL (IN)
  YESTERDAY        0.0           0.0  2001   0.0    0.0      0.0
  MONTH TO DATE    0.0                       0.0    0.0      0.0
  SINCE DEC 1      0.0                       0.0    0.0      0.0
  SINCE JUL 1      0.0                       0.0    0.0      0.0
  SNOW DEPTH       0

DEGREE DAYS
 HEATING
  YESTERDAY        2                         9     -7        6
  MONTH TO DATE   31                        59    -28       27
  SINCE DEC 1     31                        59    -28       27
  SINCE JUL 1    161                       232    -71       81

 COOLING
  YESTERDAY        0                         1     -1        0
  MONTH TO DATE   16                         7      9       11
  SINCE DEC 1     16                         7      9       11
  SINCE JAN 1   2967                      2651    316     2971
..................................................................


WIND (MPH)
  HIGHEST WIND SPEED    10   HIGHEST WIND DIRECTION     W (270)
  HIGHEST GUST SPEED    12   HIGHEST GUST DIRECTION     W (270)
  AVERAGE WIND SPEED     4.3


SKY COVER
  POSSIBLE SUNSHINE  MM
  AVERAGE SKY COVER 0.3


WEATHER CONDITIONS
 THE FOLLOWING WEATHER WAS RECORDED YESTERDAY.
  NO SIGNIFICANT WEATHER WAS OBSERVED.


RELATIVE HUMIDITY (PERCENT)
 HIGHEST   100           100 AM
 LOWEST     57           200 PM
 AVERAGE    79

..........................................................


THE JACKSONVILLE CLIMATE NORMALS FOR TODAY
                         NORMAL    RECORD    YEAR
 MAXIMUM TEMPERATURE (F)   68        83      1978
 MINIMUM TEMPERATURE (F)   45        24      2010


SUNRISE AND SUNSET
DECEMBER  8 2016......SUNRISE   712 AM EST   SUNSET   526 PM EST
DECEMBER  9 2016......SUNRISE   713 AM EST   SUNSET   526 PM EST


-  INDICATES NEGATIVE NUMBERS.
R  INDICATES RECORD WAS SET OR TIED.
MM INDICATES DATA IS MISSING.
T  INDICATES TRACE AMOUNT.




$$
