000
CDUS42 KJAX 010531
CLIJAX


CLIMATE REPORT
NATIONAL WEATHER SERVICE JACKSONVILLE FL
1230 AM EST SUN MAR 1 2015


...................................

...THE JACKSONVILLE CLIMATE SUMMARY FOR FEBRUARY 28 2015...

CLIMATE NORMAL PERIOD 1981 TO 2010
CLIMATE RECORD PERIOD 1871 TO 2015


WEATHER ITEM   OBSERVED TIME   RECORD YEAR NORMAL DEPARTURE LAST
                VALUE   (LST)  VALUE       VALUE  FROM      YEAR
                                                  NORMAL
..................................................................
TEMPERATURE (F)
 YESTERDAY
  MAXIMUM         54   1008 AM  87    1962  71    -17       64
  MINIMUM         48    800 PM  25    2002  47      1       33
  AVERAGE         51                        59     -8       49

PRECIPITATION (IN)
  YESTERDAY        0.02          1.98 1914   0.12  -0.10     0.00
  MONTH TO DATE    3.32                      3.19   0.13     2.74
  SINCE DEC 1     10.14                      9.29   0.85    10.57
  SINCE JAN 1      6.40                      6.49  -0.09     9.71

SNOWFALL (IN)
  YESTERDAY        0.0           0.0  2002   0.0    0.0      0.0
  MONTH TO DATE    0.0                       0.0    0.0      0.0
  SINCE DEC 1      T                         T      0.0      0.0
  SINCE JUL 1      T                         T      0.0      0.0
  SNOW DEPTH       0

DEGREE DAYS
 HEATING
  YESTERDAY       14                         7      7       16
  MONTH TO DATE  374                       256    118      228
  SINCE DEC 1    964                       960      4      921
  SINCE JUL 1   1248                      1133    115     1077

 COOLING
  YESTERDAY        0                         1     -1        0
  MONTH TO DATE    0                        18    -18       21
  SINCE DEC 1     37                        50    -13       80
  SINCE JAN 1     13                        29    -16       30
..................................................................


WIND (MPH)
  HIGHEST WIND SPEED    23   HIGHEST WIND DIRECTION    NE (40)
  HIGHEST GUST SPEED    30   HIGHEST GUST DIRECTION    NE (40)
  AVERAGE WIND SPEED    13.9


SKY COVER
  POSSIBLE SUNSHINE  MM
  AVERAGE SKY COVER 1.0


WEATHER CONDITIONS
 THE FOLLOWING WEATHER WAS RECORDED YESTERDAY.
  LIGHT RAIN
  FOG


RELATIVE HUMIDITY (PERCENT)
 HIGHEST   100          1000 AM
 LOWEST     71          1200 AM
 AVERAGE    86

..........................................................


THE JACKSONVILLE CLIMATE NORMALS FOR TODAY
                         NORMAL    RECORD    YEAR
 MAXIMUM TEMPERATURE (F)   71        87      1997
 MINIMUM TEMPERATURE (F)   47        28      1941


SUNRISE AND SUNSET
MARCH  1 2015.........SUNRISE   653 AM EST   SUNSET   625 PM EST
MARCH  2 2015.........SUNRISE   652 AM EST   SUNSET   626 PM EST


-  INDICATES NEGATIVE NUMBERS.
R  INDICATES RECORD WAS SET OR TIED.
MM INDICATES DATA IS MISSING.
T  INDICATES TRACE AMOUNT.




$$
