000
CDUS44 KMEG 040736
CLIJBR


CLIMATE REPORT
NATIONAL WEATHER SERVICE MEMPHIS TN
135 AM CST SUN DEC 4 2016


...................................

...THE JONESBORO CLIMATE SUMMARY FOR DECEMBER 3 2016...

CLIMATE NORMAL PERIOD 1981 TO 2010
CLIMATE RECORD PERIOD 1897 TO 2016


WEATHER ITEM   OBSERVED TIME   RECORD YEAR NORMAL DEPARTURE LAST
                VALUE   (LST)  VALUE       VALUE  FROM      YEAR
                                                  NORMAL
..................................................................
TEMPERATURE (F)
 YESTERDAY
  MAXIMUM         46    148 PM  75    2012  51     -5       47
                                      1982
                                      1970
  MINIMUM         41   1159 PM   8    1929  34      7       32
  AVERAGE         44                        42      2       40

PRECIPITATION (IN)
  YESTERDAY        0.20          2.35 1914   0.18   0.02     0.00
  MONTH TO DATE    0.20                      0.52  -0.32     0.00
  SINCE DEC 1      0.20                      0.52  -0.32     0.00
  SINCE JAN 1     48.30                     43.85   4.45    58.16

SNOWFALL (IN)
  YESTERDAY       MM             T    1942   0.0   MM        0.0
  MONTH TO DATE    0.0                       0.0    0.0      0.0
  SINCE DEC 1      0.0                       0.0    0.0      0.0
  SINCE JUL 1      0.0                       0.0    0.0      0.0
  SNOW DEPTH       0

DEGREE DAYS
 HEATING
  YESTERDAY       21                        23     -2       25
  MONTH TO DATE   63                        67     -4       68
  SINCE DEC 1     63                        67     -4       68
  SINCE JUL 1    412                       717   -305      577

 COOLING
  YESTERDAY        0                         0      0        0
  MONTH TO DATE    0                         0      0        0
  SINCE DEC 1      0                         0      0        0
  SINCE JAN 1   2285                      1827    458     1748
..................................................................


WIND (MPH)
  HIGHEST WIND SPEED    15   HIGHEST WIND DIRECTION    NE (60)
  HIGHEST GUST SPEED    19   HIGHEST GUST DIRECTION    NE (50)
  AVERAGE WIND SPEED     9.8


SKY COVER
  POSSIBLE SUNSHINE  MM
  AVERAGE SKY COVER 0.8


WEATHER CONDITIONS
 THE FOLLOWING WEATHER WAS RECORDED YESTERDAY.
  LIGHT RAIN
  FOG


RELATIVE HUMIDITY (PERCENT)
 HIGHEST    93           900 PM
 LOWEST     65           100 PM
 AVERAGE    79

..........................................................


THE JONESBORO CLIMATE NORMALS FOR TODAY
                         NORMAL    RECORD    YEAR
 MAXIMUM TEMPERATURE (F)   51        78      1998
 MINIMUM TEMPERATURE (F)   33        10      1929


SUNRISE AND SUNSET
DECEMBER  4 2016......SUNRISE   657 AM CST   SUNSET   449 PM CST
DECEMBER  5 2016......SUNRISE   658 AM CST   SUNSET   449 PM CST


-  INDICATES NEGATIVE NUMBERS.
R  INDICATES RECORD WAS SET OR TIED.
MM INDICATES DATA IS MISSING.
T  INDICATES TRACE AMOUNT.




$$
