000
CDUS44 KMEG 240733
CLIJBR


CLIMATE REPORT
NATIONAL WEATHER SERVICE MEMPHIS TN
132 AM CST MON NOV 24 2014


...................................

...THE JONESBORO CLIMATE SUMMARY FOR NOVEMBER 23 2014...

CLIMATE NORMAL PERIOD 1981 TO 2010
CLIMATE RECORD PERIOD 1897 TO 2014


WEATHER ITEM   OBSERVED TIME   RECORD YEAR NORMAL DEPARTURE LAST
                VALUE   (LST)  VALUE       VALUE  FROM      YEAR
                                                  NORMAL
..................................................................
TEMPERATURE (F)
 YESTERDAY
  MAXIMUM         62   1019 PM  77    1973  56      6       45
  MINIMUM         45    246 AM  20    1964  37      8       27
                                      1929
  AVERAGE         54                        46      8       36

PRECIPITATION (IN)
  YESTERDAY        0.07          2.68 1961   0.18  -0.11     0.01
  MONTH TO DATE    1.20                      3.60  -2.40     2.23
  SINCE SEP 1      6.99                     10.92  -3.93     8.37
  SINCE JAN 1     40.67                     42.03  -1.36    45.82

SNOWFALL (IN)
  YESTERDAY        0.0           4.0  1971   0.0    0.0      0.0
  MONTH TO DATE    0.5                       0.0    0.5      0.0
  SINCE SEP 1      0.5                       0.0    0.5      0.0
  SINCE JUL 1      0.5                       0.0    0.5      0.0
  SNOW DEPTH       0

DEGREE DAYS
 HEATING
  YESTERDAY       11                        19     -8       29
  MONTH TO DATE  492                       321    171      353
  SINCE SEP 1    633                       508    125      522
  SINCE JUL 1    633                       508    125      522

 COOLING
  YESTERDAY        0                         0      0        0
  MONTH TO DATE    0                         1     -1        5
  SINCE SEP 1    338                       279     59      444
  SINCE JAN 1   1798                      1825    -27     2044
..................................................................


WIND (MPH)
  HIGHEST WIND SPEED    23   HIGHEST WIND DIRECTION    SW (210)
  HIGHEST GUST SPEED    31   HIGHEST GUST DIRECTION     S (200)
  AVERAGE WIND SPEED    10.6


SKY COVER
  POSSIBLE SUNSHINE  MM
  AVERAGE SKY COVER 0.8


WEATHER CONDITIONS
 THE FOLLOWING WEATHER WAS RECORDED YESTERDAY.
  HEAVY RAIN
  RAIN
  LIGHT RAIN


RELATIVE HUMIDITY (PERCENT)
 HIGHEST   100           900 AM
 LOWEST     71          1200 AM
 AVERAGE    86

..........................................................


THE JONESBORO CLIMATE NORMALS FOR TODAY
                         NORMAL    RECORD    YEAR
 MAXIMUM TEMPERATURE (F)   55        79      1973
 MINIMUM TEMPERATURE (F)   37        10      1950


SUNRISE AND SUNSET
NOVEMBER 24 2014......SUNRISE   648 AM CST   SUNSET   451 PM CST
NOVEMBER 25 2014......SUNRISE   649 AM CST   SUNSET   450 PM CST


-  INDICATES NEGATIVE NUMBERS.
R  INDICATES RECORD WAS SET OR TIED.
MM INDICATES DATA IS MISSING.
T  INDICATES TRACE AMOUNT.




$$
