000
CDUS44 KMEG 260632
CLIJBR


CLIMATE REPORT
NATIONAL WEATHER SERVICE MEMPHIS TN
132 AM CDT FRI MAY 26 2017


...................................

...THE JONESBORO CLIMATE SUMMARY FOR MAY 25 2017...

CLIMATE NORMAL PERIOD 1981 TO 2010
CLIMATE RECORD PERIOD 1897 TO 2017


WEATHER ITEM   OBSERVED TIME   RECORD YEAR NORMAL DEPARTURE LAST
                VALUE   (LST)  VALUE       VALUE  FROM      YEAR
                                                  NORMAL
..................................................................
TEMPERATURE (F)
 YESTERDAY
  MAXIMUM         79    306 PM  98    1911  83     -4       75
  MINIMUM         52    447 AM  34    1897  61     -9       63
  AVERAGE         66                        72     -6       69

PRECIPITATION (IN)
  YESTERDAY        0.00          1.78 1946   0.11  -0.11     0.38
  MONTH TO DATE    4.56                      4.00   0.56     8.35
  SINCE MAR 1     19.51                     13.52   5.99    26.03
  SINCE JAN 1     25.12                     20.67   4.45    29.96

DEGREE DAYS
 HEATING
  YESTERDAY        0                         0      0        0
  MONTH TO DATE   37                        35      2       28
  SINCE MAR 1    495                       694   -199      494
  SINCE JUL 1   2628                      3650  -1022     2983

 COOLING
  YESTERDAY        1                         7     -6        4
  MONTH TO DATE  102                       115    -13       82
  SINCE MAR 1    172                       162     10      132
  SINCE JAN 1    176                       162     14      132
..................................................................


WIND (MPH)
  HIGHEST WIND SPEED    16   HIGHEST WIND DIRECTION     W (250)
  HIGHEST GUST SPEED    25   HIGHEST GUST DIRECTION    SW (210)
  AVERAGE WIND SPEED     8.8


SKY COVER
  POSSIBLE SUNSHINE  MM
  AVERAGE SKY COVER 0.0


WEATHER CONDITIONS
 THE FOLLOWING WEATHER WAS RECORDED YESTERDAY.
  NO SIGNIFICANT WEATHER WAS OBSERVED.


RELATIVE HUMIDITY (PERCENT)
 HIGHEST    96           400 AM
 LOWEST     40           400 PM
 AVERAGE    68

..........................................................


THE JONESBORO CLIMATE NORMALS FOR TODAY
                         NORMAL    RECORD    YEAR
 MAXIMUM TEMPERATURE (F)   83       100      1911
 MINIMUM TEMPERATURE (F)   61        33      1897


SUNRISE AND SUNSET
MAY 26 2017...........SUNRISE   550 AM CDT   SUNSET   810 PM CDT
MAY 27 2017...........SUNRISE   550 AM CDT   SUNSET   810 PM CDT


-  INDICATES NEGATIVE NUMBERS.
R  INDICATES RECORD WAS SET OR TIED.
MM INDICATES DATA IS MISSING.
T  INDICATES TRACE AMOUNT.




$$
