000
CDUS44 KMEG 180633
CLIJBR


CLIMATE REPORT
NATIONAL WEATHER SERVICE MEMPHIS TN
133 AM CDT THU SEP 18 2014


...................................

...THE JONESBORO CLIMATE SUMMARY FOR SEPTEMBER 17 2014...

CLIMATE NORMAL PERIOD 1981 TO 2010
CLIMATE RECORD PERIOD 1897 TO 2014


WEATHER ITEM   OBSERVED TIME   RECORD YEAR NORMAL DEPARTURE LAST
                VALUE   (LST)  VALUE       VALUE  FROM      YEAR
                                                  NORMAL
..................................................................
TEMPERATURE (F)
 YESTERDAY
  MAXIMUM         67    511 PM 102    1896  83    -16       92
  MINIMUM         61   1009 PM  41    1916  60      1       67
  AVERAGE         64                        71     -7       80

PRECIPITATION (IN)
  YESTERDAY        0.16          3.92 2006   0.09   0.07     0.00
  MONTH TO DATE    1.67                      1.68  -0.01     0.24
  SINCE SEP 1      1.67                      1.68  -0.01     0.24
  SINCE JAN 1     35.35                     32.79   2.56    37.69

SNOWFALL (IN)
  YESTERDAY        0.0          MM      MM   0.0    0.0      0.0
  MONTH TO DATE    0.0                       0.0    0.0      0.0
  SINCE SEP 1      0.0                       0.0    0.0      0.0
  SINCE JUL 1      0.0                       0.0    0.0      0.0
  SNOW DEPTH       0

DEGREE DAYS
 HEATING
  YESTERDAY        1                         0      1        0
  MONTH TO DATE    9                         0      9        0
  SINCE SEP 1      9                         0      9        0
  SINCE JUL 1      9                         0      9        0

 COOLING
  YESTERDAY        0                         7     -7       15
  MONTH TO DATE  162                       161      1      238
  SINCE SEP 1    162                       161      1      238
  SINCE JAN 1   1622                      1707    -85     1838
..................................................................


WIND (MPH)
  HIGHEST WIND SPEED    14   HIGHEST WIND DIRECTION     S (180)
  HIGHEST GUST SPEED    17   HIGHEST GUST DIRECTION     S (180)
  AVERAGE WIND SPEED     5.1


SKY COVER
  POSSIBLE SUNSHINE  MM
  AVERAGE SKY COVER 0.5


WEATHER CONDITIONS
 THE FOLLOWING WEATHER WAS RECORDED YESTERDAY.
  THUNDERSTORM
  LIGHT RAIN


RELATIVE HUMIDITY (PERCENT)
 HIGHEST   100           600 PM
 LOWEST     78           800 AM
 AVERAGE    89

..........................................................


THE JONESBORO CLIMATE NORMALS FOR TODAY
                         NORMAL    RECORD    YEAR
 MAXIMUM TEMPERATURE (F)   82        99      1931
                                             1925
 MINIMUM TEMPERATURE (F)   60        40      1903


SUNRISE AND SUNSET
SEPTEMBER 18 2014.....SUNRISE   647 AM CDT   SUNSET   705 PM CDT
SEPTEMBER 19 2014.....SUNRISE   648 AM CDT   SUNSET   704 PM CDT


-  INDICATES NEGATIVE NUMBERS.
R  INDICATES RECORD WAS SET OR TIED.
MM INDICATES DATA IS MISSING.
T  INDICATES TRACE AMOUNT.




$$
