000
CDUS44 KMEG 180734
CLIJBR


CLIMATE REPORT
NATIONAL WEATHER SERVICE MEMPHIS TN
133 AM CST THU JAN 18 2018


...................................

...THE JONESBORO CLIMATE SUMMARY FOR JANUARY 17 2018...

CLIMATE NORMAL PERIOD 1981 TO 2010
CLIMATE RECORD PERIOD 1897 TO 2018


WEATHER ITEM   OBSERVED TIME   RECORD YEAR NORMAL DEPARTURE LAST
                VALUE   (LST)  VALUE       VALUE  FROM      YEAR
                                                  NORMAL
..................................................................
TEMPERATURE (F)
 YESTERDAY
  MAXIMUM         26    443 PM  72    1907  46    -20       63
  MINIMUM          8    744 AM  -6    1982  29    -21       42
  AVERAGE         17                        37    -20       53

PRECIPITATION (IN)
  YESTERDAY        T             2.00 1994   0.11  -0.11     0.00
  MONTH TO DATE    1.33                      1.87  -0.54     2.95
  SINCE DEC 1      6.45                      6.64  -0.19     7.41
  SINCE JAN 1      1.33                      1.87  -0.54     2.95

DEGREE DAYS
 HEATING
  YESTERDAY       48                        28     20       12
  MONTH TO DATE  621                       476    145      410
  SINCE DEC 1   1377                      1268    109     1145
  SINCE JUL 1   1921                      1918      3     1494

 COOLING
  YESTERDAY        0                         0      0        0
  MONTH TO DATE    0                         0      0        0
  SINCE DEC 1      0                         0      0        0
  SINCE JAN 1      0                         0      0        0
..................................................................


WIND (MPH)
  HIGHEST WIND SPEED    14   HIGHEST WIND DIRECTION     S (160)
  HIGHEST GUST SPEED    17   HIGHEST GUST DIRECTION     S (160)
  AVERAGE WIND SPEED     4.1


SKY COVER
  POSSIBLE SUNSHINE  MM
  AVERAGE SKY COVER 0.0


WEATHER CONDITIONS
 THE FOLLOWING WEATHER WAS RECORDED YESTERDAY.
  NO SIGNIFICANT WEATHER WAS OBSERVED.


RELATIVE HUMIDITY (PERCENT)
 HIGHEST    84           700 PM
 LOWEST     55           400 PM
 AVERAGE    70

..........................................................


THE JONESBORO CLIMATE NORMALS FOR TODAY
                         NORMAL    RECORD    YEAR
 MAXIMUM TEMPERATURE (F)   46        74      1907
 MINIMUM TEMPERATURE (F)   29        -9      1930


SUNRISE AND SUNSET
JANUARY 18 2018.......SUNRISE   711 AM CST   SUNSET   515 PM CST
JANUARY 19 2018.......SUNRISE   711 AM CST   SUNSET   516 PM CST


-  INDICATES NEGATIVE NUMBERS.
R  INDICATES RECORD WAS SET OR TIED.
MM INDICATES DATA IS MISSING.
T  INDICATES TRACE AMOUNT.




$$
