000
CDUS44 KMEG 250637
CLIJBR


CLIMATE REPORT
NATIONAL WEATHER SERVICE MEMPHIS TN
137 AM CDT MON SEP 25 2017


...................................

...THE JONESBORO CLIMATE SUMMARY FOR SEPTEMBER 24 2017...

CLIMATE NORMAL PERIOD 1981 TO 2010
CLIMATE RECORD PERIOD 1897 TO 2017


WEATHER ITEM   OBSERVED TIME   RECORD YEAR NORMAL DEPARTURE LAST
                VALUE   (LST)  VALUE       VALUE  FROM      YEAR
                                                  NORMAL
..................................................................
TEMPERATURE (F)
 YESTERDAY
  MAXIMUM         93   1256 PM 100    1921  80     13       95
  MINIMUM         68   1159 PM  40    1918  57     11       68
  AVERAGE         81                        69     12       82

PRECIPITATION (IN)
  YESTERDAY        0.01          1.75 1936   0.08  -0.07     0.00
  MONTH TO DATE    0.39                      2.32  -1.93     1.94
  SINCE SEP 1      0.39                      2.32  -1.93     1.94
  SINCE JAN 1     40.01                     33.43   6.58    42.96

DEGREE DAYS
 HEATING
  YESTERDAY        0                         1     -1        0
  MONTH TO DATE    2                         7     -5        0
  SINCE SEP 1      2                         7     -5        0
  SINCE JUL 1      2                         7     -5        0

 COOLING
  YESTERDAY       16                         5     11       17
  MONTH TO DATE  218                       200     18      329
  SINCE SEP 1    218                       200     18      329
  SINCE JAN 1   1751                      1746      5     2082
..................................................................


WIND (MPH)
  HIGHEST WIND SPEED    18   HIGHEST WIND DIRECTION     S (190)
  HIGHEST GUST SPEED    22   HIGHEST GUST DIRECTION     S (190)
  AVERAGE WIND SPEED     3.5


SKY COVER
  POSSIBLE SUNSHINE  MM
  AVERAGE SKY COVER 0.0


WEATHER CONDITIONS
 THE FOLLOWING WEATHER WAS RECORDED YESTERDAY.
  THUNDERSTORM
  LIGHT RAIN


RELATIVE HUMIDITY (PERCENT)
 HIGHEST   100          1200 AM
 LOWEST     46           100 PM
 AVERAGE    73

..........................................................


THE JONESBORO CLIMATE NORMALS FOR TODAY
                         NORMAL    RECORD    YEAR
 MAXIMUM TEMPERATURE (F)   80        98      1910
 MINIMUM TEMPERATURE (F)   57        40      1903


SUNRISE AND SUNSET
SEPTEMBER 25 2017.....SUNRISE   653 AM CDT   SUNSET   655 PM CDT
SEPTEMBER 26 2017.....SUNRISE   654 AM CDT   SUNSET   653 PM CDT


-  INDICATES NEGATIVE NUMBERS.
R  INDICATES RECORD WAS SET OR TIED.
MM INDICATES DATA IS MISSING.
T  INDICATES TRACE AMOUNT.




$$
