000
CDUS44 KMEG 240638
CLIJBR


CLIMATE REPORT
NATIONAL WEATHER SERVICE MEMPHIS TN
138 AM CDT TUE MAY 24 2016


...................................

...THE JONESBORO CLIMATE SUMMARY FOR MAY 23 2016...

CLIMATE NORMAL PERIOD 1981 TO 2010
CLIMATE RECORD PERIOD 1897 TO 2016


WEATHER ITEM   OBSERVED TIME   RECORD YEAR NORMAL DEPARTURE LAST
                VALUE   (LST)  VALUE       VALUE  FROM      YEAR
                                                  NORMAL
..................................................................
TEMPERATURE (F)
 YESTERDAY
  MAXIMUM         85    344 PM  97    1921  82      3       79
  MINIMUM         53    507 AM  39    1917  60     -7       59
  AVERAGE         69                        71     -2       69

PRECIPITATION (IN)
  YESTERDAY        0.00          1.53 1927   0.12  -0.12     0.00
  MONTH TO DATE    1.78                      3.76  -1.98     5.82
  SINCE MAR 1     19.46                     13.28   6.18    18.96
  SINCE JAN 1     23.39                     20.43   2.96    23.79

SNOWFALL (IN)
  YESTERDAY        0.0          MM      MM   0.0    0.0      0.0
  MONTH TO DATE    0.0                       0.0    0.0      0.0
  SINCE MAR 1      0.0                       0.7   -0.7      7.6
  SINCE JUL 1      0.3                       4.8   -4.5      9.4
  SNOW DEPTH       0

DEGREE DAYS
 HEATING
  YESTERDAY        0                         1     -1        0
  MONTH TO DATE   28                        35     -7       48
  SINCE MAR 1    494                       694   -200      765
  SINCE JUL 1   2983                      3650   -667     4013

 COOLING
  YESTERDAY        4                         7     -3        4
  MONTH TO DATE   68                       101    -33       91
  SINCE MAR 1    118                       148    -30      119
  SINCE JAN 1    118                       148    -30      119
..................................................................


WIND (MPH)
  HIGHEST WIND SPEED    15   HIGHEST WIND DIRECTION     S (200)
  HIGHEST GUST SPEED    20   HIGHEST GUST DIRECTION     S (200)
  AVERAGE WIND SPEED     5.0


SKY COVER
  POSSIBLE SUNSHINE  MM
  AVERAGE SKY COVER 0.0


WEATHER CONDITIONS
 THE FOLLOWING WEATHER WAS RECORDED YESTERDAY.
  NO SIGNIFICANT WEATHER WAS OBSERVED.


RELATIVE HUMIDITY (PERCENT)
 HIGHEST    83           300 AM
 LOWEST     27           400 PM
 AVERAGE    55

..........................................................


THE JONESBORO CLIMATE NORMALS FOR TODAY
                         NORMAL    RECORD    YEAR
 MAXIMUM TEMPERATURE (F)   83        98      1921
 MINIMUM TEMPERATURE (F)   61        45      1919
                                             1913


SUNRISE AND SUNSET
MAY 24 2016...........SUNRISE   551 AM CDT   SUNSET   808 PM CDT
MAY 25 2016...........SUNRISE   550 AM CDT   SUNSET   809 PM CDT


-  INDICATES NEGATIVE NUMBERS.
R  INDICATES RECORD WAS SET OR TIED.
MM INDICATES DATA IS MISSING.
T  INDICATES TRACE AMOUNT.




$$
