000
CDUS44 KMEG 180624
CLIJBR


CLIMATE REPORT
NATIONAL WEATHER SERVICE MEMPHIS TN
1223 AM CST SAT NOV 18 2017


...................................

...THE JONESBORO CLIMATE SUMMARY FOR NOVEMBER 17 2017...

CLIMATE NORMAL PERIOD 1981 TO 2010
CLIMATE RECORD PERIOD 1897 TO 2017


WEATHER ITEM   OBSERVED TIME   RECORD YEAR NORMAL DEPARTURE LAST
                VALUE   (LST)  VALUE       VALUE  FROM      YEAR
                                                  NORMAL
..................................................................
TEMPERATURE (F)
 YESTERDAY
  MAXIMUM         71    321 PM  81    1958  59     12       80
  MINIMUM         40    214 AM  16    1959  39      1       50
  AVERAGE         56                        49      7       65

PRECIPITATION (IN)
  YESTERDAY        0.00          3.38 2015   0.18  -0.18     0.00
  MONTH TO DATE    0.98                      2.53  -1.55     0.07
  SINCE SEP 1      2.41                      9.85  -7.44     3.65
  SINCE JAN 1     42.03                     40.96   1.07    44.67

DEGREE DAYS
 HEATING
  YESTERDAY        9                        16     -7        0
  MONTH TO DATE  178                       216    -38      100
  SINCE SEP 1    331                       403    -72      131
  SINCE JUL 1    331                       403    -72      131

 COOLING
  YESTERDAY        0                         0      0        0
  MONTH TO DATE   18                         1     17       17
  SINCE SEP 1    425                       279    146      532
  SINCE JAN 1   1958                      1825    133     2285
..................................................................


WIND (MPH)
  HIGHEST WIND SPEED    26   HIGHEST WIND DIRECTION     S (200)
  HIGHEST GUST SPEED    35   HIGHEST GUST DIRECTION     S (200)
  AVERAGE WIND SPEED    12.4


SKY COVER
  POSSIBLE SUNSHINE  MM
  AVERAGE SKY COVER 0.7


WEATHER CONDITIONS
 THE FOLLOWING WEATHER WAS RECORDED YESTERDAY.
  NO SIGNIFICANT WEATHER WAS OBSERVED.


RELATIVE HUMIDITY (PERCENT)
 HIGHEST    96           500 AM
 LOWEST     66           200 PM
 AVERAGE    81

..........................................................


THE JONESBORO CLIMATE NORMALS FOR TODAY
                         NORMAL    RECORD    YEAR
 MAXIMUM TEMPERATURE (F)   58        83      1930
 MINIMUM TEMPERATURE (F)   39        16      1903


SUNRISE AND SUNSET
NOVEMBER 18 2017......SUNRISE   642 AM CST   SUNSET   453 PM CST
NOVEMBER 19 2017......SUNRISE   643 AM CST   SUNSET   453 PM CST


-  INDICATES NEGATIVE NUMBERS.
R  INDICATES RECORD WAS SET OR TIED.
MM INDICATES DATA IS MISSING.
T  INDICATES TRACE AMOUNT.




$$
