000
CDUS44 KMEG 042301
CLIJBR


CLIMATE REPORT
NATIONAL WEATHER SERVICE MEMPHIS TN
500 PM CST WED MAR 4 2015


...................................

...THE JONESBORO CLIMATE SUMMARY FOR MARCH 4 2015...
VALID TODAY AS OF 0500 PM LOCAL TIME.

CLIMATE NORMAL PERIOD 1981 TO 2010
CLIMATE RECORD PERIOD 1897 TO 2015


WEATHER ITEM   OBSERVED TIME   RECORD YEAR NORMAL DEPARTURE LAST
                VALUE   (LST)  VALUE       VALUE  FROM      YEAR
                                                  NORMAL
..................................................................
TEMPERATURE (F)
 TODAY
  MAXIMUM         51   1228 AM  84    1910  56     -5       30
  MINIMUM         26    455 PM  16    2014  36    -10       16
                                      1978
                                      1960
  AVERAGE         39                        46     -7       23

PRECIPITATION (IN)
  TODAY            1.48          2.65 1989   0.12   1.36     0.00
  MONTH TO DATE    1.73                      0.49   1.24     1.57
  SINCE MAR 1      1.73                      0.49   1.24     1.57
  SINCE JAN 1      6.56                      7.64  -1.08     6.28

SNOWFALL (IN)
  TODAY            T

DEGREE DAYS
 HEATING
  TODAY           26                        19      7       42
  MONTH TO DATE  111                        77     34      135
  SINCE MAR 1    111                        77     34      135
  SINCE JUL 1   3359                      3033    326     3400

 COOLING
  TODAY            0                         0      0        0
  MONTH TO DATE    0                         0      0        0
  SINCE MAR 1      0                         0      0        0
  SINCE JAN 1      0                         0      0        0
..................................................................


WIND (MPH)
  HIGHEST WIND SPEED    21   HIGHEST WIND DIRECTION    NE (30)
  HIGHEST GUST SPEED    30   HIGHEST GUST DIRECTION     N (10)
  AVERAGE WIND SPEED    13.6


SKY COVER
  POSSIBLE SUNSHINE  MM
  AVERAGE SKY COVER 0.8


WEATHER CONDITIONS
 THE FOLLOWING WEATHER WAS RECORDED TODAY.
  HEAVY RAIN
  RAIN
  LIGHT RAIN
  FREEZING RAIN
  LT FREEZING RAIN
  LIGHT SNOW
  SLEET
  FOG
  HAZE


RELATIVE HUMIDITY (PERCENT)
 HIGHEST   100           300 AM
 LOWEST     92           100 PM
 AVERAGE    96

..........................................................


THE JONESBORO CLIMATE NORMALS FOR TOMORROW
                         NORMAL    RECORD    YEAR
 MAXIMUM TEMPERATURE (F)   57        83      1918
                                             1910
 MINIMUM TEMPERATURE (F)   37         9      1960


SUNRISE AND SUNSET
MARCH  4 2015.........SUNRISE   629 AM CST   SUNSET   600 PM CST
MARCH  5 2015.........SUNRISE   628 AM CST   SUNSET   601 PM CST


-  INDICATES NEGATIVE NUMBERS.
R  INDICATES RECORD WAS SET OR TIED.
MM INDICATES DATA IS MISSING.
T  INDICATES TRACE AMOUNT.




$$
