000
CDUS45 KGGW 260020
CLIJDN


CLIMATE REPORT
NATIONAL WEATHER SERVICE GLASGOW MT
619 PM MDT TUE JUL 25 2017


...................................

...THE JORDAN  ASOS MT CLIMATE SUMMARY FOR JULY 25 2017...
VALID TODAY AS OF 0500 PM LOCAL TIME.

CLIMATE NORMAL PERIOD 1981 TO 2010
CLIMATE RECORD PERIOD 9999 TO 9999


WEATHER ITEM   OBSERVED TIME   RECORD YEAR NORMAL DEPARTURE LAST
                VALUE   (LST)  VALUE       VALUE  FROM      YEAR
                                                  NORMAL
..................................................................
TEMPERATURE (F)
 TODAY
  MAXIMUM         85        MM  MM      MM  87     -2       96
  MINIMUM         60        MM  MM      MM  56      4       50
  AVERAGE         73                        71      2       73

PRECIPITATION (IN)
  TODAY            0.00         MM      MM   0.03  -0.03     0.00
  MONTH TO DATE    0.28                      1.62  -1.34     1.41
  SINCE OCT 1      6.77                     10.02  -3.25    12.33
  SINCE JAN 1      3.56                      8.48  -4.92     8.64

SNOWFALL (IN)
  TODAY            0.0          MM      MM  MM     MM        0.0
  MONTH TO DATE    0.0                      MM     MM        0.0
  SINCE JUN 1      0.0                      MM     MM        0.0
  SINCE JUL 1      0.0                      MM     MM        0.0
  SNOW DEPTH       0

DEGREE DAYS
 HEATING
  TODAY            0                         1     -1        0
  MONTH TO DATE    0                        26    -26       13
  SINCE JUN 1     62                       151    -89       49
  SINCE JUL 1      0                        26    -26       13

 COOLING
  TODAY            8                         7      1        8
  MONTH TO DATE  307                       136    171      148
  SINCE JUN 1    380                       184    196      226
  SINCE JAN 1    394                       190    204      229
..................................................................


WIND (MPH)
  HIGHEST WIND SPEED    18   HIGHEST WIND DIRECTION    NE (30)
  HIGHEST GUST SPEED    MM   HIGHEST GUST DIRECTION    MM
  AVERAGE WIND SPEED    10.1


SKY COVER
  POSSIBLE SUNSHINE  MM
  AVERAGE SKY COVER 0.0


WEATHER CONDITIONS
 THE FOLLOWING WEATHER WAS RECORDED TODAY.
  NO SIGNIFICANT WEATHER WAS OBSERVED.


RELATIVE HUMIDITY (PERCENT)
 HIGHEST    46           500 AM
 LOWEST     19           200 PM
 AVERAGE    33

..........................................................


THE JORDAN  ASOS MT CLIMATE NORMALS FOR TOMORROW
                         NORMAL    RECORD    YEAR
 MAXIMUM TEMPERATURE (F)   87        MM        MM
 MINIMUM TEMPERATURE (F)   56        MM        MM


SUNRISE AND SUNSET
JULY 25 2017..........SUNRISE   538 AM MDT   SUNSET   849 PM MDT
JULY 26 2017..........SUNRISE   539 AM MDT   SUNSET   848 PM MDT


-  INDICATES NEGATIVE NUMBERS.
R  INDICATES RECORD WAS SET OR TIED.
MM INDICATES DATA IS MISSING.
T  INDICATES TRACE AMOUNT.




$$
