000
CDUS45 KGGW 210018
CLIJDN


CLIMATE REPORT
NATIONAL WEATHER SERVICE GLASGOW MT
616 PM MDT WED SEP 20 2017


...................................

...THE JORDAN  ASOS MT CLIMATE SUMMARY FOR SEPTEMBER 20 2017...
VALID TODAY AS OF 0500 PM LOCAL TIME.

CLIMATE NORMAL PERIOD 1981 TO 2010
CLIMATE RECORD PERIOD 9999 TO 9999


WEATHER ITEM   OBSERVED TIME   RECORD YEAR NORMAL DEPARTURE LAST
                VALUE   (LST)  VALUE       VALUE  FROM      YEAR
                                                  NORMAL
..................................................................
TEMPERATURE (F)
 TODAY
  MAXIMUM         67        MM  MM      MM  71     -4       76
  MINIMUM         37        MM  MM      MM  39     -2       43
  AVERAGE         52                        55     -3       60

PRECIPITATION (IN)
  TODAY            0.00         MM      MM   0.05  -0.05     0.08
  MONTH TO DATE    1.34                      0.78   0.56     0.89
  SINCE OCT 1      8.25                     12.24  -3.99    14.34
  SINCE JAN 1      5.04                     10.70  -5.66    10.65

SNOWFALL (IN)
  TODAY            0.0          MM      MM  MM     MM       MM
  MONTH TO DATE    0.0                      MM     MM        0.0
  SINCE SEP 1      0.0                      MM     MM        0.0
  SINCE JUL 1      0.0                      MM     MM        0.0
  SNOW DEPTH       0

DEGREE DAYS
 HEATING
  TODAY           13                        10      3        5
  MONTH TO DATE  123                       136    -13      143
  SINCE SEP 1    123                       136    -13      143
  SINCE JUL 1    141                       201    -60      189

 COOLING
  TODAY            0                         0      0        0
  MONTH TO DATE   39                        24     15       31
  SINCE SEP 1     39                        24     15       31
  SINCE JAN 1    641                       417    224      470
..................................................................


WIND (MPH)
  HIGHEST WIND SPEED    25   HIGHEST WIND DIRECTION    SW (240)
  HIGHEST GUST SPEED    44   HIGHEST GUST DIRECTION    SW (240)
  AVERAGE WIND SPEED    13.3


SKY COVER
  POSSIBLE SUNSHINE  MM
  AVERAGE SKY COVER 0.0


WEATHER CONDITIONS
 THE FOLLOWING WEATHER WAS RECORDED TODAY.
  NO SIGNIFICANT WEATHER WAS OBSERVED.


RELATIVE HUMIDITY (PERCENT)
 HIGHEST    85           300 AM
 LOWEST     24          1200 PM
 AVERAGE    55

..........................................................


THE JORDAN  ASOS MT CLIMATE NORMALS FOR TOMORROW
                         NORMAL    RECORD    YEAR
 MAXIMUM TEMPERATURE (F)   70        MM        MM
 MINIMUM TEMPERATURE (F)   39        MM        MM


SUNRISE AND SUNSET
SEPTEMBER 20 2017.....SUNRISE   652 AM MDT   SUNSET   708 PM MDT
SEPTEMBER 21 2017.....SUNRISE   653 AM MDT   SUNSET   706 PM MDT


-  INDICATES NEGATIVE NUMBERS.
R  INDICATES RECORD WAS SET OR TIED.
MM INDICATES DATA IS MISSING.
T  INDICATES TRACE AMOUNT.




$$
