000
CDUS45 KBOI 160934
CLIJER


CLIMATE REPORT
NATIONAL WEATHER SERVICE BOISE ID
334 AM MDT TUE SEP 16 2014


...................................

...THE JEROME ID CLIMATE SUMMARY FOR SEPTEMBER 15 2014...

CLIMATE NORMAL PERIOD 1981 TO 2010
CLIMATE RECORD PERIOD 1919 TO 2014


WEATHER ITEM   OBSERVED TIME   RECORD YEAR NORMAL DEPARTURE LAST
                VALUE   (LST)  VALUE       VALUE  FROM      YEAR
                                                  NORMAL
..................................................................
TEMPERATURE (F)
 YESTERDAY
  MAXIMUM         88    433 PM 100    2000  76     12       83
  MINIMUM         52    637 AM  34    1992  47      5       55
  AVERAGE         70                        61      9       69

PRECIPITATION (IN)
  YESTERDAY        0.00          0.19 1959   0.02  -0.02     0.00
  MONTH TO DATE    T                         0.15  -0.15     0.23
  SINCE OCT 1      9.17                     10.53  -1.36     6.05
  SINCE JAN 1      8.57                      7.01   1.56     2.75

DEGREE DAYS
 HEATING
  YESTERDAY        0                         5     -5        0
  MONTH TO DATE   57                        55      2        1
  SINCE SEP 1     57                        55      2        1
  SINCE JUL 1     84                        88     -4        1

 COOLING
  YESTERDAY        5                         1      4        4
  MONTH TO DATE   14                        35    -21       80
  SINCE SEP 1     14                        35    -21       80
  SINCE JAN 1    606                       500    106      898
..................................................................


WIND (MPH)
  HIGHEST WIND SPEED    12   HIGHEST WIND DIRECTION     E (70)
  HIGHEST GUST SPEED    14   HIGHEST GUST DIRECTION     E (90)
  AVERAGE WIND SPEED     6.4


SKY COVER
  AVERAGE SKY COVER 0.0


WEATHER CONDITIONS
 THE FOLLOWING WEATHER WAS RECORDED YESTERDAY.
  NO SIGNIFICANT WEATHER WAS OBSERVED.


RELATIVE HUMIDITY (PERCENT)
 HIGHEST    59           100 AM
 LOWEST     17           300 PM
 AVERAGE    38

..........................................................


THE JEROME ID CLIMATE NORMALS FOR TODAY
                         NORMAL    RECORD    YEAR
 MAXIMUM TEMPERATURE (F)   75        95      2002
 MINIMUM TEMPERATURE (F)   46        28      1921


SUNRISE AND SUNSET
SEPTEMBER 16 2014.....SUNRISE   719 AM MDT   SUNSET   746 PM MDT
SEPTEMBER 17 2014.....SUNRISE   720 AM MDT   SUNSET   744 PM MDT


-  INDICATES NEGATIVE NUMBERS.
R  INDICATES RECORD WAS SET OR TIED.
MM INDICATES DATA IS MISSING.
T  INDICATES TRACE AMOUNT.




$$
