000
CDUS45 KBOI 020931
CLIJER


CLIMATE REPORT
NATIONAL WEATHER SERVICE BOISE ID
330 AM MDT TUE JUN 2 2015


...................................

...THE JEROME ID CLIMATE SUMMARY FOR JUNE 1 2015...

CLIMATE NORMAL PERIOD 1981 TO 2010
CLIMATE RECORD PERIOD 1919 TO 2015


WEATHER ITEM   OBSERVED TIME   RECORD YEAR NORMAL DEPARTURE LAST
                VALUE   (LST)  VALUE       VALUE  FROM      YEAR
                                                  NORMAL
..................................................................
TEMPERATURE (F)
 YESTERDAY
  MAXIMUM         77   1121 AM  94    1986  73      4       76
  MINIMUM         57   1159 PM  28    1920  47     10       46
  AVERAGE         67                        60      7       61

PRECIPITATION (IN)
  YESTERDAY        0.07          0.45 2009   0.05   0.02     0.00
  MONTH TO DATE    0.07                      0.05   0.02     0.00
  SINCE OCT 1      8.17                      9.17  -1.00     5.28
  SINCE JAN 1      5.27                      5.65  -0.38     4.68

DEGREE DAYS
 HEATING
  YESTERDAY        0                         7     -7        4
  MONTH TO DATE    0                         7     -7        4
  SINCE JUN 1      0                         7     -7        4
  SINCE JUL 1   5329                      6534  -1205     6118

 COOLING
  YESTERDAY        2                         1      1        0
  MONTH TO DATE    2                         1      1        0
  SINCE JUN 1      2                         1      1        0
  SINCE JAN 1     12                        14     -2       10
..................................................................


WIND (MPH)
  HIGHEST WIND SPEED    25   HIGHEST WIND DIRECTION     W (280)
  HIGHEST GUST SPEED    32   HIGHEST GUST DIRECTION     W (250)
  AVERAGE WIND SPEED    12.2


SKY COVER
  AVERAGE SKY COVER 0.1


WEATHER CONDITIONS
 THE FOLLOWING WEATHER WAS RECORDED YESTERDAY.
  THUNDERSTORM
  RAIN
  LIGHT RAIN


RELATIVE HUMIDITY (PERCENT)
 HIGHEST    64           400 AM
 LOWEST     31          1200 PM
 AVERAGE    48

..........................................................


THE JEROME ID CLIMATE NORMALS FOR TODAY
                         NORMAL    RECORD    YEAR
 MAXIMUM TEMPERATURE (F)   73        98      2001
 MINIMUM TEMPERATURE (F)   47        29      1954


SUNRISE AND SUNSET
JUNE  2 2015..........SUNRISE   602 AM MDT   SUNSET   910 PM MDT
JUNE  3 2015..........SUNRISE   602 AM MDT   SUNSET   911 PM MDT


-  INDICATES NEGATIVE NUMBERS.
R  INDICATES RECORD WAS SET OR TIED.
MM INDICATES DATA IS MISSING.
T  INDICATES TRACE AMOUNT.




$$
