000
CDUS45 KBOI 230933
CLIJER


CLIMATE REPORT
NATIONAL WEATHER SERVICE BOISE ID
333 AM MDT THU OCT 23 2014


...................................

...THE JEROME ID CLIMATE SUMMARY FOR OCTOBER 22 2014...

CLIMATE NORMAL PERIOD 1981 TO 2010
CLIMATE RECORD PERIOD 1919 TO 2014


WEATHER ITEM   OBSERVED TIME   RECORD YEAR NORMAL DEPARTURE LAST
                VALUE   (LST)  VALUE       VALUE  FROM      YEAR
                                                  NORMAL
..................................................................
TEMPERATURE (F)
 YESTERDAY
  MAXIMUM         61    310 PM  88    2003  58      3       69
  MINIMUM         34    254 AM  20    1996  36     -2       38
  AVERAGE         48                        47      1       54

PRECIPITATION (IN)
  YESTERDAY        0.00          0.32 2012   0.02  -0.02     0.00
  MONTH TO DATE    0.15                      0.53  -0.38     0.02
  SINCE OCT 1      0.15                      0.53  -0.38     0.02
  SINCE JAN 1      9.22                      7.82   1.40     3.04

DEGREE DAYS
 HEATING
  YESTERDAY       17                        18     -1       11
  MONTH TO DATE  200                       315   -115      403
  SINCE SEP 1    308                       485   -177      541
  SINCE JUL 1    335                       518   -183      541

 COOLING
  YESTERDAY        0                         0      0        0
  MONTH TO DATE    0                         0      0        0
  SINCE SEP 1     60                        44     16       86
  SINCE JAN 1    652                       509    143      904
..................................................................


WIND (MPH)
  HIGHEST WIND SPEED    17   HIGHEST WIND DIRECTION    NE (30)
  HIGHEST GUST SPEED    21   HIGHEST GUST DIRECTION    NE (30)
  AVERAGE WIND SPEED     9.1


SKY COVER
  AVERAGE SKY COVER 0.2


WEATHER CONDITIONS
 THE FOLLOWING WEATHER WAS RECORDED YESTERDAY.
  NO SIGNIFICANT WEATHER WAS OBSERVED.


RELATIVE HUMIDITY (PERCENT)
 HIGHEST    89           300 AM
 LOWEST     24           300 PM
 AVERAGE    57

..........................................................


THE JEROME ID CLIMATE NORMALS FOR TODAY
                         NORMAL    RECORD    YEAR
 MAXIMUM TEMPERATURE (F)   58        86      2003
 MINIMUM TEMPERATURE (F)   35        23      1984


SUNRISE AND SUNSET
OCTOBER 23 2014.......SUNRISE   801 AM MDT   SUNSET   643 PM MDT
OCTOBER 24 2014.......SUNRISE   802 AM MDT   SUNSET   641 PM MDT


-  INDICATES NEGATIVE NUMBERS.
R  INDICATES RECORD WAS SET OR TIED.
MM INDICATES DATA IS MISSING.
T  INDICATES TRACE AMOUNT.




$$
