000
CDUS45 KBOI 250947
CLIJER


CLIMATE REPORT
NATIONAL WEATHER SERVICE BOISE ID
347 AM MDT THU MAY 25 2017


...................................

...THE JEROME ID CLIMATE SUMMARY FOR MAY 24 2017...

CLIMATE NORMAL PERIOD 1981 TO 2010
CLIMATE RECORD PERIOD 1915 TO 2017


WEATHER ITEM   OBSERVED TIME   RECORD YEAR NORMAL DEPARTURE LAST
                VALUE   (LST)  VALUE       VALUE  FROM      YEAR
                                                  NORMAL
..................................................................
TEMPERATURE (F)
 YESTERDAY
  MAXIMUM         73    204 PM  94    2001  70      3       68
                                      1934
  MINIMUM         51   1159 PM  31    1950  45      6       41
  AVERAGE         62                        57      5       55

PRECIPITATION (IN)
  YESTERDAY        0.00          1.01 2015   0.03  -0.03     0.00
  MONTH TO DATE    0.78                      1.05  -0.27     1.29
  SINCE OCT 1     10.42                      8.93   1.49     9.84
  SINCE JAN 1      5.90                      5.41   0.49     5.25

DEGREE DAYS
 HEATING
  YESTERDAY        3                         8     -5       10
  MONTH TO DATE  258                       272    -14      219
  SINCE MAR 1   1452                      1588   -136     1280
  SINCE JUL 1   5875                      6475   -600     5819

 COOLING
  YESTERDAY        0                         1     -1        0
  MONTH TO DATE    2                         3     -1        3
  SINCE MAR 1      2                         3     -1        4
  SINCE JAN 1      2                         3     -1        4
..................................................................


WIND (MPH)
  HIGHEST WIND SPEED    30   HIGHEST WIND DIRECTION     W (260)
  HIGHEST GUST SPEED    38   HIGHEST GUST DIRECTION     W (270)
  AVERAGE WIND SPEED    17.1


SKY COVER
  AVERAGE SKY COVER 0.1


WEATHER CONDITIONS
 THE FOLLOWING WEATHER WAS RECORDED YESTERDAY.
  NO SIGNIFICANT WEATHER WAS OBSERVED.


RELATIVE HUMIDITY (PERCENT)
 HIGHEST    57          1200 AM
 LOWEST     16           700 PM
 AVERAGE    37

..........................................................


THE JEROME ID CLIMATE NORMALS FOR TODAY
                         NORMAL    RECORD    YEAR
 MAXIMUM TEMPERATURE (F)   71        98      2001
 MINIMUM TEMPERATURE (F)   45        24      1920


SUNRISE AND SUNSET
MAY 25 2017...........SUNRISE   606 AM MDT   SUNSET   904 PM MDT
MAY 26 2017...........SUNRISE   606 AM MDT   SUNSET   905 PM MDT


-  INDICATES NEGATIVE NUMBERS.
R  INDICATES RECORD WAS SET OR TIED.
MM INDICATES DATA IS MISSING.
T  INDICATES TRACE AMOUNT.




$$
