000
CDUS45 KBOI 280949
CLIJER


CLIMATE REPORT
NATIONAL WEATHER SERVICE BOISE ID
248 AM MST SUN DEC 28 2014


...................................

...THE JEROME ID CLIMATE SUMMARY FOR DECEMBER 27 2014...

CLIMATE NORMAL PERIOD 1981 TO 2010
CLIMATE RECORD PERIOD 1919 TO 2014


WEATHER ITEM   OBSERVED TIME   RECORD YEAR NORMAL DEPARTURE LAST
                VALUE   (LST)  VALUE       VALUE  FROM      YEAR
                                                  NORMAL
..................................................................
TEMPERATURE (F)
 YESTERDAY
  MAXIMUM         30    853 PM  61    1980  33     -3       42
  MINIMUM         16    731 AM  -6    1988  19     -3       20
  AVERAGE         23                        26     -3       31

PRECIPITATION (IN)
  YESTERDAY        0.02          0.91 1996   0.04  -0.02     0.00
  MONTH TO DATE    1.60                      1.35   0.25     0.27
  SINCE OCT 1      2.84                      3.38  -0.54     0.60
  SINCE JAN 1     11.91                     10.67   1.24     3.62

DEGREE DAYS
 HEATING
  YESTERDAY       42                        39      3       34
  MONTH TO DATE  752                      1022   -270     1150
  SINCE DEC 1    752                      1022   -270     1150
  SINCE JUL 1   2088                      2573   -485     2633

 COOLING
  YESTERDAY        0                         0      0        0
  MONTH TO DATE    0                         0      0        0
  SINCE DEC 1      0                         0      0        0
  SINCE JAN 1    652                       510    142      904
..................................................................


WIND (MPH)
  HIGHEST WIND SPEED    10   HIGHEST WIND DIRECTION     S (170)
  HIGHEST GUST SPEED    13   HIGHEST GUST DIRECTION     S (200)
  AVERAGE WIND SPEED     4.0


SKY COVER
  AVERAGE SKY COVER 0.4


WEATHER CONDITIONS
 THE FOLLOWING WEATHER WAS RECORDED YESTERDAY.
  LIGHT SNOW
  FOG


RELATIVE HUMIDITY (PERCENT)
 HIGHEST    92           100 AM
 LOWEST     63           400 PM
 AVERAGE    78

..........................................................


THE JEROME ID CLIMATE NORMALS FOR TODAY
                         NORMAL    RECORD    YEAR
 MAXIMUM TEMPERATURE (F)   33        59      1980
 MINIMUM TEMPERATURE (F)   19        -4      1988


SUNRISE AND SUNSET
DECEMBER 28 2014......SUNRISE   808 AM MST   SUNSET   511 PM MST
DECEMBER 29 2014......SUNRISE   808 AM MST   SUNSET   512 PM MST


-  INDICATES NEGATIVE NUMBERS.
R  INDICATES RECORD WAS SET OR TIED.
MM INDICATES DATA IS MISSING.
T  INDICATES TRACE AMOUNT.




$$
