000
CDUS45 KBOI 290930
CLIJER


CLIMATE REPORT
NATIONAL WEATHER SERVICE BOISE ID
330 AM MDT MON JUN 29 2015


...................................

...THE JEROME ID CLIMATE SUMMARY FOR JUNE 28 2015...

CLIMATE NORMAL PERIOD 1981 TO 2010
CLIMATE RECORD PERIOD 1919 TO 2015


WEATHER ITEM   OBSERVED TIME   RECORD YEAR NORMAL DEPARTURE LAST
                VALUE   (LST)  VALUE       VALUE  FROM      YEAR
                                                  NORMAL
..................................................................
TEMPERATURE (F)
 YESTERDAY
  MAXIMUM        103R   252 PM 100    2006  82     21       77
  MINIMUM         66    712 AM  38    1965  53     13       52
  AVERAGE         85                        67     18       65

PRECIPITATION (IN)
  YESTERDAY        0.00          0.14 1983   0.01  -0.01     0.00
  MONTH TO DATE    0.11                      0.76  -0.65     0.35
  SINCE OCT 1      8.21                      9.88  -1.67     5.63
  SINCE JAN 1      5.31                      6.36  -1.05     5.03

DEGREE DAYS
 HEATING
  YESTERDAY        0                         2     -2        0
  MONTH TO DATE   15                       106    -91       74
  SINCE JUN 1     15                       106    -91       74
  SINCE JUL 1   5344                      6633  -1289     6188

 COOLING
  YESTERDAY       20                         4     16        0
  MONTH TO DATE  178                        59    119       44
  SINCE JUN 1    178                        59    119       44
  SINCE JAN 1    188                        72    116       54
..................................................................


WIND (MPH)
  HIGHEST WIND SPEED    16   HIGHEST WIND DIRECTION     W (250)
  HIGHEST GUST SPEED    23   HIGHEST GUST DIRECTION     W (250)
  AVERAGE WIND SPEED     8.7


SKY COVER
  AVERAGE SKY COVER 0.0


WEATHER CONDITIONS
 THE FOLLOWING WEATHER WAS RECORDED YESTERDAY.
  NO SIGNIFICANT WEATHER WAS OBSERVED.


RELATIVE HUMIDITY (PERCENT)
 HIGHEST    49           700 AM
 LOWEST     10           300 PM
 AVERAGE    30

..........................................................


THE JEROME ID CLIMATE NORMALS FOR TODAY
                         NORMAL    RECORD    YEAR
 MAXIMUM TEMPERATURE (F)   82       103      1976
 MINIMUM TEMPERATURE (F)   53        37      1969


SUNRISE AND SUNSET
JUNE 29 2015..........SUNRISE   602 AM MDT   SUNSET   920 PM MDT
JUNE 30 2015..........SUNRISE   603 AM MDT   SUNSET   920 PM MDT


-  INDICATES NEGATIVE NUMBERS.
R  INDICATES RECORD WAS SET OR TIED.
MM INDICATES DATA IS MISSING.
T  INDICATES TRACE AMOUNT.




$$
