000
CDUS45 KBOI 300930
CLIJER


CLIMATE REPORT
NATIONAL WEATHER SERVICE BOISE ID
330 AM MDT FRI SEP 30 2016


...................................

...THE JEROME ID CLIMATE SUMMARY FOR SEPTEMBER 29 2016...

CLIMATE NORMAL PERIOD 1981 TO 2010
CLIMATE RECORD PERIOD 1915 TO 2016


WEATHER ITEM   OBSERVED TIME   RECORD YEAR NORMAL DEPARTURE LAST
                VALUE   (LST)  VALUE       VALUE  FROM      YEAR
                                                  NORMAL
..................................................................
TEMPERATURE (F)
 YESTERDAY
  MAXIMUM         82    316 PM  93    1994  69     13       84
  MINIMUM         56    324 AM  26    1922  42     14       48
  AVERAGE         69                        56     13       66

PRECIPITATION (IN)
  YESTERDAY        0.00          0.21 2014   0.02  -0.02     0.00
  MONTH TO DATE    1.55                      0.41   1.14     0.57
  SINCE OCT 1     11.58                     10.79   0.79    10.20
  SINCE JAN 1      6.99                      7.27  -0.28     7.30

DEGREE DAYS
 HEATING
  YESTERDAY        0                        10    -10        0
  MONTH TO DATE  175                       160     15      100
  SINCE SEP 1    175                       160     15      100
  SINCE JUL 1    197                       193      4      115

 COOLING
  YESTERDAY        4                         0      4        1
  MONTH TO DATE   28                        44    -16       57
  SINCE SEP 1     28                        44    -16       57
  SINCE JAN 1    610                       509    101      700
..................................................................


WIND (MPH)
  HIGHEST WIND SPEED    16   HIGHEST WIND DIRECTION    NE (30)
  HIGHEST GUST SPEED    22   HIGHEST GUST DIRECTION    NE (40)
  AVERAGE WIND SPEED     8.9


SKY COVER
  AVERAGE SKY COVER 0.0


WEATHER CONDITIONS
 THE FOLLOWING WEATHER WAS RECORDED YESTERDAY.
  NO SIGNIFICANT WEATHER WAS OBSERVED.


RELATIVE HUMIDITY (PERCENT)
 HIGHEST    72           300 AM
 LOWEST     24           200 PM
 AVERAGE    48

..........................................................


THE JEROME ID CLIMATE NORMALS FOR TODAY
                         NORMAL    RECORD    YEAR
 MAXIMUM TEMPERATURE (F)   68        91      1992
 MINIMUM TEMPERATURE (F)   42        27      1954


SUNRISE AND SUNSET
SEPTEMBER 30 2016.....SUNRISE   735 AM MDT   SUNSET   720 PM MDT
OCTOBER  1 2016.......SUNRISE   736 AM MDT   SUNSET   718 PM MDT


-  INDICATES NEGATIVE NUMBERS.
R  INDICATES RECORD WAS SET OR TIED.
MM INDICATES DATA IS MISSING.
T  INDICATES TRACE AMOUNT.




$$
