000
CDUS45 KBOI 270932
CLIJER


CLIMATE REPORT
NATIONAL WEATHER SERVICE BOISE ID
331 AM MDT SAT AUG 27 2016


...................................

...THE JEROME ID CLIMATE SUMMARY FOR AUGUST 26 2016...

CLIMATE NORMAL PERIOD 1981 TO 2010
CLIMATE RECORD PERIOD 1915 TO 2016


WEATHER ITEM   OBSERVED TIME   RECORD YEAR NORMAL DEPARTURE LAST
                VALUE   (LST)  VALUE       VALUE  FROM      YEAR
                                                  NORMAL
..................................................................
TEMPERATURE (F)
 YESTERDAY
  MAXIMUM         80    501 PM  99    1988  84     -4       92
  MINIMUM         47    547 AM  37    1992  52     -5       61
  AVERAGE         64                        68     -4       77

PRECIPITATION (IN)
  YESTERDAY        0.00          0.51 1977   0.01  -0.01     0.00
  MONTH TO DATE    T                         0.21  -0.21     0.95
  SINCE OCT 1      9.99                     10.33  -0.34     9.62
  SINCE JAN 1      5.40                      6.81  -1.41     6.72

DEGREE DAYS
 HEATING
  YESTERDAY        1                         1      0        0
  MONTH TO DATE    7                         8     -1        3
  SINCE JUN 1     64                       127    -63       30
  SINCE JUL 1     22                        20      2       15

 COOLING
  YESTERDAY        0                         4     -4       12
  MONTH TO DATE  146                       162    -16      185
  SINCE JUN 1    538                       432    106      600
  SINCE JAN 1    542                       445     97      610
..................................................................


WIND (MPH)
  HIGHEST WIND SPEED    15   HIGHEST WIND DIRECTION     W (260)
  HIGHEST GUST SPEED    19   HIGHEST GUST DIRECTION    SW (230)
  AVERAGE WIND SPEED     6.4


SKY COVER
  AVERAGE SKY COVER 0.0


WEATHER CONDITIONS
 THE FOLLOWING WEATHER WAS RECORDED YESTERDAY.
  NO SIGNIFICANT WEATHER WAS OBSERVED.


RELATIVE HUMIDITY (PERCENT)
 HIGHEST    61           600 AM
 LOWEST     16           500 PM
 AVERAGE    39

..........................................................


THE JEROME ID CLIMATE NORMALS FOR TODAY
                         NORMAL    RECORD    YEAR
 MAXIMUM TEMPERATURE (F)   84       103      1924
 MINIMUM TEMPERATURE (F)   52        37      1992


SUNRISE AND SUNSET
AUGUST 27 2016........SUNRISE   658 AM MDT   SUNSET   820 PM MDT
AUGUST 28 2016........SUNRISE   659 AM MDT   SUNSET   818 PM MDT


-  INDICATES NEGATIVE NUMBERS.
R  INDICATES RECORD WAS SET OR TIED.
MM INDICATES DATA IS MISSING.
T  INDICATES TRACE AMOUNT.




$$
