000
CDUS45 KBOI 200932
CLIJER


CLIMATE REPORT
NATIONAL WEATHER SERVICE BOISE ID
332 AM MDT WED SEP 20 2017


...................................

...THE JEROME ID CLIMATE SUMMARY FOR SEPTEMBER 19 2017...

CLIMATE NORMAL PERIOD 1981 TO 2010
CLIMATE RECORD PERIOD 1915 TO 2017


WEATHER ITEM   OBSERVED TIME   RECORD YEAR NORMAL DEPARTURE LAST
                VALUE   (LST)  VALUE       VALUE  FROM      YEAR
                                                  NORMAL
..................................................................
TEMPERATURE (F)
 YESTERDAY
  MAXIMUM         57    305 PM  95    1962  74    -17       81
  MINIMUM         40   1011 PM  24    1965  45     -5       55
  AVERAGE         49                        60    -11       68

PRECIPITATION (IN)
  YESTERDAY        0.19          0.29 1961   0.02   0.17     0.00
  MONTH TO DATE    0.27                      0.20   0.07     0.28
  SINCE OCT 1     11.59                     10.58   1.01    10.31
  SINCE JAN 1      7.07                      7.06   0.01     5.72

DEGREE DAYS
 HEATING
  YESTERDAY       16                         6     10        0
  MONTH TO DATE   57                        78    -21      117
  SINCE SEP 1     57                        78    -21      117
  SINCE JUL 1     58                       111    -53      139

 COOLING
  YESTERDAY        0                         1     -1        3
  MONTH TO DATE  121                        39     82       15
  SINCE SEP 1    121                        39     82       15
  SINCE JAN 1    929                       504    425      597
..................................................................


WIND (MPH)
  HIGHEST WIND SPEED    24   HIGHEST WIND DIRECTION     W (270)
  HIGHEST GUST SPEED    30   HIGHEST GUST DIRECTION     W (270)
  AVERAGE WIND SPEED    10.2


SKY COVER
  AVERAGE SKY COVER 0.4


WEATHER CONDITIONS
 THE FOLLOWING WEATHER WAS RECORDED YESTERDAY.
  THUNDERSTORM
  RAIN
  LIGHT RAIN
  FOG


RELATIVE HUMIDITY (PERCENT)
 HIGHEST   100           200 AM
 LOWEST     47           300 PM
 AVERAGE    74

..........................................................


THE JEROME ID CLIMATE NORMALS FOR TODAY
                         NORMAL    RECORD    YEAR
 MAXIMUM TEMPERATURE (F)   73        94      1984
 MINIMUM TEMPERATURE (F)   45        30      1978


SUNRISE AND SUNSET
SEPTEMBER 20 2017.....SUNRISE   723 AM MDT   SUNSET   738 PM MDT
SEPTEMBER 21 2017.....SUNRISE   724 AM MDT   SUNSET   736 PM MDT


-  INDICATES NEGATIVE NUMBERS.
R  INDICATES RECORD WAS SET OR TIED.
MM INDICATES DATA IS MISSING.
T  INDICATES TRACE AMOUNT.




$$
