000
CDUS45 KBOI 280931
CLIJER


CLIMATE REPORT
NATIONAL WEATHER SERVICE BOISE ID
331 AM MDT SAT MAY 28 2016


...................................

...THE JEROME ID CLIMATE SUMMARY FOR MAY 27 2016...

CLIMATE NORMAL PERIOD 1981 TO 2010
CLIMATE RECORD PERIOD 1915 TO 2016


WEATHER ITEM   OBSERVED TIME   RECORD YEAR NORMAL DEPARTURE LAST
                VALUE   (LST)  VALUE       VALUE  FROM      YEAR
                                                  NORMAL
..................................................................
TEMPERATURE (F)
 YESTERDAY
  MAXIMUM         67    411 PM  95    1958  71     -4       72
  MINIMUM         46   1159 PM  29    1920  45      1       47
  AVERAGE         57                        58     -1       60

PRECIPITATION (IN)
  YESTERDAY        0.00          0.42 2006   0.03  -0.03     0.06
  MONTH TO DATE    1.29                      1.14   0.15     3.17
  SINCE OCT 1      9.84                      9.02   0.82     8.08
  SINCE JAN 1      5.25                      5.50  -0.25     5.18

DEGREE DAYS
 HEATING
  YESTERDAY        8                         8      0        5
  MONTH TO DATE  241                       296    -55      219
  SINCE MAR 1   1302                      1612   -310     1281
  SINCE JUL 1   5841                      6499   -658     5323

 COOLING
  YESTERDAY        0                         1     -1        0
  MONTH TO DATE    3                         6     -3        0
  SINCE MAR 1      4                         6     -2        0
  SINCE JAN 1      4                         6     -2        0
..................................................................


WIND (MPH)
  HIGHEST WIND SPEED    25   HIGHEST WIND DIRECTION     W (280)
  HIGHEST GUST SPEED    35   HIGHEST GUST DIRECTION     W (250)
  AVERAGE WIND SPEED    12.9


SKY COVER
  AVERAGE SKY COVER 0.0


WEATHER CONDITIONS
 THE FOLLOWING WEATHER WAS RECORDED YESTERDAY.
  NO SIGNIFICANT WEATHER WAS OBSERVED.


RELATIVE HUMIDITY (PERCENT)
 HIGHEST    76           500 AM
 LOWEST     26           600 PM
 AVERAGE    51

..........................................................


THE JEROME ID CLIMATE NORMALS FOR TODAY
                         NORMAL    RECORD    YEAR
 MAXIMUM TEMPERATURE (F)   71        95      1919
 MINIMUM TEMPERATURE (F)   46        28      1954


SUNRISE AND SUNSET
MAY 28 2016...........SUNRISE   604 AM MDT   SUNSET   907 PM MDT
MAY 29 2016...........SUNRISE   604 AM MDT   SUNSET   907 PM MDT


-  INDICATES NEGATIVE NUMBERS.
R  INDICATES RECORD WAS SET OR TIED.
MM INDICATES DATA IS MISSING.
T  INDICATES TRACE AMOUNT.




$$
