000
CDUS41 KOKX 300737
CLIJFK


CLIMATE REPORT
NATIONAL WEATHER SERVICE NEW YORK NY
330 AM EDT SUN APR 30 2017


...................................

...THE KENNEDY NY CLIMATE SUMMARY FOR APRIL 29 2017...

CLIMATE NORMAL PERIOD 1981 TO 2010
CLIMATE RECORD PERIOD 1948 TO 2017


WEATHER ITEM   OBSERVED TIME   RECORD YEAR NORMAL DEPARTURE LAST
                VALUE   (LST)  VALUE       VALUE  FROM      YEAR
                                                  NORMAL
..................................................................
TEMPERATURE (F)
 YESTERDAY
  MAXIMUM         85R   423 PM  82    1974  63     22       57
  MINIMUM         60    736 AM  36    1966  48     12       47
  AVERAGE         73                        56     17       52

PRECIPITATION (IN)
  YESTERDAY        0.16          0.75 1989   0.12   0.04     0.03
  MONTH TO DATE    4.06                      3.76   0.30     1.24
  SINCE MAR 1      9.85                      7.54   2.31     2.63
  SINCE JAN 1     16.07                     13.29   2.78    11.27

SNOWFALL (IN)
  YESTERDAY        0.0           0.0  2006   0.0    0.0      0.0
  MONTH TO DATE    0.0                       0.8   -0.8       T
  SINCE OCT 1     30.9                      23.8    7.1     41.4
  SINCE JUL 1     30.9                      23.8    7.1     41.4
  SNOW DEPTH       0

DEGREE DAYS
 HEATING
  YESTERDAY        0                        10    -10       13
  MONTH TO DATE  296                       407   -111      400
  SINCE MAR 1   1084                      1132    -48      933
  SINCE JUL 1   4002                      4643   -641     3687

 COOLING
  YESTERDAY        8                         0      8        0
  MONTH TO DATE   12                         0     12        0
  SINCE MAR 1     12                         0     12        0
  SINCE JAN 1     12                         0     12        0
..................................................................


WIND (MPH)
  HIGHEST WIND SPEED    30   HIGHEST WIND DIRECTION     W (290)
  HIGHEST GUST SPEED    39   HIGHEST GUST DIRECTION     W (290)
  AVERAGE WIND SPEED    12.8


SKY COVER
  POSSIBLE SUNSHINE  MM
  AVERAGE SKY COVER 0.8


WEATHER CONDITIONS
 THE FOLLOWING WEATHER WAS RECORDED YESTERDAY.
  THUNDERSTORM
  HEAVY RAIN
  LIGHT RAIN
  FOG


RELATIVE HUMIDITY (PERCENT)
 HIGHEST   100           700 AM
 LOWEST     44           400 PM
 AVERAGE    72

..........................................................


THE KENNEDY NY CLIMATE NORMALS FOR TODAY
                         NORMAL    RECORD    YEAR
 MAXIMUM TEMPERATURE (F)   64        81      2007
 MINIMUM TEMPERATURE (F)   48        40      1975


SUNRISE AND SUNSET
APRIL 30 2017.........SUNRISE   555 AM EDT   SUNSET   750 PM EDT
MAY  1 2017...........SUNRISE   554 AM EDT   SUNSET   751 PM EDT


-  INDICATES NEGATIVE NUMBERS.
R  INDICATES RECORD WAS SET OR TIED.
MM INDICATES DATA IS MISSING.
T  INDICATES TRACE AMOUNT.




$$
