000
CDUS41 KOKX 220617
CLIJFK


CLIMATE REPORT
NATIONAL WEATHER SERVICE NEW YORK NY
217 AM EDT FRI MAY 22 2015


...................................

...THE KENNEDY NY CLIMATE SUMMARY FOR MAY 21 2015...

CLIMATE NORMAL PERIOD 1981 TO 2010
CLIMATE RECORD PERIOD 1949 TO 2015


WEATHER ITEM   OBSERVED TIME   RECORD YEAR NORMAL DEPARTURE LAST
                VALUE   (LST)  VALUE       VALUE  FROM      YEAR
                                                  NORMAL
..................................................................
TEMPERATURE (F)
 YESTERDAY
  MAXIMUM         62   1130 AM  90    1996  70     -8       75
                                      1962
  MINIMUM         52    437 AM  43    2002  54     -2       60
  AVERAGE         57                        62     -5       68

PRECIPITATION (IN)
  YESTERDAY        T             1.76 2012   0.14  -0.14     0.00
  MONTH TO DATE    0.44                      2.52  -2.08     2.88
  SINCE MAR 1      6.93                     10.17  -3.24    14.12
  SINCE JAN 1     14.59                     15.92  -1.33    21.72

SNOWFALL (IN)
  YESTERDAY        0.0          MM      MM   0.0    0.0      0.0
  MONTH TO DATE    0.0                       0.0    0.0      0.0
  SINCE OCT 1     44.2                      23.8   20.4     45.6
  SINCE JUL 1     44.2                      23.8   20.4     45.6
  SNOW DEPTH       0

DEGREE DAYS
 HEATING
  YESTERDAY        8                         4      4        0
  MONTH TO DATE   71                       137    -66       75
  SINCE MAR 1   1273                      1277     -4     1367
  SINCE JUL 1   4965                      4788    177     5074

 COOLING
  YESTERDAY        0                         1     -1        3
  MONTH TO DATE   28                        12     16       13
  SINCE MAR 1     28                        15     13       13
  SINCE JAN 1     28                        15     13       13
..................................................................


WIND (MPH)
  HIGHEST WIND SPEED    16   HIGHEST WIND DIRECTION     S (200)
  HIGHEST GUST SPEED    21   HIGHEST GUST DIRECTION     S (190)
  AVERAGE WIND SPEED     6.2


SKY COVER
  POSSIBLE SUNSHINE  MM
  AVERAGE SKY COVER 0.9


WEATHER CONDITIONS
 THE FOLLOWING WEATHER WAS RECORDED YESTERDAY.
  NO SIGNIFICANT WEATHER WAS OBSERVED.


RELATIVE HUMIDITY (PERCENT)
 HIGHEST    77           600 PM
 LOWEST     36           900 AM
 AVERAGE    57

..........................................................


THE KENNEDY NY CLIMATE NORMALS FOR TODAY
                         NORMAL    RECORD    YEAR
 MAXIMUM TEMPERATURE (F)   70        94      1992
 MINIMUM TEMPERATURE (F)   55        43      1990


SUNRISE AND SUNSET
MAY 22 2015...........SUNRISE   533 AM EDT   SUNSET   812 PM EDT
MAY 23 2015...........SUNRISE   532 AM EDT   SUNSET   812 PM EDT


-  INDICATES NEGATIVE NUMBERS.
R  INDICATES RECORD WAS SET OR TIED.
MM INDICATES DATA IS MISSING.
T  INDICATES TRACE AMOUNT.




$$
