000
CDUS41 KOKX 240634
CLIJFK


CLIMATE REPORT
NATIONAL WEATHER SERVICE NEW YORK NY
233 AM EDT THU APR 24 2014


...................................

...THE KENNEDY NY CLIMATE SUMMARY FOR APRIL 23 2014...

CLIMATE NORMAL PERIOD 1981 TO 2010
CLIMATE RECORD PERIOD 1949 TO 2014


WEATHER ITEM   OBSERVED TIME   RECORD YEAR NORMAL DEPARTURE LAST
                VALUE   (LST)  VALUE       VALUE  FROM      YEAR
                                                  NORMAL
..................................................................
TEMPERATURE (F)
 YESTERDAY
  MAXIMUM         63    247 PM  87    1973  62      1       52
  MINIMUM         45   1159 PM  34    1986  46     -1       42
  AVERAGE         54                        54      0       47

PRECIPITATION (IN)
  YESTERDAY        0.00          2.13 2006   0.12  -0.12      T
  MONTH TO DATE    1.54                      3.02  -1.48     1.73
  SINCE MAR 1      5.80                      6.80  -1.00     4.05
  SINCE JAN 1     13.40                     12.55   0.85     9.17

SNOWFALL (IN)
  YESTERDAY        0.0          MM      MM   0.0    0.0      0.0
  MONTH TO DATE    0.1                       0.8   -0.7      0.0
  SINCE OCT 1     45.6                      23.8   21.8     17.6
  SINCE JUL 1     45.6                      23.8   21.8     17.6
  SNOW DEPTH       0

DEGREE DAYS
 HEATING
  YESTERDAY       11                        11      0       18
  MONTH TO DATE  356                       345     11      346
  SINCE MAR 1   1206                      1070    136     1112
  SINCE JUL 1   4913                      4581    332     4442

 COOLING
  YESTERDAY        0                         0      0        0
  MONTH TO DATE    0                         0      0        0
  SINCE MAR 1      0                         0      0        0
  SINCE JAN 1      0                         0      0        0
..................................................................


WIND (MPH)
  HIGHEST WIND SPEED    37   HIGHEST WIND DIRECTION    NW (320)
  HIGHEST GUST SPEED    47   HIGHEST GUST DIRECTION    NW (330)
  AVERAGE WIND SPEED    22.5


SKY COVER
  POSSIBLE SUNSHINE  MM
  AVERAGE SKY COVER 0.7


WEATHER CONDITIONS
 THE FOLLOWING WEATHER WAS RECORDED YESTERDAY.
  NO SIGNIFICANT WEATHER WAS OBSERVED.


RELATIVE HUMIDITY (PERCENT)
 HIGHEST    83          1200 AM
 LOWEST     35           300 PM
 AVERAGE    59

..........................................................


THE KENNEDY NY CLIMATE NORMALS FOR TODAY
                         NORMAL    RECORD    YEAR
 MAXIMUM TEMPERATURE (F)   62        79      2008
 MINIMUM TEMPERATURE (F)   46        34      1967


SUNRISE AND SUNSET
APRIL 24 2014.........SUNRISE   603 AM EDT   SUNSET   744 PM EDT
APRIL 25 2014.........SUNRISE   602 AM EDT   SUNSET   745 PM EDT


-  INDICATES NEGATIVE NUMBERS.
R  INDICATES RECORD WAS SET OR TIED.
MM INDICATES DATA IS MISSING.
T  INDICATES TRACE AMOUNT.




$$
