000
CDUS41 KOKX 260619
CLIJFK


CLIMATE REPORT
NATIONAL WEATHER SERVICE NEW YORK NY
219 AM EDT SUN MAR 26 2017


...................................

...THE KENNEDY NY CLIMATE SUMMARY FOR MARCH 25 2017...

CLIMATE NORMAL PERIOD 1981 TO 2010
CLIMATE RECORD PERIOD 1948 TO 2017


WEATHER ITEM   OBSERVED TIME   RECORD YEAR NORMAL DEPARTURE LAST
                VALUE   (LST)  VALUE       VALUE  FROM      YEAR
                                                  NORMAL
..................................................................
TEMPERATURE (F)
 YESTERDAY
  MAXIMUM         62   1244 PM  68    2016  52     10       68
  MINIMUM         42    339 AM  23    2014  37      5       45
                                      1974
                                      1960
  AVERAGE         52                        44      8       57

PRECIPITATION (IN)
  YESTERDAY        0.01          0.79 1969   0.13  -0.12      T
  MONTH TO DATE    2.45                      2.99  -0.54     0.91
  SINCE MAR 1      2.45                      2.99  -0.54     0.91
  SINCE JAN 1      8.67                      8.74  -0.07     9.55

SNOWFALL (IN)
  YESTERDAY       MM             T    2014   0.1   MM        0.0
                                      2013
  MONTH TO DATE    7.5                       3.1    4.4      1.9
  SINCE OCT 1     30.9                      22.6    8.3     41.4
  SINCE JUL 1     30.9                      22.6    8.3     41.4
  SNOW DEPTH       0

DEGREE DAYS
 HEATING
  YESTERDAY       13                        21     -8        8
  MONTH TO DATE  671                       606     65      434
  SINCE MAR 1    671                       606     65      434
  SINCE JUL 1   3589                      4117   -528     3188

 COOLING
  YESTERDAY        0                         0      0        0
  MONTH TO DATE    0                         0      0        0
  SINCE MAR 1      0                         0      0        0
  SINCE JAN 1      0                         0      0        0
..................................................................


WIND (MPH)
  HIGHEST WIND SPEED    20   HIGHEST WIND DIRECTION    NE (40)
  HIGHEST GUST SPEED    23   HIGHEST GUST DIRECTION    NE (40)
  AVERAGE WIND SPEED     8.8


SKY COVER
  POSSIBLE SUNSHINE  MM
  AVERAGE SKY COVER 0.9


WEATHER CONDITIONS
 THE FOLLOWING WEATHER WAS RECORDED YESTERDAY.
  LIGHT RAIN


RELATIVE HUMIDITY (PERCENT)
 HIGHEST    89           200 AM
 LOWEST     46           100 PM
 AVERAGE    68

..........................................................


THE KENNEDY NY CLIMATE NORMALS FOR TODAY
                         NORMAL    RECORD    YEAR
 MAXIMUM TEMPERATURE (F)   52        65      2000
                                             1987
                                             1976
 MINIMUM TEMPERATURE (F)   37        25      2014


SUNRISE AND SUNSET
MARCH 26 2017.........SUNRISE   648 AM EDT   SUNSET   714 PM EDT
MARCH 27 2017.........SUNRISE   647 AM EDT   SUNSET   715 PM EDT


-  INDICATES NEGATIVE NUMBERS.
R  INDICATES RECORD WAS SET OR TIED.
MM INDICATES DATA IS MISSING.
T  INDICATES TRACE AMOUNT.




$$
