000
CDUS43 KJKL 072021
CLIJKL

CLIMATE REPORT
NATIONAL WEATHER SERVICE JACKSON KY
421 PM EDT TUE JUL 7 2015

...................................

...THE JACKSON KY CLIMATE SUMMARY FOR JULY 7 2015...
VALID TODAY AS OF 0400 PM LOCAL TIME.

CLIMATE NORMAL PERIOD 1981 TO 2010
CLIMATE RECORD PERIOD 1981 TO 2015

WEATHER ITEM   OBSERVED TIME   RECORD YEAR NORMAL DEPARTURE LAST
                VALUE   (LST)  VALUE       VALUE  FROM      YEAR
                                                  NORMAL
..................................................................
TEMPERATURE (F)
 TODAY
  MAXIMUM         82   1131 AM  98    2012  85     -3       89
  MINIMUM         68    541 AM  52    1983  66      2       68
  AVERAGE         75                        75      0       79

PRECIPITATION (IN)
  TODAY            0.14          1.30 2013   0.14   0.00     0.00
  MONTH TO DATE    2.14                      1.02   1.12     0.04
  SINCE JUN 1      9.56                      5.72   3.84     3.16
  SINCE JAN 1     34.03                     26.23   7.80    24.02

SNOWFALL (IN)
  TODAY            0.0                       0.0    0.0      0.0
  MONTH TO DATE    0.0                       0.0    0.0      0.0
  SINCE JUN 1      0.0                       0.0    0.0      0.0
  SINCE JUL 1      0.0                       0.0    0.0      0.0
  SNOW DEPTH       0

DEGREE DAYS
 HEATING
  TODAY            0                         0      0        0
  MONTH TO DATE    0                         0      0        0
  SINCE JUN 1      9                        12     -3        0
  SINCE JUL 1      0                         0      0        0

 COOLING
  TODAY           10                        10      0       14
  MONTH TO DATE   51                        70    -19       68
  SINCE JUN 1    325                       293     32      355
  SINCE JAN 1    529                       429    100      546
..................................................................

WIND (MPH)
  HIGHEST WIND SPEED     8   HIGHEST WIND DIRECTION     S (190)
  HIGHEST GUST SPEED    14   HIGHEST GUST DIRECTION    SW (210)
  AVERAGE WIND SPEED     1.4

SKY COVER
  POSSIBLE SUNSHINE  MM
  AVERAGE SKY COVER 0.3

WEATHER CONDITIONS
 THE FOLLOWING WEATHER WAS RECORDED TODAY.
  THUNDERSTORM
  HEAVY RAIN
  RAIN
  LIGHT RAIN
  FOG
  HAZE

RELATIVE HUMIDITY (PERCENT)
 HIGHEST    93           300 AM
 LOWEST     69          1100 AM
 AVERAGE    81

..........................................................

THE JACKSON KY CLIMATE NORMALS FOR TOMORROW
                         NORMAL    RECORD    YEAR
 MAXIMUM TEMPERATURE (F)   85       101      1988
 MINIMUM TEMPERATURE (F)   66        55      1984
                                             1983

SUNRISE AND SUNSET
JULY  7 2015..........SUNRISE   619 AM EDT   SUNSET   858 PM EDT
JULY  8 2015..........SUNRISE   619 AM EDT   SUNSET   857 PM EDT

-  INDICATES NEGATIVE NUMBERS.
R  INDICATES RECORD WAS SET OR TIED.
MM INDICATES DATA IS MISSING.
T  INDICATES TRACE AMOUNT.

$$

CARICO
