000
CDUS43 KJKL 280523
CLIJKL

CLIMATE REPORT
NATIONAL WEATHER SERVICE JACKSON KY
123 AM EDT THU MAY 28 2015

...................................

...THE JACKSON KY CLIMATE SUMMARY FOR MAY 27 2015...

CLIMATE NORMAL PERIOD 1981 TO 2010
CLIMATE RECORD PERIOD 1981 TO 2015

WEATHER ITEM   OBSERVED TIME   RECORD YEAR NORMAL DEPARTURE LAST
                VALUE   (LST)  VALUE       VALUE  FROM      YEAR
                                                  NORMAL
..................................................................
TEMPERATURE (F)
 YESTERDAY
  MAXIMUM         81    438 PM  90    2012  77      4       84
  MINIMUM         65    439 AM  43    1983  57      8       66
  AVERAGE         73                        67      6       75

PRECIPITATION (IN)
  YESTERDAY        0.00          1.54 2004   0.18  -0.18     0.12
  MONTH TO DATE    1.55                      4.50  -2.95     2.19
  SINCE MAR 1     18.10                     12.45   5.65    13.13
  SINCE JAN 1     24.28                     19.81   4.47    20.75

SNOWFALL (IN)
  YESTERDAY        0.0                       0.0    0.0      0.0
  MONTH TO DATE    0.0                       0.0    0.0      0.0
  SINCE MAR 1      3.7                       3.9   -0.2     11.9
  SINCE JUL 1     29.1                      23.5    5.6     38.9
  SNOW DEPTH       0

DEGREE DAYS
 HEATING
  YESTERDAY        0                         2     -2        0
  MONTH TO DATE   44                        94    -50       79
  SINCE MAR 1    801                       915   -114      908
  SINCE JUL 1   4566                      4215    351     4509

 COOLING
  YESTERDAY        8                         4      4       10
  MONTH TO DATE  141                        75     66      117
  SINCE MAR 1    166                       121     45      156
  SINCE JAN 1    166                       121     45      156
..................................................................

WIND (MPH)
  HIGHEST WIND SPEED    12   HIGHEST WIND DIRECTION    NW (310)
  HIGHEST GUST SPEED    17   HIGHEST GUST DIRECTION    NW (300)
  AVERAGE WIND SPEED     1.2

SKY COVER
  POSSIBLE SUNSHINE  MM
  AVERAGE SKY COVER 0.6

WEATHER CONDITIONS
 THE FOLLOWING WEATHER WAS RECORDED YESTERDAY.
  NO SIGNIFICANT WEATHER WAS OBSERVED.

RELATIVE HUMIDITY (PERCENT)
 HIGHEST    93          1200 AM
 LOWEST     54           400 PM
 AVERAGE    74
..........................................................

THE JACKSON KY CLIMATE NORMALS FOR TODAY
                         NORMAL    RECORD    YEAR
 MAXIMUM TEMPERATURE (F)   77        89      2012
                                             1987
 MINIMUM TEMPERATURE (F)   58        37      1994

SUNRISE AND SUNSET
MAY 28 2015...........SUNRISE   615 AM EDT   SUNSET   846 PM EDT
MAY 29 2015...........SUNRISE   615 AM EDT   SUNSET   847 PM EDT

-  INDICATES NEGATIVE NUMBERS.
R  INDICATES RECORD WAS SET OR TIED.
MM INDICATES DATA IS MISSING.
T  INDICATES TRACE AMOUNT.

$$

GEOGERIAN
