000
CDUS43 KJKL 130533
CLIJKL

CLIMATE REPORT
NATIONAL WEATHER SERVICE JACKSON KY
133 AM EDT SUN JUL 13 2014


...................................

...THE JACKSON KY CLIMATE SUMMARY FOR JULY 12 2014...

CLIMATE NORMAL PERIOD 1981 TO 2010
CLIMATE RECORD PERIOD 1981 TO 2014


WEATHER ITEM   OBSERVED TIME   RECORD YEAR NORMAL DEPARTURE LAST
                VALUE   (LST)  VALUE       VALUE  FROM      YEAR
                                                  NORMAL
..................................................................
TEMPERATURE (F)
 YESTERDAY
  MAXIMUM         91    413 PM  93    1995  85      6       78
  MINIMUM         65    601 AM  58    2001  66     -1       61
  AVERAGE         78                        76      2       70

PRECIPITATION (IN)
  YESTERDAY        0.00          1.47 2011   0.15  -0.15     0.00
  MONTH TO DATE    0.42                      1.74  -1.32     3.79
  SINCE JUN 1      3.54                      6.44  -2.90    10.15
  SINCE JAN 1     24.40                     26.95  -2.55    30.35

SNOWFALL (IN)
  YESTERDAY        0.0                       0.0    0.0      0.0
  MONTH TO DATE    0.0                       0.0    0.0      0.0
  SINCE JUN 1      0.0                       0.0    0.0      0.0
  SINCE JUL 1      0.0                       0.0    0.0      0.0
  SNOW DEPTH       0

DEGREE DAYS
 HEATING
  YESTERDAY        0                         0      0        0
  MONTH TO DATE    0                         0      0        0
  SINCE JUN 1      0                        12    -12        0
  SINCE JUL 1      0                         0      0        0

COOLING
  YESTERDAY       13                        11      2        5
  MONTH TO DATE  130                       122      8      102
  SINCE JUN 1    417                       345     72      326
  SINCE JAN 1    608                       481    127      474
..................................................................


WIND (MPH)
  HIGHEST WIND SPEED    10   HIGHEST WIND DIRECTION    NW (300)
  HIGHEST GUST SPEED    16   HIGHEST GUST DIRECTION    NW (320)
  AVERAGE WIND SPEED     1.3


SKY COVER
  POSSIBLE SUNSHINE  MM
  AVERAGE SKY COVER 0.0


WEATHER CONDITIONS
 THE FOLLOWING WEATHER WAS RECORDED YESTERDAY.
  HAZE


RELATIVE HUMIDITY (PERCENT)
 HIGHEST    87           600 AM
 LOWEST     26           300 PM
 AVERAGE    57

..........................................................


THE JACKSON KY CLIMATE NORMALS FOR TODAY
                         NORMAL    RECORD    YEAR
 MAXIMUM TEMPERATURE (F)   85        95      1995
 MINIMUM TEMPERATURE (F)   66        59      2001
                                             1999


SUNRISE AND SUNSET
JULY 13 2014..........SUNRISE   622 AM EDT   SUNSET   855 PM EDT
JULY 14 2014..........SUNRISE   623 AM EDT   SUNSET   855 PM EDT


-  INDICATES NEGATIVE NUMBERS.
R  INDICATES RECORD WAS SET OR TIED.
MM INDICATES DATA IS MISSING.
T  INDICATES TRACE AMOUNT.

$$
