000
CDUS43 KJKL 230534
CLIJKL

CLIMATE REPORT
NATIONAL WEATHER SERVICE JACKSON KY
134 AM EDT WED AUG 23 2017

...................................

...THE JACKSON KY CLIMATE SUMMARY FOR AUGUST 22 2017...

CLIMATE NORMAL PERIOD 1981 TO 2010
CLIMATE RECORD PERIOD 1981 TO 2017

WEATHER ITEM   OBSERVED TIME   RECORD YEAR NORMAL DEPARTURE LAST
                VALUE   (LST)  VALUE       VALUE  FROM      YEAR
                                                  NORMAL
..................................................................
TEMPERATURE (F)
 YESTERDAY
  MAXIMUM         88    224 PM  95    1983  84      4       79
  MINIMUM         70   1159 PM  54    1985  65      5       59
  AVERAGE         79                        74      5       69

PRECIPITATION (IN)
  YESTERDAY        0.27          1.42 1984   0.10   0.17     0.00
  MONTH TO DATE    3.48                      2.78   0.70     6.45
  SINCE JUN 1     13.82                     12.13   1.69    17.81
  SINCE JAN 1     37.24                     32.64   4.60    40.61

SNOWFALL (IN)
  YESTERDAY        0.0                       0.0    0.0      0.0
  MONTH TO DATE    0.0                       0.0    0.0      0.0
  SINCE JUN 1      0.0                       0.0    0.0      0.0
  SINCE JUL 1      0.0                       0.0    0.0      0.0
  SNOW DEPTH       0

DEGREE DAYS
 HEATING
  YESTERDAY        0                         0      0        0
  MONTH TO DATE    0                         0      0        0
  SINCE JUN 1      4                        12     -8        1
  SINCE JUL 1      0                         0      0        0

 COOLING
  YESTERDAY       14                         9      5        4
  MONTH TO DATE  205                       219    -14      282
  SINCE JUN 1    762                       763     -1      969
  SINCE JAN 1    961                       899     62     1110
..................................................................

WIND (MPH)
  HIGHEST WIND SPEED    18   HIGHEST WIND DIRECTION    NW (320)
  HIGHEST GUST SPEED    28   HIGHEST GUST DIRECTION    NW (330)
  AVERAGE WIND SPEED     2.3

SKY COVER
  POSSIBLE SUNSHINE  MM
  AVERAGE SKY COVER 0.3

WEATHER CONDITIONS
 THE FOLLOWING WEATHER WAS RECORDED YESTERDAY.
  THUNDERSTORM
  HEAVY RAIN
  LIGHT RAIN
  FOG
  FOG W/VISIBILITY <= 1/4 MILE

RELATIVE HUMIDITY (PERCENT)
 HIGHEST    93           200 AM
 LOWEST     59           100 PM
 AVERAGE    76
..........................................................

THE JACKSON KY CLIMATE NORMALS FOR TODAY
                         NORMAL    RECORD    YEAR
 MAXIMUM TEMPERATURE (F)   84        96      2007
 MINIMUM TEMPERATURE (F)   65        51      1997

SUNRISE AND SUNSET
AUGUST 23 2017........SUNRISE   656 AM EDT   SUNSET   815 PM EDT
AUGUST 24 2017........SUNRISE   657 AM EDT   SUNSET   813 PM EDT

-  INDICATES NEGATIVE NUMBERS.
R  INDICATES RECORD WAS SET OR TIED.
MM INDICATES DATA IS MISSING.
T  INDICATES TRACE AMOUNT.

$$

GEOGERIAN
