000
CDUS43 KSGF 290636
CLIJLN


CLIMATE REPORT
NATIONAL WEATHER SERVICE SPRINGFIELD MO
1236 AM CST MON DEC 29 2014


...................................

...THE JOPLIN MO CLIMATE SUMMARY FOR DECEMBER 28 2014...

CLIMATE NORMAL PERIOD 1981 TO 2010
CLIMATE RECORD PERIOD 1902 TO 2014


WEATHER ITEM   OBSERVED TIME   RECORD YEAR NORMAL DEPARTURE LAST
                VALUE   (LST)  VALUE       VALUE  FROM      YEAR
                                                  NORMAL
..................................................................
TEMPERATURE (F)
 YESTERDAY
  MAXIMUM         39    411 PM  69    1984  45     -6       55
  MINIMUM         21    725 AM   0    1983  25     -4       32
  AVERAGE         30                        35     -5       44

PRECIPITATION (IN)
  YESTERDAY        0.00          0.38 1948   0.07  -0.07     0.00
                                      1954
  MONTH TO DATE    1.84                      2.60  -0.76     1.38
  SINCE DEC 1      1.84                      2.60  -0.76     1.38
  SINCE JAN 1     31.71                     46.33 -14.62    43.98

DEGREE DAYS
 HEATING
  YESTERDAY       35                        30      5       21
  MONTH TO DATE  657                       771   -114      876
  SINCE DEC 1    657                       771   -114      876
  SINCE JUL 1   1570                      1528     42     1764

 COOLING
  YESTERDAY        0                         0      0        0
  MONTH TO DATE    0                         0      0        0
  SINCE DEC 1      0                         0      0        0
  SINCE JAN 1   1583                      1698   -115     1568
..................................................................


WIND (MPH)
  HIGHEST WIND SPEED     6   HIGHEST WIND DIRECTION     E (80)
  HIGHEST GUST SPEED    16   HIGHEST GUST DIRECTION    NW (330)
  AVERAGE WIND SPEED     1.3


SKY COVER
  AVERAGE SKY COVER 0.0


WEATHER CONDITIONS
 THE FOLLOWING WEATHER WAS RECORDED YESTERDAY.
  NO SIGNIFICANT WEATHER WAS OBSERVED.


RELATIVE HUMIDITY (PERCENT)
 HIGHEST    92           400 AM
 LOWEST     54           300 PM
 AVERAGE    73

..........................................................


THE JOPLIN MO CLIMATE NORMALS FOR TODAY
                         NORMAL    RECORD    YEAR
 MAXIMUM TEMPERATURE (F)   45        69      1984
 MINIMUM TEMPERATURE (F)   25        -9      1983


SUNRISE AND SUNSET
DECEMBER 29 2014......SUNRISE   731 AM CST   SUNSET   509 PM CST
DECEMBER 30 2014......SUNRISE   731 AM CST   SUNSET   510 PM CST


-  INDICATES NEGATIVE NUMBERS.
R  INDICATES RECORD WAS SET OR TIED.
MM INDICATES DATA IS MISSING.
T  INDICATES TRACE AMOUNT.




$$
