000
CDUS43 KSGF 230627
CLIJLN


CLIMATE REPORT
NATIONAL WEATHER SERVICE SPRINGFIELD MO
1227 AM CST SUN NOV 23 2014


...................................

...THE JOPLIN MO CLIMATE SUMMARY FOR NOVEMBER 22 2014...

CLIMATE NORMAL PERIOD 1981 TO 2010
CLIMATE RECORD PERIOD 1902 TO 2014


WEATHER ITEM   OBSERVED TIME   RECORD YEAR NORMAL DEPARTURE LAST
                VALUE   (LST)  VALUE       VALUE  FROM      YEAR
                                                  NORMAL
..................................................................
TEMPERATURE (F)
 YESTERDAY
  MAXIMUM         58    318 PM  77    1955  56      2       34
                                      1983
  MINIMUM         52    837 PM  19    1964  35     17       28
  AVERAGE         55                        45     10       31

PRECIPITATION (IN)
  YESTERDAY        0.01          2.03 1992   0.12  -0.11      T
  MONTH TO DATE    1.45                      2.82  -1.37     2.42
  SINCE SEP 1     13.93                     11.80   2.13     7.14
  SINCE JAN 1     29.37                     42.77 -13.40    42.60

DEGREE DAYS
 HEATING
  YESTERDAY       10                        20    -10       34
  MONTH TO DATE  541                       331    210      364
  SINCE SEP 1    753                       582    171      641
  SINCE JUL 1    754                       583    171      641

 COOLING
  YESTERDAY        0                         0      0        0
  MONTH TO DATE    0                         5     -5        0
  SINCE SEP 1    250                       269    -19      304
  SINCE JAN 1   1583                      1696   -113     1568
..................................................................


WIND (MPH)
  HIGHEST WIND SPEED    30   HIGHEST WIND DIRECTION     S (170)
  HIGHEST GUST SPEED    42   HIGHEST GUST DIRECTION     S (170)
  AVERAGE WIND SPEED    15.1


SKY COVER
  AVERAGE SKY COVER 0.6


WEATHER CONDITIONS
 THE FOLLOWING WEATHER WAS RECORDED YESTERDAY.
  LIGHT RAIN


RELATIVE HUMIDITY (PERCENT)
 HIGHEST    96           800 PM
 LOWEST     72           300 AM
 AVERAGE    84

..........................................................


THE JOPLIN MO CLIMATE NORMALS FOR TODAY
                         NORMAL    RECORD    YEAR
 MAXIMUM TEMPERATURE (F)   55        76      2006
                                             1966
 MINIMUM TEMPERATURE (F)   35        13      1950


SUNRISE AND SUNSET
NOVEMBER 23 2014......SUNRISE   705 AM CST   SUNSET   503 PM CST
NOVEMBER 24 2014......SUNRISE   706 AM CST   SUNSET   503 PM CST


-  INDICATES NEGATIVE NUMBERS.
R  INDICATES RECORD WAS SET OR TIED.
MM INDICATES DATA IS MISSING.
T  INDICATES TRACE AMOUNT.




$$
