000
CDUS43 KSGF 292227
CLIJLN


CLIMATE REPORT
NATIONAL WEATHER SERVICE SPRINGFIELD MO
527 PM CDT SUN MAR 29 2015


...................................

...THE JOPLIN MO CLIMATE SUMMARY FOR MARCH 29 2015...
VALID TODAY AS OF 0500 PM LOCAL TIME.

CLIMATE NORMAL PERIOD 1981 TO 2010
CLIMATE RECORD PERIOD 1902 TO 2015


WEATHER ITEM   OBSERVED TIME   RECORD YEAR NORMAL DEPARTURE LAST
                VALUE   (LST)  VALUE       VALUE  FROM      YEAR
                                                  NORMAL
..................................................................
TEMPERATURE (F)
 TODAY
  MAXIMUM         63   1251 PM  87    1967  64     -1       59
  MINIMUM         39   1244 AM  20    1964  41     -2       31
  AVERAGE         51                        53     -2       45

PRECIPITATION (IN)
  TODAY            0.00          0.99 1985   0.12  -0.12     0.00
  MONTH TO DATE    1.83                      3.16  -1.33     1.88
  SINCE MAR 1      1.83                      3.16  -1.33     1.88
  SINCE JAN 1      3.35                      7.51  -4.16     2.73

DEGREE DAYS
 HEATING
  TODAY           14                        13      1       20
  MONTH TO DATE  478                       484     -6      649
  SINCE MAR 1    478                       484     -6      649
  SINCE JUL 1   4014                      3738    276     4498

 COOLING
  TODAY            0                         1     -1        0
  MONTH TO DATE    0                         3     -3        0
  SINCE MAR 1      0                         3     -3        0
  SINCE JAN 1      0                         4     -4        0
..................................................................


WIND (MPH)
  HIGHEST WIND SPEED    17   HIGHEST WIND DIRECTION     W (290)
  HIGHEST GUST SPEED    26   HIGHEST GUST DIRECTION     S (200)


SKY COVER
  AVERAGE SKY COVER 0.0


WEATHER CONDITIONS
 THE FOLLOWING WEATHER WAS RECORDED TODAY.
  NO SIGNIFICANT WEATHER WAS OBSERVED.


RELATIVE HUMIDITY (PERCENT)
 HIGHEST    76          1200 AM
 LOWEST     48          1200 PM
 AVERAGE    62

..........................................................


THE JOPLIN MO CLIMATE NORMALS FOR TOMORROW
                         NORMAL    RECORD    YEAR
 MAXIMUM TEMPERATURE (F)   65        83      1967
 MINIMUM TEMPERATURE (F)   42        17      1964


SUNRISE AND SUNSET
MARCH 29 2015.........SUNRISE   708 AM CDT   SUNSET   738 PM CDT
MARCH 30 2015.........SUNRISE   707 AM CDT   SUNSET   739 PM CDT


-  INDICATES NEGATIVE NUMBERS.
R  INDICATES RECORD WAS SET OR TIED.
MM INDICATES DATA IS MISSING.
T  INDICATES TRACE AMOUNT.




$$
