000
CDUS43 KSGF 280627
CLIJLN


CLIMATE REPORT
NATIONAL WEATHER SERVICE SPRINGFIELD MO
126 AM CDT THU JUL 28 2016


...................................

...THE JOPLIN MO CLIMATE SUMMARY FOR JULY 27 2016...

CLIMATE NORMAL PERIOD 1981 TO 2010
CLIMATE RECORD PERIOD 1902 TO 2016


WEATHER ITEM   OBSERVED TIME   RECORD YEAR NORMAL DEPARTURE LAST
                VALUE   (LST)  VALUE       VALUE  FROM      YEAR
                                                  NORMAL
..................................................................
TEMPERATURE (F)
 YESTERDAY
  MAXIMUM         91    406 PM 105    2011  91      0       96
  MINIMUM         70    206 AM  54    2004  70      0       76
  AVERAGE         81                        81      0       86

PRECIPITATION (IN)
  YESTERDAY        0.00          1.62 2001   0.10  -0.10     0.00
  MONTH TO DATE    5.30                      3.40   1.90     5.09
  SINCE JUN 1     11.42                      9.26   2.16    12.76
  SINCE JAN 1     25.52                     27.21  -1.69    30.47

DEGREE DAYS
 HEATING
  YESTERDAY        0                         0      0        0
  MONTH TO DATE    0                         0      0        0
  SINCE JUN 1      0                         5     -5        0
  SINCE JUL 1      0                         0      0        0

 COOLING
  YESTERDAY       16                        16      0       21
  MONTH TO DATE  435                       411     24      433
  SINCE JUN 1    858                       729    129      818
  SINCE JAN 1    972                       909     63      962
..................................................................


WIND (MPH)
  HIGHEST WIND SPEED    16   HIGHEST WIND DIRECTION     E (80)
  HIGHEST GUST SPEED    21   HIGHEST GUST DIRECTION     E (80)
  AVERAGE WIND SPEED     3.4


SKY COVER
  AVERAGE SKY COVER 0.3


WEATHER CONDITIONS
 THE FOLLOWING WEATHER WAS RECORDED YESTERDAY.
  THUNDERSTORM
  FOG
  FOG W/VISIBILITY <= 1/4 MILE


RELATIVE HUMIDITY (PERCENT)
 HIGHEST   100           100 AM
 LOWEST     60           400 PM
 AVERAGE    80

..........................................................


THE JOPLIN MO CLIMATE NORMALS FOR TODAY
                         NORMAL    RECORD    YEAR
 MAXIMUM TEMPERATURE (F)   91       104      2011
 MINIMUM TEMPERATURE (F)   70        56      2005


SUNRISE AND SUNSET
JULY 28 2016..........SUNRISE   620 AM CDT   SUNSET   828 PM CDT
JULY 29 2016..........SUNRISE   621 AM CDT   SUNSET   828 PM CDT


-  INDICATES NEGATIVE NUMBERS.
R  INDICATES RECORD WAS SET OR TIED.
MM INDICATES DATA IS MISSING.
T  INDICATES TRACE AMOUNT.




$$
