109
CDUS43 KBIS 090727
CLIJMS


CLIMATE REPORT
NATIONAL WEATHER SERVICE BISMARCK ND
127 AM CST TUE FEB 9 2016


...................................

...THE JAMESTOWN ND CLIMATE SUMMARY FOR FEBRUARY 8 2016...

CLIMATE NORMAL PERIOD 1981 TO 2010
CLIMATE RECORD PERIOD 1891 TO 2016


WEATHER ITEM   OBSERVED TIME   RECORD YEAR NORMAL DEPARTURE LAST
                VALUE   (LST)  VALUE       VALUE  FROM      YEAR
                                                  NORMAL
..................................................................
TEMPERATURE (F)
 YESTERDAY
  MAXIMUM         26    336 PM  56    2000  23      3       23
  MINIMUM         10   1159 PM -35    1933   3      7       12
  AVERAGE         18                        13      5       18

PRECIPITATION (IN)
  YESTERDAY        T             1.10 1939   0.01  -0.01      T
  MONTH TO DATE    0.01                      0.08  -0.07     0.03
  SINCE DEC 1      0.15                      0.93  -0.78     0.33
  SINCE JAN 1      0.01                      0.53  -0.52     0.30

DEGREE DAYS
 HEATING
  YESTERDAY       47                        52     -5       47
  MONTH TO DATE  320                       424   -104      435
  SINCE DEC 1   3238                      3702   -464     3397
  SINCE JUL 1   4886                      5786   -900     5560

 COOLING
  YESTERDAY        0                         0      0        0
  MONTH TO DATE    0                         0      0        0
  SINCE DEC 1      0                         0      0        0
  SINCE JAN 1      0                         0      0        0
..................................................................


WIND (MPH)
  HIGHEST WIND SPEED    32   HIGHEST WIND DIRECTION     N (350)
  HIGHEST GUST SPEED    39   HIGHEST GUST DIRECTION     N (350)
  AVERAGE WIND SPEED    21.1


SKY COVER
  POSSIBLE SUNSHINE  MM
  AVERAGE SKY COVER 0.6


WEATHER CONDITIONS
 THE FOLLOWING WEATHER WAS RECORDED YESTERDAY.
  LIGHT SNOW


RELATIVE HUMIDITY (PERCENT)
 HIGHEST    84           900 PM
 LOWEST     55           500 PM
 AVERAGE    70

..........................................................


THE JAMESTOWN ND CLIMATE NORMALS FOR TODAY
                         NORMAL    RECORD    YEAR
 MAXIMUM TEMPERATURE (F)   23        50      1924
 MINIMUM TEMPERATURE (F)    3       -36      1899


SUNRISE AND SUNSET
FEBRUARY  9 2016......SUNRISE   749 AM CST   SUNSET   549 PM CST
FEBRUARY 10 2016......SUNRISE   747 AM CST   SUNSET   551 PM CST


-  INDICATES NEGATIVE NUMBERS.
R  INDICATES RECORD WAS SET OR TIED.
MM INDICATES DATA IS MISSING.
T  INDICATES TRACE AMOUNT.




$$
