000
CDUS43 KBIS 270745
CLIJMS


CLIMATE REPORT
NATIONAL WEATHER SERVICE BISMARCK ND
242 AM CDT TUE SEP 27 2016


...................................

...THE JAMESTOWN ND CLIMATE SUMMARY FOR SEPTEMBER 26 2016...

CLIMATE NORMAL PERIOD 1981 TO 2010
CLIMATE RECORD PERIOD 1891 TO 2016


WEATHER ITEM   OBSERVED TIME   RECORD YEAR NORMAL DEPARTURE LAST
                VALUE   (LST)  VALUE       VALUE  FROM      YEAR
                                                  NORMAL
..................................................................
TEMPERATURE (F)
 YESTERDAY
  MAXIMUM         64    423 PM  92    1963  66     -2       83
  MINIMUM         43   1055 PM  18    1965  40      3       57
  AVERAGE         54                        53      1       70

PRECIPITATION (IN)
  YESTERDAY        0.00          0.64 1902   0.06  -0.06     0.00
  MONTH TO DATE    3.91                      1.78   2.13     0.47
  SINCE SEP 1      3.91                      1.78   2.13     0.47
  SINCE JAN 1     22.66                     15.97   6.69    20.46

DEGREE DAYS
 HEATING
  YESTERDAY       11                        12     -1        0
  MONTH TO DATE  142                       200    -58      104
  SINCE SEP 1    142                       200    -58      104
  SINCE JUL 1    175                       266    -91      160

 COOLING
  YESTERDAY        0                         0      0        5
  MONTH TO DATE   22                        28     -6       68
  SINCE SEP 1     22                        28     -6       68
  SINCE JAN 1    415                       443    -28      500
..................................................................


WIND (MPH)
  HIGHEST WIND SPEED    32   HIGHEST WIND DIRECTION    NW (310)
  HIGHEST GUST SPEED    41   HIGHEST GUST DIRECTION    NW (310)
  AVERAGE WIND SPEED    15.8


SKY COVER
  POSSIBLE SUNSHINE  MM
  AVERAGE SKY COVER 0.0


WEATHER CONDITIONS
 THE FOLLOWING WEATHER WAS RECORDED YESTERDAY.
  NO SIGNIFICANT WEATHER WAS OBSERVED.


RELATIVE HUMIDITY (PERCENT)
 HIGHEST    82           700 AM
 LOWEST     31           300 PM
 AVERAGE    57

..........................................................


THE JAMESTOWN ND CLIMATE NORMALS FOR TODAY
                         NORMAL    RECORD    YEAR
 MAXIMUM TEMPERATURE (F)   65        97      1956
 MINIMUM TEMPERATURE (F)   40        19      1927


SUNRISE AND SUNSET
SEPTEMBER 27 2016.....SUNRISE   729 AM CDT   SUNSET   721 PM CDT
SEPTEMBER 28 2016.....SUNRISE   730 AM CDT   SUNSET   719 PM CDT


-  INDICATES NEGATIVE NUMBERS.
R  INDICATES RECORD WAS SET OR TIED.
MM INDICATES DATA IS MISSING.
T  INDICATES TRACE AMOUNT.




$$
