000
CDUS43 KBIS 060905
CLIJMS


CLIMATE REPORT
NATIONAL WEATHER SERVICE BISMARCK ND
405 AM CDT MON JUL 6 2015


...................................

...THE JAMESTOWN ND CLIMATE SUMMARY FOR JULY 5 2015...

CLIMATE NORMAL PERIOD 1981 TO 2010
CLIMATE RECORD PERIOD 1891 TO 2015


WEATHER ITEM   OBSERVED TIME   RECORD YEAR NORMAL DEPARTURE LAST
                VALUE   (LST)  VALUE       VALUE  FROM      YEAR
                                                  NORMAL
..................................................................
TEMPERATURE (F)
 YESTERDAY
  MAXIMUM         78    329 PM 108    1989  81     -3       94
  MINIMUM         64   1159 PM  40    1915  57      7       65
  AVERAGE         71                        69      2       80

PRECIPITATION (IN)
  YESTERDAY        T             2.11 1900   0.13  -0.13      T
  MONTH TO DATE    0.98                      0.62   0.36     0.18
  SINCE JUN 1      6.64                      3.81   2.83     6.54
  SINCE JAN 1     16.80                      9.36   7.44    14.98

DEGREE DAYS
 HEATING
  YESTERDAY        0                         1     -1        0
  MONTH TO DATE    0                         5     -5       16
  SINCE JUN 1     42                       102    -60       75
  SINCE JUL 1      0                         5     -5       16

 COOLING
  YESTERDAY        6                         5      1       15
  MONTH TO DATE   34                        25      9       21
  SINCE JUN 1    136                       105     31       77
  SINCE JAN 1    144                       125     19      131
..................................................................


WIND (MPH)
  HIGHEST WIND SPEED    23   HIGHEST WIND DIRECTION    NW (330)
  HIGHEST GUST SPEED    28   HIGHEST GUST DIRECTION    NW (330)
  AVERAGE WIND SPEED     8.6


SKY COVER
  POSSIBLE SUNSHINE  MM
  AVERAGE SKY COVER 0.4


WEATHER CONDITIONS
 THE FOLLOWING WEATHER WAS RECORDED YESTERDAY.
  LIGHT RAIN
  FOG
  HAZE


RELATIVE HUMIDITY (PERCENT)
 HIGHEST    90           600 AM
 LOWEST     69           300 PM
 AVERAGE    80

..........................................................


THE JAMESTOWN ND CLIMATE NORMALS FOR TODAY
                         NORMAL    RECORD    YEAR
 MAXIMUM TEMPERATURE (F)   81       118      1936
 MINIMUM TEMPERATURE (F)   57        39      1908


SUNRISE AND SUNSET
JULY  6 2015..........SUNRISE   547 AM CDT   SUNSET   931 PM CDT
JULY  7 2015..........SUNRISE   548 AM CDT   SUNSET   931 PM CDT


-  INDICATES NEGATIVE NUMBERS.
R  INDICATES RECORD WAS SET OR TIED.
MM INDICATES DATA IS MISSING.
T  INDICATES TRACE AMOUNT.




$$
