000
CDUS43 KBIS 300735
CLIJMS


CLIMATE REPORT
NATIONAL WEATHER SERVICE BISMARCK ND
235 AM CDT SUN APR 30 2017


...................................

...THE JAMESTOWN ND CLIMATE SUMMARY FOR APRIL 29 2017...

CLIMATE NORMAL PERIOD 1981 TO 2010
CLIMATE RECORD PERIOD 1891 TO 2017


WEATHER ITEM   OBSERVED TIME   RECORD YEAR NORMAL DEPARTURE LAST
                VALUE   (LST)  VALUE       VALUE  FROM      YEAR
                                                  NORMAL
..................................................................
TEMPERATURE (F)
 YESTERDAY
  MAXIMUM         61    401 PM  92    1934  62     -1       62
  MINIMUM         26    527 AM  14    1958  36    -10       30
  AVERAGE         44                        49     -5       46

PRECIPITATION (IN)
  YESTERDAY        0.00          1.17 1940   0.06  -0.06     0.00
  MONTH TO DATE    1.40                      1.13   0.27     2.57
  SINCE MAR 1      1.48                      1.97  -0.49     2.93
  SINCE JAN 1      1.90                      2.82  -0.92     3.04

DEGREE DAYS
 HEATING
  YESTERDAY       21                        16      5       19
  MONTH TO DATE  630                       661    -31      672
  SINCE MAR 1   1785                      1822    -37     1530
  SINCE JUL 1   7794                      8581   -787     7272

 COOLING
  YESTERDAY        0                         0      0        0
  MONTH TO DATE    0                         0      0        0
  SINCE MAR 1      0                         0      0        0
  SINCE JAN 1      0                         0      0        0
..................................................................


WIND (MPH)
  HIGHEST WIND SPEED    10   HIGHEST WIND DIRECTION    NE (40)
  HIGHEST GUST SPEED    13   HIGHEST GUST DIRECTION    NE (50)
  AVERAGE WIND SPEED     3.6


SKY COVER
  POSSIBLE SUNSHINE  MM
  AVERAGE SKY COVER 0.0


WEATHER CONDITIONS
 THE FOLLOWING WEATHER WAS RECORDED YESTERDAY.
  FOG


RELATIVE HUMIDITY (PERCENT)
 HIGHEST   100           500 AM
 LOWEST     19           300 PM
 AVERAGE    60

..........................................................


THE JAMESTOWN ND CLIMATE NORMALS FOR TODAY
                         NORMAL    RECORD    YEAR
 MAXIMUM TEMPERATURE (F)   63        97      1992
 MINIMUM TEMPERATURE (F)   36        16      1903


SUNRISE AND SUNSET
APRIL 30 2017.........SUNRISE   620 AM CDT   SUNSET   844 PM CDT
MAY  1 2017...........SUNRISE   619 AM CDT   SUNSET   845 PM CDT


-  INDICATES NEGATIVE NUMBERS.
R  INDICATES RECORD WAS SET OR TIED.
MM INDICATES DATA IS MISSING.
T  INDICATES TRACE AMOUNT.




$$
