000
CDUS43 KBIS 240758
CLIJMS


CLIMATE REPORT
NATIONAL WEATHER SERVICE BISMARCK ND
256 AM CDT SUN MAY 24 2015


...................................

...THE JAMESTOWN ND CLIMATE SUMMARY FOR MAY 23 2015...

CLIMATE NORMAL PERIOD 1981 TO 2010
CLIMATE RECORD PERIOD 1891 TO 2015


WEATHER ITEM   OBSERVED TIME   RECORD YEAR NORMAL DEPARTURE LAST
                VALUE   (LST)  VALUE       VALUE  FROM      YEAR
                                                  NORMAL
..................................................................
TEMPERATURE (F)
 YESTERDAY
  MAXIMUM         71    408 PM  93    1928  70      1       86
  MINIMUM         49    542 AM  25    1924  45      4       53
  AVERAGE         60                        58      2       70

PRECIPITATION (IN)
  YESTERDAY        0.00          2.96 2014   0.09  -0.09     2.96
  MONTH TO DATE    8.29                      1.92   6.37     4.16
  SINCE MAR 1      9.28                      3.96   5.32     6.83
  SINCE JAN 1      9.70                      4.81   4.89     7.22

DEGREE DAYS
 HEATING
  YESTERDAY        5                         8     -3        0
  MONTH TO DATE  322                       268     54      354
  SINCE MAR 1   1909                      2103   -194     2406
  SINCE JUL 1   8646                      8862   -216     9674

 COOLING
  YESTERDAY        0                         1     -1        5
  MONTH TO DATE    0                        12    -12        5
  SINCE MAR 1      0                        14    -14        5
  SINCE JAN 1      0                        14    -14        5
..................................................................


WIND (MPH)
  HIGHEST WIND SPEED    18   HIGHEST WIND DIRECTION     S (160)
  HIGHEST GUST SPEED    25   HIGHEST GUST DIRECTION     S (170)
  AVERAGE WIND SPEED     7.8


SKY COVER
  POSSIBLE SUNSHINE  MM
  AVERAGE SKY COVER 0.3


WEATHER CONDITIONS
 THE FOLLOWING WEATHER WAS RECORDED YESTERDAY.
  NO SIGNIFICANT WEATHER WAS OBSERVED.


RELATIVE HUMIDITY (PERCENT)
 HIGHEST    86          1100 PM
 LOWEST     40           200 PM
 AVERAGE    63

..........................................................


THE JAMESTOWN ND CLIMATE NORMALS FOR TODAY
                         NORMAL    RECORD    YEAR
 MAXIMUM TEMPERATURE (F)   70        91      1967
 MINIMUM TEMPERATURE (F)   46        25      2002
                                             1930


SUNRISE AND SUNSET
MAY 24 2015...........SUNRISE   550 AM CDT   SUNSET   913 PM CDT
MAY 25 2015...........SUNRISE   549 AM CDT   SUNSET   915 PM CDT


-  INDICATES NEGATIVE NUMBERS.
R  INDICATES RECORD WAS SET OR TIED.
MM INDICATES DATA IS MISSING.
T  INDICATES TRACE AMOUNT.




$$
