000
CDUS43 KBIS 300753
CLIJMS


CLIMATE REPORT
NATIONAL WEATHER SERVICE BISMARCK ND
253 AM CDT TUE AUG 30 2016


...................................

...THE JAMESTOWN ND CLIMATE SUMMARY FOR AUGUST 29 2016...

CLIMATE NORMAL PERIOD 1981 TO 2010
CLIMATE RECORD PERIOD 1891 TO 2016


WEATHER ITEM   OBSERVED TIME   RECORD YEAR NORMAL DEPARTURE LAST
                VALUE   (LST)  VALUE       VALUE  FROM      YEAR
                                                  NORMAL
..................................................................
TEMPERATURE (F)
 YESTERDAY
  MAXIMUM         79    422 PM  98    1961  78      1       84
  MINIMUM         54   1158 PM  34    1909  52      2       60
  AVERAGE         67                        65      2       72

PRECIPITATION (IN)
  YESTERDAY        0.00          1.98 1980   0.07  -0.07     0.00
  MONTH TO DATE    4.59                      1.95   2.64     1.21
  SINCE JUN 1     12.92                      8.49   4.43     9.83
  SINCE JAN 1     18.75                     14.04   4.71    19.99

DEGREE DAYS
 HEATING
  YESTERDAY        0                         3     -3        0
  MONTH TO DATE   26                        40    -14       47
  SINCE JUN 1     82                       159    -77       98
  SINCE JUL 1     33                        62    -29       56

 COOLING
  YESTERDAY        2                         3     -1        7
  MONTH TO DATE  104                       139    -35      114
  SINCE JUN 1    374                       391    -17      410
  SINCE JAN 1    388                       411    -23      418
..................................................................


WIND (MPH)
  HIGHEST WIND SPEED    16   HIGHEST WIND DIRECTION     N (340)
  HIGHEST GUST SPEED    20   HIGHEST GUST DIRECTION     N (340)
  AVERAGE WIND SPEED     7.6


SKY COVER
  POSSIBLE SUNSHINE  MM
  AVERAGE SKY COVER 0.1


WEATHER CONDITIONS
 THE FOLLOWING WEATHER WAS RECORDED YESTERDAY.
  FOG
  FOG W/VISIBILITY <= 1/4 MILE


RELATIVE HUMIDITY (PERCENT)
 HIGHEST   100          1200 AM
 LOWEST     42           500 PM
 AVERAGE    71

..........................................................


THE JAMESTOWN ND CLIMATE NORMALS FOR TODAY
                         NORMAL    RECORD    YEAR
 MAXIMUM TEMPERATURE (F)   78        97      1929
 MINIMUM TEMPERATURE (F)   52        34      1931


SUNRISE AND SUNSET
AUGUST 30 2016........SUNRISE   652 AM CDT   SUNSET   817 PM CDT
AUGUST 31 2016........SUNRISE   654 AM CDT   SUNSET   815 PM CDT


-  INDICATES NEGATIVE NUMBERS.
R  INDICATES RECORD WAS SET OR TIED.
MM INDICATES DATA IS MISSING.
T  INDICATES TRACE AMOUNT.




$$
