000
CDUS43 KBIS 010727
CLIJMS


CLIMATE REPORT
NATIONAL WEATHER SERVICE BISMARCK ND
126 AM CST SUN FEB 1 2015


...................................

...THE JAMESTOWN ND CLIMATE SUMMARY FOR JANUARY 31 2015...

CLIMATE NORMAL PERIOD 1981 TO 2010
CLIMATE RECORD PERIOD 1891 TO 2015


WEATHER ITEM   OBSERVED TIME   RECORD YEAR NORMAL DEPARTURE LAST
                VALUE   (LST)  VALUE       VALUE  FROM      YEAR
                                                  NORMAL
..................................................................
TEMPERATURE (F)
 YESTERDAY
  MAXIMUM         24    100 AM  53    1924  21      3       14
  MINIMUM         -4   1159 PM -40    1918   1     -5       -9
  AVERAGE         10                        11     -1        3

PRECIPITATION (IN)
  YESTERDAY        T             0.49 1965   0.01  -0.01     0.00
  MONTH TO DATE    0.27                      0.45  -0.18     0.29
  SINCE DEC 1      0.30                      0.85  -0.55     0.55
  SINCE JAN 1      0.27                      0.45  -0.18     0.29

DEGREE DAYS
 HEATING
  YESTERDAY       55                        54      1       62
  MONTH TO DATE 1499                      1699   -200     1745
  SINCE DEC 1   2962                      3278   -316     3607
  SINCE JUL 1   5125                      5362   -237     5615

 COOLING
  YESTERDAY        0                         0      0        0
  MONTH TO DATE    0                         0      0        0
  SINCE DEC 1      0                         0      0        0
  SINCE JAN 1      0                         0      0        0
..................................................................


WIND (MPH)
  HIGHEST WIND SPEED    23   HIGHEST WIND DIRECTION     N (20)
  HIGHEST GUST SPEED    29   HIGHEST GUST DIRECTION    NE (30)
  AVERAGE WIND SPEED    17.6


SKY COVER
  POSSIBLE SUNSHINE  MM
  AVERAGE SKY COVER 1.0


WEATHER CONDITIONS
 THE FOLLOWING WEATHER WAS RECORDED YESTERDAY.
  LIGHT SNOW


RELATIVE HUMIDITY (PERCENT)
 HIGHEST    88          1200 AM
 LOWEST     57           200 PM
 AVERAGE    73

..........................................................


THE JAMESTOWN ND CLIMATE NORMALS FOR TODAY
                         NORMAL    RECORD    YEAR
 MAXIMUM TEMPERATURE (F)   21        56      1992
 MINIMUM TEMPERATURE (F)    1       -40      1893


SUNRISE AND SUNSET
FEBRUARY  1 2015......SUNRISE   800 AM CST   SUNSET   537 PM CST
FEBRUARY  2 2015......SUNRISE   758 AM CST   SUNSET   539 PM CST


-  INDICATES NEGATIVE NUMBERS.
R  INDICATES RECORD WAS SET OR TIED.
MM INDICATES DATA IS MISSING.
T  INDICATES TRACE AMOUNT.




$$
