000
CDUS43 KBIS 240728
CLIJMS


CLIMATE REPORT
NATIONAL WEATHER SERVICE BISMARCK ND
227 AM CDT SAT JUN 24 2017


...................................

...THE JAMESTOWN ND CLIMATE SUMMARY FOR JUNE 23 2017...

CLIMATE NORMAL PERIOD 1981 TO 2010
CLIMATE RECORD PERIOD 1891 TO 2017


WEATHER ITEM   OBSERVED TIME   RECORD YEAR NORMAL DEPARTURE LAST
                VALUE   (LST)  VALUE       VALUE  FROM      YEAR
                                                  NORMAL
..................................................................
TEMPERATURE (F)
 YESTERDAY
  MAXIMUM         67    223 PM  96    1913  78    -11       76
  MINIMUM         48   1159 PM  37    1967  55     -7       50
  AVERAGE         58                        66     -8       63

PRECIPITATION (IN)
  YESTERDAY        0.00          1.60 1919   0.12  -0.12     0.00
  MONTH TO DATE    2.07                      2.42  -0.35     2.40
  SINCE JUN 1      2.07                      2.42  -0.35     2.40
  SINCE JAN 1      4.86                      7.97  -3.11     8.23

DEGREE DAYS
 HEATING
  YESTERDAY        7                         2      5        2
  MONTH TO DATE   15                        85    -70       38
  SINCE JUN 1     15                        85    -70       38
  SINCE JUL 1   8134                      9001   -867     7577

 COOLING
  YESTERDAY        0                         3     -3        0
  MONTH TO DATE   79                        51     28       78
  SINCE JUN 1     79                        51     28       78
  SINCE JAN 1     79                        71      8       92
..................................................................


WIND (MPH)
  HIGHEST WIND SPEED    32   HIGHEST WIND DIRECTION    NW (310)
  HIGHEST GUST SPEED    39   HIGHEST GUST DIRECTION    NW (320)
  AVERAGE WIND SPEED    20.8


SKY COVER
  POSSIBLE SUNSHINE  MM
  AVERAGE SKY COVER 0.7


WEATHER CONDITIONS
 THE FOLLOWING WEATHER WAS RECORDED YESTERDAY.
  NO SIGNIFICANT WEATHER WAS OBSERVED.


RELATIVE HUMIDITY (PERCENT)
 HIGHEST    80           300 AM
 LOWEST     37           200 PM
 AVERAGE    59

..........................................................


THE JAMESTOWN ND CLIMATE NORMALS FOR TODAY
                         NORMAL    RECORD    YEAR
 MAXIMUM TEMPERATURE (F)   79       107      1936
 MINIMUM TEMPERATURE (F)   55        36      2004


SUNRISE AND SUNSET
JUNE 24 2017..........SUNRISE   541 AM CDT   SUNSET   933 PM CDT
JUNE 25 2017..........SUNRISE   541 AM CDT   SUNSET   934 PM CDT


-  INDICATES NEGATIVE NUMBERS.
R  INDICATES RECORD WAS SET OR TIED.
MM INDICATES DATA IS MISSING.
T  INDICATES TRACE AMOUNT.




$$
