000
CDAK47 PAJK 080031
CLIJNU
AKZ025-081200-
CLIMATE REPORT
NATIONAL WEATHER SERVICE JUNEAU, AK
430 PM AKDT TUE JUL 7 2015


...................................

...THE JUNEAU CLIMATE SUMMARY FOR JULY 7 2015...
VALID TODAY AS OF 0300 PM LOCAL TIME.

CLIMATE NORMAL PERIOD 1981 TO 2010
CLIMATE RECORD PERIOD 1943 TO 2015


WEATHER ITEM   OBSERVED TIME   RECORD YEAR NORMAL DEPARTURE LAST
                VALUE   (LST)  VALUE       VALUE  FROM      YEAR
                                                  NORMAL
..................................................................
TEMPERATURE (F)
 TODAY
  MAXIMUM         76    102 PM  90    1975  64     12       65
  MINIMUM         55    445 AM  39    1968  49      6       53
  AVERAGE         66                        56     10       59

PRECIPITATION (IN)
  TODAY            0.00          1.12 1990   0.13  -0.13     0.30
  MONTH TO DATE    0.71                      0.89  -0.18     1.63
  SINCE JUN 1      5.37                      4.13   1.24     9.11
  SINCE JAN 1     33.19                     23.73   9.46    29.03

DEGREE DAYS
 HEATING
  TODAY            0                         9     -9        6
  MONTH TO DATE   41                        63    -22       49
  SINCE JUN 1    275                       378   -103      403
  SINCE JUL 1     41                        63    -22       49

 COOLING
  TODAY            1                         0      1        0
  MONTH TO DATE    5                         0      5        0
  SINCE JUN 1      7                         1      6        0
  SINCE JAN 1      7                         1      6        0
..................................................................


WIND (MPH)
  HIGHEST WIND SPEED    14   HIGHEST WIND DIRECTION     W (280)
  HIGHEST GUST SPEED    18   HIGHEST GUST DIRECTION    NW (310)
  AVERAGE WIND SPEED     5.9


SKY COVER
  AVERAGE SKY COVER 0.8


WEATHER CONDITIONS
 THE FOLLOWING WEATHER WAS RECORDED TODAY.
  NO SIGNIFICANT WEATHER WAS OBSERVED.


RELATIVE HUMIDITY (PERCENT)
 HIGHEST    77           500 AM
 LOWEST     49          1200 PM
 AVERAGE    63

..........................................................


THE JUNEAU CLIMATE NORMALS FOR TOMORROW
                         NORMAL    RECORD    YEAR
 MAXIMUM TEMPERATURE (F)   64        81      1965
 MINIMUM TEMPERATURE (F)   49        36      1950


SUNRISE AND SUNSET
JULY  7 2015..........SUNRISE   404 AM AKDT  SUNSET  1002 PM AKDT
JULY  8 2015..........SUNRISE   405 AM AKDT  SUNSET  1001 PM AKDT


-  INDICATES NEGATIVE NUMBERS.
R  INDICATES RECORD WAS SET OR TIED.
MM INDICATES DATA IS MISSING.
T  INDICATES TRACE AMOUNT.




$$



&&
----------------------------
AMOUNT OF DAYLIGHT TODAY  (HOUR:MIN)........17:58
GAIN/LOSS SINCE YESTERDAY (HOUR:MIN:SEC)....-0:02:17
