000
CDAK47 PAJK 291135
CLIJNU
AKZ025-292300-
CLIMATE REPORT
NATIONAL WEATHER SERVICE JUNEAU, AK
234 AM AKST THU JAN 29 2015

...................................

...THE JUNEAU CLIMATE SUMMARY FOR JANUARY 28 2015...

CLIMATE NORMAL PERIOD 1981 TO 2010
CLIMATE RECORD PERIOD 1943 TO 2015

WEATHER ITEM   OBSERVED TIME   RECORD YEAR NORMAL DEPARTURE LAST
                VALUE   (LST)  VALUE       VALUE  FROM      YEAR
                                                  NORMAL
..................................................................
TEMPERATURE (F)
 YESTERDAY
  MAXIMUM         37   1143 PM  44    1995  33      4       37
  MINIMUM         29    636 AM -20    1966  24      5       32
  AVERAGE         33                        29      4       35

PRECIPITATION (IN)
  YESTERDAY        0.41          1.04 1993   0.17   0.24     0.39
  MONTH TO DATE   11.75                      4.85   6.90    10.13
  SINCE DEC 1     15.04                     10.69   4.35    18.65
  SINCE JAN 1     11.75                      4.85   6.90    10.13

SNOWFALL (IN)
  YESTERDAY        6.0          10.0  2002   0.8    5.2      0.0
  MONTH TO DATE   15.1                      24.9   -9.8      4.7
  SINCE DEC 1     18.6                      40.5  -21.9     44.8
  SINCE JUL 1     28.4                      54.4  -26.0     64.0
  SNOW DEPTH       0

DEGREE DAYS
 HEATING
  YESTERDAY       32                        36     -4       30
  MONTH TO DATE  817                      1034   -217      778
  SINCE DEC 1   1789                      2124   -335     1930
  SINCE JUL 1   4198                      4755   -557     4403
..................................................................

WIND (MPH)
  HIGHEST WIND SPEED    20   HIGHEST WIND DIRECTION    SE (120)
  HIGHEST GUST SPEED    24   HIGHEST GUST DIRECTION    SE (120)
  AVERAGE WIND SPEED     4.5

SKY COVER
  POSSIBLE SUNSHINE  MM
  AVERAGE SKY COVER 1.0

WEATHER CONDITIONS
 THE FOLLOWING WEATHER WAS RECORDED YESTERDAY.
  LIGHT RAIN
  SNOW
  LIGHT SNOW
  FOG
  FOG W/VISIBILITY <= 1/4 MILE

RELATIVE HUMIDITY (PERCENT)
 HIGHEST   100          1100 AM
 LOWEST     92          1200 AM
 AVERAGE    96
..........................................................

THE JUNEAU CLIMATE NORMALS FOR TODAY
                         NORMAL    RECORD    YEAR
 MAXIMUM TEMPERATURE (F)   33        47      1993
 MINIMUM TEMPERATURE (F)   24       -15      1966

SUNRISE AND SUNSET
JANUARY 29 2015.......SUNRISE   810 AM AKST  SUNSET   414 PM AKST
JANUARY 30 2015.......SUNRISE   808 AM AKST  SUNSET   416 PM AKST

-  INDICATES NEGATIVE NUMBERS.
R  INDICATES RECORD WAS SET OR TIED.
MM INDICATES DATA IS MISSING.
T  INDICATES TRACE AMOUNT.

$$
&&
----------------------------
AMOUNT OF DAYLIGHT TODAY  (HOUR:MIN)........ 8:04
GAIN/LOSS SINCE YESTERDAY (HOUR:MIN:SEC)....+0:04:24
