000
CDAK47 PAJK 191133
CLIJNU
CLIMATE REPORT
NATIONAL WEATHER SERVICE JUNEAU, AK
330 AM AKDT THU OCT 19 2017


...................................

...THE JUNEAU CLIMATE SUMMARY FOR OCTOBER 18 2017...

CLIMATE NORMAL PERIOD 1981 TO 2010
CLIMATE RECORD PERIOD 1936 TO 2017


WEATHER ITEM   OBSERVED RECORD YEAR NORMAL DEPARTURE LAST
                VALUE   VALUE       VALUE  FROM      YEAR
                                           NORMAL
...........................................................
TEMPERATURE (F)
 YESTERDAY
  MAXIMUM         46     56    1979  47     -1       48
  MINIMUM         35     23    1950  37     -2       45
  AVERAGE         41                 42     -1       47

PRECIPITATION (IN)
  YESTERDAY        0.01   1.51 1964   0.29  -0.28     0.35
  MONTH TO DATE    2.75               5.34  -2.59     1.90
  SINCE JAN 1     52.58              47.15   5.43    50.06

SNOWFALL (IN)
  YESTERDAY        0.0    2.1  1949   0.0    0.0      0.0
  MONTH TO DATE    0.0                0.1   -0.1      5.7
  SINCE JUL 1      0.0                0.1   -0.1      5.7
  SNOW DEPTH       0

DEGREE DAYS
 HEATING
  YESTERDAY       24                 23      1       18
  MONTH TO DATE  275                367    -92      426
...........................................................


WIND (MPH)
  HIGHEST WIND SPEED    24   HIGHEST WIND DIRECTION     E (70)
  HIGHEST GUST SPEED    31   HIGHEST GUST DIRECTION     E (80)
  AVERAGE WIND SPEED     5.2


SKY COVER
  AVERAGE SKY COVER 0.9


WEATHER CONDITIONS
 THE FOLLOWING WEATHER WAS RECORDED YESTERDAY.
  LIGHT RAIN
  FOG


..........................................................


THE JUNEAU CLIMATE NORMALS FOR TODAY
                         NORMAL    RECORD    YEAR
 MAXIMUM TEMPERATURE (F)   46        57      1964
 MINIMUM TEMPERATURE (F)   37        20      2004


SUNRISE AND SUNSET
OCTOBER 19 2017.......SUNRISE   744 AM AKDT  SUNSET   541 PM AKDT
OCTOBER 20 2017.......SUNRISE   747 AM AKDT  SUNSET   538 PM AKDT


-  INDICATES NEGATIVE NUMBERS.
R  INDICATES RECORD WAS SET OR TIED.
MM INDICATES DATA IS MISSING.
T  INDICATES TRACE AMOUNT.




$$
--------------------------------------------------------------

AMOUNT OF DAYLIGHT TODAY (HOUR:MIN)......... 9 HOURS 56 MINUTES
GAIN/LOSS SINCE YESTERDAY (HOUR:MIN:SEC).... -0:04:58

$$
