000
CDAK47 PAJK 231235
CLIJNU
CLIMATE REPORT
NATIONAL WEATHER SERVICE JUNEAU, AK
332 AM AKST FRI FEB 23 2018


...................................

...THE JUNEAU CLIMATE SUMMARY FOR FEBRUARY 22 2018...

CLIMATE NORMAL PERIOD 1981 TO 2010
CLIMATE RECORD PERIOD 1936 TO 2018


WEATHER ITEM   OBSERVED RECORD YEAR NORMAL DEPARTURE LAST
                VALUE   VALUE       VALUE  FROM      YEAR
                                           NORMAL
...........................................................
TEMPERATURE (F)
 YESTERDAY
  MAXIMUM         35     46    1997  36     -1       33
                               1908
  MINIMUM         18     -6    1956  26     -8       17
  AVERAGE         27                 31     -4       25

PRECIPITATION (IN)
  YESTERDAY        0.32   0.86 2005   0.14   0.18     0.03
  MONTH TO DATE    1.34               3.26  -1.92     4.18
  SINCE JAN 1      7.04               8.61  -1.57    10.45

SNOWFALL (IN)
  YESTERDAY        0.3    4.8  1965   0.5   -0.2      0.5
  MONTH TO DATE    5.6               13.9   -8.3      2.7
  SINCE JUL 1     47.3               71.1  -23.8     31.6
  SNOW DEPTH       6

DEGREE DAYS
 HEATING
  YESTERDAY       38                 34      4       40
  MONTH TO DATE  943                774    169      753
...........................................................


WIND (MPH)
  HIGHEST WIND SPEED    26   HIGHEST WIND DIRECTION    SE (120)
  HIGHEST GUST SPEED    35   HIGHEST GUST DIRECTION    SE (120)
  AVERAGE WIND SPEED    13.8


SKY COVER
  AVERAGE SKY COVER 0.9


WEATHER CONDITIONS
 THE FOLLOWING WEATHER WAS RECORDED YESTERDAY.
  RAIN
  LIGHT RAIN
  SNOW
  LIGHT SNOW
  FOG


..........................................................


THE JUNEAU CLIMATE NORMALS FOR TODAY
                         NORMAL    RECORD    YEAR
 MAXIMUM TEMPERATURE (F)   36        53      2004
 MINIMUM TEMPERATURE (F)   26        -6      1956


SUNRISE AND SUNSET
FEBRUARY 23 2018......SUNRISE   709 AM AKST  SUNSET   515 PM AKST
FEBRUARY 24 2018......SUNRISE   707 AM AKST  SUNSET   517 PM AKST


-  INDICATES NEGATIVE NUMBERS.
R  INDICATES RECORD WAS SET OR TIED.
MM INDICATES DATA IS MISSING.
T  INDICATES TRACE AMOUNT.




$$
--------------------------------------------------------------

AMOUNT OF DAYLIGHT TODAY (HOUR:MIN)......... 10 HOURS 06 MINUTES
GAIN/LOSS SINCE YESTERDAY (HOUR:MIN:SEC).... +0:05:03

$$
