000
CDAK47 PAJK 101229
CLIJNU
CLIMATE REPORT
NATIONAL WEATHER SERVICE JUNEAU, AK
328 AM AKST SUN DEC 10 2017


...................................

...THE JUNEAU CLIMATE SUMMARY FOR DECEMBER 9 2017...

CLIMATE NORMAL PERIOD 1981 TO 2010
CLIMATE RECORD PERIOD 1936 TO 2017


WEATHER ITEM   OBSERVED RECORD YEAR NORMAL DEPARTURE LAST
                VALUE   VALUE       VALUE  FROM      YEAR
                                           NORMAL
...........................................................
TEMPERATURE (F)
 YESTERDAY
  MAXIMUM         47     48    2002  35     12       21
  MINIMUM         42     -4    1995  26     16        6
                               1977
  AVERAGE         45                 30     15       14

PRECIPITATION (IN)
  YESTERDAY        0.72   0.95 1936   0.20   0.52     0.00
  MONTH TO DATE    2.50               1.82   0.68     3.21
  SINCE JAN 1     64.00              58.25   5.75    60.51

SNOWFALL (IN)
  YESTERDAY        0.0   10.0  1994   0.5   -0.5      0.0
  MONTH TO DATE    0.3                4.6   -4.3     10.2
  SINCE JUL 1     25.8               18.5    7.3     18.6
  SNOW DEPTH       0

DEGREE DAYS
 HEATING
  YESTERDAY       20                 35    -15       51
  MONTH TO DATE  218                307    -89      358
...........................................................


WIND (MPH)
  HIGHEST WIND SPEED    28   HIGHEST WIND DIRECTION    SE (120)
  HIGHEST GUST SPEED    33   HIGHEST GUST DIRECTION     E (110)
  AVERAGE WIND SPEED    14.7


SKY COVER
  AVERAGE SKY COVER 1.0


WEATHER CONDITIONS
 THE FOLLOWING WEATHER WAS RECORDED YESTERDAY.
  RAIN
  LIGHT RAIN
  FOG


..........................................................


THE JUNEAU CLIMATE NORMALS FOR TODAY
                         NORMAL    RECORD    YEAR
 MAXIMUM TEMPERATURE (F)   35        51      1944
 MINIMUM TEMPERATURE (F)   26        -4      1946


SUNRISE AND SUNSET
DECEMBER 10 2017......SUNRISE   836 AM AKST  SUNSET   307 PM AKST
DECEMBER 11 2017......SUNRISE   837 AM AKST  SUNSET   306 PM AKST


-  INDICATES NEGATIVE NUMBERS.
R  INDICATES RECORD WAS SET OR TIED.
MM INDICATES DATA IS MISSING.
T  INDICATES TRACE AMOUNT.




$$
--------------------------------------------------------------

AMOUNT OF DAYLIGHT TODAY (HOUR:MIN)......... 6 HOURS 31 MINUTES
GAIN/LOSS SINCE YESTERDAY (HOUR:MIN:SEC).... -0:01:45

$$
