000
CDAK47 PAJK 280037
CLIJNU
AKZ025-281200-
CLIMATE REPORT
NATIONAL WEATHER SERVICE JUNEAU, AK
437 PM AKDT WED MAY 27 2015

...................................

...THE JUNEAU CLIMATE SUMMARY FOR MAY 27 2015...
VALID TODAY AS OF 0300 PM LOCAL TIME.

CLIMATE NORMAL PERIOD 1981 TO 2010
CLIMATE RECORD PERIOD 1943 TO 2015

WEATHER ITEM   OBSERVED TIME   RECORD YEAR NORMAL DEPARTURE LAST
                VALUE   (LST)  VALUE       VALUE  FROM      YEAR
                                                  NORMAL
..................................................................
TEMPERATURE (F)
 TODAY
  MAXIMUM         58    206 PM  82    1947  59     -1       56
  MINIMUM         43    914 AM  32    1949  44     -1       43
  AVERAGE         51                        51      0       50

PRECIPITATION (IN)
  TODAY            0.01          1.14 1944   0.11  -0.10     0.00
  MONTH TO DATE    0.48                      2.96  -2.48     1.20
  SINCE MAR 1     12.18                      9.68   2.50     7.32
  SINCE JAN 1     27.78                     19.16   8.62    19.45

DEGREE DAYS
 HEATING
  TODAY           14                        14      0       15
  MONTH TO DATE  313                       457   -144      334
  SINCE MAR 1   1857                      2148   -291     2077
  SINCE JUL 1   7078                      7985   -907     7718

 COOLING
  TODAY            0                         0      0        0
  MONTH TO DATE    0                         0      0        0
  SINCE MAR 1      0                         0      0        0
  SINCE JAN 1      0                         0      0        0
..................................................................

WIND (MPH)
  HIGHEST WIND SPEED    17   HIGHEST WIND DIRECTION     W (250)
  HIGHEST GUST SPEED    21   HIGHEST GUST DIRECTION    SW (230)
  AVERAGE WIND SPEED     8.7

SKY COVER
  POSSIBLE SUNSHINE  MM
  AVERAGE SKY COVER 0.9

WEATHER CONDITIONS
 THE FOLLOWING WEATHER WAS RECORDED TODAY.
  LIGHT RAIN

RELATIVE HUMIDITY (PERCENT)
 HIGHEST    89           600 AM
 LOWEST     62           100 PM
 AVERAGE    76
..........................................................

THE JUNEAU CLIMATE NORMALS FOR TOMORROW
                         NORMAL    RECORD    YEAR
 MAXIMUM TEMPERATURE (F)   60        80      1947
 MINIMUM TEMPERATURE (F)   44        34      1994

SUNRISE AND SUNSET
MAY 27 2015...........SUNRISE   410 AM AKDT  SUNSET   943 PM AKDT
MAY 28 2015...........SUNRISE   408 AM AKDT  SUNSET   944 PM AKDT

-  INDICATES NEGATIVE NUMBERS.
R  INDICATES RECORD WAS SET OR TIED.
MM INDICATES DATA IS MISSING.
T  INDICATES TRACE AMOUNT.

$$
&&
----------------------------
AMOUNT OF DAYLIGHT TODAY  (HOUR:MIN)........17:33
GAIN/LOSS SINCE YESTERDAY (HOUR:MIN:SEC)....+0:03:22
