000
CDAK47 PAJK 271208
CLIJNU
AKZ025-280000-
CLIMATE REPORT
NATIONAL WEATHER SERVICE JUNEAU, AK
408 AM AKDT WED AUG 27 2014


...................................

...THE JUNEAU CLIMATE SUMMARY FOR AUGUST 26 2014...

CLIMATE NORMAL PERIOD 1981 TO 2010
CLIMATE RECORD PERIOD 1943 TO 2014


WEATHER ITEM   OBSERVED TIME   RECORD YEAR NORMAL DEPARTURE LAST
                VALUE   (LST)  VALUE       VALUE  FROM      YEAR
                                                  NORMAL
..................................................................
TEMPERATURE (F)
 YESTERDAY
  MAXIMUM         55   1205 PM  73    1979  61     -6       65
  MINIMUM         48   1222 AM  29    1948  47      1       47
  AVERAGE         52                        54     -2       56

PRECIPITATION (IN)
  YESTERDAY        0.61          2.30 1947   0.21   0.40     0.07
  MONTH TO DATE    7.62                      4.59   3.03     3.75
  SINCE JUN 1     23.27                     12.43  10.84    11.39
  SINCE JAN 1     43.19                     32.03  11.16    39.76

DEGREE DAYS
 HEATING
  YESTERDAY       13                        11      2        9
  MONTH TO DATE  187                       228    -41      167
  SINCE JUN 1    767                       794    -27      603
  SINCE JUL 1    417                       479    -62      389

 COOLING
  YESTERDAY        0                         0      0        0
  MONTH TO DATE    0                         0      0        0
  SINCE JUN 1      0                         2     -2        9
  SINCE JAN 1      0                         2     -2        9
..................................................................


WIND (MPH)
  HIGHEST WIND SPEED    13   HIGHEST WIND DIRECTION     E (100)
  HIGHEST GUST SPEED    16   HIGHEST GUST DIRECTION     E (100)
  AVERAGE WIND SPEED     5.8


SKY COVER
  POSSIBLE SUNSHINE  MM
  AVERAGE SKY COVER 1.0


WEATHER CONDITIONS
 THE FOLLOWING WEATHER WAS RECORDED YESTERDAY.

  RAIN
  LIGHT RAIN
  FOG
  FOG W/VISIBILITY <= 1/4 MILE


RELATIVE HUMIDITY (PERCENT)
 HIGHEST   100          1200 AM
 LOWEST     86          1100 AM
 AVERAGE    93

..........................................................


THE JUNEAU CLIMATE NORMALS FOR TODAY
                         NORMAL    RECORD    YEAR
 MAXIMUM TEMPERATURE (F)   61        73      1989
 MINIMUM TEMPERATURE (F)   47        37      1970


SUNRISE AND SUNSET
AUGUST 27 2014........SUNRISE   547 AM AKDT  SUNSET   811 PM AKDT
AUGUST 28 2014........SUNRISE   549 AM AKDT  SUNSET   809 PM AKDT


-  INDICATES NEGATIVE NUMBERS.
R  INDICATES RECORD WAS SET OR TIED.
MM INDICATES DATA IS MISSING.
T  INDICATES TRACE AMOUNT.




$$


&&
----------------------------
AMOUNT OF DAYLIGHT TODAY  (HOUR:MIN)........14:24
GAIN/LOSS SINCE YESTERDAY (HOUR:MIN:SEC)....-0:04:57
