000
CDUS41 KCTP 220621
CLIJST


CLIMATE REPORT
NATIONAL WEATHER SERVICE STATE COLLEGE PA
221 AM EDT MON SEP 22 2014


...................................

...THE JOHNSTOWN CLIMATE SUMMARY FOR SEPTEMBER 21 2014...

CLIMATE NORMAL PERIOD 1981 TO 2010
CLIMATE RECORD PERIOD 2000 TO 2014


WEATHER ITEM   OBSERVED TIME   RECORD YEAR NORMAL DEPARTURE LAST
                VALUE   (LST)  VALUE       VALUE  FROM      YEAR
                                                  NORMAL
..................................................................
TEMPERATURE (F)
 YESTERDAY
  MAXIMUM         73    313 PM  95    1914  66      7       65
  MINIMUM         53   1159 PM  27    1956  49      4       54
  AVERAGE         63                        58      5       60

PRECIPITATION (IN)
  YESTERDAY        0.34          1.49 1982   0.11   0.23     1.01
  MONTH TO DATE    1.17                      2.39  -1.22     4.06
  SINCE SEP 1      1.17                      2.39  -1.22     4.06
  SINCE JAN 1     27.07                     26.68   0.39    29.01

DEGREE DAYS
 HEATING
  YESTERDAY        2                         8     -6        5
  MONTH TO DATE   98                        95      3      120
  SINCE SEP 1     98                        95      3      120
  SINCE JUL 1    181                       137     44      191

 COOLING
  YESTERDAY        0                         0      0        0
  MONTH TO DATE   46                        22     24       31
  SINCE SEP 1     46                        22     24       31
  SINCE JAN 1    341                       382    -41      377
..................................................................


WIND (MPH)
  HIGHEST WIND SPEED    25   HIGHEST WIND DIRECTION     W (290)
  HIGHEST GUST SPEED    35   HIGHEST GUST DIRECTION     W (260)
  AVERAGE WIND SPEED    11.4


SKY COVER
  POSSIBLE SUNSHINE  MM
  AVERAGE SKY COVER 0.4


WEATHER CONDITIONS
 THE FOLLOWING WEATHER WAS RECORDED YESTERDAY.
  HEAVY RAIN
  RAIN
  LIGHT RAIN
  FOG


RELATIVE HUMIDITY (PERCENT)
 HIGHEST    87          1100 AM
 LOWEST     61           300 PM
 AVERAGE    74

..........................................................


THE JOHNSTOWN CLIMATE NORMALS FOR TODAY
                         NORMAL    RECORD    YEAR
 MAXIMUM TEMPERATURE (F)   66        95      1914
 MINIMUM TEMPERATURE (F)   49        31      1904


SUNRISE AND SUNSET
SEPTEMBER 22 2014.....SUNRISE   703 AM EDT   SUNSET   712 PM EDT
SEPTEMBER 23 2014.....SUNRISE   704 AM EDT   SUNSET   711 PM EDT


-  INDICATES NEGATIVE NUMBERS.
R  INDICATES RECORD WAS SET OR TIED.
MM INDICATES DATA IS MISSING.
T  INDICATES TRACE AMOUNT.




$$
