000
CDUS41 KCTP 232116
CLIJST


CLIMATE REPORT
NATIONAL WEATHER SERVICE STATE COLLEGE PA
516 PM EDT WED AUG 23 2017


...................................

...THE JOHNSTOWN CLIMATE SUMMARY FOR AUGUST 23 2017...
VALID TODAY AS OF 0500 PM LOCAL TIME.

CLIMATE NORMAL PERIOD 1981 TO 2010
CLIMATE RECORD PERIOD 1892 TO 2017


WEATHER ITEM   OBSERVED TIME   RECORD YEAR NORMAL DEPARTURE LAST
                VALUE   (LST)  VALUE       VALUE  FROM      YEAR
                                                  NORMAL
..................................................................
TEMPERATURE (F)
 TODAY
  MAXIMUM         72    249 PM  96    1918  75     -3       77
  MINIMUM         61    631 AM  41    1952  59      2       55
  AVERAGE         67                        67      0       66

PRECIPITATION (IN)
  TODAY            T             1.31 1970   0.11  -0.11     0.00
  MONTH TO DATE    2.21                      2.91  -0.70     3.26
  SINCE JUN 1     14.31                      6.76   7.55    12.46
  SINCE JAN 1     34.20                     23.40  10.80    23.26

DEGREE DAYS
 HEATING
  TODAY            0                         1     -1        0
  MONTH TO DATE   10                        19     -9        0
  SINCE JUN 1     73                       106    -33       54
  SINCE JUL 1     14                        32    -18       11

 COOLING
  TODAY            2                         3     -1        1
  MONTH TO DATE   97                        96      1      178
  SINCE JUN 1    374                       321     53      504
  SINCE JAN 1    403                       339     64      542
..................................................................


WIND (MPH)
  HIGHEST WIND SPEED    16   HIGHEST WIND DIRECTION    NW (310)
  HIGHEST GUST SPEED    22   HIGHEST GUST DIRECTION    NW (320)
  AVERAGE WIND SPEED     9.5


SKY COVER
  POSSIBLE SUNSHINE  MM
  AVERAGE SKY COVER 0.6


WEATHER CONDITIONS
 THE FOLLOWING WEATHER WAS RECORDED TODAY.
  LIGHT RAIN


RELATIVE HUMIDITY (PERCENT)
 HIGHEST    93          1200 AM
 LOWEST     44           300 PM
 AVERAGE    69

..........................................................


THE JOHNSTOWN CLIMATE NORMALS FOR TOMORROW
                         NORMAL    RECORD    YEAR
 MAXIMUM TEMPERATURE (F)   75        96      1968
 MINIMUM TEMPERATURE (F)   59        40      1952


SUNRISE AND SUNSET
AUGUST 23 2017........SUNRISE   634 AM EDT   SUNSET   801 PM EDT
AUGUST 24 2017........SUNRISE   635 AM EDT   SUNSET   759 PM EDT


-  INDICATES NEGATIVE NUMBERS.
R  INDICATES RECORD WAS SET OR TIED.
MM INDICATES DATA IS MISSING.
T  INDICATES TRACE AMOUNT.




$$
