000
CDUS41 KCTP 022235
CLIJST


CLIMATE REPORT
NATIONAL WEATHER SERVICE STATE COLLEGE PA
534 PM EST FRI DEC 2 2016


...................................

...THE JOHNSTOWN CLIMATE SUMMARY FOR DECEMBER 2 2016...
VALID TODAY AS OF 0500 PM LOCAL TIME.

CLIMATE NORMAL PERIOD 1981 TO 2010
CLIMATE RECORD PERIOD 1892 TO 2016


WEATHER ITEM   OBSERVED TIME   RECORD YEAR NORMAL DEPARTURE LAST
                VALUE   (LST)  VALUE       VALUE  FROM      YEAR
                                                  NORMAL
..................................................................
TEMPERATURE (F)
 TODAY
  MAXIMUM         33    452 PM  68    1962  39     -6       51
  MINIMUM         31    858 AM   5    1942  27      4       36
  AVERAGE         32                        33     -1       44

PRECIPITATION (IN)
  TODAY            0.00          2.10 1974   0.10  -0.10     0.66
  MONTH TO DATE    T                         0.19  -0.19     1.10
  SINCE DEC 1      T                         0.19  -0.19     1.10
  SINCE JAN 1     32.82                     31.24   1.58    42.49

DEGREE DAYS
 HEATING
  TODAY           33                        32      1       21
  MONTH TO DATE   58                        64     -6       43
  SINCE DEC 1     58                        64     -6       43
  SINCE JUL 1   1127                      1521   -394     1161

 COOLING
  TODAY            0                         0      0        0
  MONTH TO DATE    0                         0      0        0
  SINCE DEC 1      0                         0      0        0
  SINCE JAN 1    705                       382    323      556
..................................................................


WIND (MPH)
  HIGHEST WIND SPEED    21   HIGHEST WIND DIRECTION     W (260)
  HIGHEST GUST SPEED    29   HIGHEST GUST DIRECTION     W (250)
  AVERAGE WIND SPEED    14.9


SKY COVER
  POSSIBLE SUNSHINE  MM
  AVERAGE SKY COVER 1.0


WEATHER CONDITIONS
 THE FOLLOWING WEATHER WAS RECORDED TODAY.
  NO SIGNIFICANT WEATHER WAS OBSERVED.


RELATIVE HUMIDITY (PERCENT)
 HIGHEST    85           800 AM
 LOWEST     75          1200 AM
 AVERAGE    80

..........................................................


THE JOHNSTOWN CLIMATE NORMALS FOR TOMORROW
                         NORMAL    RECORD    YEAR
 MAXIMUM TEMPERATURE (F)   38        72      1982
 MINIMUM TEMPERATURE (F)   26         1      1976


SUNRISE AND SUNSET
DECEMBER  2 2016......SUNRISE   720 AM EST   SUNSET   449 PM EST
DECEMBER  3 2016......SUNRISE   721 AM EST   SUNSET   449 PM EST


-  INDICATES NEGATIVE NUMBERS.
R  INDICATES RECORD WAS SET OR TIED.
MM INDICATES DATA IS MISSING.
T  INDICATES TRACE AMOUNT.




$$
