000
CDUS41 KCTP 020626
CLIJST


CLIMATE REPORT
NATIONAL WEATHER SERVICE STATE COLLEGE PA
225 AM EDT WED SEP 2 2015


...................................

...THE JOHNSTOWN CLIMATE SUMMARY FOR SEPTEMBER 1 2015...

CLIMATE NORMAL PERIOD 1981 TO 2010
CLIMATE RECORD PERIOD 2000 TO 2015


WEATHER ITEM   OBSERVED TIME   RECORD YEAR NORMAL DEPARTURE LAST
                VALUE   (LST)  VALUE       VALUE  FROM      YEAR
                                                  NORMAL
..................................................................
TEMPERATURE (F)
 YESTERDAY
  MAXIMUM         85    338 PM  98    1932  73     12       79
  MINIMUM         64    614 AM  42    1968  57      7       66
  AVERAGE         75                        65     10       73

PRECIPITATION (IN)
  YESTERDAY        0.00          0.95 1916   0.11  -0.11     0.07
  MONTH TO DATE    0.00                      0.11  -0.11     0.07
  SINCE SEP 1      0.00                      0.11  -0.11     0.07
  SINCE JAN 1     33.65                     24.40   9.25    25.97

DEGREE DAYS
 HEATING
  YESTERDAY        0                         2     -2        0
  MONTH TO DATE    0                         2     -2        0
  SINCE SEP 1      0                         2     -2        0
  SINCE JUL 1     30                        44    -14       83

 COOLING
  YESTERDAY       10                         2      8        8
  MONTH TO DATE   10                         2      8        8
  SINCE SEP 1     10                         2      8        8
  SINCE JAN 1    465                       362    103      303
..................................................................


WIND (MPH)
  HIGHEST WIND SPEED    13   HIGHEST WIND DIRECTION    NW (310)
  HIGHEST GUST SPEED    20   HIGHEST GUST DIRECTION    NW (330)
  AVERAGE WIND SPEED     6.0


SKY COVER
  POSSIBLE SUNSHINE  MM
  AVERAGE SKY COVER 0.2


WEATHER CONDITIONS
 THE FOLLOWING WEATHER WAS RECORDED YESTERDAY.
  FOG


RELATIVE HUMIDITY (PERCENT)
 HIGHEST    87           200 AM
 LOWEST     44           400 PM
 AVERAGE    66

..........................................................


THE JOHNSTOWN CLIMATE NORMALS FOR TODAY
                         NORMAL    RECORD    YEAR
 MAXIMUM TEMPERATURE (F)   73       100      1953
 MINIMUM TEMPERATURE (F)   57        42      1949


SUNRISE AND SUNSET
SEPTEMBER  2 2015.....SUNRISE   643 AM EDT   SUNSET   746 PM EDT
SEPTEMBER  3 2015.....SUNRISE   644 AM EDT   SUNSET   744 PM EDT


-  INDICATES NEGATIVE NUMBERS.
R  INDICATES RECORD WAS SET OR TIED.
MM INDICATES DATA IS MISSING.
T  INDICATES TRACE AMOUNT.




$$
