000
CDUS41 KCTP 130617
CLIJST


CLIMATE REPORT
NATIONAL WEATHER SERVICE STATE COLLEGE PA
117 AM EST SAT FEB 13 2016


...................................

...THE JOHNSTOWN CLIMATE SUMMARY FOR FEBRUARY 12 2016...

CLIMATE NORMAL PERIOD 1981 TO 2010
CLIMATE RECORD PERIOD 2000 TO 2016


WEATHER ITEM   OBSERVED TIME   RECORD YEAR NORMAL DEPARTURE LAST
                VALUE   (LST)  VALUE       VALUE  FROM      YEAR
                                                  NORMAL
..................................................................
TEMPERATURE (F)
 YESTERDAY
  MAXIMUM         15   1115 PM  66    1984  33    -18       29
  MINIMUM          2    343 AM  -4    1917  20    -18        1
  AVERAGE          9                        26    -17       15

PRECIPITATION (IN)
  YESTERDAY        0.01          1.20 1985   0.09  -0.08     0.01
  MONTH TO DATE    0.61                      1.02  -0.41     1.21
  SINCE DEC 1      5.21                      6.47  -1.26     5.46
  SINCE JAN 1      1.48                      3.90  -2.42     3.13

DEGREE DAYS
 HEATING
  YESTERDAY       56                        39     17       50
  MONTH TO DATE  430                       473    -43      478
  SINCE DEC 1   2364                      2832   -468     2797
  SINCE JUL 1   3482                      4290   -808     4308

 COOLING
  YESTERDAY        0                         0      0        0
  MONTH TO DATE    0                         0      0        0
  SINCE DEC 1      0                         0      0        0
  SINCE JAN 1      0                         0      0        0
..................................................................


WIND (MPH)
  HIGHEST WIND SPEED    22   HIGHEST WIND DIRECTION     W (270)
  HIGHEST GUST SPEED    31   HIGHEST GUST DIRECTION     W (280)
  AVERAGE WIND SPEED     8.8


SKY COVER
  POSSIBLE SUNSHINE  MM
  AVERAGE SKY COVER 0.7


WEATHER CONDITIONS
 THE FOLLOWING WEATHER WAS RECORDED YESTERDAY.
  HEAVY SNOW
  SNOW
  LIGHT SNOW


RELATIVE HUMIDITY (PERCENT)
 HIGHEST    84           700 PM
 LOWEST     57          1200 AM
 AVERAGE    71

..........................................................


THE JOHNSTOWN CLIMATE NORMALS FOR TODAY
                         NORMAL    RECORD    YEAR
 MAXIMUM TEMPERATURE (F)   34        68      1938
 MINIMUM TEMPERATURE (F)   20       -11      1917


SUNRISE AND SUNSET
FEBRUARY 13 2016......SUNRISE   712 AM EST   SUNSET   548 PM EST
FEBRUARY 14 2016......SUNRISE   711 AM EST   SUNSET   549 PM EST


-  INDICATES NEGATIVE NUMBERS.
R  INDICATES RECORD WAS SET OR TIED.
MM INDICATES DATA IS MISSING.
T  INDICATES TRACE AMOUNT.




$$
