000
CDUS41 KCTP 192116
CLIJST


CLIMATE REPORT
NATIONAL WEATHER SERVICE STATE COLLEGE PA
516 PM EDT THU OCT 19 2017


...................................

...THE JOHNSTOWN CLIMATE SUMMARY FOR OCTOBER 19 2017...
VALID TODAY AS OF 0500 PM LOCAL TIME.

CLIMATE NORMAL PERIOD 1981 TO 2010
CLIMATE RECORD PERIOD 1892 TO 2017


WEATHER ITEM   OBSERVED TIME   RECORD YEAR NORMAL DEPARTURE LAST
                VALUE   (LST)  VALUE       VALUE  FROM      YEAR
                                                  NORMAL
..................................................................
TEMPERATURE (F)
 TODAY
  MAXIMUM         66    234 PM  87    1963  57      9       75
  MINIMUM         46    634 AM  26    1940  41      5       62
  AVERAGE         56                        49      7       69

PRECIPITATION (IN)
  TODAY            0.00          1.30 1927   0.10  -0.10     0.04
  MONTH TO DATE    1.87                      1.94  -0.07     1.50
  SINCE SEP 1      4.04                      1.94   2.10     4.42
  SINCE JAN 1     38.29                     26.23  12.06    29.07

DEGREE DAYS
 HEATING
  TODAY            9                        16     -7        0
  MONTH TO DATE  103                       262   -159      163
  SINCE SEP 1    230                       442   -212      229
  SINCE JUL 1    271                       480   -209      240

 COOLING
  TODAY            0                         0      0        4
  MONTH TO DATE   22                         0     22       11
  SINCE SEP 1     95                        22     73       97
  SINCE JAN 1    497                       382    115      700
..................................................................


WIND (MPH)
  HIGHEST WIND SPEED    18   HIGHEST WIND DIRECTION    SW (230)
  HIGHEST GUST SPEED    24   HIGHEST GUST DIRECTION     W (280)
  AVERAGE WIND SPEED     9.7


SKY COVER
  POSSIBLE SUNSHINE  MM
  AVERAGE SKY COVER 0.0


WEATHER CONDITIONS
 THE FOLLOWING WEATHER WAS RECORDED TODAY.
  NO SIGNIFICANT WEATHER WAS OBSERVED.


RELATIVE HUMIDITY (PERCENT)
 HIGHEST    71           600 AM
 LOWEST     37           200 PM
 AVERAGE    54

..........................................................


THE JOHNSTOWN CLIMATE NORMALS FOR TOMORROW
                         NORMAL    RECORD    YEAR
 MAXIMUM TEMPERATURE (F)   57        87      1910
 MINIMUM TEMPERATURE (F)   40        19      1972


SUNRISE AND SUNSET
OCTOBER 19 2017.......SUNRISE   731 AM EDT   SUNSET   629 PM EDT
OCTOBER 20 2017.......SUNRISE   732 AM EDT   SUNSET   628 PM EDT


-  INDICATES NEGATIVE NUMBERS.
R  INDICATES RECORD WAS SET OR TIED.
MM INDICATES DATA IS MISSING.
T  INDICATES TRACE AMOUNT.




$$
