000
CDUS41 KCTP 230610
CLIJST


CLIMATE REPORT
NATIONAL WEATHER SERVICE STATE COLLEGE PA
210 AM EDT SUN APR 23 2017


...................................

...THE JOHNSTOWN CLIMATE SUMMARY FOR APRIL 22 2017...

CLIMATE NORMAL PERIOD 1981 TO 2010
CLIMATE RECORD PERIOD 1892 TO 2017


WEATHER ITEM   OBSERVED TIME   RECORD YEAR NORMAL DEPARTURE LAST
                VALUE   (LST)  VALUE       VALUE  FROM      YEAR
                                                  NORMAL
..................................................................
TEMPERATURE (F)
 YESTERDAY
  MAXIMUM         50    606 PM  91    1902  59     -9       66
  MINIMUM         41   1159 PM  23    1922  40      1       55
  AVERAGE         46                        50     -4       61

PRECIPITATION (IN)
  YESTERDAY        0.03          1.19 1978   0.11  -0.08     0.01
  MONTH TO DATE    2.59                      2.71  -0.12     1.50
  SINCE MAR 1      6.65                      6.00   0.65     3.10
  SINCE JAN 1     12.31                     11.23   1.08     5.95

DEGREE DAYS
 HEATING
  YESTERDAY       19                        16      3        4
  MONTH TO DATE  264                       427   -163      433
  SINCE MAR 1   1194                      1340   -146     1055
  SINCE JUL 1   5114                      6219  -1105     5118

 COOLING
  YESTERDAY        0                         0      0        0
  MONTH TO DATE    0                         0      0        0
  SINCE MAR 1      0                         0      0        0
  SINCE JAN 1      0                         0      0        0
..................................................................


WIND (MPH)
  HIGHEST WIND SPEED    15   HIGHEST WIND DIRECTION     N (340)
  HIGHEST GUST SPEED    19   HIGHEST GUST DIRECTION     N (340)
  AVERAGE WIND SPEED     8.1


SKY COVER
  POSSIBLE SUNSHINE  MM
  AVERAGE SKY COVER 0.7


WEATHER CONDITIONS
 THE FOLLOWING WEATHER WAS RECORDED YESTERDAY.
  LIGHT RAIN
  FOG


RELATIVE HUMIDITY (PERCENT)
 HIGHEST    82           600 AM
 LOWEST     61           400 PM
 AVERAGE    72

..........................................................


THE JOHNSTOWN CLIMATE NORMALS FOR TODAY
                         NORMAL    RECORD    YEAR
 MAXIMUM TEMPERATURE (F)   60        92      1985
 MINIMUM TEMPERATURE (F)   40        27      1982


SUNRISE AND SUNSET
APRIL 23 2017.........SUNRISE   625 AM EDT   SUNSET   803 PM EDT
APRIL 24 2017.........SUNRISE   624 AM EDT   SUNSET   804 PM EDT


-  INDICATES NEGATIVE NUMBERS.
R  INDICATES RECORD WAS SET OR TIED.
MM INDICATES DATA IS MISSING.
T  INDICATES TRACE AMOUNT.




$$
