000
CDUS41 KCTP 272118
CLIJST


CLIMATE REPORT
NATIONAL WEATHER SERVICE STATE COLLEGE PA
518 PM EDT WED MAY 27 2015


...................................

...THE JOHNSTOWN CLIMATE SUMMARY FOR MAY 27 2015...
VALID TODAY AS OF 0500 PM LOCAL TIME.

CLIMATE NORMAL PERIOD 1981 TO 2010
CLIMATE RECORD PERIOD 2000 TO 2015


WEATHER ITEM   OBSERVED TIME   RECORD YEAR NORMAL DEPARTURE LAST
                VALUE   (LST)  VALUE       VALUE  FROM      YEAR
                                                  NORMAL
..................................................................
TEMPERATURE (F)
 TODAY
  MAXIMUM         76    358 PM  91    1918  69      7       78
  MINIMUM         63    909 AM  32    1915  51     12       62
  AVERAGE         70                        60     10       70

PRECIPITATION (IN)
  TODAY            0.20          3.15 2012   0.16   0.04     0.37
  MONTH TO DATE    2.20                      3.90  -1.70     3.55
  SINCE MAR 1     10.66                     10.78  -0.12     9.29
  SINCE JAN 1     14.06                     16.01  -1.95    13.33

DEGREE DAYS
 HEATING
  TODAY            0                         7     -7        0
  MONTH TO DATE  132                       254   -122      240
  SINCE MAR 1   1588                      1705   -117     1870
  SINCE JUL 1   6777                      6585    192     7198

 COOLING
  TODAY            5                         1      4        5
  MONTH TO DATE   58                        14     44       20
  SINCE MAR 1     58                        19     39       24
  SINCE JAN 1     58                        19     39       24
..................................................................


WIND (MPH)
  HIGHEST WIND SPEED    18   HIGHEST WIND DIRECTION    SW (230)
  HIGHEST GUST SPEED    26   HIGHEST GUST DIRECTION    SW (230)
  AVERAGE WIND SPEED     8.7


SKY COVER
  POSSIBLE SUNSHINE  MM
  AVERAGE SKY COVER 0.5


WEATHER CONDITIONS
 THE FOLLOWING WEATHER WAS RECORDED TODAY.
  HEAVY RAIN
  RAIN
  LIGHT RAIN
  FOG


RELATIVE HUMIDITY (PERCENT)
 HIGHEST    93           900 AM
 LOWEST     57           200 PM
 AVERAGE    75

..........................................................


THE JOHNSTOWN CLIMATE NORMALS FOR TOMORROW
                         NORMAL    RECORD    YEAR
 MAXIMUM TEMPERATURE (F)   69        97      1911
 MINIMUM TEMPERATURE (F)   51        33      1983


SUNRISE AND SUNSET
MAY 27 2015...........SUNRISE   550 AM EDT   SUNSET   835 PM EDT
MAY 28 2015...........SUNRISE   550 AM EDT   SUNSET   836 PM EDT


-  INDICATES NEGATIVE NUMBERS.
R  INDICATES RECORD WAS SET OR TIED.
MM INDICATES DATA IS MISSING.
T  INDICATES TRACE AMOUNT.




$$
