000
CDUS41 KCTP 272124
CLIJST


CLIMATE REPORT
NATIONAL WEATHER SERVICE STATE COLLEGE PA
524 PM EDT MON JUL 27 2015


...................................

...THE JOHNSTOWN CLIMATE SUMMARY FOR JULY 27 2015...
VALID TODAY AS OF 0500 PM LOCAL TIME.

CLIMATE NORMAL PERIOD 1981 TO 2010
CLIMATE RECORD PERIOD 2000 TO 2015


WEATHER ITEM   OBSERVED TIME   RECORD YEAR NORMAL DEPARTURE LAST
                VALUE   (LST)  VALUE       VALUE  FROM      YEAR
                                                  NORMAL
..................................................................
TEMPERATURE (F)
 TODAY
  MAXIMUM         84    326 PM  97    1894  79      5       79
  MINIMUM         65    357 AM  46    1920  60      5       63
  AVERAGE         75                        69      6       71

PRECIPITATION (IN)
  TODAY            0.00          1.31 1906   0.13  -0.13     0.26
  MONTH TO DATE    4.52                      3.29   1.23     3.05
  SINCE JUN 1     16.48                      3.29  13.19     7.89
  SINCE JAN 1     30.88                     19.93  10.95    21.45

DEGREE DAYS
 HEATING
  TODAY            0                         0      0        0
  MONTH TO DATE    7                         8     -1       25
  SINCE JUN 1     68                        87    -19       65
  SINCE JUL 1      7                         8     -1       25

 COOLING
  TODAY           10                         5      5        6
  MONTH TO DATE  121                       130     -9      108
  SINCE JUN 1    211                       205      6      192
  SINCE JAN 1    295                       223     72      218
..................................................................


WIND (MPH)
  HIGHEST WIND SPEED     9   HIGHEST WIND DIRECTION    NE (40)
  HIGHEST GUST SPEED    12   HIGHEST GUST DIRECTION    NE (50)
  AVERAGE WIND SPEED     3.9


SKY COVER
  POSSIBLE SUNSHINE  MM
  AVERAGE SKY COVER 0.4


WEATHER CONDITIONS
 THE FOLLOWING WEATHER WAS RECORDED TODAY.
  FOG
  HAZE


RELATIVE HUMIDITY (PERCENT)
 HIGHEST    93           400 AM
 LOWEST     47           300 PM
 AVERAGE    70

..........................................................


THE JOHNSTOWN CLIMATE NORMALS FOR TOMORROW
                         NORMAL    RECORD    YEAR
 MAXIMUM TEMPERATURE (F)   79       102      1930
 MINIMUM TEMPERATURE (F)   60        47      1962


SUNRISE AND SUNSET
JULY 27 2015..........SUNRISE   608 AM EDT   SUNSET   835 PM EDT
JULY 28 2015..........SUNRISE   609 AM EDT   SUNSET   834 PM EDT


-  INDICATES NEGATIVE NUMBERS.
R  INDICATES RECORD WAS SET OR TIED.
MM INDICATES DATA IS MISSING.
T  INDICATES TRACE AMOUNT.




$$
