000
CDUS41 KCTP 310618
CLIJST


CLIMATE REPORT
NATIONAL WEATHER SERVICE STATE COLLEGE PA
117 AM EST SAT JAN 31 2015


...................................

...THE JOHNSTOWN CLIMATE SUMMARY FOR JANUARY 30 2015...

CLIMATE NORMAL PERIOD 1981 TO 2010
CLIMATE RECORD PERIOD 2000 TO 2015


WEATHER ITEM   OBSERVED TIME   RECORD YEAR NORMAL DEPARTURE LAST
                VALUE   (LST)  VALUE       VALUE  FROM      YEAR
                                                  NORMAL
..................................................................
TEMPERATURE (F)
 YESTERDAY
  MAXIMUM         30   1213 AM  70    1947  32     -2       27
  MINIMUM          8   1159 PM -20    1977  18    -10        2
  AVERAGE         19                        25     -6       15

PRECIPITATION (IN)
  YESTERDAY        0.04          1.26 1939   0.08  -0.04     0.00
  MONTH TO DATE    1.92                      2.79  -0.87     0.88
  SINCE DEC 1      4.25                      5.36  -1.11     4.05
  SINCE JAN 1      1.92                      2.79  -0.87     0.88

DEGREE DAYS
 HEATING
  YESTERDAY       46                        40      6       50
  MONTH TO DATE 1262                      1193     69     1387
  SINCE DEC 1   2268                      2320    -52     2450
  SINCE JUL 1   3779                      3777      2     4081

 COOLING
  YESTERDAY        0                         0      0        0
  MONTH TO DATE    0                         0      0        0
  SINCE DEC 1      0                         0      0        0
  SINCE JAN 1      0                         0      0        0
..................................................................


WIND (MPH)
  HIGHEST WIND SPEED    31   HIGHEST WIND DIRECTION    NW (300)
  HIGHEST GUST SPEED    40   HIGHEST GUST DIRECTION     W (290)
  AVERAGE WIND SPEED    20.8


SKY COVER
  POSSIBLE SUNSHINE  MM
  AVERAGE SKY COVER 1.0


WEATHER CONDITIONS
 THE FOLLOWING WEATHER WAS RECORDED YESTERDAY.
  HEAVY SNOW
  SNOW
  LIGHT SNOW
  FOG
  FOG W/VISIBILITY <= 1/4 MILE


RELATIVE HUMIDITY (PERCENT)
 HIGHEST    92           200 AM
 LOWEST     73          1100 AM
 AVERAGE    83

..........................................................


THE JOHNSTOWN CLIMATE NORMALS FOR TODAY
                         NORMAL    RECORD    YEAR
 MAXIMUM TEMPERATURE (F)   32        69      1916
 MINIMUM TEMPERATURE (F)   18        -8      1897


SUNRISE AND SUNSET
JANUARY 31 2015.......SUNRISE   726 AM EST   SUNSET   532 PM EST
FEBRUARY  1 2015......SUNRISE   725 AM EST   SUNSET   534 PM EST


-  INDICATES NEGATIVE NUMBERS.
R  INDICATES RECORD WAS SET OR TIED.
MM INDICATES DATA IS MISSING.
T  INDICATES TRACE AMOUNT.




$$
