000
CDUS43 KGRR 231351
CLIJXN


CLIMATE REPORT
NATIONAL WEATHER SERVICE GRAND RAPIDS, MI
947 AM EDT WED AUG 23 2017


...................................

...THE JACKSON MI CLIMATE SUMMARY FOR AUGUST 23 2017...
VALID AS OF 0900 AM LOCAL TIME.

CLIMATE NORMAL PERIOD 1981 TO 2010
CLIMATE RECORD PERIOD 1944 TO 9999


WEATHER ITEM   OBSERVED TIME   NORMAL DEPARTURE LAST
                VALUE   (LST)  VALUE  FROM      YEAR
                                      NORMAL
......................................................
TEMPERATURE (F)
 TODAY
  MAXIMUM         63    759 AM  80    -17       79
  MINIMUM         55    637 AM  58     -3       56
  AVERAGE         59            69    -10       68

PRECIPITATION (IN)
  TODAY            0.00          0.10  -0.10     0.00
  MONTH TO DATE    1.48          2.60  -1.12     8.25
  SINCE JUN 1      4.96          9.45  -4.49    15.55
  SINCE JAN 1     22.93         20.05   2.88    25.05

DEGREE DAYS
 HEATING
  TODAY            6             1      5        0
  MONTH TO DATE    8            19    -11        0
  SINCE JUN 1     39            85    -46       34
  SINCE JUL 1      8            30    -22        4

 COOLING
  TODAY            0             5     -5        3
  MONTH TO DATE   95           130    -35      205
  SINCE JUN 1    481           458     23      614
  SINCE JAN 1    517           495     22      667
......................................................


WIND (MPH)
  RESULTANT WIND SPEED   3   RESULTANT WIND DIRECTION  SW (240)
  HIGHEST WIND SPEED     8   HIGHEST WIND DIRECTION     W (260)
  HIGHEST GUST SPEED    12   HIGHEST GUST DIRECTION     W (250)
  AVERAGE WIND SPEED     3.0


SKY COVER
  AVERAGE SKY COVER 0.0


WEATHER CONDITIONS
 THE FOLLOWING WEATHER WAS RECORDED TODAY.
  NO SIGNIFICANT WEATHER WAS OBSERVED.


RELATIVE HUMIDITY (PERCENT)
 HIGHEST    93           100 AM
 LOWEST     72           800 AM
 AVERAGE    83

..........................................................


THE JACKSON MI CLIMATE NORMALS FOR TOMORROW
                         NORMAL
 MAXIMUM TEMPERATURE (F)   80
 MINIMUM TEMPERATURE (F)   58


SUNRISE AND SUNSET
AUGUST 23 2017........SUNRISE   654 AM EDT   SUNSET   826 PM EDT
AUGUST 24 2017........SUNRISE   655 AM EDT   SUNSET   824 PM EDT


-  INDICATES NEGATIVE NUMBERS.
R  INDICATES RECORD WAS SET OR TIED.
MM INDICATES DATA IS MISSING.
T  INDICATES TRACE AMOUNT.




$$

63
