000
CDUS43 KGRR 180514
CLIJXN


CLIMATE REPORT
NATIONAL WEATHER SERVICE GRAND RAPIDS, MI
114 AM EDT THU SEP 18 2014


...................................

...THE JACKSON MI CLIMATE SUMMARY FOR SEPTEMBER 17 2014...

CLIMATE NORMAL PERIOD 1981 TO 2010
CLIMATE RECORD PERIOD 1944 TO 9999


WEATHER ITEM   OBSERVED TIME   NORMAL DEPARTURE LAST
                VALUE   (LST)  VALUE  FROM      YEAR
                                      NORMAL
......................................................
TEMPERATURE (F)
 YESTERDAY
  MAXIMUM         67    428 PM  72     -5       67
  MINIMUM         37    642 AM  50    -13       37
  AVERAGE         52            61     -9       52

PRECIPITATION (IN)
  YESTERDAY        0.00          0.12  -0.12     0.00
  MONTH TO DATE    1.41          1.94  -0.53     2.22
  SINCE SEP 1      1.41          1.94  -0.53     2.22
  SINCE JAN 1     24.42         22.86   1.56    26.77

DEGREE DAYS
 HEATING
  YESTERDAY       13             5      8       13
  MONTH TO DATE   89            54     35       70
  SINCE SEP 1     89            54     35       70
  SINCE JUL 1    131            89     42      118

 COOLING
  YESTERDAY        0             2     -2        0
  MONTH TO DATE   49            45      4       55
  SINCE SEP 1     49            45      4       55
  SINCE JAN 1    495           574    -79      595
......................................................


WIND (MPH)
  RESULTANT WIND SPEED   1   RESULTANT WIND DIRECTION  SW (220)
  HIGHEST WIND SPEED    14   HIGHEST WIND DIRECTION    SW (240)
  HIGHEST GUST SPEED    22   HIGHEST GUST DIRECTION    SW (240)
  AVERAGE WIND SPEED     2.3


SKY COVER
  AVERAGE SKY COVER 0.1


WEATHER CONDITIONS
 THE FOLLOWING WEATHER WAS RECORDED YESTERDAY.
  FOG


RELATIVE HUMIDITY (PERCENT)
 HIGHEST   100           400 AM
 LOWEST     40           200 PM
 AVERAGE    70

..........................................................


THE JACKSON MI CLIMATE NORMALS FOR TODAY
                         NORMAL
 MAXIMUM TEMPERATURE (F)   72
 MINIMUM TEMPERATURE (F)   50


SUNRISE AND SUNSET
SEPTEMBER 18 2014.....SUNRISE   721 AM EDT   SUNSET   742 PM EDT
SEPTEMBER 19 2014.....SUNRISE   722 AM EDT   SUNSET   740 PM EDT


-  INDICATES NEGATIVE NUMBERS.
R  INDICATES RECORD WAS SET OR TIED.
MM INDICATES DATA IS MISSING.
T  INDICATES TRACE AMOUNT.




$$
