000
CDUS43 KGRR 201432
CLIJXN


CLIMATE REPORT
NATIONAL WEATHER SERVICE GRAND RAPIDS, MI
932 AM EST SAT DEC 20 2014


...................................

...THE JACKSON MI CLIMATE SUMMARY FOR DECEMBER 20 2014...
VALID AS OF 0900 AM LOCAL TIME.

CLIMATE NORMAL PERIOD 1981 TO 2010
CLIMATE RECORD PERIOD 1944 TO 9999


WEATHER ITEM   OBSERVED TIME   RECORD YEAR NORMAL DEPARTURE LAST
                VALUE   (LST)  VALUE       VALUE  FROM      YEAR
                                                  NORMAL
..................................................................
TEMPERATURE (F)
 TODAY
  MAXIMUM         27    859 AM  MM      MM  33     -6       42
  MINIMUM         19    221 AM  MM      MM  20     -1       33
  AVERAGE         23                        27     -4       38

PRECIPITATION (IN)
  TODAY            0.00         MM      MM   0.05  -0.05     0.29
  MONTH TO DATE    0.39                      1.22  -0.83     0.85
  SINCE DEC 1      0.39                      1.22  -0.83     0.85
  SINCE JAN 1     28.56                     30.85  -2.29    31.85

DEGREE DAYS
 HEATING
  TODAY           42                        38      4       27
  MONTH TO DATE  658                       707    -49      782
  SINCE DEC 1    658                       707    -49      782

 COOLING
  TODAY            0                         0      0        0
  MONTH TO DATE    0                         0      0        0
  SINCE DEC 1      0                         0      0        0
..................................................................


WIND (MPH)
  HIGHEST WIND SPEED     6   HIGHEST WIND DIRECTION     W (250)
  HIGHEST GUST SPEED     8   HIGHEST GUST DIRECTION     W (260)



WEATHER CONDITIONS
 THE FOLLOWING WEATHER WAS RECORDED TODAY.
  FOG


..........................................................




SUNRISE AND SUNSET
DECEMBER 20 2014......SUNRISE   803 AM EST   SUNSET   508 PM EST
DECEMBER 21 2014......SUNRISE   803 AM EST   SUNSET   509 PM EST


-  INDICATES NEGATIVE NUMBERS.
R  INDICATES RECORD WAS SET OR TIED.
MM INDICATES DATA IS MISSING.
T  INDICATES TRACE AMOUNT.




$$
