000
CDUS43 KGRR 022234
CLIJXN


CLIMATE REPORT
NATIONAL WEATHER SERVICE GRAND RAPIDS, MI
533 PM EST FRI DEC 2 2016


...................................

...THE JACKSON MI CLIMATE SUMMARY FOR DECEMBER 2 2016...
VALID TODAY AS OF 0500 PM LOCAL TIME.

CLIMATE NORMAL PERIOD 1981 TO 2010
CLIMATE RECORD PERIOD 1944 TO 9999


WEATHER ITEM   OBSERVED TIME   NORMAL DEPARTURE LAST
                VALUE   (LST)  VALUE  FROM      YEAR
                                      NORMAL
......................................................
TEMPERATURE (F)
 TODAY
  MAXIMUM         39   1235 PM  40     -1       40
  MINIMUM         33    838 AM  26      7       28
  AVERAGE         36            33      3       34

PRECIPITATION (IN)
  TODAY            0.13          0.07   0.06     0.04
  MONTH TO DATE    0.17          0.14   0.03     0.09
  SINCE DEC 1      0.17          0.14   0.03     0.09
  SINCE JAN 1     36.26         29.77   6.49    28.41

DEGREE DAYS
 HEATING
  TODAY           29            32     -3       31
  MONTH TO DATE   57            64     -7       57
  SINCE DEC 1     57            64     -7       57
  SINCE JUL 1   1027          1468   -441     1178

 COOLING
  TODAY            0             0      0        0
  MONTH TO DATE    0             0      0        0
  SINCE DEC 1      0             0      0        0
  SINCE JAN 1    829           592    237      540
......................................................


WIND (MPH)
  RESULTANT WIND SPEED  10   RESULTANT WIND DIRECTION   W (290)
  HIGHEST WIND SPEED    18   HIGHEST WIND DIRECTION    NW (300)
  HIGHEST GUST SPEED    23   HIGHEST GUST DIRECTION     W (270)
  AVERAGE WIND SPEED    11.8


SKY COVER
  AVERAGE SKY COVER 1.0


WEATHER CONDITIONS
 THE FOLLOWING WEATHER WAS RECORDED TODAY.
  LIGHT RAIN
  LIGHT SNOW
  FOG


RELATIVE HUMIDITY (PERCENT)
 HIGHEST   100           900 AM
 LOWEST     70           500 PM
 AVERAGE    85

..........................................................


THE JACKSON MI CLIMATE NORMALS FOR TOMORROW
                         NORMAL
 MAXIMUM TEMPERATURE (F)   39
 MINIMUM TEMPERATURE (F)   26


SUNRISE AND SUNSET
DECEMBER  2 2016......SUNRISE   749 AM EST   SUNSET   506 PM EST
DECEMBER  3 2016......SUNRISE   750 AM EST   SUNSET   506 PM EST


-  INDICATES NEGATIVE NUMBERS.
R  INDICATES RECORD WAS SET OR TIED.
MM INDICATES DATA IS MISSING.
T  INDICATES TRACE AMOUNT.




$$
