000
CDUS43 KGRR 301335
CLIJXN


CLIMATE REPORT
NATIONAL WEATHER SERVICE GRAND RAPIDS, MI
934 AM EDT TUE SEP 30 2014


...................................

...THE JACKSON MI CLIMATE SUMMARY FOR SEPTEMBER 30 2014...
VALID AS OF 0900 AM LOCAL TIME.

CLIMATE NORMAL PERIOD 1981 TO 2010
CLIMATE RECORD PERIOD 1944 TO 9999


WEATHER ITEM   OBSERVED TIME   RECORD YEAR NORMAL DEPARTURE LAST
                VALUE   (LST)  VALUE       VALUE  FROM      YEAR
                                                  NORMAL
..................................................................
TEMPERATURE (F)
 TODAY
  MAXIMUM         62   1201 AM  MM      MM  67     -5       71
  MINIMUM         49    728 AM  MM      MM  45      4       47
  AVERAGE         56                        56      0       59

PRECIPITATION (IN)
  TODAY            0.09         MM      MM   0.11  -0.02     0.00
  MONTH TO DATE    2.09                      3.48  -1.39     2.55
  SINCE SEP 1      2.09                      3.48  -1.39     2.55
  SINCE JAN 1     25.10                     24.40   0.70    27.10

DEGREE DAYS
 HEATING
  TODAY            9                        10     -1        6
  MONTH TO DATE  163                       155      8      160
  SINCE SEP 1    163                       153     10      160

 COOLING
  TODAY            0                         1     -1        0
  MONTH TO DATE   50                        57     -7       64
  SINCE SEP 1     50                        57     -7       64
..................................................................


WIND (MPH)
  HIGHEST WIND SPEED    14   HIGHEST WIND DIRECTION     N (350)
  HIGHEST GUST SPEED    20   HIGHEST GUST DIRECTION     N (340)



WEATHER CONDITIONS
 THE FOLLOWING WEATHER WAS RECORDED TODAY.
  LIGHT RAIN
  FOG


..........................................................




SUNRISE AND SUNSET
SEPTEMBER 30 2014.....SUNRISE   734 AM EDT   SUNSET   721 PM EDT
OCTOBER  1 2014.......SUNRISE   735 AM EDT   SUNSET   719 PM EDT


-  INDICATES NEGATIVE NUMBERS.
R  INDICATES RECORD WAS SET OR TIED.
MM INDICATES DATA IS MISSING.
T  INDICATES TRACE AMOUNT.




$$
