000
CDUS43 KGRR 271344
CLILAN


CLIMATE REPORT
NATIONAL WEATHER SERVICE GRAND RAPIDS, MI
942 AM EDT WED MAY 27 2015


...................................

...THE LANSING MI CLIMATE SUMMARY FOR MAY 27 2015...
VALID AS OF 0900 AM LOCAL TIME.

CLIMATE NORMAL PERIOD 1981 TO 2010
CLIMATE RECORD PERIOD 1864 TO 2015


WEATHER ITEM   OBSERVED TIME   RECORD YEAR NORMAL DEPARTURE LAST
                VALUE   (LST)  VALUE       VALUE  FROM      YEAR
                                                  NORMAL
..................................................................
TEMPERATURE (F)
 TODAY
  MAXIMUM         70    759 AM  93    1911  72     -2       81
  MINIMUM         64    434 AM  27    1961  50     14       66
  AVERAGE         67                        61      6       74

PRECIPITATION (IN)
  TODAY            0.00          1.92 2009   0.11  -0.11     0.11
  MONTH TO DATE    2.61                      2.90  -0.29     4.24
  SINCE MAR 1      4.64                      7.99  -3.35     7.29
  SINCE JAN 1      6.89                     11.11  -4.22    11.21

SNOWFALL (IN)
  TODAY            0.0           0.0    MM   0.0    0.0      0.0
  MONTH TO DATE    0.0                       0.0    0.0      0.0
  SINCE MAR 1      1.9                       8.9   -7.0     11.1
  SINCE JUL 1     35.6                      51.1  -15.5     69.1
  SNOW DEPTH       0

DEGREE DAYS
 HEATING
  TODAY            0                         5     -5        0
  MONTH TO DATE  150                       239    -89      227
  SINCE MAR 1   1662                      1702    -40     1971
  SINCE JUL 1   7156                      6637    519     7512

 COOLING
  TODAY            2                         2      0        9
  MONTH TO DATE   50                        26     24       30
  SINCE MAR 1     50                        33     17       30
  SINCE JAN 1     50                        33     17       30
..................................................................


WIND (MPH)
  RESULTANT WIND SPEED  13   RESULTANT WIND DIRECTION  SW (210)
  HIGHEST WIND SPEED    21   HIGHEST WIND DIRECTION    SW (220)
  HIGHEST GUST SPEED    28   HIGHEST GUST DIRECTION    SW (220)
  AVERAGE WIND SPEED    13.7


SKY COVER
  AVERAGE SKY COVER 0.3


WEATHER CONDITIONS
 THE FOLLOWING WEATHER WAS RECORDED TODAY.
  NO SIGNIFICANT WEATHER WAS OBSERVED.


RELATIVE HUMIDITY (PERCENT)
 HIGHEST    84           400 AM
 LOWEST     73           800 AM
 AVERAGE    79

..........................................................


THE LANSING MI CLIMATE NORMALS FOR TOMORROW
                         NORMAL    RECORD    YEAR
 MAXIMUM TEMPERATURE (F)   73        96      1874
 MINIMUM TEMPERATURE (F)   51        28      1884


SUNRISE AND SUNSET
MAY 27 2015...........SUNRISE   606 AM EDT   SUNSET   906 PM EDT
MAY 28 2015...........SUNRISE   605 AM EDT   SUNSET   907 PM EDT


-  INDICATES NEGATIVE NUMBERS.
R  INDICATES RECORD WAS SET OR TIED.
MM INDICATES DATA IS MISSING.
T  INDICATES TRACE AMOUNT.




$$

63
