000
CDUS45 KCYS 300727
CLILAR


CLIMATE REPORT
NATIONAL WEATHER SERVICE CHEYENNE WY
127 AM MDT THU JUL 30 2015


...................................

...THE LARAMIE WY AIRPORT CLIMATE SUMMARY FOR JULY 29 2015...

CLIMATE NORMAL PERIOD 1981 TO 2010
CLIMATE RECORD PERIOD 1948 TO 2015


WEATHER ITEM   OBSERVED TIME   RECORD YEAR NORMAL DEPARTURE LAST
                VALUE   (LST)  VALUE       VALUE  FROM      YEAR
                                                  NORMAL
..................................................................
TEMPERATURE (F)
 YESTERDAY
  MAXIMUM         79    341 PM  93    2006  80     -1       73
  MINIMUM         44    538 AM  39    1967  49     -5       53
  AVERAGE         62                        65     -3       63

PRECIPITATION (IN)
  YESTERDAY        0.00          1.02 2014   0.05  -0.05     1.02
  MONTH TO DATE    2.36                      1.33   1.03     2.98
  SINCE JAN 1      8.53                      6.82   1.71     8.82

DEGREE DAYS
 HEATING
  YESTERDAY        3                         2      1        2
  MONTH TO DATE   72                        68      4       39
  SINCE JUN 1    192                       309   -117      281
  SINCE JUL 1     72                        68      4       39

 COOLING
  YESTERDAY        0                         1     -1        0
  MONTH TO DATE   20                        35    -15       62
  SINCE JUN 1     34                        42     -8       65
  SINCE JAN 1     34                        42     -8       65
..................................................................


WIND (MPH)
  HIGHEST WIND SPEED    14   HIGHEST WIND DIRECTION    NE (30)
  HIGHEST GUST SPEED    19   HIGHEST GUST DIRECTION    NE (30)
  AVERAGE WIND SPEED     6.9


SKY COVER
  AVERAGE SKY COVER 0.0


WEATHER CONDITIONS
 THE FOLLOWING WEATHER WAS RECORDED YESTERDAY.
  NO SIGNIFICANT WEATHER WAS OBSERVED.


RELATIVE HUMIDITY (PERCENT)
 HIGHEST    67          1100 PM
 LOWEST     14           600 PM
 AVERAGE    41

..........................................................


THE LARAMIE WY AIRPORT CLIMATE NORMALS FOR TODAY
                         NORMAL    RECORD    YEAR
 MAXIMUM TEMPERATURE (F)   80        92      2006
 MINIMUM TEMPERATURE (F)   49        35      1971


SUNRISE AND SUNSET
JULY 30 2015..........SUNRISE   556 AM MDT   SUNSET   822 PM MDT
JULY 31 2015..........SUNRISE   557 AM MDT   SUNSET   821 PM MDT


-  INDICATES NEGATIVE NUMBERS.
R  INDICATES RECORD WAS SET OR TIED.
MM INDICATES DATA IS MISSING.
T  INDICATES TRACE AMOUNT.




$$
