000
CDUS45 KCYS 060736
CLILAR


CLIMATE REPORT
NATIONAL WEATHER SERVICE CHEYENNE WY
1235 AM MST SAT FEB 6 2016


...................................

...THE LARAMIE WY AIRPORT CLIMATE SUMMARY FOR FEBRUARY 5 2016...

CLIMATE NORMAL PERIOD 1981 TO 2010
CLIMATE RECORD PERIOD 1948 TO 2016


WEATHER ITEM   OBSERVED TIME   RECORD YEAR NORMAL DEPARTURE LAST
                VALUE   (LST)  VALUE       VALUE  FROM      YEAR
                                                  NORMAL
..................................................................
TEMPERATURE (F)
 YESTERDAY
  MAXIMUM         27    154 PM  52    1978  34     -7       50
                                      1954
  MINIMUM          7    756 AM -33    1989  10     -3       26
  AVERAGE         17                        22     -5       38

PRECIPITATION (IN)
  YESTERDAY        0.00          0.09 1976   0.01  -0.01     0.00
  MONTH TO DATE    0.01                      0.06  -0.05     0.27
  SINCE JAN 1      0.20                      0.33  -0.13     0.39

DEGREE DAYS
 HEATING
  YESTERDAY       48                        43      5       27
  MONTH TO DATE  202                       215    -13      163
  SINCE DEC 1   3049                      2918    131     2661
  SINCE JUL 1   4973                      5230   -257     4789

 COOLING
  YESTERDAY        0                         0      0        0
  MONTH TO DATE    0                         0      0        0
  SINCE DEC 1      0                         0      0        0
  SINCE JAN 1      0                         0      0        0
..................................................................


WIND (MPH)
  HIGHEST WIND SPEED    23   HIGHEST WIND DIRECTION    SW (230)
  HIGHEST GUST SPEED    29   HIGHEST GUST DIRECTION    SW (230)
  AVERAGE WIND SPEED     9.8


SKY COVER
  AVERAGE SKY COVER 0.1


WEATHER CONDITIONS
 THE FOLLOWING WEATHER WAS RECORDED YESTERDAY.
  NO SIGNIFICANT WEATHER WAS OBSERVED.


RELATIVE HUMIDITY (PERCENT)
 HIGHEST    73           800 AM
 LOWEST     54           600 PM
 AVERAGE    64

..........................................................


THE LARAMIE WY AIRPORT CLIMATE NORMALS FOR TODAY
                         NORMAL    RECORD    YEAR
 MAXIMUM TEMPERATURE (F)   34        57      2015
 MINIMUM TEMPERATURE (F)   10       -37      1989


SUNRISE AND SUNSET
FEBRUARY  6 2016......SUNRISE   709 AM MST   SUNSET   525 PM MST
FEBRUARY  7 2016......SUNRISE   708 AM MST   SUNSET   526 PM MST


-  INDICATES NEGATIVE NUMBERS.
R  INDICATES RECORD WAS SET OR TIED.
MM INDICATES DATA IS MISSING.
T  INDICATES TRACE AMOUNT.




$$
