000
CDUS45 KVEF 260036
CLILAS


CLIMATE REPORT
NATIONAL WEATHER SERVICE LAS VEGAS, NV
435 PM PST SUN JAN 25 2015


...................................

...THE LAS VEGAS NV CLIMATE SUMMARY FOR JANUARY 25 2015...
VALID TODAY AS OF 0400 PM LOCAL TIME.

CLIMATE NORMAL PERIOD 1981 TO 2010
CLIMATE RECORD PERIOD 1937 TO 2015


WEATHER ITEM   OBSERVED TIME   RECORD YEAR NORMAL DEPARTURE LAST
                VALUE   (LST)  VALUE       VALUE  FROM      YEAR
                                                  NORMAL
..................................................................
TEMPERATURE (F)
 TODAY
  MAXIMUM         73    358 PM  75    1953  59     14       67
  MINIMUM         45    617 AM   8    1937  40      5       48
  AVERAGE         59                        50      9       58

PRECIPITATION (IN)
  TODAY            0.00          0.65 1995   0.01  -0.01     0.00
  MONTH TO DATE    0.47                      0.43   0.04     0.00
  SINCE OCT 1      0.77                      1.56  -0.79     1.42
  SINCE JAN 1      0.47                      0.43   0.04     0.00

SNOWFALL (IN)
  TODAY            0.0           4.7  1949   0.0    0.0      0.0
  MONTH TO DATE    0.0                       0.0    0.0      0.0
  SINCE DEC 1      T                         0.2   -0.2      0.0
  SINCE JUL 1      T                         0.2   -0.2      0.0
  SNOW DEPTH      MM

DEGREE DAYS
 HEATING
  TODAY            6                        16    -10        7
  MONTH TO DATE  323                       415    -92      306
  SINCE DEC 1    747                       953   -206      846
  SINCE JUL 1    920                      1262   -342     1109

 COOLING
  TODAY            0                         0      0        0
  MONTH TO DATE    0                         0      0        0
  SINCE DEC 1      0                         0      0        0
  SINCE JAN 1      0                         0      0        0
..................................................................


WIND (MPH)
  RESULTANT WIND SPEED   5   RESULTANT WIND DIRECTION   S (200)
  HIGHEST WIND SPEED    13   HIGHEST WIND DIRECTION     S (200)
  HIGHEST GUST SPEED    15   HIGHEST GUST DIRECTION    NE (40)
  AVERAGE WIND SPEED     5.9


SKY COVER
  POSSIBLE SUNSHINE  MM
  AVERAGE SKY COVER 0.0


WEATHER CONDITIONS
 THE FOLLOWING WEATHER WAS RECORDED TODAY.
  NO SIGNIFICANT WEATHER WAS OBSERVED.


RELATIVE HUMIDITY (PERCENT)
 HIGHEST    45           600 AM
 LOWEST     20           300 PM
 AVERAGE    33

..........................................................


THE LAS VEGAS NV CLIMATE NORMALS FOR TOMORROW
                         NORMAL    RECORD    YEAR
 MAXIMUM TEMPERATURE (F)   59        77      1975
 MINIMUM TEMPERATURE (F)   40        10      1937


SUNRISE AND SUNSET
JANUARY 25 2015.......SUNRISE   646 AM PST   SUNSET   500 PM PST
JANUARY 26 2015.......SUNRISE   646 AM PST   SUNSET   501 PM PST


-  INDICATES NEGATIVE NUMBERS.
R  INDICATES RECORD WAS SET OR TIED.
MM INDICATES DATA IS MISSING.
T  INDICATES TRACE AMOUNT.




$$
