000
CDUS45 KVEF 300826
CLILAS


CLIMATE REPORT
NATIONAL WEATHER SERVICE LAS VEGAS, NV
126 AM PDT THU OCT 30 2014


...................................

...THE LAS VEGAS NV CLIMATE SUMMARY FOR OCTOBER 29 2014...

CLIMATE NORMAL PERIOD 1981 TO 2010
CLIMATE RECORD PERIOD 1937 TO 2014


WEATHER ITEM   OBSERVED TIME   RECORD YEAR NORMAL DEPARTURE LAST
                VALUE   (LST)  VALUE       VALUE  FROM      YEAR
                                                  NORMAL
..................................................................
TEMPERATURE (F)
 YESTERDAY
  MAXIMUM         82    340 PM  90    1950  75      7       63
                                      1937
  MINIMUM         56    450 AM  30    1971  54      2       50
  AVERAGE         69                        64      5       57

PRECIPITATION (IN)
  YESTERDAY        0.00          0.09 1942   0.01  -0.01     0.00
  MONTH TO DATE    T                         0.25  -0.25      T
  SINCE OCT 1      T                         0.25  -0.25      T
  SINCE JAN 1      1.51                      3.31  -1.80     1.54

SNOWFALL (IN)
  YESTERDAY        0.0           0.0    MM   0.0    0.0      0.0
  MONTH TO DATE    0.0                       0.0    0.0      0.0
  SINCE SEP 1      0.0                       0.0    0.0      0.0
  SINCE JUL 1      0.0                       0.0    0.0      0.0
  SNOW DEPTH       0

DEGREE DAYS
 HEATING
  YESTERDAY        0                         3     -3        8
  MONTH TO DATE    0                        30    -30       31
  SINCE SEP 1      0                        31    -31       31
  SINCE JUL 1      0                        31    -31       31

 COOLING
  YESTERDAY        4                         2      2        0
  MONTH TO DATE  295                       174    121      103
  SINCE SEP 1    915                       702    213      589
  SINCE JAN 1   3940                      3551    389     3761
..................................................................


WIND (MPH)
  RESULTANT WIND SPEED   7   RESULTANT WIND DIRECTION   S (200)
  HIGHEST WIND SPEED    14   HIGHEST WIND DIRECTION     S (200)
  HIGHEST GUST SPEED    15   HIGHEST GUST DIRECTION     S (200)
  AVERAGE WIND SPEED     7.0


SKY COVER
  POSSIBLE SUNSHINE  MM
  AVERAGE SKY COVER 0.0


WEATHER CONDITIONS
 THE FOLLOWING WEATHER WAS RECORDED YESTERDAY.
  NO SIGNIFICANT WEATHER WAS OBSERVED.


RELATIVE HUMIDITY (PERCENT)
 HIGHEST    24           200 AM
 LOWEST      9           100 PM
 AVERAGE    17

..........................................................


THE LAS VEGAS NV CLIMATE NORMALS FOR TODAY
                         NORMAL    RECORD    YEAR
 MAXIMUM TEMPERATURE (F)   74        87      1937
 MINIMUM TEMPERATURE (F)   53        26      1971


SUNRISE AND SUNSET
OCTOBER 30 2014.......SUNRISE   701 AM PDT   SUNSET   547 PM PDT
OCTOBER 31 2014.......SUNRISE   702 AM PDT   SUNSET   546 PM PDT


-  INDICATES NEGATIVE NUMBERS.
R  INDICATES RECORD WAS SET OR TIED.
MM INDICATES DATA IS MISSING.
T  INDICATES TRACE AMOUNT.




$$
