551
CDUS45 KVEF 240834
CLILAS


CLIMATE REPORT
NATIONAL WEATHER SERVICE LAS VEGAS, NV
133 AM PDT WED AUG 24 2016


...................................

...THE LAS VEGAS NV CLIMATE SUMMARY FOR AUGUST 23 2016...

CLIMATE NORMAL PERIOD 1981 TO 2010
CLIMATE RECORD PERIOD 1937 TO 2016


WEATHER ITEM   OBSERVED TIME   RECORD YEAR NORMAL DEPARTURE LAST
                VALUE   (LST)  VALUE       VALUE  FROM      YEAR
                                                  NORMAL
..................................................................
TEMPERATURE (F)
 YESTERDAY
  MAXIMUM         93        MM 110    2011 101     -8      107
  MINIMUM         71    400 AM  56    1947  78     -7       81
  AVERAGE         82                        90     -8       94

PRECIPITATION (IN)
  YESTERDAY        0.03          0.05 1982   0.01   0.02     0.00
  MONTH TO DATE    0.16                      0.26  -0.10     0.68
  SINCE OCT 1      5.11                      3.87   1.24     3.36
  SINCE JAN 1      3.70                      2.74   0.96     3.06

SNOWFALL (IN)
  YESTERDAY        0.0           0.0    MM   0.0    0.0      0.0
  MONTH TO DATE    0.0                       0.0    0.0      0.0
  SINCE JUN 1      0.0                       0.0    0.0      0.0
  SINCE JUL 1      0.0                       0.0    0.0      0.0
  SNOW DEPTH       0

DEGREE DAYS
 HEATING
  YESTERDAY        0                         0      0        0
  MONTH TO DATE    0                         0      0        0
  SINCE JUN 1      0                         1     -1        0
  SINCE JUL 1      0                         0      0        0

 COOLING
  YESTERDAY       17                        25     -8       29
  MONTH TO DATE  626                       604     22      648
  SINCE JUN 1   2417                      2108    309     2264
  SINCE JAN 1   2953                      2658    295     2867
..................................................................


WIND (MPH)
  RESULTANT WIND SPEED   3   RESULTANT WIND DIRECTION  NE (60)
  HIGHEST WIND SPEED    13   HIGHEST WIND DIRECTION    NE (50)
  HIGHEST GUST SPEED    MM   HIGHEST GUST DIRECTION    MM
  AVERAGE WIND SPEED     4.3


SKY COVER
  POSSIBLE SUNSHINE  MM
  AVERAGE SKY COVER 0.5


WEATHER CONDITIONS
 THE FOLLOWING WEATHER WAS RECORDED YESTERDAY.
  THUNDERSTORM
  LIGHT RAIN


RELATIVE HUMIDITY (PERCENT)
 HIGHEST    61           200 AM
 LOWEST     27           800 PM
 AVERAGE    44

..........................................................


THE LAS VEGAS NV CLIMATE NORMALS FOR TODAY
                         NORMAL    RECORD    YEAR
 MAXIMUM TEMPERATURE (F)  101       112      2011
 MINIMUM TEMPERATURE (F)   78        56      1968


SUNRISE AND SUNSET
AUGUST 24 2016........SUNRISE   607 AM PDT   SUNSET   718 PM PDT
AUGUST 25 2016........SUNRISE   607 AM PDT   SUNSET   717 PM PDT


-  INDICATES NEGATIVE NUMBERS.
R  INDICATES RECORD WAS SET OR TIED.
MM INDICATES DATA IS MISSING.
T  INDICATES TRACE AMOUNT.




$$
