024
CDUS46 KLOX 280114
CLILAX


CLIMATE REPORT
NATIONAL WEATHER SERVICE LOS ANGELES/OXNARD CA
614 PM PDT MON MAR 27 2017


...................................

...THE LOS ANGELES AIRPORT CLIMATE SUMMARY FOR MARCH 27 2017...
VALID TODAY AS OF 0600 PM LOCAL TIME.

CLIMATE NORMAL PERIOD 1981 TO 2010
CLIMATE RECORD PERIOD 1944 TO 2017


WEATHER ITEM   OBSERVED TIME   RECORD YEAR NORMAL DEPARTURE LAST
                VALUE   (LST)  VALUE       VALUE  FROM      YEAR
                                                  NORMAL
..................................................................
TEMPERATURE (F)
 TODAY
  MAXIMUM         68   1141 AM  87    1952  65      3       67
  MINIMUM         53    551 AM  40    1945  52      1       58
  AVERAGE         61                        58      3       63

PRECIPITATION (IN)
  TODAY            0.00          1.61 1979   0.04  -0.04     0.00
  MONTH TO DATE    0.08                      1.69  -1.61     1.40
  SINCE OCT 1     15.81                     11.37   4.44     6.31
  SINCE JAN 1     11.56                      7.65   3.91     5.07

SNOWFALL (IN)
  TODAY            0.0
  MONTH TO DATE    0.0
  SINCE MAR 1      0.0
  SINCE JUL 1      0.0

DEGREE DAYS
 HEATING
  TODAY            4                         7     -3        2
  MONTH TO DATE  106                       192    -86      103
  SINCE MAR 1    106                       192    -86      103
  SINCE JUL 1    879                      1121   -242      799

 COOLING
  TODAY            0                         0      0        0
  MONTH TO DATE    2                         0      2        1
  SINCE MAR 1      2                         0      2        1
  SINCE JAN 1      2                         9     -7       58
..................................................................


WIND (MPH)
  HIGHEST WIND SPEED    29   HIGHEST WIND DIRECTION     W (270)
  HIGHEST GUST SPEED    34   HIGHEST GUST DIRECTION     W (280)
  AVERAGE WIND SPEED    11.0


SKY COVER
  POSSIBLE SUNSHINE  MM
  AVERAGE SKY COVER 0.4


WEATHER CONDITIONS
 THE FOLLOWING WEATHER WAS RECORDED TODAY.
  FOG
  HAZE


RELATIVE HUMIDITY (PERCENT)
 HIGHEST    93           300 AM
 LOWEST     58           200 PM
 AVERAGE    76

..........................................................


THE LOS ANGELES AIRPORT CLIMATE NORMALS FOR TOMORROW
                         NORMAL    RECORD    YEAR
 MAXIMUM TEMPERATURE (F)   65        83      2004
 MINIMUM TEMPERATURE (F)   52        42      1945


SUNRISE AND SUNSET
MARCH 27 2017.........SUNRISE   647 AM PDT   SUNSET   711 PM PDT
MARCH 28 2017.........SUNRISE   646 AM PDT   SUNSET   712 PM PDT


-  INDICATES NEGATIVE NUMBERS.
R  INDICATES RECORD WAS SET OR TIED.
MM INDICATES DATA IS MISSING.
T  INDICATES TRACE AMOUNT.




$$
