000
CDUS46 KLOX 240858
CLILAX


CLIMATE REPORT
NATIONAL WEATHER SERVICE LOS ANGELES/OXNARD CA
158 AM PDT WED MAY 24 2017


...................................

...THE LOS ANGELES INTL AIRPORT CA CLIMATE SUMMARY FOR MAY 23 2017...

CLIMATE NORMAL PERIOD 1981 TO 2010
CLIMATE RECORD PERIOD 1944 TO 2017


WEATHER ITEM   OBSERVED TIME   RECORD YEAR NORMAL DEPARTURE LAST
                VALUE   (LST)  VALUE       VALUE  FROM      YEAR
                                                  NORMAL
..................................................................
TEMPERATURE (F)
 YESTERDAY
  MAXIMUM         73    842 AM  81    1949  68      5       71
  MINIMUM         58   1142 PM  49    1960  58      0       56
  AVERAGE         66                        63      3       64

PRECIPITATION (IN)
  YESTERDAY        0.00          0.11 2008   0.00   0.00     0.00
  MONTH TO DATE    0.13                      0.18  -0.05     0.59
  SINCE OCT 1     16.32                     12.41   3.91     7.25
  SINCE JAN 1     12.07                      8.69   3.38     6.01

SNOWFALL (IN)
  YESTERDAY        0.0
  MONTH TO DATE    0.0
  SINCE MAR 1      0.0
  SINCE JUL 1      0.0

DEGREE DAYS
 HEATING
  YESTERDAY        0                         2     -2        1
  MONTH TO DATE   57                        70    -13       49
  SINCE MAR 1    236                       449   -213      251
  SINCE JUL 1   1009                      1378   -369      947

 COOLING
  YESTERDAY        1                         0      1        0
  MONTH TO DATE   23                         4     19        1
  SINCE MAR 1     58                        21     37       36
  SINCE JAN 1     58                        30     28       93
..................................................................


WIND (MPH)
  HIGHEST WIND SPEED    22   HIGHEST WIND DIRECTION     W (260)
  HIGHEST GUST SPEED    26   HIGHEST GUST DIRECTION     W (260)
  AVERAGE WIND SPEED     8.7


SKY COVER
  POSSIBLE SUNSHINE  MM
  AVERAGE SKY COVER 0.6


WEATHER CONDITIONS
 THE FOLLOWING WEATHER WAS RECORDED YESTERDAY.
  FOG
  HAZE


RELATIVE HUMIDITY (PERCENT)
 HIGHEST    93           100 AM
 LOWEST     66           900 AM
 AVERAGE    80

..........................................................


THE LOS ANGELES INTL AIRPORT CA CLIMATE NORMALS FOR TODAY
                         NORMAL    RECORD    YEAR
 MAXIMUM TEMPERATURE (F)   68        80      1949
 MINIMUM TEMPERATURE (F)   58        50      1980
                                             1945


SUNRISE AND SUNSET
MAY 24 2017...........SUNRISE   547 AM PDT   SUNSET   755 PM PDT
MAY 25 2017...........SUNRISE   546 AM PDT   SUNSET   755 PM PDT


-  INDICATES NEGATIVE NUMBERS.
R  INDICATES RECORD WAS SET OR TIED.
MM INDICATES DATA IS MISSING.
T  INDICATES TRACE AMOUNT.




$$
