000
CDUS46 KLOX 280115
CLILAX


CLIMATE REPORT
NATIONAL WEATHER SERVICE LOS ANGELES/OXNARD CA
614 PM PDT THU AUG 27 2015


...................................

...THE LOS ANGELES AIRPORT CLIMATE SUMMARY FOR AUGUST 27 2015...
VALID TODAY AS OF 0600 PM LOCAL TIME.

CLIMATE NORMAL PERIOD 1981 TO 2010
CLIMATE RECORD PERIOD 1944 TO 2015


WEATHER ITEM   OBSERVED TIME   RECORD YEAR NORMAL DEPARTURE LAST
                VALUE   (LST)  VALUE       VALUE  FROM      YEAR
                                                  NORMAL
..................................................................
TEMPERATURE (F)
 TODAY
  MAXIMUM         83    125 PM  91    1981  75      8       83
  MINIMUM         71    611 AM  57    1953  64      7       67
  AVERAGE         77                        70      7       75

PRECIPITATION (IN)
  TODAY            0.00          T    1956   0.00   0.00     0.00
  MONTH TO DATE    0.00                      0.04  -0.04     0.03
  SINCE OCT 1      7.61                     12.60  -4.99     4.59
  SINCE JAN 1      2.91                      8.88  -5.97     3.58

SNOWFALL (IN)
  TODAY            0.0
  MONTH TO DATE    0.0
  SINCE JUN 1      0.0
  SINCE JUL 1      0.0

DEGREE DAYS
 HEATING
  TODAY            0                         0      0        0
  MONTH TO DATE    0                         0      0        0
  SINCE JUN 1     11                        27    -16        1
  SINCE JUL 1      0                         2     -2        0

 COOLING
  TODAY           12                         5      7       10
  MONTH TO DATE  200                       129     71      165
  SINCE JUN 1    427                       290    137      472
  SINCE JAN 1    540                       330    210      683
..................................................................


WIND (MPH)
  HIGHEST WIND SPEED    15   HIGHEST WIND DIRECTION     W (280)
  HIGHEST GUST SPEED    18   HIGHEST GUST DIRECTION    SW (220)
  AVERAGE WIND SPEED     6.1


SKY COVER
  POSSIBLE SUNSHINE  MM
  AVERAGE SKY COVER 0.3


WEATHER CONDITIONS
 THE FOLLOWING WEATHER WAS RECORDED TODAY.
  HAZE


RELATIVE HUMIDITY (PERCENT)
 HIGHEST    90           600 AM
 LOWEST     54           300 PM
 AVERAGE    72

..........................................................


THE LOS ANGELES AIRPORT CLIMATE NORMALS FOR TOMORROW
                         NORMAL    RECORD    YEAR
 MAXIMUM TEMPERATURE (F)   75        89      2009
 MINIMUM TEMPERATURE (F)   64        57      1947


SUNRISE AND SUNSET
AUGUST 27 2015........SUNRISE   624 AM PDT   SUNSET   726 PM PDT
AUGUST 28 2015........SUNRISE   624 AM PDT   SUNSET   725 PM PDT


-  INDICATES NEGATIVE NUMBERS.
R  INDICATES RECORD WAS SET OR TIED.
MM INDICATES DATA IS MISSING.
T  INDICATES TRACE AMOUNT.




$$
