000
CDUS46 KLOX 260118
CLILAX


CLIMATE REPORT
NATIONAL WEATHER SERVICE LOS ANGELES/OXNARD CA
618 PM PDT THU AUG 25 2016


...................................

...THE LOS ANGELES AIRPORT CLIMATE SUMMARY FOR AUGUST 25 2016...
VALID TODAY AS OF 0600 PM LOCAL TIME.

CLIMATE NORMAL PERIOD 1981 TO 2010
CLIMATE RECORD PERIOD 1944 TO 2016


WEATHER ITEM   OBSERVED TIME   RECORD YEAR NORMAL DEPARTURE LAST
                VALUE   (LST)  VALUE       VALUE  FROM      YEAR
                                                  NORMAL
..................................................................
TEMPERATURE (F)
 TODAY
  MAXIMUM         75   1148 AM  84    1984  75      0       83
                                      1981
  MINIMUM         64    532 AM  55    1944  64      0       68
  AVERAGE         70                        70      0       76

PRECIPITATION (IN)
  TODAY            0.00          T    1989   0.00   0.00     0.00
                                      1975
                                      1959
  MONTH TO DATE    0.00                      0.04  -0.04     0.00
  SINCE OCT 1      7.25                     12.60  -5.35     7.61
  SINCE JAN 1      6.01                      8.88  -2.87     2.91

SNOWFALL (IN)
  TODAY            0.0
  MONTH TO DATE    0.0
  SINCE JUN 1      0.0
  SINCE JUL 1      0.0

DEGREE DAYS
 HEATING
  TODAY            0                         0      0        0
  MONTH TO DATE    0                         0      0        0
  SINCE JUN 1     16                        27    -11       11
  SINCE JUL 1      0                         2     -2        0

 COOLING
  TODAY            5                         5      0       11
  MONTH TO DATE  146                       119     27      178
  SINCE JUN 1    452                       280    172      405
  SINCE JAN 1    545                       320    225      518
..................................................................


WIND (MPH)
  HIGHEST WIND SPEED    16   HIGHEST WIND DIRECTION     W (260)
  HIGHEST GUST SPEED    20   HIGHEST GUST DIRECTION     W (250)
  AVERAGE WIND SPEED     5.2


SKY COVER
  POSSIBLE SUNSHINE  MM
  AVERAGE SKY COVER 0.3


WEATHER CONDITIONS
 THE FOLLOWING WEATHER WAS RECORDED TODAY.
  HAZE


RELATIVE HUMIDITY (PERCENT)
 HIGHEST    87          1200 AM
 LOWEST     64          1100 AM
 AVERAGE    76

..........................................................


THE LOS ANGELES AIRPORT CLIMATE NORMALS FOR TOMORROW
                         NORMAL    RECORD    YEAR
 MAXIMUM TEMPERATURE (F)   75        94      1985
 MINIMUM TEMPERATURE (F)   64        57      1944


SUNRISE AND SUNSET
AUGUST 25 2016........SUNRISE   623 AM PDT   SUNSET   728 PM PDT
AUGUST 26 2016........SUNRISE   623 AM PDT   SUNSET   726 PM PDT


-  INDICATES NEGATIVE NUMBERS.
R  INDICATES RECORD WAS SET OR TIED.
MM INDICATES DATA IS MISSING.
T  INDICATES TRACE AMOUNT.




$$
