000
CDUS46 KLOX 200921
CLILAX


CLIMATE REPORT
NATIONAL WEATHER SERVICE LOS ANGELES/OXNARD CA
220 AM PDT SUN APR 20 2014


...................................

...THE LOS ANGELES INTL AIRPORT CA CLIMATE SUMMARY FOR APRIL 19 2014...

CLIMATE NORMAL PERIOD 1981 TO 2010
CLIMATE RECORD PERIOD 1944 TO 2014


WEATHER ITEM   OBSERVED TIME   RECORD YEAR NORMAL DEPARTURE LAST
                VALUE   (LST)  VALUE       VALUE  FROM      YEAR
                                                  NORMAL
..................................................................
TEMPERATURE (F)
 YESTERDAY
  MAXIMUM         67    252 PM  87    2009  67      0       79
  MINIMUM         58    505 AM  46    1995  54      4       54
  AVERAGE         63                        60      3       67

PRECIPITATION (IN)
  YESTERDAY        0.00          0.38 1988   0.02  -0.02     0.00
  MONTH TO DATE    0.17                      0.51  -0.34     0.06
  SINCE JUL 1      4.36                     12.33  -7.97     6.50
  SINCE JAN 1      3.32                      8.32  -5.00     2.22

SNOWFALL (IN)
  YESTERDAY        0.0
  MONTH TO DATE    0.0
  SINCE MAR 1      0.0
  SINCE JUL 1      0.0

DEGREE DAYS
 HEATING
  YESTERDAY        2                         5     -3        0
  MONTH TO DATE   72                       108    -36       62
  SINCE MAR 1    162                       329   -167      241
  SINCE JUL 1    717                      1258   -541     1109

 COOLING
  YESTERDAY        0                         0      0        2
  MONTH TO DATE    9                         0      9        2
  SINCE MAR 1     28                         6     22       10
  SINCE JAN 1     44                        15     29       18
..................................................................


WIND (MPH)
  HIGHEST WIND SPEED    18   HIGHEST WIND DIRECTION     W (260)
  HIGHEST GUST SPEED    22   HIGHEST GUST DIRECTION     W (270)
  AVERAGE WIND SPEED     7.2


SKY COVER
  POSSIBLE SUNSHINE  MM
  AVERAGE SKY COVER 0.5


WEATHER CONDITIONS
 THE FOLLOWING WEATHER WAS RECORDED YESTERDAY.
  FOG


RELATIVE HUMIDITY (PERCENT)
 HIGHEST    87           500 AM
 LOWEST     58           100 PM
 AVERAGE    73

..........................................................


THE LOS ANGELES INTL AIRPORT CA CLIMATE NORMALS FOR TODAY
                         NORMAL    RECORD    YEAR
 MAXIMUM TEMPERATURE (F)   67        95      2009
 MINIMUM TEMPERATURE (F)   54        47      1972


SUNRISE AND SUNSET
APRIL 20 2014.........SUNRISE   617 AM PDT   SUNSET   729 PM PDT
APRIL 21 2014.........SUNRISE   615 AM PDT   SUNSET   730 PM PDT


-  INDICATES NEGATIVE NUMBERS.
R  INDICATES RECORD WAS SET OR TIED.
MM INDICATES DATA IS MISSING.
T  INDICATES TRACE AMOUNT.




$$
