000
CDUS46 KLOX 230901
CLILAX


CLIMATE REPORT
NATIONAL WEATHER SERVICE LOS ANGELES/OXNARD CA
200 AM PDT MON OCT 23 2017


...................................

...THE LOS ANGELES INTL AIRPORT CA CLIMATE SUMMARY FOR OCTOBER 22 2017...

CLIMATE NORMAL PERIOD 1981 TO 2010
CLIMATE RECORD PERIOD 1944 TO 2017


WEATHER ITEM   OBSERVED TIME   RECORD YEAR NORMAL DEPARTURE LAST
                VALUE   (LST)  VALUE       VALUE  FROM      YEAR
                                                  NORMAL
..................................................................
TEMPERATURE (F)
 YESTERDAY
  MAXIMUM         87   1045 AM 101    1965  72     15       78
  MINIMUM         60    123 AM  46    1949  58      2       60
  AVERAGE         74                        65      9       69

PRECIPITATION (IN)
  YESTERDAY        0.00          0.51 1987   0.02  -0.02     0.00
  MONTH TO DATE    0.00                      0.34  -0.34     0.26
  SINCE OCT 1      0.00                      0.34  -0.34     0.26
  SINCE JAN 1     12.15                      9.44   2.71     6.28

SNOWFALL (IN)
  YESTERDAY        0.0
  MONTH TO DATE    0.0
  SINCE SEP 1      0.0
  SINCE JUL 1      0.0

DEGREE DAYS
 HEATING
  YESTERDAY        0                         1     -1        0
  MONTH TO DATE    0                        19    -19        1
  SINCE SEP 1      1                        24    -23        1
  SINCE JUL 1      1                        28    -27        1

 COOLING
  YESTERDAY        9                         2      7        4
  MONTH TO DATE  125                        51     74       89
  SINCE SEP 1    329                       173    156      279
  SINCE JAN 1    893                       519    374      861
..................................................................


WIND (MPH)
  HIGHEST WIND SPEED    15   HIGHEST WIND DIRECTION     W (270)
  HIGHEST GUST SPEED    17   HIGHEST GUST DIRECTION     W (270)
  AVERAGE WIND SPEED     6.0


SKY COVER
  POSSIBLE SUNSHINE  MM
  AVERAGE SKY COVER 0.1


WEATHER CONDITIONS
 THE FOLLOWING WEATHER WAS RECORDED YESTERDAY.
  NO SIGNIFICANT WEATHER WAS OBSERVED.


RELATIVE HUMIDITY (PERCENT)
 HIGHEST    68           800 PM
 LOWEST     14          1000 AM
 AVERAGE    41

..........................................................


THE LOS ANGELES INTL AIRPORT CA CLIMATE NORMALS FOR TODAY
                         NORMAL    RECORD    YEAR
 MAXIMUM TEMPERATURE (F)   72        97      1965
 MINIMUM TEMPERATURE (F)   58        47      1949


SUNRISE AND SUNSET
OCTOBER 23 2017.......SUNRISE   705 AM PDT   SUNSET   610 PM PDT
OCTOBER 24 2017.......SUNRISE   706 AM PDT   SUNSET   609 PM PDT


-  INDICATES NEGATIVE NUMBERS.
R  INDICATES RECORD WAS SET OR TIED.
MM INDICATES DATA IS MISSING.
T  INDICATES TRACE AMOUNT.




$$
