000
CDUS46 KLOX 281246
CLILAX


CLIMATE REPORT
NATIONAL WEATHER SERVICE LOS ANGELES/OXNARD CA
546 AM PDT WED SEP 28 2016


...................................

...THE LOS ANGELES INTL AIRPORT CA CLIMATE SUMMARY FOR SEPTEMBER 27 2016...

CLIMATE NORMAL PERIOD 1981 TO 2010
CLIMATE RECORD PERIOD 1944 TO 2016


WEATHER ITEM   OBSERVED TIME   RECORD YEAR NORMAL DEPARTURE LAST
                VALUE   (LST)  VALUE       VALUE  FROM      YEAR
                                                  NORMAL
..................................................................
TEMPERATURE (F)
 YESTERDAY
  MAXIMUM         96   1104 AM 105    1963  74     22       80
  MINIMUM         72    303 AM  53    1949  62     10       68
  AVERAGE         84                        68     16       74

PRECIPITATION (IN)
  YESTERDAY        0.00          T    1998   0.01  -0.01     0.00
                                      1977
                                      1967
  MONTH TO DATE    0.01                      0.17  -0.16     1.81
  SINCE OCT 1      7.26                     12.78  -5.52     9.42
  SINCE JAN 1      6.02                      9.06  -3.04     4.72

SNOWFALL (IN)
  YESTERDAY        0.0
  MONTH TO DATE    0.0
  SINCE SEP 1      0.0
  SINCE JUL 1      0.0

DEGREE DAYS
 HEATING
  YESTERDAY        0                         0      0        0
  MONTH TO DATE    0                         0      0        0
  SINCE SEP 1      0                         0      0        0
  SINCE JUL 1      0                         4     -4        0

 COOLING
  YESTERDAY       19                         3     16        9
  MONTH TO DATE  156                       113     43      282
  SINCE SEP 1    156                       113     43      282
  SINCE JAN 1    738                       459    279      869
..................................................................


WIND (MPH)
  HIGHEST WIND SPEED    20   HIGHEST WIND DIRECTION     W (260)
  HIGHEST GUST SPEED    25   HIGHEST GUST DIRECTION     W (260)
  AVERAGE WIND SPEED     6.9


SKY COVER
  POSSIBLE SUNSHINE  MM
  AVERAGE SKY COVER 0.4


WEATHER CONDITIONS
 THE FOLLOWING WEATHER WAS RECORDED YESTERDAY.
  NO SIGNIFICANT WEATHER WAS OBSERVED.


RELATIVE HUMIDITY (PERCENT)
 HIGHEST    46           100 AM
 LOWEST     14          1000 AM
 AVERAGE    30

..........................................................


THE LOS ANGELES INTL AIRPORT CA CLIMATE NORMALS FOR TODAY
                         NORMAL    RECORD    YEAR
 MAXIMUM TEMPERATURE (F)   74       104      1963
 MINIMUM TEMPERATURE (F)   62        53      1948


SUNRISE AND SUNSET
SEPTEMBER 28 2016.....SUNRISE   646 AM PDT   SUNSET   641 PM PDT
SEPTEMBER 29 2016.....SUNRISE   647 AM PDT   SUNSET   640 PM PDT


-  INDICATES NEGATIVE NUMBERS.
R  INDICATES RECORD WAS SET OR TIED.
MM INDICATES DATA IS MISSING.
T  INDICATES TRACE AMOUNT.




$$
