000
CDUS46 KLOX 310112
CLILAX


CLIMATE REPORT
NATIONAL WEATHER SERVICE LOS ANGELES/OXNARD CA
612 PM PDT SAT JUL 30 2016


...................................

...THE LOS ANGELES AIRPORT CLIMATE SUMMARY FOR JULY 30 2016...
VALID TODAY AS OF 0600 PM LOCAL TIME.

CLIMATE NORMAL PERIOD 1981 TO 2010
CLIMATE RECORD PERIOD 1944 TO 2016


WEATHER ITEM   OBSERVED TIME   RECORD YEAR NORMAL DEPARTURE LAST
                VALUE   (LST)  VALUE       VALUE  FROM      YEAR
                                                  NORMAL
..................................................................
TEMPERATURE (F)
 TODAY
  MAXIMUM         79    846 AM  91    1980  74      5       77
  MINIMUM         69    416 AM  56    1948  64      5       67
  AVERAGE         74                        69      5       72

PRECIPITATION (IN)
  TODAY            0.00          0.01 1966   0.00   0.00     0.00
  MONTH TO DATE    0.00                      0.03  -0.03     0.35
  SINCE OCT 1      7.25                     12.56  -5.31     7.61
  SINCE JAN 1      6.01                      8.84  -2.83     2.91

SNOWFALL (IN)
  TODAY            0.0
  MONTH TO DATE    0.0
  SINCE JUN 1      0.0
  SINCE JUL 1      0.0

DEGREE DAYS
 HEATING
  TODAY            0                         0      0        0
  MONTH TO DATE    0                         0      0        0
  SINCE JUN 1     16                        25     -9       11
  SINCE JUL 1      0                         0      0        0

 COOLING
  TODAY            9                         4      5        7
  MONTH TO DATE  202                       112     90      163
  SINCE JUN 1    295                       154    141      220
  SINCE JAN 1    388                       194    194      333
..................................................................


WIND (MPH)
  HIGHEST WIND SPEED    16   HIGHEST WIND DIRECTION     W (270)
  HIGHEST GUST SPEED    20   HIGHEST GUST DIRECTION     W (270)
  AVERAGE WIND SPEED     7.1


SKY COVER
  POSSIBLE SUNSHINE  MM
  AVERAGE SKY COVER 0.2


WEATHER CONDITIONS
 THE FOLLOWING WEATHER WAS RECORDED TODAY.
  NO SIGNIFICANT WEATHER WAS OBSERVED.


RELATIVE HUMIDITY (PERCENT)
 HIGHEST    84           100 AM
 LOWEST     62           900 AM
 AVERAGE    73

..........................................................


THE LOS ANGELES AIRPORT CLIMATE NORMALS FOR TOMORROW
                         NORMAL    RECORD    YEAR
 MAXIMUM TEMPERATURE (F)   74        86      1959
 MINIMUM TEMPERATURE (F)   64        59      2010
                                             1986
                                             1955


SUNRISE AND SUNSET
JULY 30 2016..........SUNRISE   604 AM PDT   SUNSET   755 PM PDT
JULY 31 2016..........SUNRISE   605 AM PDT   SUNSET   755 PM PDT


-  INDICATES NEGATIVE NUMBERS.
R  INDICATES RECORD WAS SET OR TIED.
MM INDICATES DATA IS MISSING.
T  INDICATES TRACE AMOUNT.




$$
