000
CDUS46 KLOX 240125
CLILAX


CLIMATE REPORT
NATIONAL WEATHER SERVICE LOS ANGELES/OXNARD CA
625 PM PDT WED AUG 23 2017


...................................

...THE LOS ANGELES AIRPORT CLIMATE SUMMARY FOR AUGUST 23 2017...
VALID TODAY AS OF 0600 PM LOCAL TIME.

CLIMATE NORMAL PERIOD 1981 TO 2010
CLIMATE RECORD PERIOD 1944 TO 2017


WEATHER ITEM   OBSERVED TIME   RECORD YEAR NORMAL DEPARTURE LAST
                VALUE   (LST)  VALUE       VALUE  FROM      YEAR
                                                  NORMAL
..................................................................
TEMPERATURE (F)
 TODAY
  MAXIMUM         74   1241 PM  90    1968  75     -1       76
  MINIMUM         67    748 AM  56    1948  64      3       64
                                      1947
  AVERAGE         71                        70      1       70

PRECIPITATION (IN)
  TODAY            0.00          T    1959   0.01  -0.01     0.00
  MONTH TO DATE    T                         0.04  -0.04     0.00
  SINCE OCT 1     16.32                     12.60   3.72     7.25
  SINCE JAN 1     12.07                      8.88   3.19     6.01

SNOWFALL (IN)
  TODAY            0.0
  MONTH TO DATE    0.0
  SINCE JUN 1      0.0
  SINCE JUL 1      0.0

DEGREE DAYS
 HEATING
  TODAY            0                         0      0        0
  MONTH TO DATE    0                         0      0        0
  SINCE JUN 1      4                        27    -23       16
  SINCE JUL 1      0                         2     -2        0

 COOLING
  TODAY            6                         5      1        5
  MONTH TO DATE  161                       109     52      136
  SINCE JUN 1    442                       270    172      442
  SINCE JAN 1    500                       310    190      535
..................................................................


WIND (MPH)
  HIGHEST WIND SPEED    17   HIGHEST WIND DIRECTION     W (270)
  HIGHEST GUST SPEED    22   HIGHEST GUST DIRECTION     W (280)
  AVERAGE WIND SPEED     8.1


SKY COVER
  POSSIBLE SUNSHINE  MM
  AVERAGE SKY COVER 0.8


WEATHER CONDITIONS
 THE FOLLOWING WEATHER WAS RECORDED TODAY.
  NO SIGNIFICANT WEATHER WAS OBSERVED.


RELATIVE HUMIDITY (PERCENT)
 HIGHEST    93           500 AM
 LOWEST     68           100 PM
 AVERAGE    81

..........................................................


THE LOS ANGELES AIRPORT CLIMATE NORMALS FOR TOMORROW
                         NORMAL    RECORD    YEAR
 MAXIMUM TEMPERATURE (F)   75        85      1979
 MINIMUM TEMPERATURE (F)   64        55      1948


SUNRISE AND SUNSET
AUGUST 23 2017........SUNRISE   621 AM PDT   SUNSET   730 PM PDT
AUGUST 24 2017........SUNRISE   622 AM PDT   SUNSET   729 PM PDT


-  INDICATES NEGATIVE NUMBERS.
R  INDICATES RECORD WAS SET OR TIED.
MM INDICATES DATA IS MISSING.
T  INDICATES TRACE AMOUNT.




$$
