000
CDUS44 KLUB 270628
CLILBB


CLIMATE REPORT
NATIONAL WEATHER SERVICE LUBBOCK, TX
128 AM CDT FRI MAY 27 2016


...................................

...THE LUBBOCK CLIMATE SUMMARY FOR MAY 26 2016...

CLIMATE NORMAL PERIOD 1981 TO 2010
CLIMATE RECORD PERIOD 1911 TO 2016


WEATHER ITEM   OBSERVED TIME   RECORD YEAR NORMAL DEPARTURE LAST
                VALUE   (LST)  VALUE       VALUE  FROM      YEAR
                                                  NORMAL
..................................................................
TEMPERATURE (F)
 YESTERDAY
  MAXIMUM         92    251 PM 101    1945  86      6       85
  MINIMUM         67    202 AM  43    1950  59      8       54
  AVERAGE         80                        73      7       70

PRECIPITATION (IN)
  YESTERDAY        0.00          1.60 2014   0.09  -0.09     0.00
  MONTH TO DATE    3.28                      1.83   1.45     8.41
  SINCE MAR 1      4.50                      4.34   0.16     9.95
  SINCE JAN 1      4.89                      5.74  -0.85    12.22

SNOWFALL (IN)
  YESTERDAY        0.0           T    1996   0.0    0.0      0.0
  MONTH TO DATE    0.0                       0.0    0.0      0.0
  SINCE MAR 1      T                         0.8   -0.8      1.1
  SINCE JUL 1     13.3                       8.2    5.1     14.7
  SNOW DEPTH       0

DEGREE DAYS
 HEATING
  YESTERDAY        0                         1     -1        0
  MONTH TO DATE   83                        39     44       42
  SINCE MAR 1    454                       637   -183      554
  SINCE JUL 1   2854                      3376   -522     3273

 COOLING
  YESTERDAY       15                         8      7        5
  MONTH TO DATE  148                       145      3       68
  SINCE MAR 1    195                       201     -6      123
  SINCE JAN 1    199                       201     -2      123
..................................................................


WIND (MPH)
  RESULTANT WIND SPEED  14   RESULTANT WIND DIRECTION  SW (220)
  HIGHEST WIND SPEED    26   HIGHEST WIND DIRECTION    SW (230)
  HIGHEST GUST SPEED    34   HIGHEST GUST DIRECTION    SW (240)
  AVERAGE WIND SPEED    15.3


SKY COVER
  AVERAGE SKY COVER 0.3


WEATHER CONDITIONS
 THE FOLLOWING WEATHER WAS RECORDED YESTERDAY.
  HAZE


RELATIVE HUMIDITY (PERCENT)
 HIGHEST    81           200 AM
 LOWEST     10           300 PM
 AVERAGE    46

..........................................................


THE LUBBOCK CLIMATE NORMALS FOR TODAY
                         NORMAL    RECORD    YEAR
 MAXIMUM TEMPERATURE (F)   87       103      1984
 MINIMUM TEMPERATURE (F)   59        48      1961
                                             1950


SUNRISE AND SUNSET
MAY 27 2016...........SUNRISE   640 AM CDT   SUNSET   850 PM CDT
MAY 28 2016...........SUNRISE   639 AM CDT   SUNSET   850 PM CDT


-  INDICATES NEGATIVE NUMBERS.
R  INDICATES RECORD WAS SET OR TIED.
MM INDICATES DATA IS MISSING.
T  INDICATES TRACE AMOUNT.




$$
