000
CDUS44 KLUB 300639
CLILBB


CLIMATE REPORT
NATIONAL WEATHER SERVICE LUBBOCK, TX
137 AM CDT SUN APR 30 2017


...................................

...THE LUBBOCK CLIMATE SUMMARY FOR APRIL 29 2017...

CLIMATE NORMAL PERIOD 1981 TO 2010
CLIMATE RECORD PERIOD 1911 TO 2017


WEATHER ITEM   OBSERVED TIME   RECORD YEAR NORMAL DEPARTURE LAST
                VALUE   (LST)  VALUE       VALUE  FROM      YEAR
                                                  NORMAL
..................................................................
TEMPERATURE (F)
 YESTERDAY
  MAXIMUM         53   1230 AM  97    2011  79    -26       82
  MINIMUM         37   1159 PM  31    1968  50    -13       49
  AVERAGE         45                        65    -20       66

PRECIPITATION (IN)
  YESTERDAY        0.51          0.87 1999   0.06   0.45     0.00
  MONTH TO DATE    1.32                      1.35  -0.03     1.02
  SINCE MAR 1      1.99                      2.45  -0.46     1.22
  SINCE JAN 1      4.91                      3.85   1.06     1.61

SNOWFALL (IN)
  YESTERDAY        T   R         T    1999   0.0    0.0      0.0
  MONTH TO DATE    T                         0.2   -0.2       T
  SINCE MAR 1      T                         0.8   -0.8       T
  SINCE JUL 1      0.2                       8.2   -8.0     13.3
  SNOW DEPTH       0

DEGREE DAYS
 HEATING
  YESTERDAY       20                         3     17        0
  MONTH TO DATE  127                       179    -52      116
  SINCE MAR 1    347                       594   -247      365
  SINCE JUL 1   2431                      3333   -902     2765

 COOLING
  YESTERDAY        0                         3     -3        1
  MONTH TO DATE   79                        47     32       35
  SINCE MAR 1    125                        54     71       47
  SINCE JAN 1    129                        54     75       51
..................................................................


WIND (MPH)
  RESULTANT WIND SPEED  22   RESULTANT WIND DIRECTION   N (350)
  HIGHEST WIND SPEED    32   HIGHEST WIND DIRECTION     N (360)
  HIGHEST GUST SPEED    40   HIGHEST GUST DIRECTION     N (360)
  AVERAGE WIND SPEED    21.4


SKY COVER
  AVERAGE SKY COVER 0.8


WEATHER CONDITIONS
 THE FOLLOWING WEATHER WAS RECORDED YESTERDAY.
  THUNDERSTORM
  RAIN
  LIGHT RAIN
  HAIL
  FOG


RELATIVE HUMIDITY (PERCENT)
 HIGHEST    96           400 PM
 LOWEST     76          1100 AM
 AVERAGE    86

..........................................................


THE LUBBOCK CLIMATE NORMALS FOR TODAY
                         NORMAL    RECORD    YEAR
 MAXIMUM TEMPERATURE (F)   80        94      2013
 MINIMUM TEMPERATURE (F)   51        33      1918


SUNRISE AND SUNSET
APRIL 30 2017.........SUNRISE   659 AM CDT   SUNSET   830 PM CDT
MAY  1 2017...........SUNRISE   658 AM CDT   SUNSET   831 PM CDT


-  INDICATES NEGATIVE NUMBERS.
R  INDICATES RECORD WAS SET OR TIED.
MM INDICATES DATA IS MISSING.
T  INDICATES TRACE AMOUNT.




$$
