000
CDUS44 KLUB 240626
CLILBB


CLIMATE REPORT
NATIONAL WEATHER SERVICE LUBBOCK, TX
1225 AM CST MON NOV 24 2014


...................................

...THE LUBBOCK CLIMATE SUMMARY FOR NOVEMBER 23 2014...

CLIMATE NORMAL PERIOD 1981 TO 2010
CLIMATE RECORD PERIOD 1911 TO 2014


WEATHER ITEM   OBSERVED TIME   RECORD YEAR NORMAL DEPARTURE LAST
                VALUE   (LST)  VALUE       VALUE  FROM      YEAR
                                                  NORMAL
..................................................................
TEMPERATURE (F)
 YESTERDAY
  MAXIMUM         67   1259 PM  84    1965  60      7       31
  MINIMUM         35   1159 PM  -1    1957  33      2       25
  AVERAGE         51                        46      5       28

PRECIPITATION (IN)
  YESTERDAY        0.00          0.55 1922   0.03  -0.03     0.17
  MONTH TO DATE    2.95                      0.67   2.28     0.23
  SINCE SEP 1     10.27                      5.11   5.16     1.92
  SINCE JAN 1     22.17                     18.18   3.99    11.70

SNOWFALL (IN)
  YESTERDAY        0.0           0.1  2007   0.0    0.0       T
                                      1918
  MONTH TO DATE    0.5                       0.6   -0.1       T
  SINCE SEP 1      0.5                       0.6   -0.1       T
  SINCE JUL 1      0.5                       0.6   -0.1       T
  SNOW DEPTH       0

DEGREE DAYS
 HEATING
  YESTERDAY       14                        19     -5       37
  MONTH TO DATE  437                       320    117      313
  SINCE SEP 1    564                       502     62      476
  SINCE JUL 1    564                       502     62      476

 COOLING
  YESTERDAY        0                         0      0        0
  MONTH TO DATE    0                         0      0        3
  SINCE SEP 1    288                       275     13      395
  SINCE JAN 1   1917                      1801    116     2123
..................................................................


WIND (MPH)
  RESULTANT WIND SPEED  14   RESULTANT WIND DIRECTION  NW (300)
  HIGHEST WIND SPEED    40   HIGHEST WIND DIRECTION     W (290)
  HIGHEST GUST SPEED    49   HIGHEST GUST DIRECTION     W (290)
  AVERAGE WIND SPEED    18.7


SKY COVER
  AVERAGE SKY COVER 0.4


WEATHER CONDITIONS
 THE FOLLOWING WEATHER WAS RECORDED YESTERDAY.
  NO SIGNIFICANT WEATHER WAS OBSERVED.


RELATIVE HUMIDITY (PERCENT)
 HIGHEST    70          1000 PM
 LOWEST     19          1100 AM
 AVERAGE    45

..........................................................


THE LUBBOCK CLIMATE NORMALS FOR TODAY
                         NORMAL    RECORD    YEAR
 MAXIMUM TEMPERATURE (F)   60        82      1915
 MINIMUM TEMPERATURE (F)   32         7      1938


SUNRISE AND SUNSET
NOVEMBER 24 2014......SUNRISE   727 AM CST   SUNSET   540 PM CST
NOVEMBER 25 2014......SUNRISE   728 AM CST   SUNSET   540 PM CST


-  INDICATES NEGATIVE NUMBERS.
R  INDICATES RECORD WAS SET OR TIED.
MM INDICATES DATA IS MISSING.
T  INDICATES TRACE AMOUNT.




$$
