000
CDUS44 KLUB 162226
CLILBB


CLIMATE REPORT
NATIONAL WEATHER SERVICE LUBBOCK, TX
526 PM CDT WED APR 16 2014


...................................

...THE LUBBOCK CLIMATE SUMMARY FOR APRIL 16 2014...
VALID TODAY AS OF 0500 PM LOCAL TIME.

CLIMATE NORMAL PERIOD 1981 TO 2010
CLIMATE RECORD PERIOD 1911 TO 2014


WEATHER ITEM   OBSERVED TIME   RECORD YEAR NORMAL DEPARTURE LAST
                VALUE   (LST)  VALUE       VALUE  FROM      YEAR
                                                  NORMAL
..................................................................
TEMPERATURE (F)
 TODAY
  MAXIMUM         83    419 PM 100    1925  76      7       80
  MINIMUM         45    631 AM  31    1947  46     -1       44
  AVERAGE         64                        61      3       62

PRECIPITATION (IN)
  TODAY            0.00          2.54 2010   0.05  -0.05     0.00
  MONTH TO DATE    0.14                      0.67  -0.53     0.04
  SINCE MAR 1      0.31                      1.77  -1.46     0.04
  SINCE JAN 1      0.47                      3.17  -2.70     2.27

SNOWFALL (IN)
  TODAY            0.0                       0.0    0.0      0.0
  MONTH TO DATE    T                         0.2   -0.2      0.4
  SINCE MAR 1      T                         0.8   -0.8      0.4
  SINCE JUL 1      4.2                       8.2   -4.0      4.1
  SNOW DEPTH       0

DEGREE DAYS
 HEATING
  TODAY            1                         6     -5        3
  MONTH TO DATE  117                       123     -6      130
  SINCE MAR 1    557                       538     19      486
  SINCE JUL 1   3409                      3277    132     3016

 COOLING
  TODAY            0                         2     -2        0
  MONTH TO DATE   19                        17      2       22
  SINCE MAR 1     22                        24     -2       24
  SINCE JAN 1     22                        24     -2       24
..................................................................


WIND (MPH)
  HIGHEST WIND SPEED    25   HIGHEST WIND DIRECTION     S (190)
  HIGHEST GUST SPEED    33   HIGHEST GUST DIRECTION     S (180)
  AVERAGE WIND SPEED    17.8


SKY COVER
  POSSIBLE SUNSHINE  MM
  AVERAGE SKY COVER 0.5


WEATHER CONDITIONS
 THE FOLLOWING WEATHER WAS RECORDED TODAY.
  NO SIGNIFICANT WEATHER WAS OBSERVED.


RELATIVE HUMIDITY (PERCENT)
 HIGHEST    26           700 AM
 LOWEST      7           400 PM
 AVERAGE    17

..........................................................


THE LUBBOCK CLIMATE NORMALS FOR TOMORROW
                         NORMAL    RECORD    YEAR
 MAXIMUM TEMPERATURE (F)   76        94      2006
                                             1925
 MINIMUM TEMPERATURE (F)   46        23      1921


SUNRISE AND SUNSET
APRIL 16 2014.........SUNRISE   716 AM CDT   SUNSET   819 PM CDT
APRIL 17 2014.........SUNRISE   714 AM CDT   SUNSET   820 PM CDT


-  INDICATES NEGATIVE NUMBERS.
R  INDICATES RECORD WAS SET OR TIED.
MM INDICATES DATA IS MISSING.
T  INDICATES TRACE AMOUNT.




$$
