000
CDUS44 KLUB 280626
CLILBB


CLIMATE REPORT
NATIONAL WEATHER SERVICE LUBBOCK, TX
1226 AM CST TUE FEB 28 2017


...................................

...THE LUBBOCK CLIMATE SUMMARY FOR FEBRUARY 27 2017...

CLIMATE NORMAL PERIOD 1981 TO 2010
CLIMATE RECORD PERIOD 1911 TO 2017


WEATHER ITEM   OBSERVED TIME   RECORD YEAR NORMAL DEPARTURE LAST
                VALUE   (LST)  VALUE       VALUE  FROM      YEAR
                                                  NORMAL
..................................................................
TEMPERATURE (F)
 YESTERDAY
  MAXIMUM         76    309 PM  81    2006  62     14       74
                                      1932
  MINIMUM         32    735 AM  10    1934  33     -1       31
  AVERAGE         54                        47      7       53

PRECIPITATION (IN)
  YESTERDAY        0.00          0.76 1944   0.03  -0.03     0.00
  MONTH TO DATE    0.89                      0.72   0.17     0.09
  SINCE DEC 1      3.41                      2.13   1.28     1.96
  SINCE JAN 1      2.92                      1.37   1.55     0.39

SNOWFALL (IN)
  YESTERDAY        0.0           4.6  2015   0.0    0.0      0.0
  MONTH TO DATE    T                         1.6   -1.6       T
  SINCE DEC 1      0.2                       6.5   -6.3     13.3
  SINCE JUL 1      0.2                       7.4   -7.2     13.3
  SNOW DEPTH       0

DEGREE DAYS
 HEATING
  YESTERDAY       11                        18     -7       12
  MONTH TO DATE  360                       558   -198      473
  SINCE DEC 1   1719                      2081   -362     1867
  SINCE JUL 1   2083                      2723   -640     2386

 COOLING
  YESTERDAY        0                         0      0        0
  MONTH TO DATE    4                         0      4        4
  SINCE DEC 1      4                         0      4        4
  SINCE JAN 1      4                         0      4        4
..................................................................


WIND (MPH)
  RESULTANT WIND SPEED  11   RESULTANT WIND DIRECTION  SW (240)
  HIGHEST WIND SPEED    36   HIGHEST WIND DIRECTION    SW (230)
  HIGHEST GUST SPEED    46   HIGHEST GUST DIRECTION    SW (230)
  AVERAGE WIND SPEED    13.4


SKY COVER
  AVERAGE SKY COVER 0.4


WEATHER CONDITIONS
 THE FOLLOWING WEATHER WAS RECORDED YESTERDAY.
  NO SIGNIFICANT WEATHER WAS OBSERVED.


RELATIVE HUMIDITY (PERCENT)
 HIGHEST    61           700 AM
 LOWEST     10           300 PM
 AVERAGE    36

..........................................................


THE LUBBOCK CLIMATE NORMALS FOR TODAY
                         NORMAL    RECORD    YEAR
 MAXIMUM TEMPERATURE (F)   62        89      2006
 MINIMUM TEMPERATURE (F)   33         7      1962
                                             1922


SUNRISE AND SUNSET
FEBRUARY 28 2017......SUNRISE   717 AM CST   SUNSET   643 PM CST
MARCH  1 2017.........SUNRISE   715 AM CST   SUNSET   644 PM CST


-  INDICATES NEGATIVE NUMBERS.
R  INDICATES RECORD WAS SET OR TIED.
MM INDICATES DATA IS MISSING.
T  INDICATES TRACE AMOUNT.




$$
