000
CDUS44 KLUB 300632
CLILBB


CLIMATE REPORT
NATIONAL WEATHER SERVICE LUBBOCK, TX
1231 AM CST FRI JAN 30 2015


...................................

...THE LUBBOCK CLIMATE SUMMARY FOR JANUARY 29 2015...

CLIMATE NORMAL PERIOD 1981 TO 2010
CLIMATE RECORD PERIOD 1911 TO 2015


WEATHER ITEM   OBSERVED TIME   RECORD YEAR NORMAL DEPARTURE LAST
                VALUE   (LST)  VALUE       VALUE  FROM      YEAR
                                                  NORMAL
..................................................................
TEMPERATURE (F)
 YESTERDAY
  MAXIMUM         57    208 PM  80    1911  56      1       51
  MINIMUM         40    330 AM   1    1948  27     13       14
  AVERAGE         49                        41      8       33

PRECIPITATION (IN)
  YESTERDAY        0.00          1.10 1999   0.03  -0.03     0.00
  MONTH TO DATE    1.03                      0.60   0.43     0.00
  SINCE DEC 1      1.42                      1.36   0.06     0.60
  SINCE JAN 1      1.03                      0.60   0.43     0.00

SNOWFALL (IN)
  YESTERDAY        0.0           6.0  1936   0.1   -0.1      0.0
  MONTH TO DATE    4.2                       2.4    1.8      0.0
  SINCE DEC 1      6.6                       4.7    1.9      0.2
  SINCE JUL 1      7.1                       5.6    1.5      2.4
  SNOW DEPTH       0

DEGREE DAYS
 HEATING
  YESTERDAY       16                        24     -8       32
  MONTH TO DATE  747                       720     27      750
  SINCE DEC 1   1406                      1476    -70     1554
  SINCE JUL 1   2081                      2118    -37     2207

 COOLING
  YESTERDAY        0                         0      0        0
  MONTH TO DATE    0                         0      0        0
  SINCE DEC 1      0                         0      0        0
  SINCE JAN 1      0                         0      0        0
..................................................................


WIND (MPH)
  RESULTANT WIND SPEED  13   RESULTANT WIND DIRECTION  NE (30)
  HIGHEST WIND SPEED    26   HIGHEST WIND DIRECTION    NE (30)
  HIGHEST GUST SPEED    31   HIGHEST GUST DIRECTION    NE (30)
  AVERAGE WIND SPEED    13.2


SKY COVER
  AVERAGE SKY COVER 0.7


WEATHER CONDITIONS
 THE FOLLOWING WEATHER WAS RECORDED YESTERDAY.
  NO SIGNIFICANT WEATHER WAS OBSERVED.


RELATIVE HUMIDITY (PERCENT)
 HIGHEST    70           300 AM
 LOWEST     29           400 PM
 AVERAGE    50

..........................................................


THE LUBBOCK CLIMATE NORMALS FOR TODAY
                         NORMAL    RECORD    YEAR
 MAXIMUM TEMPERATURE (F)   56        80      1967
 MINIMUM TEMPERATURE (F)   27         6      1951


SUNRISE AND SUNSET
JANUARY 30 2015.......SUNRISE   745 AM CST   SUNSET   616 PM CST
JANUARY 31 2015.......SUNRISE   744 AM CST   SUNSET   617 PM CST


-  INDICATES NEGATIVE NUMBERS.
R  INDICATES RECORD WAS SET OR TIED.
MM INDICATES DATA IS MISSING.
T  INDICATES TRACE AMOUNT.




$$
