000
CDUS44 KLUB 180626
CLILBB


CLIMATE REPORT
NATIONAL WEATHER SERVICE LUBBOCK, TX
1225 AM CST MON DEC 18 2017


...................................

...THE LUBBOCK CLIMATE SUMMARY FOR DECEMBER 17 2017...

CLIMATE NORMAL PERIOD 1981 TO 2010
CLIMATE RECORD PERIOD 1911 TO 2017


WEATHER ITEM   OBSERVED TIME   RECORD YEAR NORMAL DEPARTURE LAST
                VALUE   (LST)  VALUE       VALUE  FROM      YEAR
                                                  NORMAL
..................................................................
TEMPERATURE (F)
 YESTERDAY
  MAXIMUM         56    447 PM  78    1980  53      3       64
  MINIMUM         29    806 AM   5    1932  27      2        8
  AVERAGE         43                        40      3       36

PRECIPITATION (IN)
  YESTERDAY        0.00          0.45 1995   0.03  -0.03      T
  MONTH TO DATE    T                         0.44  -0.44     0.43
  SINCE DEC 1      T                         0.44  -0.44     0.43
  SINCE JAN 1     21.95                     18.80   3.15    13.41

SNOWFALL (IN)
  YESTERDAY        0.0           3.0  1931   0.0    0.0       T
  MONTH TO DATE    T                         1.1   -1.1       T
  SINCE DEC 1      T                         1.1   -1.1       T
  SINCE JUL 1      T                         2.0   -2.0       T
  SNOW DEPTH       0

DEGREE DAYS
 HEATING
  YESTERDAY       22                        25     -3       29
  MONTH TO DATE  337                       400    -63      402
  SINCE DEC 1    337                       400    -63      402
  SINCE JUL 1    843                      1042   -199      766

 COOLING
  YESTERDAY        0                         0      0        0
  MONTH TO DATE    0                         0      0        0
  SINCE DEC 1      0                         0      0        0
  SINCE JAN 1   1991                      1804    187     2114
..................................................................


WIND (MPH)
  RESULTANT WIND SPEED   1   RESULTANT WIND DIRECTION   W (280)
  HIGHEST WIND SPEED    22   HIGHEST WIND DIRECTION     N (350)
  HIGHEST GUST SPEED    28   HIGHEST GUST DIRECTION     N (360)
  AVERAGE WIND SPEED     7.9


SKY COVER
  AVERAGE SKY COVER 0.4


WEATHER CONDITIONS
 THE FOLLOWING WEATHER WAS RECORDED YESTERDAY.
  FOG


RELATIVE HUMIDITY (PERCENT)
 HIGHEST   100           400 AM
 LOWEST     30           400 PM
 AVERAGE    65

..........................................................


THE LUBBOCK CLIMATE NORMALS FOR TODAY
                         NORMAL    RECORD    YEAR
 MAXIMUM TEMPERATURE (F)   53        77      1980
 MINIMUM TEMPERATURE (F)   27         4      2016


SUNRISE AND SUNSET
DECEMBER 18 2017......SUNRISE   746 AM CST   SUNSET   542 PM CST
DECEMBER 19 2017......SUNRISE   747 AM CST   SUNSET   542 PM CST


-  INDICATES NEGATIVE NUMBERS.
R  INDICATES RECORD WAS SET OR TIED.
MM INDICATES DATA IS MISSING.
T  INDICATES TRACE AMOUNT.




$$
