000
CDUS44 KLUB 050125
CLILBB


CLIMATE REPORT
NATIONAL WEATHER SERVICE LUBBOCK, TX
825 PM CDT WED MAY 4 2016


...................................

...THE LUBBOCK CLIMATE SUMMARY FOR MAY 4 2016...
VALID TODAY AS OF 0800 PM LOCAL TIME.

CLIMATE NORMAL PERIOD 1981 TO 2010
CLIMATE RECORD PERIOD 1911 TO 2016


WEATHER ITEM   OBSERVED TIME   RECORD YEAR NORMAL DEPARTURE LAST
                VALUE   (LST)  VALUE       VALUE  FROM      YEAR
                                                  NORMAL
..................................................................
TEMPERATURE (F)
 TODAY
  MAXIMUM         84    514 PM 104    1947  81      3       80
  MINIMUM         40    338 AM  35    1935  52    -12       56
                                      1933
  AVERAGE         62                        66     -4       68

PRECIPITATION (IN)
  TODAY            0.00          3.42 2015   0.06  -0.06     3.42
  MONTH TO DATE    0.04                      0.22  -0.18     3.42
  SINCE MAR 1      1.26                      2.73  -1.47     4.96
  SINCE JAN 1      1.65                      4.13  -2.48     7.23

SNOWFALL (IN)
  TODAY            0.0           T    1935   0.0    0.0      0.0
  MONTH TO DATE    0.0                       0.0    0.0      0.0
  SINCE MAR 1      T                         0.8   -0.8      1.1
  SINCE JUL 1     13.3                       8.2    5.1     14.7
  SNOW DEPTH       0

DEGREE DAYS
 HEATING
  TODAY            3                         2      1        0
  MONTH TO DATE   36                        10     26        0
  SINCE MAR 1    407                       608   -201      512
  SINCE JUL 1   2807                      3347   -540     3231

 COOLING
  TODAY            0                         4     -4        3
  MONTH TO DATE    0                        13    -13       15
  SINCE MAR 1     47                        69    -22       70
  SINCE JAN 1     51                        69    -18       70
..................................................................


WIND (MPH)
  RESULTANT WIND SPEED   6   RESULTANT WIND DIRECTION  NW (330)
  HIGHEST WIND SPEED    17   HIGHEST WIND DIRECTION     N (340)
  HIGHEST GUST SPEED    24   HIGHEST GUST DIRECTION    NW (330)
  AVERAGE WIND SPEED     7.7


SKY COVER
  AVERAGE SKY COVER 0.0


WEATHER CONDITIONS
 THE FOLLOWING WEATHER WAS RECORDED TODAY.
  NO SIGNIFICANT WEATHER WAS OBSERVED.


RELATIVE HUMIDITY (PERCENT)
 HIGHEST    92           100 AM
 LOWEST     13           500 PM
 AVERAGE    53

..........................................................


THE LUBBOCK CLIMATE NORMALS FOR TOMORROW
                         NORMAL    RECORD    YEAR
 MAXIMUM TEMPERATURE (F)   81        99      2014
                                             2012
                                             1940
 MINIMUM TEMPERATURE (F)   52        34      1953


SUNRISE AND SUNSET
MAY  4 2016...........SUNRISE   655 AM CDT   SUNSET   833 PM CDT
MAY  5 2016...........SUNRISE   654 AM CDT   SUNSET   834 PM CDT


-  INDICATES NEGATIVE NUMBERS.
R  INDICATES RECORD WAS SET OR TIED.
MM INDICATES DATA IS MISSING.
T  INDICATES TRACE AMOUNT.




$$
