000
CDUS44 KLUB 250625
CLILBB


CLIMATE REPORT
NATIONAL WEATHER SERVICE LUBBOCK, TX
1225 AM CST THU DEC 25 2014


...................................

...THE LUBBOCK CLIMATE SUMMARY FOR DECEMBER 24 2014...

CLIMATE NORMAL PERIOD 1981 TO 2010
CLIMATE RECORD PERIOD 1911 TO 2014


WEATHER ITEM   OBSERVED TIME   RECORD YEAR NORMAL DEPARTURE LAST
                VALUE   (LST)  VALUE       VALUE  FROM      YEAR
                                                  NORMAL
..................................................................
TEMPERATURE (F)
 YESTERDAY
  MAXIMUM         50    317 PM  80    1955  53     -3       59
  MINIMUM         24    748 AM   0    1983  26     -2       25
  AVERAGE         37                        40     -3       42

PRECIPITATION (IN)
  YESTERDAY        0.00          1.03 1914   0.02  -0.02     0.00
  MONTH TO DATE    0.13                      0.61  -0.48     0.60
  SINCE DEC 1      0.13                      0.61  -0.48     0.60
  SINCE JAN 1     22.30                     18.97   3.33    12.61

SNOWFALL (IN)
  YESTERDAY        0.0           5.9  1926   0.1   -0.1      0.0
  MONTH TO DATE    0.0                       1.8   -1.8      0.2
  SINCE DEC 1      0.0                       1.8   -1.8      0.2
  SINCE JUL 1      0.5                       2.7   -2.2      2.4
  SNOW DEPTH       0

DEGREE DAYS
 HEATING
  YESTERDAY       28                        26      2       23
  MONTH TO DATE  442                       576   -134      604
  SINCE DEC 1    442                       576   -134      604
  SINCE JUL 1   1117                      1218   -101     1257

 COOLING
  YESTERDAY        0                         0      0        0
  MONTH TO DATE    0                         0      0        0
  SINCE DEC 1      0                         0      0        0
  SINCE JAN 1   1917                      1804    113     2123
..................................................................


WIND (MPH)
  RESULTANT WIND SPEED  10   RESULTANT WIND DIRECTION   W (280)
  HIGHEST WIND SPEED    25   HIGHEST WIND DIRECTION     N (350)
  HIGHEST GUST SPEED    33   HIGHEST GUST DIRECTION     N (350)
  AVERAGE WIND SPEED    13.9


SKY COVER
  AVERAGE SKY COVER 0.1


WEATHER CONDITIONS
 THE FOLLOWING WEATHER WAS RECORDED YESTERDAY.
  NO SIGNIFICANT WEATHER WAS OBSERVED.


RELATIVE HUMIDITY (PERCENT)
 HIGHEST    81           400 AM
 LOWEST     23           400 PM
 AVERAGE    52

..........................................................


THE LUBBOCK CLIMATE NORMALS FOR TODAY
                         NORMAL    RECORD    YEAR
 MAXIMUM TEMPERATURE (F)   53        76      1955
 MINIMUM TEMPERATURE (F)   26        -1      1924


SUNRISE AND SUNSET
DECEMBER 25 2014......SUNRISE   750 AM CST   SUNSET   545 PM CST
DECEMBER 26 2014......SUNRISE   750 AM CST   SUNSET   546 PM CST


-  INDICATES NEGATIVE NUMBERS.
R  INDICATES RECORD WAS SET OR TIED.
MM INDICATES DATA IS MISSING.
T  INDICATES TRACE AMOUNT.




$$
