000
CDUS43 KLBF 230856
CLILBF


CLIMATE REPORT
NATIONAL WEATHER SERVICE NORTH PLATTE
355 AM CDT SAT SEP 23 2017


...................................

...THE NORTH PLATTE NE CLIMATE SUMMARY FOR SEPTEMBER 22 2017...

CLIMATE NORMAL PERIOD 1981 TO 2010
CLIMATE RECORD PERIOD 1874 TO 2017


WEATHER ITEM   OBSERVED TIME   RECORD YEAR NORMAL DEPARTURE LAST
                VALUE   (LST)  VALUE       VALUE  FROM      YEAR
                                                  NORMAL
..................................................................
TEMPERATURE (F)
 YESTERDAY
  MAXIMUM         94R   206 PM  93    1938  75     19       77
  MINIMUM         58   1159 PM  24    1995  44     14       63
  AVERAGE         76                        59     17       70

PRECIPITATION (IN)
  YESTERDAY        T             1.21 1941   0.04  -0.04     0.00
  MONTH TO DATE    0.54                      1.03  -0.49     0.81
  SINCE SEP 1      0.54                      1.03  -0.49     0.81
  SINCE JAN 1     18.30                     17.25   1.05    19.97

SNOWFALL (IN)
  YESTERDAY        0.0           T    1895   0.0    0.0      0.0
  MONTH TO DATE    0.0                       0.1   -0.1      0.0
  SINCE SEP 1      0.0                       0.1   -0.1      0.0
  SINCE JUL 1      T                         0.1   -0.1      0.0
  SNOW DEPTH       0

DEGREE DAYS
 HEATING
  YESTERDAY        0                         7     -7        0
  MONTH TO DATE   41                        84    -43       33
  SINCE SEP 1     41                        84    -43       33
  SINCE JUL 1     45                       104    -59       45

 COOLING
  YESTERDAY       11                         1     10        5
  MONTH TO DATE  130                        64     66       88
  SINCE SEP 1    130                        64     66       88
  SINCE JAN 1    953                       759    194      895
..................................................................


WIND (MPH)
  HIGHEST WIND SPEED    28   HIGHEST WIND DIRECTION     N (10)
  HIGHEST GUST SPEED    36   HIGHEST GUST DIRECTION     S (160)
  AVERAGE WIND SPEED    15.9


SKY COVER
  POSSIBLE SUNSHINE  MM
  AVERAGE SKY COVER 0.0


WEATHER CONDITIONS
 THE FOLLOWING WEATHER WAS RECORDED YESTERDAY.
  THUNDERSTORM


RELATIVE HUMIDITY (PERCENT)
 HIGHEST    72          1100 PM
 LOWEST     23           500 PM
 AVERAGE    48

..........................................................


THE NORTH PLATTE NE CLIMATE NORMALS FOR TODAY
                         NORMAL    RECORD    YEAR
 MAXIMUM TEMPERATURE (F)   75        95      1921
 MINIMUM TEMPERATURE (F)   43        23      1989


SUNRISE AND SUNSET
SEPTEMBER 23 2017.....SUNRISE   731 AM CDT   SUNSET   738 PM CDT
SEPTEMBER 24 2017.....SUNRISE   732 AM CDT   SUNSET   736 PM CDT


-  INDICATES NEGATIVE NUMBERS.
R  INDICATES RECORD WAS SET OR TIED.
MM INDICATES DATA IS MISSING.
T  INDICATES TRACE AMOUNT.




$$
