665
CDUS43 KLBF 292216
CLILBF

CLIMATE REPORT
NATIONAL WEATHER SERVICE NORTH PLATTE
515 PM CDT WED MAR 29 2017


...................................

...THE NORTH PLATTE NE CLIMATE SUMMARY FOR MARCH 29 2017...
VALID TODAY AS OF 0500 PM LOCAL TIME.

CLIMATE NORMAL PERIOD 1981 TO 2010
CLIMATE RECORD PERIOD 1874 TO 2017


WEATHER ITEM   OBSERVED TIME   RECORD YEAR NORMAL DEPARTURE LAST
                VALUE   (LST)  VALUE       VALUE  FROM      YEAR
                                                  NORMAL
..................................................................
TEMPERATURE (F)
 TODAY
  MAXIMUM         49    300 PM  86    1943  57     -8       68
  MINIMUM         43    900 AM  -8    1886  27     16       39
  AVERAGE         46                        42      4       54

PRECIPITATION (IN)
  TODAY            0.06          1.16 1891   0.05   0.01     0.00
  MONTH TO DATE    1.81                      0.96   0.85     0.64
  SINCE MAR 1      1.81                      0.96   0.85     0.64
  SINCE JAN 1      3.00                      1.80   1.20     1.90

SNOWFALL (IN)
  TODAY            0.0          12.0  1891   0.1   -0.1      0.0
  MONTH TO DATE    T                         4.1   -4.1      4.3
  SINCE MAR 1      T                         4.1   -4.1      4.3
  SINCE JUL 1     20.3                      25.0   -4.7     29.9
  SNOW DEPTH       0

DEGREE DAYS
 HEATING
  TODAY           19                        23     -4       11
  MONTH TO DATE  605                       791   -186      641
  SINCE MAR 1    605                       791   -186      641
  SINCE JUL 1   4927                      5819   -892     4918

 COOLING
  TODAY            0                         0      0        0
  MONTH TO DATE    0                         0      0        0
  SINCE MAR 1      0                         0      0        0
  SINCE JAN 1      0                         0      0        0
..................................................................


WIND (MPH)
  HIGHEST WIND SPEED    25   HIGHEST WIND DIRECTION     N (10)
  HIGHEST GUST SPEED    32   HIGHEST GUST DIRECTION     N (10)
  AVERAGE WIND SPEED    14.0


SKY COVER
  POSSIBLE SUNSHINE  MM
  AVERAGE SKY COVER 1.0


WEATHER CONDITIONS
 THE FOLLOWING WEATHER WAS RECORDED TODAY.
  LIGHT RAIN
  FOG


RELATIVE HUMIDITY (PERCENT)
 HIGHEST    96           500 AM
 LOWEST     66           200 PM
 AVERAGE    81

..........................................................


THE NORTH PLATTE NE CLIMATE NORMALS FOR TOMORROW
                         NORMAL    RECORD    YEAR
 MAXIMUM TEMPERATURE (F)   57        87      1943
 MINIMUM TEMPERATURE (F)   28        -6      1886


SUNRISE AND SUNSET
MARCH 29 2017.........SUNRISE   731 AM CDT   SUNSET   805 PM CDT
MARCH 30 2017.........SUNRISE   729 AM CDT   SUNSET   806 PM CDT


-  INDICATES NEGATIVE NUMBERS.
R  INDICATES RECORD WAS SET OR TIED.
MM INDICATES DATA IS MISSING.
T  INDICATES TRACE AMOUNT.




$$
