000
CDUS43 KLBF 231028
CLILBF


CLIMATE REPORT
NATIONAL WEATHER SERVICE NORTH PLATTE
427 AM CST THU NOV 23 2017


...................................

...THE NORTH PLATTE NE CLIMATE SUMMARY FOR NOVEMBER 22 2017...

CLIMATE NORMAL PERIOD 1981 TO 2010
CLIMATE RECORD PERIOD 1874 TO 2017


WEATHER ITEM   OBSERVED TIME   RECORD YEAR NORMAL DEPARTURE LAST
                VALUE   (LST)  VALUE       VALUE  FROM      YEAR
                                                  NORMAL
..................................................................
TEMPERATURE (F)
 YESTERDAY
  MAXIMUM         68    354 PM  73    1903  47     21       44
  MINIMUM         21    114 AM  -6    1898  18      3       32
  AVERAGE         45                        32     13       38

PRECIPITATION (IN)
  YESTERDAY        0.00          0.22 1952   0.02  -0.02     0.19
  MONTH TO DATE    0.07                      0.51  -0.44     0.77
  SINCE SEP 1      7.93                      3.47   4.46     3.25
  SINCE JAN 1     25.69                     19.69   6.00    22.41

SNOWFALL (IN)
  YESTERDAY        0.0           3.2  1952   0.1   -0.1      0.0
  MONTH TO DATE    0.4                       2.7   -2.3      5.0
  SINCE SEP 1      1.0                       5.0   -4.0      5.0
  SINCE JUL 1      1.0                       5.0   -4.0      5.0
  SNOW DEPTH       0

DEGREE DAYS
 HEATING
  YESTERDAY       20                        33    -13       27
  MONTH TO DATE  567                       605    -38      434
  SINCE SEP 1   1120                      1254   -134      801
  SINCE JUL 1   1124                      1274   -150      813

 COOLING
  YESTERDAY        0                         0      0        0
  MONTH TO DATE    0                         0      0        0
  SINCE SEP 1    131                        73     58      104
  SINCE JAN 1    954                       768    186      911
..................................................................


WIND (MPH)
  HIGHEST WIND SPEED    12   HIGHEST WIND DIRECTION     W (280)
  HIGHEST GUST SPEED    16   HIGHEST GUST DIRECTION     S (160)
  AVERAGE WIND SPEED     5.2


SKY COVER
  POSSIBLE SUNSHINE  MM
  AVERAGE SKY COVER 0.0


WEATHER CONDITIONS
 THE FOLLOWING WEATHER WAS RECORDED YESTERDAY.
  NO SIGNIFICANT WEATHER WAS OBSERVED.


RELATIVE HUMIDITY (PERCENT)
 HIGHEST    89          1000 PM
 LOWEST     32           400 PM
 AVERAGE    61

..........................................................


THE NORTH PLATTE NE CLIMATE NORMALS FOR TODAY
                         NORMAL    RECORD    YEAR
 MAXIMUM TEMPERATURE (F)   46        72      1988
 MINIMUM TEMPERATURE (F)   18        -6      1950


SUNRISE AND SUNSET
NOVEMBER 23 2017......SUNRISE   740 AM CST   SUNSET   518 PM CST
NOVEMBER 24 2017......SUNRISE   741 AM CST   SUNSET   517 PM CST


-  INDICATES NEGATIVE NUMBERS.
R  INDICATES RECORD WAS SET OR TIED.
MM INDICATES DATA IS MISSING.
T  INDICATES TRACE AMOUNT.




$$
