000
CDUS43 KLBF 071041
CLILBF


CLIMATE REPORT
NATIONAL WEATHER SERVICE NORTH PLATTE
439 AM CST WED DEC 7 2016


...................................

...THE NORTH PLATTE NE CLIMATE SUMMARY FOR DECEMBER 6 2016...

CLIMATE NORMAL PERIOD 1981 TO 2010
CLIMATE RECORD PERIOD 1874 TO 2016


WEATHER ITEM   OBSERVED TIME   RECORD YEAR NORMAL DEPARTURE LAST
                VALUE   (LST)  VALUE       VALUE  FROM      YEAR
                                                  NORMAL
..................................................................
TEMPERATURE (F)
 YESTERDAY
  MAXIMUM         35    306 PM  76    1939  41     -6       54
  MINIMUM         12    756 AM -15    1972  13     -1       18
  AVERAGE         24                        27     -3       36

PRECIPITATION (IN)
  YESTERDAY        0.00          0.42 1883   0.01  -0.01     0.00
  MONTH TO DATE    0.00                      0.08  -0.08     0.09
  SINCE DEC 1      0.00                      0.08  -0.08     0.09
  SINCE JAN 1     22.43                     19.90   2.53    20.64

SNOWFALL (IN)
  YESTERDAY        0.0           3.4  1994   0.1   -0.1      0.0
  MONTH TO DATE    0.0                       0.8   -0.8      1.6
  SINCE DEC 1      0.0                       0.8   -0.8      1.6
  SINCE JUL 1      5.0                       7.0   -2.0      6.2
  SNOW DEPTH       0

DEGREE DAYS
 HEATING
  YESTERDAY       41                        38      3       29
  MONTH TO DATE  198                       225    -27      191
  SINCE DEC 1    198                       225    -27      191
  SINCE JUL 1   1239                      1776   -537     1377

 COOLING
  YESTERDAY        0                         0      0        0
  MONTH TO DATE    0                         0      0        0
  SINCE DEC 1      0                         0      0        0
  SINCE JAN 1    911                       768    143      823
..................................................................


WIND (MPH)
  HIGHEST WIND SPEED    18   HIGHEST WIND DIRECTION    NW (310)
  HIGHEST GUST SPEED    23   HIGHEST GUST DIRECTION     W (290)
  AVERAGE WIND SPEED     9.6


SKY COVER
  POSSIBLE SUNSHINE  MM
  AVERAGE SKY COVER 0.2


WEATHER CONDITIONS
 THE FOLLOWING WEATHER WAS RECORDED YESTERDAY.
  NO SIGNIFICANT WEATHER WAS OBSERVED.


RELATIVE HUMIDITY (PERCENT)
 HIGHEST    76           800 AM
 LOWEST     25           400 PM
 AVERAGE    51

..........................................................


THE NORTH PLATTE NE CLIMATE NORMALS FOR TODAY
                         NORMAL    RECORD    YEAR
 MAXIMUM TEMPERATURE (F)   40        69      1991
 MINIMUM TEMPERATURE (F)   13       -15      1978


SUNRISE AND SUNSET
DECEMBER  7 2016......SUNRISE   755 AM CST   SUNSET   514 PM CST
DECEMBER  8 2016......SUNRISE   756 AM CST   SUNSET   514 PM CST


-  INDICATES NEGATIVE NUMBERS.
R  INDICATES RECORD WAS SET OR TIED.
MM INDICATES DATA IS MISSING.
T  INDICATES TRACE AMOUNT.




$$
