000
CDUS43 KLBF 272245
CLILBF


CLIMATE REPORT
NATIONAL WEATHER SERVICE NORTH PLATTE
543 PM CDT THU JUL 27 2017


...................................

...THE NORTH PLATTE NE CLIMATE SUMMARY FOR JULY 27 2017...
VALID TODAY AS OF 0500 PM LOCAL TIME.

CLIMATE NORMAL PERIOD 1981 TO 2010
CLIMATE RECORD PERIOD 1874 TO 2017


WEATHER ITEM   OBSERVED TIME   RECORD YEAR NORMAL DEPARTURE LAST
                VALUE   (LST)  VALUE       VALUE  FROM      YEAR
                                                  NORMAL
..................................................................
TEMPERATURE (F)
 TODAY
  MAXIMUM         89    424 PM 106    1952  88      1       88
                                      1910
  MINIMUM         67    700 AM  43    2005  61      6       60
  AVERAGE         78                        75      3       74

PRECIPITATION (IN)
  TODAY            0.00          2.90 1892   0.10  -0.10     0.00
  MONTH TO DATE    2.02                      2.66  -0.64     2.75
  SINCE JUN 1      2.45                      6.08  -3.63     6.01
  SINCE JAN 1     10.99                     13.52  -2.53    17.19

SNOWFALL (IN)
  TODAY            0.0           0.0  2002   0.0    0.0      0.0
                                      2001
  MONTH TO DATE    T                         0.0    0.0      0.0
  SINCE JUN 1      T                         0.0    0.0      0.0
  SINCE JUL 1      T                         0.0    0.0      0.0
  SNOW DEPTH       0

DEGREE DAYS
 HEATING
  TODAY            0                         0      0        0
  MONTH TO DATE    0                         0      0        6
  SINCE JUN 1      7                        51    -44       16
  SINCE JUL 1      0                         0      0        6

 COOLING
  TODAY           13                        10      3        9
  MONTH TO DATE  375                       256    119      274
  SINCE JUN 1    587                       394    193      522
  SINCE JAN 1    604                       422    182      532
..................................................................


WIND (MPH)
  HIGHEST WIND SPEED    13   HIGHEST WIND DIRECTION     S (160)
  HIGHEST GUST SPEED    16   HIGHEST GUST DIRECTION     S (160)
  AVERAGE WIND SPEED     6.0


SKY COVER
  POSSIBLE SUNSHINE  MM
  AVERAGE SKY COVER 0.6


WEATHER CONDITIONS
 THE FOLLOWING WEATHER WAS RECORDED TODAY.
  NO SIGNIFICANT WEATHER WAS OBSERVED.


RELATIVE HUMIDITY (PERCENT)
 HIGHEST    90          1200 AM
 LOWEST     26           300 PM
 AVERAGE    58

..........................................................


THE NORTH PLATTE NE CLIMATE NORMALS FOR TOMORROW
                         NORMAL    RECORD    YEAR
 MAXIMUM TEMPERATURE (F)   88       104      1933
                                             1917
 MINIMUM TEMPERATURE (F)   61        47      1892


SUNRISE AND SUNSET
JULY 27 2017..........SUNRISE   634 AM CDT   SUNSET   904 PM CDT
JULY 28 2017..........SUNRISE   635 AM CDT   SUNSET   903 PM CDT


-  INDICATES NEGATIVE NUMBERS.
R  INDICATES RECORD WAS SET OR TIED.
MM INDICATES DATA IS MISSING.
T  INDICATES TRACE AMOUNT.




$$
