000
CDUS43 KLBF 220932
CLILBF

CLIMATE REPORT
NATIONAL WEATHER SERVICE NORTH PLATTE
430 AM CDT WED OCT 22 2014


...................................

...THE NORTH PLATTE NE CLIMATE SUMMARY FOR OCTOBER 21 2014...

CLIMATE NORMAL PERIOD 1981 TO 2010
CLIMATE RECORD PERIOD 1874 TO 2014


WEATHER ITEM   OBSERVED TIME   RECORD YEAR NORMAL DEPARTURE LAST
                VALUE   (LST)  VALUE       VALUE  FROM      YEAR
                                                  NORMAL
..................................................................
TEMPERATURE (F)
 YESTERDAY
  MAXIMUM         78    421 PM  90    1921  63     15       59
  MINIMUM         43    602 AM  16    1987  32     11       28
  AVERAGE         61                        47     14       44

PRECIPITATION (IN)
  YESTERDAY        0.00          1.05 2008   0.06  -0.06      T
  MONTH TO DATE    0.70                      1.13  -0.43     1.60
  SINCE SEP 1      2.09                      2.54  -0.45     6.68
  SINCE JAN 1     20.37                     18.76   1.61    21.04

SNOWFALL (IN)
  YESTERDAY        0.0           2.9  1979   0.0    0.0      0.0
  MONTH TO DATE    0.0                       1.1   -1.1      0.0
  SINCE SEP 1      T                         1.3   -1.3      0.0
  SINCE JUL 1      T                         1.3   -1.3      0.0
  SNOW DEPTH       0

DEGREE DAYS
 HEATING
  YESTERDAY        4                        18    -14       21
  MONTH TO DATE  247                       297    -50      326
  SINCE SEP 1    370                       448    -78      396
  SINCE JUL 1    387                       468    -81      409

 COOLING
  YESTERDAY        0                         0      0        0
  MONTH TO DATE    0                         0      0        0
  SINCE SEP 1     75                        70      5      161
  SINCE JAN 1    744                       765    -21      998
..................................................................


WIND (MPH)
  HIGHEST WIND SPEED    23   HIGHEST WIND DIRECTION     S (180)
  HIGHEST GUST SPEED    32   HIGHEST GUST DIRECTION     S (180)
  AVERAGE WIND SPEED    10.6


SKY COVER
  POSSIBLE SUNSHINE  MM
  AVERAGE SKY COVER 0.0


WEATHER CONDITIONS
 THE FOLLOWING WEATHER WAS RECORDED YESTERDAY.
  NO SIGNIFICANT WEATHER WAS OBSERVED.


RELATIVE HUMIDITY (PERCENT)
 HIGHEST    77           800 AM
 LOWEST     42           400 PM
 AVERAGE    60

..........................................................


THE NORTH PLATTE NE CLIMATE NORMALS FOR TODAY
                         NORMAL    RECORD    YEAR
 MAXIMUM TEMPERATURE (F)   62        87      2003
 MINIMUM TEMPERATURE (F)   31        14      1936


SUNRISE AND SUNSET
OCTOBER 22 2014.......SUNRISE   802 AM CDT   SUNSET   652 PM CDT
OCTOBER 23 2014.......SUNRISE   803 AM CDT   SUNSET   650 PM CDT


-  INDICATES NEGATIVE NUMBERS.
R  INDICATES RECORD WAS SET OR TIED.
MM INDICATES DATA IS MISSING.
T  INDICATES TRACE AMOUNT.

$$
