000
CDUS42 KILM 240841
CLILBT


CLIMATE REPORT
NATIONAL WEATHER SERVICE WILMINGTON NC
441 AM EDT MON APR 24 2017


...................................

...THE LUMBERTON NC CLIMATE SUMMARY FOR APRIL 23 2017...

CLIMATE NORMAL PERIOD 1981 TO 2010
CLIMATE RECORD PERIOD 9999 TO 9999


WEATHER ITEM   OBSERVED TIME   NORMAL DEPARTURE LAST
                VALUE   (LST)  VALUE  FROM      YEAR
                                      NORMAL
......................................................
TEMPERATURE (F)
 YESTERDAY
  MAXIMUM         68   1217 AM  76     -8       80
  MINIMUM         57   1159 PM  51      6       57
  AVERAGE         63            64     -1       69

PRECIPITATION (IN)
  YESTERDAY        0.04          0.11  -0.07      T
  MONTH TO DATE    2.92          2.26   0.66     3.17
  SINCE MAR 1      6.82          5.59   1.23     4.35
  SINCE JAN 1     10.31         11.46  -1.15    12.63

SNOWFALL (IN)
  YESTERDAY       MM
  MONTH TO DATE   MM
  SINCE MAR 1     MM
  SINCE JUL 1     MM
  SNOW DEPTH      MM

DEGREE DAYS
 HEATING
  YESTERDAY        2             4     -2        0
  MONTH TO DATE   46           131    -85      136
  SINCE MAR 1    411           477    -66      317
  SINCE JUL 1   2058          2707   -649     1996

 COOLING
  YESTERDAY        0             2     -2        4
  MONTH TO DATE   70            38     32       30
  SINCE MAR 1     97            48     49       76
  SINCE JAN 1    107            51     56       77
......................................................


WIND (MPH)
  HIGHEST WIND SPEED    17   HIGHEST WIND DIRECTION     E (70)
  HIGHEST GUST SPEED    24   HIGHEST GUST DIRECTION     E (70)
  AVERAGE WIND SPEED    10.7


SKY COVER
  POSSIBLE SUNSHINE  MM
  AVERAGE SKY COVER 0.9


WEATHER CONDITIONS
 THE FOLLOWING WEATHER WAS RECORDED YESTERDAY.
  LIGHT RAIN
  FOG


RELATIVE HUMIDITY (PERCENT)
 HIGHEST   100           400 AM
 LOWEST     76          1200 AM
 AVERAGE    88

..........................................................


THE LUMBERTON NC CLIMATE NORMALS FOR TODAY
                         NORMAL
 MAXIMUM TEMPERATURE (F)   77
 MINIMUM TEMPERATURE (F)   51


SUNRISE AND SUNSET
APRIL 24 2017.........SUNRISE   634 AM EDT   SUNSET   756 PM EDT
APRIL 25 2017.........SUNRISE   632 AM EDT   SUNSET   756 PM EDT


-  INDICATES NEGATIVE NUMBERS.
R  INDICATES RECORD WAS SET OR TIED.
MM INDICATES DATA IS MISSING.
T  INDICATES TRACE AMOUNT.




$$
