000
CDUS42 KILM 232043
CLILBT


CLIMATE REPORT
NATIONAL WEATHER SERVICE WILMINGTON NC
442 PM EDT WED APR 23 2014


...................................

...THE LUMBERTON NC CLIMATE SUMMARY FOR APRIL 23 2014...
VALID TODAY AS OF 0400 PM LOCAL TIME.

CLIMATE NORMAL PERIOD 1981 TO 2010
CLIMATE RECORD PERIOD 9999 TO 9999


WEATHER ITEM   OBSERVED TIME   NORMAL DEPARTURE LAST
                VALUE   (LST)  VALUE  FROM      YEAR
                                      NORMAL
......................................................
TEMPERATURE (F)
 TODAY
  MAXIMUM         76    259 PM  76      0       69
  MINIMUM         55    546 AM  51      4       46
  AVERAGE         66            64      2       58

PRECIPITATION (IN)
  TODAY            0.00          0.11  -0.11      T
  MONTH TO DATE    3.12          2.26   0.86     2.50
  SINCE MAR 1      6.54          5.59   0.95     4.38
  SINCE JAN 1     12.61         11.46   1.15     9.95

SNOWFALL (IN)
  TODAY           MM
  MONTH TO DATE   MM
  SINCE MAR 1     MM
  SINCE JUL 1     MM
  SNOW DEPTH      MM

DEGREE DAYS
 HEATING
  TODAY            0             4     -4        7
  MONTH TO DATE  110           131    -21      139
  SINCE MAR 1    622           477    145      675
  SINCE JUL 1   2918          2707    211     2749

 COOLING
  TODAY            1             2     -1        0
  MONTH TO DATE   21            38    -17       32
  SINCE MAR 1     22            48    -26       33
  SINCE JAN 1     23            51    -28       37
......................................................


WIND (MPH)
  HIGHEST WIND SPEED    17   HIGHEST WIND DIRECTION     W (280)
  HIGHEST GUST SPEED    23   HIGHEST GUST DIRECTION     N (340)
  AVERAGE WIND SPEED     7.3


SKY COVER
  POSSIBLE SUNSHINE  MM
  AVERAGE SKY COVER 0.0


WEATHER CONDITIONS
 THE FOLLOWING WEATHER WAS RECORDED TODAY.
  FOG
  HAZE


RELATIVE HUMIDITY (PERCENT)
 HIGHEST   100           600 AM
 LOWEST     25           300 PM
 AVERAGE    63

..........................................................


THE LUMBERTON NC CLIMATE NORMALS FOR TOMORROW
                         NORMAL    RECORD    YEAR
 MAXIMUM TEMPERATURE (F)   77        MM        MM
 MINIMUM TEMPERATURE (F)   51        MM        MM


SUNRISE AND SUNSET
APRIL 23 2014.........SUNRISE   635 AM EDT   SUNSET   755 PM EDT
APRIL 24 2014.........SUNRISE   634 AM EDT   SUNSET   755 PM EDT


-  INDICATES NEGATIVE NUMBERS.
R  INDICATES RECORD WAS SET OR TIED.
MM INDICATES DATA IS MISSING.
T  INDICATES TRACE AMOUNT.




$$
