000
CDUS42 KILM 260843
CLILBT


CLIMATE REPORT
NATIONAL WEATHER SERVICE WILMINGTON NC
443 AM EDT TUE JUL 26 2016


...................................

...THE LUMBERTON NC CLIMATE SUMMARY FOR JULY 25 2016...

CLIMATE NORMAL PERIOD 1981 TO 2010
CLIMATE RECORD PERIOD 9999 TO 9999


WEATHER ITEM   OBSERVED TIME   NORMAL DEPARTURE LAST
                VALUE   (LST)  VALUE  FROM      YEAR
                                      NORMAL
......................................................
TEMPERATURE (F)
 YESTERDAY
  MAXIMUM         94    237 PM  91      3       91
  MINIMUM         76    544 AM  72      4       65
  AVERAGE         85            81      4       78

PRECIPITATION (IN)
  YESTERDAY        0.00          0.20  -0.20     0.00
  MONTH TO DATE    7.51          4.30   3.21     1.27
  SINCE JUN 1      9.39          8.64   0.75     7.51
  SINCE JAN 1     28.33         23.71   4.62    24.97

DEGREE DAYS
 HEATING
  YESTERDAY        0             0      0        0
  MONTH TO DATE    0             0      0        0
  SINCE JUN 1      0             0      0        0
  SINCE JUL 1      0             0      0        0

 COOLING
  YESTERDAY       20            16      4       13
  MONTH TO DATE  442           400     42      459
  SINCE JUN 1    913           788    125     1003
  SINCE JAN 1   1236          1038    198     1342
......................................................


WIND (MPH)
  HIGHEST WIND SPEED    13   HIGHEST WIND DIRECTION     S (190)
  HIGHEST GUST SPEED    18   HIGHEST GUST DIRECTION     S (190)
  AVERAGE WIND SPEED     5.7


SKY COVER
  POSSIBLE SUNSHINE  MM
  AVERAGE SKY COVER 0.1


WEATHER CONDITIONS
 THE FOLLOWING WEATHER WAS RECORDED YESTERDAY.
  FOG


RELATIVE HUMIDITY (PERCENT)
 HIGHEST    94           200 AM
 LOWEST     52           300 PM
 AVERAGE    73

..........................................................


THE LUMBERTON NC CLIMATE NORMALS FOR TODAY
                         NORMAL
 MAXIMUM TEMPERATURE (F)   91
 MINIMUM TEMPERATURE (F)   72


SUNRISE AND SUNSET
JULY 26 2016..........SUNRISE   623 AM EDT   SUNSET   823 PM EDT
JULY 27 2016..........SUNRISE   623 AM EDT   SUNSET   822 PM EDT


-  INDICATES NEGATIVE NUMBERS.
R  INDICATES RECORD WAS SET OR TIED.
MM INDICATES DATA IS MISSING.
T  INDICATES TRACE AMOUNT.




$$
