000
CDUS42 KILM 242047
CLILBT


CLIMATE REPORT
NATIONAL WEATHER SERVICE WILMINGTON NC
444 PM EDT WED MAY 24 2017


...................................

...THE LUMBERTON NC CLIMATE SUMMARY FOR MAY 24 2017...
VALID TODAY AS OF 0400 PM LOCAL TIME.

CLIMATE NORMAL PERIOD 1981 TO 2010
CLIMATE RECORD PERIOD 9999 TO 9999


WEATHER ITEM   OBSERVED TIME   NORMAL DEPARTURE LAST
                VALUE   (LST)  VALUE  FROM      YEAR
                                      NORMAL
......................................................
TEMPERATURE (F)
 TODAY
  MAXIMUM         79    239 PM  84     -5       85
  MINIMUM         68    630 AM  60      8       50
  AVERAGE         74            72      2       68

PRECIPITATION (IN)
  TODAY            0.02          0.12  -0.10     0.00
  MONTH TO DATE    3.42          2.18   1.24     5.01
  SINCE MAR 1     13.39          8.33   5.06     9.36
  SINCE JAN 1     16.88         14.20   2.68    17.64

DEGREE DAYS
 HEATING
  TODAY            0             0      0        0
  MONTH TO DATE   14            30    -16       22
  SINCE MAR 1    432           529    -97      339
  SINCE JUL 1   2079          2759   -680     2018

 COOLING
  TODAY            9             8      1        3
  MONTH TO DATE  164           122     42      117
  SINCE MAR 1    313           187    126      233
  SINCE JAN 1    323           190    133      234
......................................................


WIND (MPH)
  HIGHEST WIND SPEED    12   HIGHEST WIND DIRECTION    SE (140)
  HIGHEST GUST SPEED    15   HIGHEST GUST DIRECTION    SE (130)
  AVERAGE WIND SPEED     4.6


SKY COVER
  POSSIBLE SUNSHINE  MM
  AVERAGE SKY COVER 0.7


WEATHER CONDITIONS
 THE FOLLOWING WEATHER WAS RECORDED TODAY.
  THUNDERSTORM
  LIGHT RAIN
  FOG


RELATIVE HUMIDITY (PERCENT)
 HIGHEST   100           400 AM
 LOWEST     74           200 PM
 AVERAGE    87

..........................................................


THE LUMBERTON NC CLIMATE NORMALS FOR TOMORROW
                         NORMAL
 MAXIMUM TEMPERATURE (F)   84
 MINIMUM TEMPERATURE (F)   61


SUNRISE AND SUNSET
MAY 24 2017...........SUNRISE   608 AM EDT   SUNSET   819 PM EDT
MAY 25 2017...........SUNRISE   607 AM EDT   SUNSET   820 PM EDT


-  INDICATES NEGATIVE NUMBERS.
R  INDICATES RECORD WAS SET OR TIED.
MM INDICATES DATA IS MISSING.
T  INDICATES TRACE AMOUNT.




$$
