000
CDUS42 KILM 232041
CLILBT


CLIMATE REPORT
NATIONAL WEATHER SERVICE WILMINGTON NC
441 PM EDT TUE SEP 23 2014


...................................

...THE LUMBERTON NC CLIMATE SUMMARY FOR SEPTEMBER 23 2014...
VALID TODAY AS OF 0400 PM LOCAL TIME.

CLIMATE NORMAL PERIOD 1981 TO 2010
CLIMATE RECORD PERIOD 9999 TO 9999


WEATHER ITEM   OBSERVED TIME   NORMAL DEPARTURE LAST
                VALUE   (LST)  VALUE  FROM      YEAR
                                      NORMAL
......................................................
TEMPERATURE (F)
 TODAY
  MAXIMUM         65    341 AM  82    -17       78
  MINIMUM         59    138 PM  60     -1       56
  AVERAGE         62            71     -9       67

PRECIPITATION (IN)
  TODAY            0.12          0.15  -0.03     0.00
  MONTH TO DATE    3.39          3.70  -0.31     1.14
  SINCE SEP 1      3.39          3.70  -0.31     1.14
  SINCE JAN 1     35.55         34.09   1.46    37.12

DEGREE DAYS
 HEATING
  TODAY            3             1      2        0
  MONTH TO DATE    3             1      2        0
  SINCE SEP 1      3             1      2        0
  SINCE JUL 1      3             1      2        0

 COOLING
  TODAY            0             6     -6        2
  MONTH TO DATE  275           209     66      243
  SINCE SEP 1    275           209     66      243
  SINCE JAN 1   1932          1781    151     1754
......................................................


WIND (MPH)
  HIGHEST WIND SPEED    16   HIGHEST WIND DIRECTION    NE (40)
  HIGHEST GUST SPEED    22   HIGHEST GUST DIRECTION    NE (60)
  AVERAGE WIND SPEED     8.7


SKY COVER
  POSSIBLE SUNSHINE  MM
  AVERAGE SKY COVER 0.7


WEATHER CONDITIONS
 THE FOLLOWING WEATHER WAS RECORDED TODAY.
  LIGHT RAIN


RELATIVE HUMIDITY (PERCENT)
 HIGHEST    90           200 PM
 LOWEST     84           300 AM
 AVERAGE    87

..........................................................


THE LUMBERTON NC CLIMATE NORMALS FOR TOMORROW
                         NORMAL    RECORD    YEAR
 MAXIMUM TEMPERATURE (F)   82        MM        MM
 MINIMUM TEMPERATURE (F)   60        MM        MM


SUNRISE AND SUNSET
SEPTEMBER 23 2014.....SUNRISE   705 AM EDT   SUNSET   712 PM EDT
SEPTEMBER 24 2014.....SUNRISE   706 AM EDT   SUNSET   710 PM EDT


-  INDICATES NEGATIVE NUMBERS.
R  INDICATES RECORD WAS SET OR TIED.
MM INDICATES DATA IS MISSING.
T  INDICATES TRACE AMOUNT.




$$
