000
CDUS44 KLCH 262213
CLILCH


CLIMATE REPORT
NATIONAL WEATHER SERVICE LAKE CHARLES, LA
413 PM CST FRI DEC 26 2014


...................................

...THE LAKE CHARLES CLIMATE SUMMARY FOR DECEMBER 26 2014...
VALID TODAY AS OF 0400 PM LOCAL TIME.

CLIMATE NORMAL PERIOD 1981 TO 2010
CLIMATE RECORD PERIOD 1895 TO 2014


WEATHER ITEM   OBSERVED TIME   RECORD YEAR NORMAL DEPARTURE LAST
                VALUE   (LST)  VALUE       VALUE  FROM      YEAR
                                                  NORMAL
..................................................................
TEMPERATURE (F)
 TODAY
  MAXIMUM         64    320 PM  79    1942  62      2       60
  MINIMUM         51    346 AM  21    1983  43      8       36
  AVERAGE         58                        52      6       48

PRECIPITATION (IN)
  TODAY            0.01          4.79 1982   0.16  -0.15     0.00
  MONTH TO DATE    1.54                      3.86  -2.32     2.05
  SINCE DEC 1      1.54                      3.86  -2.32     2.05
  SINCE JAN 1     68.14                     56.67  11.47    57.46

SNOWFALL (IN)
  TODAY            0.0           0.0    MM   0.0    0.0      0.0
  MONTH TO DATE    0.0                       0.0    0.0      0.0
  SINCE DEC 1      0.0                       0.0    0.0      0.0
  SINCE JUL 1      0.0                       0.0    0.0      0.0
  SNOW DEPTH       0

DEGREE DAYS
 HEATING
  TODAY            7                        13     -6       17
  MONTH TO DATE  214                       299    -85      354
  SINCE DEC 1    214                       299    -85      354
  SINCE JUL 1    490                       506    -16      628

 COOLING
  TODAY            0                         1     -1        0
  MONTH TO DATE   17                        26     -9       25
  SINCE DEC 1     17                        26     -9       25
  SINCE JAN 1   2704                      2815   -111     2972
..................................................................


WIND (MPH)
  HIGHEST WIND SPEED    22   HIGHEST WIND DIRECTION    SE (120)
  HIGHEST GUST SPEED    27   HIGHEST GUST DIRECTION    SE (120)
  AVERAGE WIND SPEED    10.6


SKY COVER
  POSSIBLE SUNSHINE  MM
  AVERAGE SKY COVER 0.8


WEATHER CONDITIONS
 THE FOLLOWING WEATHER WAS RECORDED TODAY.
  LIGHT RAIN
  FOG


RELATIVE HUMIDITY (PERCENT)
 HIGHEST    96           600 AM
 LOWEST     83           100 AM
 AVERAGE    90

..........................................................


THE LAKE CHARLES CLIMATE NORMALS FOR TOMORROW
                         NORMAL    RECORD    YEAR
 MAXIMUM TEMPERATURE (F)   62        79      1984
                                             1912
 MINIMUM TEMPERATURE (F)   43        25      2010


SUNRISE AND SUNSET
DECEMBER 26 2014......SUNRISE   707 AM CST   SUNSET   520 PM CST
DECEMBER 27 2014......SUNRISE   707 AM CST   SUNSET   521 PM CST


-  INDICATES NEGATIVE NUMBERS.
R  INDICATES RECORD WAS SET OR TIED.
MM INDICATES DATA IS MISSING.
T  INDICATES TRACE AMOUNT.




$$
