000
CDUS44 KLCH 200929
CLILCH


CLIMATE REPORT
NATIONAL WEATHER SERVICE LAKE CHARLES, LA
428 AM CDT SUN APR 20 2014


...................................

...THE LAKE CHARLES CLIMATE SUMMARY FOR APRIL 19 2014...

CLIMATE NORMAL PERIOD 1981 TO 2010
CLIMATE RECORD PERIOD 1895 TO 2014


WEATHER ITEM   OBSERVED TIME   RECORD YEAR NORMAL DEPARTURE LAST
                VALUE   (LST)  VALUE       VALUE  FROM      YEAR
                                                  NORMAL
..................................................................
TEMPERATURE (F)
 YESTERDAY
  MAXIMUM         80    344 PM  92    1965  79      1       67
                                      1908
  MINIMUM         57   1152 PM  42    1939  59     -2       45
  AVERAGE         69                        69      0       56

PRECIPITATION (IN)
  YESTERDAY        0.00          2.00 1915   0.11  -0.11     0.00
  MONTH TO DATE    0.81                      2.06  -1.25     4.38
  SINCE MAR 1      2.88                      5.72  -2.84     6.55
  SINCE JAN 1      9.67                     14.41  -4.74    23.14

SNOWFALL (IN)
  YESTERDAY        0.0           0.0    MM   0.0    0.0      0.0
  MONTH TO DATE    0.0                       0.0    0.0      0.0
  SINCE MAR 1      0.0                       0.0    0.0      0.0
  SINCE JUL 1      0.1                       0.1    0.0      0.0
  SNOW DEPTH       0

DEGREE DAYS
 HEATING
  YESTERDAY        0                         1     -1        9
  MONTH TO DATE   49                        38     11       46
  SINCE MAR 1    299                       200     99      259
  SINCE JUL 1   1950                      1482    468     1228

 COOLING
  YESTERDAY        4                         5     -1        0
  MONTH TO DATE   52                        72    -20       75
  SINCE MAR 1     65                       121    -56      106
  SINCE JAN 1     80                       144    -64      136
..................................................................


WIND (MPH)
  HIGHEST WIND SPEED    12   HIGHEST WIND DIRECTION     E (110)
  HIGHEST GUST SPEED    14   HIGHEST GUST DIRECTION     E (100)
  AVERAGE WIND SPEED     3.9


SKY COVER
  POSSIBLE SUNSHINE  MM
  AVERAGE SKY COVER 0.1


WEATHER CONDITIONS
 THE FOLLOWING WEATHER WAS RECORDED YESTERDAY.
  FOG


RELATIVE HUMIDITY (PERCENT)
 HIGHEST    93           300 AM
 LOWEST     42           200 PM
 AVERAGE    68

..........................................................


THE LAKE CHARLES CLIMATE NORMALS FOR TODAY
                         NORMAL    RECORD    YEAR
 MAXIMUM TEMPERATURE (F)   79        89      1987
                                             1908
 MINIMUM TEMPERATURE (F)   59        40      1910


SUNRISE AND SUNSET
APRIL 20 2014.........SUNRISE   641 AM CDT   SUNSET   743 PM CDT
APRIL 21 2014.........SUNRISE   639 AM CDT   SUNSET   744 PM CDT


-  INDICATES NEGATIVE NUMBERS.
R  INDICATES RECORD WAS SET OR TIED.
MM INDICATES DATA IS MISSING.
T  INDICATES TRACE AMOUNT.




$$
