000
CDUS44 KLCH 022246
CLILCH


CLIMATE REPORT
NATIONAL WEATHER SERVICE LAKE CHARLES, LA
445 PM CST FRI DEC 2 2016


...................................

...THE LAKE CHARLES CLIMATE SUMMARY FOR DECEMBER 2 2016...
VALID TODAY AS OF 0400 PM LOCAL TIME.

CLIMATE NORMAL PERIOD 1981 TO 2010
CLIMATE RECORD PERIOD 1895 TO 2016


WEATHER ITEM   OBSERVED TIME   RECORD YEAR NORMAL DEPARTURE LAST
                VALUE   (LST)  VALUE       VALUE  FROM      YEAR
                                                  NORMAL
..................................................................
TEMPERATURE (F)
 TODAY
  MAXIMUM         64   1212 PM  86    1912  66     -2       61
  MINIMUM         46   1200 AM  23    1896  46      0       48
  AVERAGE         55                        56     -1       55

PRECIPITATION (IN)
  TODAY            T             3.00 1897   0.15  -0.15     0.03
  MONTH TO DATE    T                         0.30  -0.30     0.32
  SINCE DEC 1      T                         0.30  -0.30     0.32
  SINCE JAN 1     62.82                     53.11   9.71    61.92

SNOWFALL (IN)
  TODAY           MM             0.0    MM   0.0   MM       MM
  MONTH TO DATE    0.0                       0.0    0.0      0.0
  SINCE DEC 1      0.0                       0.0    0.0      0.0
  SINCE JUL 1      0.0                       0.0    0.0      0.0
  SNOW DEPTH       0

DEGREE DAYS
 HEATING
  TODAY           10                         9      1       10
  MONTH TO DATE   23                        18      5       15
  SINCE DEC 1     23                        18      5       15
  SINCE JUL 1    117                       225   -108       91

 COOLING
  TODAY            0                         1     -1        0
  MONTH TO DATE    0                         2     -2        0
  SINCE DEC 1      0                         2     -2        0
  SINCE JAN 1   3199                      2791    408     3116
..................................................................


WIND (MPH)
  HIGHEST WIND SPEED    17   HIGHEST WIND DIRECTION     E (90)
  HIGHEST GUST SPEED    20   HIGHEST GUST DIRECTION     E (80)
  AVERAGE WIND SPEED     7.8


SKY COVER
  POSSIBLE SUNSHINE  MM
  AVERAGE SKY COVER 0.8


WEATHER CONDITIONS
 THE FOLLOWING WEATHER WAS RECORDED TODAY.
  LIGHT RAIN


RELATIVE HUMIDITY (PERCENT)
 HIGHEST    82          1200 AM
 LOWEST     52          1200 PM
 AVERAGE    67

..........................................................


THE LAKE CHARLES CLIMATE NORMALS FOR TOMORROW
                         NORMAL    RECORD    YEAR
 MAXIMUM TEMPERATURE (F)   66        89      1912
 MINIMUM TEMPERATURE (F)   46        25      1929


SUNRISE AND SUNSET
DECEMBER  2 2016......SUNRISE   653 AM CST   SUNSET   512 PM CST
DECEMBER  3 2016......SUNRISE   653 AM CST   SUNSET   512 PM CST


-  INDICATES NEGATIVE NUMBERS.
R  INDICATES RECORD WAS SET OR TIED.
MM INDICATES DATA IS MISSING.
T  INDICATES TRACE AMOUNT.




$$
