000
CDUS44 KLCH 280816
CLILCH


CLIMATE REPORT
NATIONAL WEATHER SERVICE LAKE CHARLES, LA
215 AM CST FRI NOV 28 2014


...................................

...THE LAKE CHARLES CLIMATE SUMMARY FOR NOVEMBER 27 2014...

CLIMATE NORMAL PERIOD 1981 TO 2010
CLIMATE RECORD PERIOD 1895 TO 2014


WEATHER ITEM   OBSERVED TIME   RECORD YEAR NORMAL DEPARTURE LAST
                VALUE   (LST)  VALUE       VALUE  FROM      YEAR
                                                  NORMAL
..................................................................
TEMPERATURE (F)
 YESTERDAY
  MAXIMUM         65    314 PM  87    1908  68     -3       50
  MINIMUM         42    413 AM  28    1912  48     -6       32
  AVERAGE         54                        58     -4       41

PRECIPITATION (IN)
  YESTERDAY        0.00          2.90 1962   0.14  -0.14     0.00
  MONTH TO DATE    7.05                      3.99   3.06     3.18
  SINCE SEP 1     14.53                     14.15   0.38    16.41
  SINCE JAN 1     66.60                     52.37  14.23    55.41

SNOWFALL (IN)
  YESTERDAY        0.0           0.0    MM   0.0    0.0      0.0
  MONTH TO DATE    0.0                       0.0    0.0      0.0
  SINCE SEP 1      0.0                       0.0    0.0      0.0
  SINCE JUL 1      0.0                       0.0    0.0      0.0
  SNOW DEPTH       0

DEGREE DAYS
 HEATING
  YESTERDAY       11                         8      3       24
  MONTH TO DATE  255                       144    111      194
  SINCE SEP 1    260                       180     80      212
  SINCE JUL 1    260                       180     80      212

 COOLING
  YESTERDAY        0                         1     -1        0
  MONTH TO DATE   16                        51    -35       40
  SINCE SEP 1    675                       655     20      742
  SINCE JAN 1   2685                      2784    -99     2947
..................................................................


WIND (MPH)
  HIGHEST WIND SPEED    18   HIGHEST WIND DIRECTION    NE (40)
  HIGHEST GUST SPEED    22   HIGHEST GUST DIRECTION    NE (40)
  AVERAGE WIND SPEED     7.7


SKY COVER
  POSSIBLE SUNSHINE  MM
  AVERAGE SKY COVER 0.0


WEATHER CONDITIONS
 THE FOLLOWING WEATHER WAS RECORDED YESTERDAY.
  HAZE


RELATIVE HUMIDITY (PERCENT)
 HIGHEST    89           300 AM
 LOWEST     26           200 PM
 AVERAGE    58

..........................................................


THE LAKE CHARLES CLIMATE NORMALS FOR TODAY
                         NORMAL    RECORD    YEAR
 MAXIMUM TEMPERATURE (F)   68        89      1912
 MINIMUM TEMPERATURE (F)   47        28      1992
                                             1938


SUNRISE AND SUNSET
NOVEMBER 28 2014......SUNRISE   649 AM CST   SUNSET   513 PM CST
NOVEMBER 29 2014......SUNRISE   650 AM CST   SUNSET   512 PM CST


-  INDICATES NEGATIVE NUMBERS.
R  INDICATES RECORD WAS SET OR TIED.
MM INDICATES DATA IS MISSING.
T  INDICATES TRACE AMOUNT.




$$
