000
CDUS44 KLCH 012210
CLILCH


CLIMATE REPORT
NATIONAL WEATHER SERVICE LAKE CHARLES, LA
510 PM CDT WED OCT 1 2014


...................................

...THE LAKE CHARLES CLIMATE SUMMARY FOR OCTOBER 1 2014...
VALID TODAY AS OF 0500 PM LOCAL TIME.

CLIMATE NORMAL PERIOD 1981 TO 2010
CLIMATE RECORD PERIOD 1895 TO 2014


WEATHER ITEM   OBSERVED TIME   RECORD YEAR NORMAL DEPARTURE LAST
                VALUE   (LST)  VALUE       VALUE  FROM      YEAR
                                                  NORMAL
..................................................................
TEMPERATURE (F)
 TODAY
  MAXIMUM         89    242 PM  97    1904  85      4       86
  MINIMUM         74   1215 AM  42    1924  64     10       73
                                      1920
  AVERAGE         82                        74      8       80

PRECIPITATION (IN)
  TODAY            0.08          0.96 1988   0.15  -0.07      T
  MONTH TO DATE    0.08                      0.15  -0.07      T
  SINCE SEP 1      5.05                      5.41  -0.36     9.69
  SINCE JAN 1     57.12                     43.63  13.49    48.69

SNOWFALL (IN)
  TODAY            0.0           0.0    MM   0.0    0.0      0.0
  MONTH TO DATE    0.0                       0.0    0.0      0.0
  SINCE SEP 1      0.0                       0.0    0.0      0.0
  SINCE JUL 1      0.0                       0.0    0.0      0.0
  SNOW DEPTH       0

DEGREE DAYS
 HEATING
  TODAY            0                         0      0        0
  MONTH TO DATE    0                         0      0        0
  SINCE SEP 1      0                         1     -1        0
  SINCE JUL 1      0                         1     -1        0

 COOLING
  TODAY           17                        10      7       15
  MONTH TO DATE   17                        10      7       15
  SINCE SEP 1    466                       421     45      519
  SINCE JAN 1   2476                      2550    -74     2724
..................................................................


WIND (MPH)
  HIGHEST WIND SPEED    16   HIGHEST WIND DIRECTION    SE (120)
  HIGHEST GUST SPEED    20   HIGHEST GUST DIRECTION     E (110)
  AVERAGE WIND SPEED     7.5


SKY COVER
  POSSIBLE SUNSHINE  MM
  AVERAGE SKY COVER 0.6


WEATHER CONDITIONS
 THE FOLLOWING WEATHER WAS RECORDED TODAY.
  THUNDERSTORM
  LIGHT RAIN
  FOG


RELATIVE HUMIDITY (PERCENT)
 HIGHEST   100          1200 AM
 LOWEST     63           200 PM
 AVERAGE    82

..........................................................


THE LAKE CHARLES CLIMATE NORMALS FOR TOMORROW
                         NORMAL    RECORD    YEAR
 MAXIMUM TEMPERATURE (F)   84       103      1900
 MINIMUM TEMPERATURE (F)   64        45      1984
                                             1939


SUNRISE AND SUNSET
OCTOBER  1 2014.......SUNRISE   706 AM CDT   SUNSET   658 PM CDT
OCTOBER  2 2014.......SUNRISE   707 AM CDT   SUNSET   657 PM CDT


-  INDICATES NEGATIVE NUMBERS.
R  INDICATES RECORD WAS SET OR TIED.
MM INDICATES DATA IS MISSING.
T  INDICATES TRACE AMOUNT.




$$
