000
CDUS43 KLMK 300628
CLILEX


CLIMATE REPORT
NATIONAL WEATHER SERVICE LOUISVILLE KY
127 AM EST FRI JAN 30 2015


...................................

...THE LEXINGTON KY CLIMATE SUMMARY FOR JANUARY 29 2015...

CLIMATE NORMAL PERIOD 1981 TO 2010
CLIMATE RECORD PERIOD 1872 TO 2015


WEATHER ITEM   OBSERVED TIME   RECORD YEAR NORMAL DEPARTURE LAST
                VALUE   (LST)  VALUE       VALUE  FROM      YEAR
                                                  NORMAL
..................................................................
TEMPERATURE (F)
 YESTERDAY
  MAXIMUM         53    206 PM  69    1975  42     11       24
  MINIMUM         32    134 AM  -7    1977  25      7        0
  AVERAGE         43                        34      9       12

PRECIPITATION (IN)
  YESTERDAY        0.05          2.32 1939   0.10  -0.05     0.00
  MONTH TO DATE    1.85                      2.97  -1.12     2.31
  SINCE DEC 1      5.15                      6.90  -1.75     7.89
  SINCE JAN 1      1.85                      2.97  -1.12     2.31

SNOWFALL (IN)
  YESTERDAY        0.0           4.0  1909   0.2   -0.2      0.0
  MONTH TO DATE    5.9                       3.6    2.3      8.6
  SINCE DEC 1      5.9                       6.1   -0.2      9.2
  SINCE JUL 1      7.5                       6.4    1.1     10.6
  SNOW DEPTH       0

DEGREE DAYS
 HEATING
  YESTERDAY       22                        32    -10       53
  MONTH TO DATE  973                       928     45     1106
  SINCE DEC 1   1784                      1829    -45     1937
  SINCE JUL 1   2791                      2716     75     2864

 COOLING
  YESTERDAY        0                         0      0        0
  MONTH TO DATE    0                         0      0        0
  SINCE DEC 1      0                         0      0        0
  SINCE JAN 1      0                         0      0        0
..................................................................


WIND (MPH)
  HIGHEST WIND SPEED    28   HIGHEST WIND DIRECTION     W (280)
  HIGHEST GUST SPEED    39   HIGHEST GUST DIRECTION    SW (220)
  AVERAGE WIND SPEED    16.1


SKY COVER
  POSSIBLE SUNSHINE  MM
  AVERAGE SKY COVER 0.7


WEATHER CONDITIONS
 THE FOLLOWING WEATHER WAS RECORDED YESTERDAY.
  LIGHT RAIN
  FOG


RELATIVE HUMIDITY (PERCENT)
 HIGHEST    89          1100 PM
 LOWEST     52           400 AM
 AVERAGE    71

..........................................................


THE LEXINGTON KY CLIMATE NORMALS FOR TODAY
                         NORMAL    RECORD    YEAR
 MAXIMUM TEMPERATURE (F)   42        69      1916
 MINIMUM TEMPERATURE (F)   25       -10      1966


SUNRISE AND SUNSET
JANUARY 30 2015.......SUNRISE   745 AM EST   SUNSET   559 PM EST
JANUARY 31 2015.......SUNRISE   744 AM EST   SUNSET   600 PM EST


-  INDICATES NEGATIVE NUMBERS.
R  INDICATES RECORD WAS SET OR TIED.
MM INDICATES DATA IS MISSING.
T  INDICATES TRACE AMOUNT.




$$
