000
CDUS43 KLMK 150627
CLILEX


CLIMATE REPORT
NATIONAL WEATHER SERVICE LOUISVILLE KY
127 AM EST FRI DEC 15 2017


...................................

...THE LEXINGTON KY CLIMATE SUMMARY FOR DECEMBER 14 2017...

CLIMATE NORMAL PERIOD 1981 TO 2010
CLIMATE RECORD PERIOD 1872 TO 2017


WEATHER ITEM   OBSERVED TIME   RECORD YEAR NORMAL DEPARTURE LAST
                VALUE   (LST)  VALUE       VALUE  FROM      YEAR
                                                  NORMAL
..................................................................
TEMPERATURE (F)
 YESTERDAY
  MAXIMUM         46   1217 AM  69    1984  44      2       36
                                      1971
  MINIMUM         23   1008 PM  -2    1914  28     -5       21
  AVERAGE         35                        36     -1       29

PRECIPITATION (IN)
  YESTERDAY        0.00          1.55 1948   0.13  -0.13     0.00
  MONTH TO DATE    0.73                      1.85  -1.12     1.61
  SINCE DEC 1      0.73                      1.85  -1.12     1.61
  SINCE JAN 1     47.53                     43.09   4.44    39.82

SNOWFALL (IN)
  YESTERDAY        0.0           3.6  1953   0.0    0.0      0.0
  MONTH TO DATE    0.2                       0.8   -0.6      0.1
  SINCE DEC 1      0.2                       0.8   -0.6      0.1
  SINCE JUL 1      0.2                       1.1   -0.9      0.1
  SNOW DEPTH       0

DEGREE DAYS
 HEATING
  YESTERDAY       30                        29      1       36
  MONTH TO DATE  393                       379     14      403
  SINCE DEC 1    393                       379     14      403
  SINCE JUL 1   1173                      1266    -93      989

 COOLING
  YESTERDAY        0                         0      0        0
  MONTH TO DATE    0                         0      0        0
  SINCE DEC 1      0                         0      0        0
  SINCE JAN 1   1290                      1190    100     1640
..................................................................


WIND (MPH)
  HIGHEST WIND SPEED    30   HIGHEST WIND DIRECTION     W (270)
  HIGHEST GUST SPEED    43   HIGHEST GUST DIRECTION     W (270)
  AVERAGE WIND SPEED     8.5


SKY COVER
  POSSIBLE SUNSHINE  MM
  AVERAGE SKY COVER 0.6


WEATHER CONDITIONS
 THE FOLLOWING WEATHER WAS RECORDED YESTERDAY.
  NO SIGNIFICANT WEATHER WAS OBSERVED.


RELATIVE HUMIDITY (PERCENT)
 HIGHEST    74          1000 PM
 LOWEST     40           300 PM
 AVERAGE    57

..........................................................


THE LEXINGTON KY CLIMATE NORMALS FOR TODAY
                         NORMAL    RECORD    YEAR
 MAXIMUM TEMPERATURE (F)   44        72      1984
 MINIMUM TEMPERATURE (F)   28        -8      1901


SUNRISE AND SUNSET
DECEMBER 15 2017......SUNRISE   747 AM EST   SUNSET   520 PM EST
DECEMBER 16 2017......SUNRISE   748 AM EST   SUNSET   520 PM EST


-  INDICATES NEGATIVE NUMBERS.
R  INDICATES RECORD WAS SET OR TIED.
MM INDICATES DATA IS MISSING.
T  INDICATES TRACE AMOUNT.




$$
