929
CDUS43 KLMK 020634
CLILEX


CLIMATE REPORT
NATIONAL WEATHER SERVICE LOUISVILLE KY
231 AM EDT MON MAY 2 2016


...................................

...THE LEXINGTON KY CLIMATE SUMMARY FOR MAY 1 2016...

CLIMATE NORMAL PERIOD 1981 TO 2010
CLIMATE RECORD PERIOD 1872 TO 2016


WEATHER ITEM   OBSERVED TIME   RECORD YEAR NORMAL DEPARTURE LAST
                VALUE   (LST)  VALUE       VALUE  FROM      YEAR
                                                  NORMAL
..................................................................
TEMPERATURE (F)
 YESTERDAY
  MAXIMUM         79    210 PM  90    1951  70      9       71
  MINIMUM         62   1119 PM  29    1963  50     12       41
  AVERAGE         71                        60     11       56

PRECIPITATION (IN)
  YESTERDAY        0.34          3.03 1983   0.16   0.18     0.00
  MONTH TO DATE    0.34                      0.16   0.18     0.00
  SINCE MAR 1      6.44                      7.83  -1.39    18.87
  SINCE JAN 1     12.14                     14.23  -2.09    23.72

SNOWFALL (IN)
  YESTERDAY        0.0           T    1925   0.0    0.0      0.0
                                      1909
  MONTH TO DATE    0.0                       0.0    0.0      0.0
  SINCE MAR 1      0.7                       1.7   -1.0     17.1
  SINCE JUL 1     15.3                      13.0    2.3     40.0
  SNOW DEPTH       0

DEGREE DAYS
 HEATING
  YESTERDAY        0                         6     -6        9
  MONTH TO DATE    0                         6     -6        9
  SINCE MAR 1    656                       924   -268      918
  SINCE JUL 1   3627                      4495   -868     4896

 COOLING
  YESTERDAY        6                         1      5        0
  MONTH TO DATE    6                         1      5        0
  SINCE MAR 1     34                        23     11       12
  SINCE JAN 1     34                        23     11       12
..................................................................


WIND (MPH)
  HIGHEST WIND SPEED    30   HIGHEST WIND DIRECTION    SW (230)
  HIGHEST GUST SPEED    38   HIGHEST GUST DIRECTION    SW (230)
  AVERAGE WIND SPEED     8.1


SKY COVER
  POSSIBLE SUNSHINE  MM
  AVERAGE SKY COVER 0.6


WEATHER CONDITIONS
 THE FOLLOWING WEATHER WAS RECORDED YESTERDAY.
  THUNDERSTORM
  HEAVY RAIN
  LIGHT RAIN
  FOG


RELATIVE HUMIDITY (PERCENT)
 HIGHEST    93           200 AM
 LOWEST     60           200 PM
 AVERAGE    77

..........................................................


THE LEXINGTON KY CLIMATE NORMALS FOR TODAY
                         NORMAL    RECORD    YEAR
 MAXIMUM TEMPERATURE (F)   71        88      1959
 MINIMUM TEMPERATURE (F)   50        33      1961
                                             1929
                                             1909


SUNRISE AND SUNSET
MAY  2 2016...........SUNRISE   640 AM EDT   SUNSET   831 PM EDT
MAY  3 2016...........SUNRISE   639 AM EDT   SUNSET   832 PM EDT


-  INDICATES NEGATIVE NUMBERS.
R  INDICATES RECORD WAS SET OR TIED.
MM INDICATES DATA IS MISSING.
T  INDICATES TRACE AMOUNT.

$$

SCHOETTMER
