000
CDUS44 KSHV 030853
CLILFK


CLIMATE REPORT
NATIONAL WEATHER SERVICE SHREVEPORT, LA
253 AM CST TUE MAR 3 2015


...................................

...THE LUFKIN CLIMATE SUMMARY FOR MARCH 2 2015...

CLIMATE NORMAL PERIOD 1981 TO 2010
CLIMATE RECORD PERIOD 1906 TO 2015


WEATHER ITEM   OBSERVED TIME   RECORD YEAR NORMAL DEPARTURE LAST
                VALUE   (LST)  VALUE       VALUE  FROM      YEAR
                                                  NORMAL
..................................................................
TEMPERATURE (F)
 YESTERDAY
  MAXIMUM         51    436 PM  87    1946  68    -17       76
  MINIMUM         47    938 AM  18    1980  45      2       31
  AVERAGE         49                        56     -7       54

PRECIPITATION (IN)
  YESTERDAY        0.00          2.42 1934   0.14  -0.14     0.09
  MONTH TO DATE    0.12                      0.27  -0.15     0.09
  SINCE DEC 1     10.91                     12.76  -1.85     5.12
  SINCE JAN 1      8.86                      8.32   0.54     2.91

SNOWFALL (IN)
  YESTERDAY        0.0
  MONTH TO DATE    0.0
  SINCE MAR 1      0.0
  SINCE JUL 1      T
  SNOW DEPTH       0

DEGREE DAYS
 HEATING
  YESTERDAY       16                        10      6       11
  MONTH TO DATE   31                        20     11       11
  SINCE MAR 1     31                        20     11       11
  SINCE JUL 1   1551                      1654   -103     1814

 COOLING
  YESTERDAY        0                         1     -1        0
  MONTH TO DATE    0                         2     -2        8
  SINCE MAR 1      0                         2     -2        8
  SINCE JAN 1      6                        21    -15       26
..................................................................


WIND (MPH)
  HIGHEST WIND SPEED    10   HIGHEST WIND DIRECTION     E (70)
  HIGHEST GUST SPEED    14   HIGHEST GUST DIRECTION     E (80)
  AVERAGE WIND SPEED     5.7


SKY COVER
  POSSIBLE SUNSHINE  MM
  AVERAGE SKY COVER 1.0


WEATHER CONDITIONS
 THE FOLLOWING WEATHER WAS RECORDED YESTERDAY.
  FOG
  HAZE


RELATIVE HUMIDITY (PERCENT)
 HIGHEST    93           100 AM
 LOWEST     83           200 PM
 AVERAGE    88

..........................................................


THE LUFKIN CLIMATE NORMALS FOR TODAY
                         NORMAL    RECORD    YEAR
 MAXIMUM TEMPERATURE (F)   68        88      1946
 MINIMUM TEMPERATURE (F)   45        16      1943


SUNRISE AND SUNSET
MARCH  3 2015.........SUNRISE   644 AM CST   SUNSET   619 PM CST
MARCH  4 2015.........SUNRISE   643 AM CST   SUNSET   619 PM CST


-  INDICATES NEGATIVE NUMBERS.
R  INDICATES RECORD WAS SET OR TIED.
MM INDICATES DATA IS MISSING.
T  INDICATES TRACE AMOUNT.




$$
