687
CDUS44 KSHV 302141
CLILFK


CLIMATE REPORT
NATIONAL WEATHER SERVICE SHREVEPORT, LA
441 PM CDT THU MAR 30 2017


...................................

...THE LUFKIN CLIMATE SUMMARY FOR MARCH 30 2017...
VALID TODAY AS OF 0400 PM LOCAL TIME.

CLIMATE NORMAL PERIOD 1981 TO 2010
CLIMATE RECORD PERIOD 1906 TO 2017


WEATHER ITEM   OBSERVED TIME   RECORD YEAR NORMAL DEPARTURE LAST
                VALUE   (LST)  VALUE       VALUE  FROM      YEAR
                                                  NORMAL
..................................................................
TEMPERATURE (F)
 TODAY
  MAXIMUM         74    324 PM  95    1946  75     -1       75
  MINIMUM         53    712 AM  30    2003  51      2       67
  AVERAGE         64                        63      1       71

PRECIPITATION (IN)
  TODAY            0.00          2.22 2002   0.11  -0.11     0.09
                                      1965
  MONTH TO DATE    2.19                      3.66  -1.47     5.70
  SINCE DEC 1     14.88                     16.15  -1.27    15.93
  SINCE JAN 1      9.97                     11.71  -1.74    11.88

SNOWFALL (IN)
  TODAY            0.0
  MONTH TO DATE    0.0
  SINCE MAR 1      0.0
  SINCE JUL 1      T
  SNOW DEPTH       0

DEGREE DAYS
 HEATING
  TODAY            1                         4     -3        0
  MONTH TO DATE  123                       207    -84      109
  SINCE MAR 1    123                       207    -84      109
  SINCE JUL 1   1099                      1841   -742     1431

 COOLING
  TODAY            0                         2     -2        6
  MONTH TO DATE   93                        39     54       47
  SINCE MAR 1     93                        39     54       47
  SINCE JAN 1    175                        58    117       61
..................................................................


WIND (MPH)
  HIGHEST WIND SPEED    16   HIGHEST WIND DIRECTION     W (270)
  HIGHEST GUST SPEED    20   HIGHEST GUST DIRECTION     W (250)
  AVERAGE WIND SPEED     7.0


SKY COVER
  POSSIBLE SUNSHINE  MM
  AVERAGE SKY COVER 0.1


WEATHER CONDITIONS
 THE FOLLOWING WEATHER WAS RECORDED TODAY.
  FOG
  FOG W/VISIBILITY <= 1/4 MILE


RELATIVE HUMIDITY (PERCENT)
 HIGHEST   100          1200 AM
 LOWEST     35           300 PM
 AVERAGE    68

..........................................................


THE LUFKIN CLIMATE NORMALS FOR TOMORROW
                         NORMAL    RECORD    YEAR
 MAXIMUM TEMPERATURE (F)   75        97      1946
 MINIMUM TEMPERATURE (F)   51        25      1987


SUNRISE AND SUNSET
MARCH 30 2017.........SUNRISE   710 AM CDT   SUNSET   737 PM CDT
MARCH 31 2017.........SUNRISE   709 AM CDT   SUNSET   738 PM CDT


-  INDICATES NEGATIVE NUMBERS.
R  INDICATES RECORD WAS SET OR TIED.
MM INDICATES DATA IS MISSING.
T  INDICATES TRACE AMOUNT.




$$
