000
CDUS44 KSHV 020748
CLILFK


CLIMATE REPORT
NATIONAL WEATHER SERVICE SHREVEPORT, LA
240 AM CDT TUE JUN 2 2015


...................................

...THE LUFKIN CLIMATE SUMMARY FOR JUNE 1 2015...

CLIMATE NORMAL PERIOD 1981 TO 2010
CLIMATE RECORD PERIOD 1906 TO 2015


WEATHER ITEM   OBSERVED TIME   RECORD YEAR NORMAL DEPARTURE LAST
                VALUE   (LST)  VALUE       VALUE  FROM      YEAR
                                                  NORMAL
..................................................................
TEMPERATURE (F)
 YESTERDAY
  MAXIMUM         87    434 PM  99    1911  88     -1       92
  MINIMUM         63    543 AM  50    1984  67     -4       72
  AVERAGE         75                        78     -3       82

PRECIPITATION (IN)
  YESTERDAY       MM             2.40 1912   0.15  MM        0.00
  MONTH TO DATE   MM                         0.15  MM        0.00
  SINCE DEC 1     38.13                     24.11  14.02    18.77
  SINCE JAN 1     36.08                     19.67  16.41    16.56

SNOWFALL (IN)
  YESTERDAY        0.0
  MONTH TO DATE    0.0
  SINCE JUN 1      0.0
  SINCE JUL 1      T
  SNOW DEPTH       0

DEGREE DAYS
 HEATING
  YESTERDAY        0                         0      0        0
  MONTH TO DATE    0                         0      0        0
  SINCE JUN 1      0                         0      0        0
  SINCE JUL 1   1691                      1917   -226     2125

 COOLING
  YESTERDAY       10                        13     -3       17
  MONTH TO DATE   10                        13     -3       17
  SINCE JUN 1     10                        13     -3       17
  SINCE JAN 1    693                       482    211      513
..................................................................


WIND (MPH)
  HIGHEST WIND SPEED    12   HIGHEST WIND DIRECTION    NW (310)
  HIGHEST GUST SPEED    15   HIGHEST GUST DIRECTION    NW (310)
  AVERAGE WIND SPEED     2.5


SKY COVER
  POSSIBLE SUNSHINE  MM
  AVERAGE SKY COVER 0.1


WEATHER CONDITIONS
 THE FOLLOWING WEATHER WAS RECORDED YESTERDAY.
  FOG
  HAZE


RELATIVE HUMIDITY (PERCENT)
 HIGHEST    87           300 AM
 LOWEST     42           200 PM
 AVERAGE    65

..........................................................


THE LUFKIN CLIMATE NORMALS FOR TODAY
                         NORMAL    RECORD    YEAR
 MAXIMUM TEMPERATURE (F)   88        99      2011
 MINIMUM TEMPERATURE (F)   68        51      1907


SUNRISE AND SUNSET
JUNE  2 2015..........SUNRISE   615 AM CDT   SUNSET   819 PM CDT
JUNE  3 2015..........SUNRISE   615 AM CDT   SUNSET   819 PM CDT


-  INDICATES NEGATIVE NUMBERS.
R  INDICATES RECORD WAS SET OR TIED.
MM INDICATES DATA IS MISSING.
T  INDICATES TRACE AMOUNT.




$$
