000
CDUS44 KSHV 220752
CLILFK


CLIMATE REPORT
NATIONAL WEATHER SERVICE SHREVEPORT, LA
247 AM CDT SAT JUL 22 2017


...................................

...THE LUFKIN CLIMATE SUMMARY FOR JULY 21 2017...

CLIMATE NORMAL PERIOD 1981 TO 2010
CLIMATE RECORD PERIOD 1906 TO 2017


WEATHER ITEM   OBSERVED TIME   RECORD YEAR NORMAL DEPARTURE LAST
                VALUE   (LST)  VALUE       VALUE  FROM      YEAR
                                                  NORMAL
..................................................................
TEMPERATURE (F)
 YESTERDAY
  MAXIMUM         94    414 PM 104    1934  94      0       98
  MINIMUM         75    600 AM  60    1920  72      3       72
  AVERAGE         85                        83      2       85

PRECIPITATION (IN)
  YESTERDAY        0.00          2.02 1968   0.08  -0.08     0.00
  MONTH TO DATE    1.61                      2.20  -0.59     0.11
  SINCE DEC 1     34.21                     30.84   3.37    35.88
  SINCE JAN 1     29.30                     26.40   2.90    31.83

SNOWFALL (IN)
  YESTERDAY        0.0
  MONTH TO DATE    0.0
  SINCE JUN 1      0.0
  SINCE JUL 1      0.0
  SNOW DEPTH       0

DEGREE DAYS
 HEATING
  YESTERDAY        0                         0      0        0
  MONTH TO DATE    0                         0      0        0
  SINCE JUN 1      0                         0      0        0
  SINCE JUL 1      0                         0      0        0

 COOLING
  YESTERDAY       20                        18      2       20
  MONTH TO DATE  383                       369     14      417
  SINCE JUN 1    827                       821      6      892
  SINCE JAN 1   1352                      1290     62     1338
..................................................................


WIND (MPH)
  HIGHEST WIND SPEED     9   HIGHEST WIND DIRECTION     S (160)
  HIGHEST GUST SPEED    13   HIGHEST GUST DIRECTION    SE (140)
  AVERAGE WIND SPEED     2.8


SKY COVER
  POSSIBLE SUNSHINE  MM
  AVERAGE SKY COVER 0.1


WEATHER CONDITIONS
 THE FOLLOWING WEATHER WAS RECORDED YESTERDAY.
  FOG


RELATIVE HUMIDITY (PERCENT)
 HIGHEST   100           400 AM
 LOWEST     49           400 PM
 AVERAGE    75

..........................................................


THE LUFKIN CLIMATE NORMALS FOR TODAY
                         NORMAL    RECORD    YEAR
 MAXIMUM TEMPERATURE (F)   94       104      1932
 MINIMUM TEMPERATURE (F)   72        61      1970


SUNRISE AND SUNSET
JULY 22 2017..........SUNRISE   630 AM CDT   SUNSET   821 PM CDT
JULY 23 2017..........SUNRISE   630 AM CDT   SUNSET   820 PM CDT


-  INDICATES NEGATIVE NUMBERS.
R  INDICATES RECORD WAS SET OR TIED.
MM INDICATES DATA IS MISSING.
T  INDICATES TRACE AMOUNT.




$$
