000
CDUS44 KSHV 210852
CLILFK


CLIMATE REPORT
NATIONAL WEATHER SERVICE SHREVEPORT, LA
251 AM CST TUE FEB 21 2017


...................................

...THE LUFKIN CLIMATE SUMMARY FOR FEBRUARY 20 2017...

CLIMATE NORMAL PERIOD 1981 TO 2010
CLIMATE RECORD PERIOD 1906 TO 2017


WEATHER ITEM   OBSERVED TIME   RECORD YEAR NORMAL DEPARTURE LAST
                VALUE   (LST)  VALUE       VALUE  FROM      YEAR
                                                  NORMAL
..................................................................
TEMPERATURE (F)
 YESTERDAY
  MAXIMUM         70    256 AM  92    1986  65      5       76
  MINIMUM         55   1156 PM  24    1908  43     12       61
  AVERAGE         63                        54      9       69

PRECIPITATION (IN)
  YESTERDAY        0.72          3.06 2003   0.14   0.58     0.00
  MONTH TO DATE    2.13                      2.80  -0.67     0.16
  SINCE DEC 1     12.69                     11.42   1.27     6.68
  SINCE JAN 1      7.78                      6.98   0.80     2.63

SNOWFALL (IN)
  YESTERDAY        0.0
  MONTH TO DATE    0.0
  SINCE DEC 1      T
  SINCE JUL 1      T
  SNOW DEPTH       0

DEGREE DAYS
 HEATING
  YESTERDAY        2                        12    -10        0
  MONTH TO DATE  117                       269   -152      217
  SINCE DEC 1    803                      1242   -439     1050
  SINCE JUL 1    951                      1549   -598     1235

 COOLING
  YESTERDAY        0                         0      0        4
  MONTH TO DATE   35                         0     35        9
  SINCE DEC 1     91                        21     70       45
  SINCE JAN 1     60                         8     52       12
..................................................................


WIND (MPH)
  HIGHEST WIND SPEED    20   HIGHEST WIND DIRECTION     W (280)
  HIGHEST GUST SPEED    27   HIGHEST GUST DIRECTION     W (280)
  AVERAGE WIND SPEED     7.3


SKY COVER
  POSSIBLE SUNSHINE  MM
  AVERAGE SKY COVER 0.9


WEATHER CONDITIONS
 THE FOLLOWING WEATHER WAS RECORDED YESTERDAY.
  HEAVY RAIN
  RAIN
  LIGHT RAIN
  FOG
  FOG W/VISIBILITY <= 1/4 MILE


RELATIVE HUMIDITY (PERCENT)
 HIGHEST   100           900 AM
 LOWEST     84          1200 AM
 AVERAGE    92

..........................................................


THE LUFKIN CLIMATE NORMALS FOR TODAY
                         NORMAL    RECORD    YEAR
 MAXIMUM TEMPERATURE (F)   65        87      1996
 MINIMUM TEMPERATURE (F)   43        20      1978


SUNRISE AND SUNSET
FEBRUARY 21 2017......SUNRISE   654 AM CST   SUNSET   611 PM CST
FEBRUARY 22 2017......SUNRISE   653 AM CST   SUNSET   612 PM CST


-  INDICATES NEGATIVE NUMBERS.
R  INDICATES RECORD WAS SET OR TIED.
MM INDICATES DATA IS MISSING.
T  INDICATES TRACE AMOUNT.




$$
