000
CDUS44 KLCH 051245
CLILFT


CLIMATE REPORT
NATIONAL WEATHER SERVICE LAKE CHARLES, LA
745 AM CDT THU MAY 5 2016


...................................

...THE LAFAYETTE CLIMATE SUMMARY FOR MAY 4 2016...

CLIMATE NORMAL PERIOD 1981 TO 2010
CLIMATE RECORD PERIOD 1893 TO 2016


WEATHER ITEM   OBSERVED TIME   RECORD YEAR NORMAL DEPARTURE LAST
                VALUE   (LST)  VALUE       VALUE  FROM      YEAR
                                                  NORMAL
..................................................................
TEMPERATURE (F)
 YESTERDAY
  MAXIMUM         80    440 PM  95    1952  84     -4       84
  MINIMUM         59    609 AM  44    2013  64     -5       61
                                      1954
                                      1921
  AVERAGE         70                        74     -4       73

PRECIPITATION (IN)
  YESTERDAY        0.00          1.73 1944   0.15  -0.15     0.05
  MONTH TO DATE    2.47                      0.57   1.90     0.05
  SINCE MAR 1     15.02                      8.29   6.73    15.09
  SINCE JAN 1     24.15                     18.41   5.74    22.19

DEGREE DAYS
 COOLING
  YESTERDAY        5                         9     -4        8
  MONTH TO DATE   25                        34     -9       31
  SINCE MAR 1    327                       256     71      337
  SINCE JAN 1    337                       288     49      342
..................................................................


WIND (MPH)
  HIGHEST WIND SPEED    21   HIGHEST WIND DIRECTION    NW (330)
  HIGHEST GUST SPEED    27   HIGHEST GUST DIRECTION    NW (330)
  AVERAGE WIND SPEED     8.8


SKY COVER
  POSSIBLE SUNSHINE  MM
  AVERAGE SKY COVER 0.1


WEATHER CONDITIONS
 THE FOLLOWING WEATHER WAS RECORDED YESTERDAY.
  NO SIGNIFICANT WEATHER WAS OBSERVED.


RELATIVE HUMIDITY (PERCENT)
 HIGHEST    87           500 AM
 LOWEST     30           400 PM
 AVERAGE    59

..........................................................


THE LAFAYETTE CLIMATE NORMALS FOR TODAY
                         NORMAL    RECORD    YEAR
 MAXIMUM TEMPERATURE (F)   84        94      1952
 MINIMUM TEMPERATURE (F)   64        44      1954


SUNRISE AND SUNSET
MAY  5 2016...........SUNRISE   621 AM CDT   SUNSET   749 PM CDT
MAY  6 2016...........SUNRISE   620 AM CDT   SUNSET   749 PM CDT


-  INDICATES NEGATIVE NUMBERS.
R  INDICATES RECORD WAS SET OR TIED.
MM INDICATES DATA IS MISSING.
T  INDICATES TRACE AMOUNT.




$$
