000
CDUS44 KLCH 290855
CLILFT


CLIMATE REPORT
NATIONAL WEATHER SERVICE LAKE CHARLES, LA
355 AM CDT FRI JUL 29 2016


...................................

...THE LAFAYETTE CLIMATE SUMMARY FOR JULY 28 2016...

CLIMATE NORMAL PERIOD 1981 TO 2010
CLIMATE RECORD PERIOD 1893 TO 2016


WEATHER ITEM   OBSERVED TIME   RECORD YEAR NORMAL DEPARTURE LAST
                VALUE   (LST)  VALUE       VALUE  FROM      YEAR
                                                  NORMAL
..................................................................
TEMPERATURE (F)
 YESTERDAY
  MAXIMUM         93    116 PM 100    1960  93      0       97
                                      1925
  MINIMUM         75   1113 PM  67    1911  75      0       76
                                      1897
  AVERAGE         84                        84      0       87

PRECIPITATION (IN)
  YESTERDAY        0.55          2.27 1951   0.18   0.37     0.00
  MONTH TO DATE    4.64                      5.79  -1.15     1.94
  SINCE JUN 1     11.63                     12.87  -1.24     9.55
  SINCE JAN 1     40.02                     35.49   4.53    40.15

DEGREE DAYS
 COOLING
  YESTERDAY       19                        19      0       22
  MONTH TO DATE  565                       516     49      571
  SINCE JUN 1   1092                      1014     78     1073
  SINCE JAN 1   1749                      1628    121     1765
..................................................................


WIND (MPH)
  HIGHEST WIND SPEED    23   HIGHEST WIND DIRECTION     W (280)
  HIGHEST GUST SPEED    26   HIGHEST GUST DIRECTION     W (290)
  AVERAGE WIND SPEED     4.6


SKY COVER
  POSSIBLE SUNSHINE  MM
  AVERAGE SKY COVER 0.3


WEATHER CONDITIONS
 THE FOLLOWING WEATHER WAS RECORDED YESTERDAY.
  THUNDERSTORM
  HEAVY RAIN
  RAIN
  LIGHT RAIN
  FOG
  HAZE


RELATIVE HUMIDITY (PERCENT)
 HIGHEST   100           200 AM
 LOWEST     59           200 PM
 AVERAGE    80

..........................................................


THE LAFAYETTE CLIMATE NORMALS FOR TODAY
                         NORMAL    RECORD    YEAR
 MAXIMUM TEMPERATURE (F)   93        98      2015
                                             1986
                                             1925
 MINIMUM TEMPERATURE (F)   75        64      1897


SUNRISE AND SUNSET
JULY 29 2016..........SUNRISE   625 AM CDT   SUNSET   803 PM CDT
JULY 30 2016..........SUNRISE   626 AM CDT   SUNSET   803 PM CDT


-  INDICATES NEGATIVE NUMBERS.
R  INDICATES RECORD WAS SET OR TIED.
MM INDICATES DATA IS MISSING.
T  INDICATES TRACE AMOUNT.




$$
