362
CDUS44 KLCH 232207
CLILFT


CLIMATE REPORT
NATIONAL WEATHER SERVICE LAKE CHARLES, LA
507 PM CDT SUN JUL 23 2017


...................................

...THE LAFAYETTE CLIMATE SUMMARY FOR JULY 23 2017...
VALID TODAY AS OF 0500 PM LOCAL TIME.

CLIMATE NORMAL PERIOD 1981 TO 2010
CLIMATE RECORD PERIOD 1893 TO 2017


WEATHER ITEM   OBSERVED TIME   RECORD YEAR NORMAL DEPARTURE LAST
                VALUE   (LST)  VALUE       VALUE  FROM      YEAR
                                                  NORMAL
..................................................................
TEMPERATURE (F)
 TODAY
  MAXIMUM         82    349 PM 100    1924  92    -10       94
                                      1923
  MINIMUM         73    617 AM  62    1947  75     -2       78
                                      1915
  AVERAGE         78                        84     -6       86

PRECIPITATION (IN)
  TODAY            0.24          2.05 1895   0.18   0.06     0.50
  MONTH TO DATE    6.71                      4.93   1.78     1.40
  SINCE JUN 1     17.73                     12.01   5.72     8.39
  SINCE JAN 1     38.28                     34.63   3.65    36.78

DEGREE DAYS
 COOLING
  TODAY           13                        19     -6       21
  MONTH TO DATE  409                       421    -12      473
  SINCE JUN 1    842                       919    -77     1000
  SINCE JAN 1   1762                      1533    229     1657
..................................................................


WIND (MPH)
  HIGHEST WIND SPEED    16   HIGHEST WIND DIRECTION    SW (210)
  HIGHEST GUST SPEED    24   HIGHEST GUST DIRECTION    SW (240)
  AVERAGE WIND SPEED     3.1


SKY COVER
  POSSIBLE SUNSHINE  MM
  AVERAGE SKY COVER 0.6


WEATHER CONDITIONS
 THE FOLLOWING WEATHER WAS RECORDED TODAY.
  THUNDERSTORM
  HEAVY RAIN
  RAIN
  LIGHT RAIN
  FOG


RELATIVE HUMIDITY (PERCENT)
 HIGHEST    97           400 AM
 LOWEST     91           100 AM
 AVERAGE    94

..........................................................


THE LAFAYETTE CLIMATE NORMALS FOR TOMORROW
                         NORMAL    RECORD    YEAR
 MAXIMUM TEMPERATURE (F)   92       102      1924
 MINIMUM TEMPERATURE (F)   75        61      1947


SUNRISE AND SUNSET
JULY 23 2017..........SUNRISE   621 AM CDT   SUNSET   807 PM CDT
JULY 24 2017..........SUNRISE   622 AM CDT   SUNSET   807 PM CDT


-  INDICATES NEGATIVE NUMBERS.
R  INDICATES RECORD WAS SET OR TIED.
MM INDICATES DATA IS MISSING.
T  INDICATES TRACE AMOUNT.




$$
