000
CDUS44 KLCH 280911
CLILFT


CLIMATE REPORT
NATIONAL WEATHER SERVICE LAKE CHARLES, LA
311 AM CST WED JAN 28 2015


...................................

...THE LAFAYETTE CLIMATE SUMMARY FOR JANUARY 27 2015...

CLIMATE NORMAL PERIOD 1981 TO 2010
CLIMATE RECORD PERIOD 1893 TO 2015


WEATHER ITEM   OBSERVED TIME   RECORD YEAR NORMAL DEPARTURE LAST
                VALUE   (LST)  VALUE       VALUE  FROM      YEAR
                                                  NORMAL
..................................................................
TEMPERATURE (F)
 YESTERDAY
  MAXIMUM         76    354 PM  82    1957  63     13       61
  MINIMUM         46    435 AM  16    1940  43      3       37
  AVERAGE         61                        53      8       49

PRECIPITATION (IN)
  YESTERDAY        0.00          3.14 1995   0.18  -0.18     0.04
  MONTH TO DATE    4.61                      4.95  -0.34     1.43
  SINCE DEC 1      8.11                     10.53  -2.42     4.22
  SINCE JAN 1      4.61                      4.95  -0.34     1.43

SNOWFALL (IN)
  YESTERDAY        0.0           0.0    MM   0.0    0.0      0.0
  MONTH TO DATE    0.0                       0.0    0.0      0.5
  SINCE DEC 1      0.0                       0.0    0.0      0.5
  SINCE JUL 1      0.0                       0.0    0.0      0.5
  SNOW DEPTH       0

DEGREE DAYS
 HEATING
  YESTERDAY        4                        12     -8       16
  MONTH TO DATE  423                       350     73      493
  SINCE DEC 1    695                       705    -10      940
  SINCE JUL 1    996                       904     92     1209
..................................................................


WIND (MPH)
  HIGHEST WIND SPEED    12   HIGHEST WIND DIRECTION    NE (30)
  HIGHEST GUST SPEED    15   HIGHEST GUST DIRECTION    NE (40)
  AVERAGE WIND SPEED     4.8


SKY COVER
  POSSIBLE SUNSHINE  MM
  AVERAGE SKY COVER 0.0


WEATHER CONDITIONS
 THE FOLLOWING WEATHER WAS RECORDED YESTERDAY.
  NO SIGNIFICANT WEATHER WAS OBSERVED.


RELATIVE HUMIDITY (PERCENT)
 HIGHEST    93           600 AM
 LOWEST     23           400 PM
 AVERAGE    58

..........................................................


THE LAFAYETTE CLIMATE NORMALS FOR TODAY
                         NORMAL    RECORD    YEAR
 MAXIMUM TEMPERATURE (F)   63        81      1957
 MINIMUM TEMPERATURE (F)   44        19      1897


SUNRISE AND SUNSET
JANUARY 28 2015.......SUNRISE   701 AM CST   SUNSET   541 PM CST
JANUARY 29 2015.......SUNRISE   700 AM CST   SUNSET   542 PM CST


-  INDICATES NEGATIVE NUMBERS.
R  INDICATES RECORD WAS SET OR TIED.
MM INDICATES DATA IS MISSING.
T  INDICATES TRACE AMOUNT.




$$
