000
CDUS44 KLCH 032214
CLILFT


CLIMATE REPORT
NATIONAL WEATHER SERVICE LAKE CHARLES, LA
514 PM CDT FRI JUL 3 2015


...................................

...THE LAFAYETTE CLIMATE SUMMARY FOR JULY 3 2015...
VALID TODAY AS OF 0500 PM LOCAL TIME.

CLIMATE NORMAL PERIOD 1981 TO 2010
CLIMATE RECORD PERIOD 1893 TO 2015


WEATHER ITEM   OBSERVED TIME   RECORD YEAR NORMAL DEPARTURE LAST
                VALUE   (LST)  VALUE       VALUE  FROM      YEAR
                                                  NORMAL
..................................................................
TEMPERATURE (F)
 TODAY
  MAXIMUM         92    216 PM 103    1894  92      0       92
  MINIMUM         76    535 AM  58    1924  75      1       72
  AVERAGE         84                        83      1       82

PRECIPITATION (IN)
  TODAY            0.00          3.09 1945   0.24  -0.24     0.00
  MONTH TO DATE    0.16                      0.72  -0.56     0.00
  SINCE JUN 1      7.77                      7.80  -0.03     8.59
  SINCE JAN 1     38.37                     30.42   7.95    31.63

DEGREE DAYS
 COOLING
  TODAY           19                        18      1       17
  MONTH TO DATE   52                        54     -2       56
  SINCE JUN 1    554                       552      2      563
  SINCE JAN 1   1246                      1166     80     1032
..................................................................


WIND (MPH)
  HIGHEST WIND SPEED    14   HIGHEST WIND DIRECTION     S (200)
  HIGHEST GUST SPEED    19   HIGHEST GUST DIRECTION    SW (210)
  AVERAGE WIND SPEED     5.3


SKY COVER
  POSSIBLE SUNSHINE  MM
  AVERAGE SKY COVER 0.2


WEATHER CONDITIONS
 THE FOLLOWING WEATHER WAS RECORDED TODAY.
  NO SIGNIFICANT WEATHER WAS OBSERVED.


RELATIVE HUMIDITY (PERCENT)
 HIGHEST    94          1200 AM
 LOWEST     49           300 PM
 AVERAGE    72

..........................................................


THE LAFAYETTE CLIMATE NORMALS FOR TOMORROW
                         NORMAL    RECORD    YEAR
 MAXIMUM TEMPERATURE (F)   92       100      1921
 MINIMUM TEMPERATURE (F)   75        59      1924


SUNRISE AND SUNSET
JULY  3 2015..........SUNRISE   611 AM CDT   SUNSET   814 PM CDT
JULY  4 2015..........SUNRISE   611 AM CDT   SUNSET   813 PM CDT


-  INDICATES NEGATIVE NUMBERS.
R  INDICATES RECORD WAS SET OR TIED.
MM INDICATES DATA IS MISSING.
T  INDICATES TRACE AMOUNT.




$$
