000
CDUS44 KLCH 201013
CLILFT


CLIMATE REPORT
NATIONAL WEATHER SERVICE LAKE CHARLES, LA
413 AM CST MON NOV 20 2017


...................................

...THE LAFAYETTE CLIMATE SUMMARY FOR NOVEMBER 19 2017...

CLIMATE NORMAL PERIOD 1981 TO 2010
CLIMATE RECORD PERIOD 1893 TO 2017


WEATHER ITEM   OBSERVED TIME   RECORD YEAR NORMAL DEPARTURE LAST
                VALUE   (LST)  VALUE       VALUE  FROM      YEAR
                                                  NORMAL
..................................................................
TEMPERATURE (F)
 YESTERDAY
  MAXIMUM         62    449 PM  84    1930  71     -9       63
  MINIMUM         42   1204 PM  22    1903  50     -8       44
  AVERAGE         52                        61     -9       54

PRECIPITATION (IN)
  YESTERDAY        0.00          1.61 1953   0.13  -0.13     0.00
  MONTH TO DATE    5.88                      2.74   3.14     0.73
  SINCE SEP 1      9.89                     12.69  -2.80     4.71
  SINCE JAN 1     62.73                     53.31   9.42    69.80

SNOWFALL (IN)
  YESTERDAY        0.0           0.0    MM   0.0    0.0      0.0
  MONTH TO DATE    0.0                       0.0    0.0      0.0
  SINCE SEP 1      0.0                       0.0    0.0      0.0
  SINCE JUL 1      0.0                       0.0    0.0      0.0
  SNOW DEPTH       0

DEGREE DAYS
 HEATING
  YESTERDAY       13                         6      7       11
  MONTH TO DATE   36                        82    -46       30
  SINCE SEP 1     78                       118    -40       37
  SINCE JUL 1     78                       118    -40       37
..................................................................


WIND (MPH)
  HIGHEST WIND SPEED    23   HIGHEST WIND DIRECTION     N (20)
  HIGHEST GUST SPEED    31   HIGHEST GUST DIRECTION     N (20)
  AVERAGE WIND SPEED    12.4


SKY COVER
  POSSIBLE SUNSHINE  MM
  AVERAGE SKY COVER 0.0


WEATHER CONDITIONS
 THE FOLLOWING WEATHER WAS RECORDED YESTERDAY.
  NO SIGNIFICANT WEATHER WAS OBSERVED.


RELATIVE HUMIDITY (PERCENT)
 HIGHEST    85           600 AM
 LOWEST     28          1200 PM
 AVERAGE    57

..........................................................


THE LAFAYETTE CLIMATE NORMALS FOR TODAY
                         NORMAL    RECORD    YEAR
 MAXIMUM TEMPERATURE (F)   71        84      1933
                                             1930
                                             1906
 MINIMUM TEMPERATURE (F)   50        26      1903


SUNRISE AND SUNSET
NOVEMBER 20 2017......SUNRISE   638 AM CST   SUNSET   509 PM CST
NOVEMBER 21 2017......SUNRISE   639 AM CST   SUNSET   509 PM CST


-  INDICATES NEGATIVE NUMBERS.
R  INDICATES RECORD WAS SET OR TIED.
MM INDICATES DATA IS MISSING.
T  INDICATES TRACE AMOUNT.




$$
