000
CDUS44 KLCH 230824
CLILFT


CLIMATE REPORT
NATIONAL WEATHER SERVICE LAKE CHARLES, LA
322 AM CDT SAT SEP 23 2017


...................................

...THE LAFAYETTE CLIMATE SUMMARY FOR SEPTEMBER 22 2017...

CLIMATE NORMAL PERIOD 1981 TO 2010
CLIMATE RECORD PERIOD 1893 TO 2017


WEATHER ITEM   OBSERVED TIME   RECORD YEAR NORMAL DEPARTURE LAST
                VALUE   (LST)  VALUE       VALUE  FROM      YEAR
                                                  NORMAL
..................................................................
TEMPERATURE (F)
 YESTERDAY
  MAXIMUM         94    322 PM  97    1934  87      7       93
                                      1893
  MINIMUM         73    542 AM  45    1918  68      5       75
                                      1897
  AVERAGE         84                        78      6       84

PRECIPITATION (IN)
  YESTERDAY        0.00          1.47 1946   0.14  -0.14     0.37
  MONTH TO DATE    0.33                      3.52  -3.19     2.81
  SINCE SEP 1      0.33                      3.52  -3.19     2.81
  SINCE JAN 1     53.17                     44.14   9.03    67.90

DEGREE DAYS
 HEATING
  YESTERDAY        0                         0      0        0
  MONTH TO DATE    0                         0      0        0
  SINCE SEP 1      0                         0      0        0
  SINCE JUL 1      0                         0      0        0

 COOLING
  YESTERDAY       19                        13      6       19
  MONTH TO DATE  314                       337    -23      409
  SINCE SEP 1    314                       337    -23      409
  SINCE JAN 1   2815                      2598    217     2798
..................................................................


WIND (MPH)
  HIGHEST WIND SPEED     9   HIGHEST WIND DIRECTION    NE (40)
  HIGHEST GUST SPEED    13   HIGHEST GUST DIRECTION    SE (150)
  AVERAGE WIND SPEED     3.1


SKY COVER
  POSSIBLE SUNSHINE  MM
  AVERAGE SKY COVER 0.1


WEATHER CONDITIONS
 THE FOLLOWING WEATHER WAS RECORDED YESTERDAY.
  NO SIGNIFICANT WEATHER WAS OBSERVED.


RELATIVE HUMIDITY (PERCENT)
 HIGHEST   100           300 AM
 LOWEST     49           100 PM
 AVERAGE    75

..........................................................


THE LAFAYETTE CLIMATE NORMALS FOR TODAY
                         NORMAL    RECORD    YEAR
 MAXIMUM TEMPERATURE (F)   87        98      1921
                                             1893
 MINIMUM TEMPERATURE (F)   68        45      1918


SUNRISE AND SUNSET
SEPTEMBER 23 2017.....SUNRISE   657 AM CDT   SUNSET   703 PM CDT
SEPTEMBER 24 2017.....SUNRISE   658 AM CDT   SUNSET   702 PM CDT


-  INDICATES NEGATIVE NUMBERS.
R  INDICATES RECORD WAS SET OR TIED.
MM INDICATES DATA IS MISSING.
T  INDICATES TRACE AMOUNT.




$$
