000
CDUS44 KLCH 200913
CLILFT


CLIMATE REPORT
NATIONAL WEATHER SERVICE LAKE CHARLES, LA
312 AM CST SAT JAN 20 2018


...................................

...THE LAFAYETTE CLIMATE SUMMARY FOR JANUARY 19 2018...

CLIMATE NORMAL PERIOD 1981 TO 2010
CLIMATE RECORD PERIOD 1893 TO 2018


WEATHER ITEM   OBSERVED TIME   RECORD YEAR NORMAL DEPARTURE LAST
                VALUE   (LST)  VALUE       VALUE  FROM      YEAR
                                                  NORMAL
..................................................................
TEMPERATURE (F)
 YESTERDAY
  MAXIMUM         54    427 PM  81    1952  62     -8       73
  MINIMUM         30    425 AM  14    1940  43    -13       62
  AVERAGE         42                        52    -10       68

PRECIPITATION (IN)
  YESTERDAY        0.00          3.03 1974   0.19  -0.19     1.46
  MONTH TO DATE    1.48                      3.50  -2.02     2.45
  SINCE DEC 1      7.77                      9.08  -1.31    11.54
  SINCE JAN 1      1.48                      3.50  -2.02     2.45

SNOWFALL (IN)
  YESTERDAY        0.0           T    1978   0.0    0.0      0.0
  MONTH TO DATE    0.3                       0.0    0.3      0.0
  SINCE DEC 1      2.0                       0.0    2.0      0.0
  SINCE JUL 1      2.0                       0.0    2.0      0.0
  SNOW DEPTH       0

DEGREE DAYS
 HEATING
  YESTERDAY       23                        13     10        0
  MONTH TO DATE  436                       247    189      123
  SINCE DEC 1    806                       602    204      358
  SINCE JUL 1    973                       801    172      444
..................................................................


WIND (MPH)
  HIGHEST WIND SPEED     8   HIGHEST WIND DIRECTION     E (90)
  HIGHEST GUST SPEED    11   HIGHEST GUST DIRECTION     E (90)
  AVERAGE WIND SPEED     1.9


SKY COVER
  POSSIBLE SUNSHINE  MM
  AVERAGE SKY COVER 0.6


WEATHER CONDITIONS
 THE FOLLOWING WEATHER WAS RECORDED YESTERDAY.
  NO SIGNIFICANT WEATHER WAS OBSERVED.


RELATIVE HUMIDITY (PERCENT)
 HIGHEST    85           400 AM
 LOWEST     41           400 PM
 AVERAGE    63

..........................................................


THE LAFAYETTE CLIMATE NORMALS FOR TODAY
                         NORMAL    RECORD    YEAR
 MAXIMUM TEMPERATURE (F)   62        87      1916
 MINIMUM TEMPERATURE (F)   43        16      1985


SUNRISE AND SUNSET
JANUARY 20 2018.......SUNRISE   704 AM CST   SUNSET   535 PM CST
JANUARY 21 2018.......SUNRISE   704 AM CST   SUNSET   535 PM CST


-  INDICATES NEGATIVE NUMBERS.
R  INDICATES RECORD WAS SET OR TIED.
MM INDICATES DATA IS MISSING.
T  INDICATES TRACE AMOUNT.




$$
