000
CDUS44 KLCH 262205
CLILFT


CLIMATE REPORT
NATIONAL WEATHER SERVICE LAKE CHARLES, LA
505 PM CDT TUE MAY 26 2015


...................................

...THE LAFAYETTE CLIMATE SUMMARY FOR MAY 26 2015...
VALID TODAY AS OF 0500 PM LOCAL TIME.

CLIMATE NORMAL PERIOD 1981 TO 2010
CLIMATE RECORD PERIOD 1893 TO 2015


WEATHER ITEM   OBSERVED TIME   RECORD YEAR NORMAL DEPARTURE LAST
                VALUE   (LST)  VALUE       VALUE  FROM      YEAR
                                                  NORMAL
..................................................................
TEMPERATURE (F)
 TODAY
  MAXIMUM         87    340 PM  97    1901  88     -1       88
  MINIMUM         65    624 AM  50    1925  69     -4       66
  AVERAGE         76                        79     -3       77

PRECIPITATION (IN)
  TODAY            0.59          1.72 1923   0.17   0.42     0.00
  MONTH TO DATE    4.77                      3.91   0.86     1.82
  SINCE MAR 1     19.81                     11.63   8.18     6.58
  SINCE JAN 1     26.91                     21.75   5.16    13.83

DEGREE DAYS
 COOLING
  TODAY           11                        14     -3       12
  MONTH TO DATE  299                       289     10      223
  SINCE MAR 1    605                       511     94      389
  SINCE JAN 1    610                       543     67      403
..................................................................


WIND (MPH)
  HIGHEST WIND SPEED    28   HIGHEST WIND DIRECTION    NW (330)
  HIGHEST GUST SPEED    36   HIGHEST GUST DIRECTION    NW (330)
  AVERAGE WIND SPEED     6.2


SKY COVER
  POSSIBLE SUNSHINE  MM
  AVERAGE SKY COVER 0.5


WEATHER CONDITIONS
 THE FOLLOWING WEATHER WAS RECORDED TODAY.
  THUNDERSTORM
  HEAVY RAIN
  RAIN
  LIGHT RAIN
  FOG


RELATIVE HUMIDITY (PERCENT)
 HIGHEST    93           400 AM
 LOWEST     55           300 PM
 AVERAGE    74

..........................................................


THE LAFAYETTE CLIMATE NORMALS FOR TOMORROW
                         NORMAL    RECORD    YEAR
 MAXIMUM TEMPERATURE (F)   89        95      1900
 MINIMUM TEMPERATURE (F)   70        46      1901


SUNRISE AND SUNSET
MAY 26 2015...........SUNRISE   609 AM CDT   SUNSET   802 PM CDT
MAY 27 2015...........SUNRISE   608 AM CDT   SUNSET   802 PM CDT


-  INDICATES NEGATIVE NUMBERS.
R  INDICATES RECORD WAS SET OR TIED.
MM INDICATES DATA IS MISSING.
T  INDICATES TRACE AMOUNT.




$$
