000
CDUS44 KLCH 242213
CLILFT


CLIMATE REPORT
NATIONAL WEATHER SERVICE LAKE CHARLES, LA
413 PM CST WED DEC 24 2014


...................................

...THE LAFAYETTE CLIMATE SUMMARY FOR DECEMBER 24 2014...
VALID TODAY AS OF 0400 PM LOCAL TIME.

CLIMATE NORMAL PERIOD 1981 TO 2010
CLIMATE RECORD PERIOD 1893 TO 2014


WEATHER ITEM   OBSERVED TIME   RECORD YEAR NORMAL DEPARTURE LAST
                VALUE   (LST)  VALUE       VALUE  FROM      YEAR
                                                  NORMAL
..................................................................
TEMPERATURE (F)
 TODAY
  MAXIMUM         53    135 PM  81    1955  63    -10       53
                                      1933
  MINIMUM         45    803 AM  11    1989  43      2       29
  AVERAGE         49                        53     -4       41

PRECIPITATION (IN)
  TODAY            0.00          1.89 1905   0.19  -0.19     0.00
  MONTH TO DATE    3.05                      4.25  -1.20     2.26
  SINCE DEC 1      3.05                      4.25  -1.20     2.26
  SINCE JAN 1     59.55                     59.17   0.38    56.03

SNOWFALL (IN)
  TODAY            0.0           0.0    MM   0.0    0.0      0.0
  MONTH TO DATE    0.0                       0.0    0.0      0.0
  SINCE DEC 1      0.0                       0.0    0.0      0.0
  SINCE JUL 1      0.0                       0.0    0.0      0.0
  SNOW DEPTH       0

DEGREE DAYS
 HEATING
  TODAY           16                        13      3       24
  MONTH TO DATE  179                       264    -85      315
  SINCE DEC 1    179                       264    -85      315
  SINCE JUL 1    480                       463     17      584
..................................................................


WIND (MPH)
  HIGHEST WIND SPEED    21   HIGHEST WIND DIRECTION    NW (330)
  HIGHEST GUST SPEED    26   HIGHEST GUST DIRECTION    NW (310)
  AVERAGE WIND SPEED    12.4


SKY COVER
  POSSIBLE SUNSHINE  MM
  AVERAGE SKY COVER 0.4


WEATHER CONDITIONS
 THE FOLLOWING WEATHER WAS RECORDED TODAY.
  NO SIGNIFICANT WEATHER WAS OBSERVED.


RELATIVE HUMIDITY (PERCENT)
 HIGHEST    89           600 AM
 LOWEST     50          1200 PM
 AVERAGE    70

..........................................................


THE LAFAYETTE CLIMATE NORMALS FOR TOMORROW
                         NORMAL    RECORD    YEAR
 MAXIMUM TEMPERATURE (F)   63        79      1951
                                             1942
                                             1933
 MINIMUM TEMPERATURE (F)   43        12      1983


SUNRISE AND SUNSET
DECEMBER 24 2014......SUNRISE   702 AM CST   SUNSET   514 PM CST
DECEMBER 25 2014......SUNRISE   702 AM CST   SUNSET   514 PM CST


-  INDICATES NEGATIVE NUMBERS.
R  INDICATES RECORD WAS SET OR TIED.
MM INDICATES DATA IS MISSING.
T  INDICATES TRACE AMOUNT.




$$
