000
CDUS41 KOKX 270641
CLILGA


CLIMATE REPORT
NATIONAL WEATHER SERVICE NEW YORK NY
219 AM EDT THU APR 27 2017


...................................

...THE LAGUARDIA NY CLIMATE SUMMARY FOR APRIL 26 2017...

CLIMATE NORMAL PERIOD 1981 TO 2010
CLIMATE RECORD PERIOD 1939 TO 2017


WEATHER ITEM   OBSERVED TIME   RECORD YEAR NORMAL DEPARTURE LAST
                VALUE   (LST)  VALUE       VALUE  FROM      YEAR
                                                  NORMAL
..................................................................
TEMPERATURE (F)
 YESTERDAY
  MAXIMUM         62    736 PM  91    2009  65     -3       57
  MINIMUM         53    419 AM  37    1972  48      5       47
  AVERAGE         58                        56      2       52

PRECIPITATION (IN)
  YESTERDAY        0.28          1.33 1973   0.13   0.15     0.30
  MONTH TO DATE    4.02                      3.51   0.51     1.64
  SINCE MAR 1      8.71                      7.48   1.23     2.90
  SINCE JAN 1     14.71                     13.41   1.30    11.43

SNOWFALL (IN)
  YESTERDAY        0.0          MM      MM   0.0    0.0      0.0
  MONTH TO DATE    0.0                       0.5   -0.5       T
  SINCE OCT 1     33.2                      26.9    6.3     36.2
  SINCE JUL 1     33.2                      26.9    6.3     36.2
  SNOW DEPTH       0

DEGREE DAYS
 HEATING
  YESTERDAY        7                         9     -2       13
  MONTH TO DATE  240                       344   -104      310
  SINCE MAR 1    975                      1051    -76      805
  SINCE JUL 1   3662                      4480   -818     3467

 COOLING
  YESTERDAY        0                         0      0        0
  MONTH TO DATE   14                         0     14        8
  SINCE MAR 1     14                         0     14       13
  SINCE JAN 1     14                         0     14       13
..................................................................


WIND (MPH)
  HIGHEST WIND SPEED    25   HIGHEST WIND DIRECTION    NE (50)
  HIGHEST GUST SPEED    30   HIGHEST GUST DIRECTION    NE (50)
  AVERAGE WIND SPEED     9.3


SKY COVER
  AVERAGE SKY COVER 1.0


WEATHER CONDITIONS
 THE FOLLOWING WEATHER WAS RECORDED YESTERDAY.
  RAIN
  LIGHT RAIN
  FOG
  FOG W/VISIBILITY <= 1/4 MILE
  HAZE


RELATIVE HUMIDITY (PERCENT)
 HIGHEST    93           100 AM
 LOWEST     84           300 PM
 AVERAGE    89

..........................................................


THE LAGUARDIA NY CLIMATE NORMALS FOR TODAY
                         NORMAL    RECORD    YEAR
 MAXIMUM TEMPERATURE (F)   65        89      1990
 MINIMUM TEMPERATURE (F)   48        38      1946


SUNRISE AND SUNSET
APRIL 27 2017.........SUNRISE   559 AM EDT   SUNSET   748 PM EDT
APRIL 28 2017.........SUNRISE   558 AM EDT   SUNSET   749 PM EDT


-  INDICATES NEGATIVE NUMBERS.
R  INDICATES RECORD WAS SET OR TIED.
MM INDICATES DATA IS MISSING.
T  INDICATES TRACE AMOUNT.




$$
