000
CDUS41 KOKX 270618
CLILGA


CLIMATE REPORT
NATIONAL WEATHER SERVICE NEW YORK NY
218 AM EDT TUE JUN 27 2017


...................................

...THE LAGUARDIA NY CLIMATE SUMMARY FOR JUNE 26 2017...

CLIMATE NORMAL PERIOD 1981 TO 2010
CLIMATE RECORD PERIOD 1939 TO 2017


WEATHER ITEM   OBSERVED TIME   RECORD YEAR NORMAL DEPARTURE LAST
                VALUE   (LST)  VALUE       VALUE  FROM      YEAR
                                                  NORMAL
..................................................................
TEMPERATURE (F)
 YESTERDAY
  MAXIMUM         81    220 PM 101    1952  83     -2       86
  MINIMUM         67    458 AM  56    1985  67      0       70
                                      1979
                                      1974
  AVERAGE         74                        75     -1       78

PRECIPITATION (IN)
  YESTERDAY        0.00          0.82 1940   0.12  -0.12     0.00
  MONTH TO DATE    4.22                      3.47   0.75     1.63
  SINCE JUN 1      4.22                      3.47   0.75     1.63
  SINCE JAN 1     24.99                     21.16   3.83    17.00

SNOWFALL (IN)
  YESTERDAY        0.0          MM      MM   0.0    0.0      0.0
  MONTH TO DATE    0.0                       0.0    0.0      0.0
  SINCE OCT 1     33.2                      26.9    6.3     36.2
  SINCE JUL 1     33.2                      26.9    6.3     36.2
  SNOW DEPTH       0

DEGREE DAYS
 HEATING
  YESTERDAY        0                         0      0        0
  MONTH TO DATE   16                        15      1        2
  SINCE JUN 1     16                        15      1        2
  SINCE JUL 1   3806                      4663   -857     3654

 COOLING
  YESTERDAY        9                        10     -1       13
  MONTH TO DATE  238                       189     49      221
  SINCE JUN 1    238                       189     49      221
  SINCE JAN 1    343                       255     88      340
..................................................................


WIND (MPH)
  HIGHEST WIND SPEED    22   HIGHEST WIND DIRECTION     S (180)
  HIGHEST GUST SPEED    26   HIGHEST GUST DIRECTION     S (190)
  AVERAGE WIND SPEED     9.8


SKY COVER
  AVERAGE SKY COVER 0.2


WEATHER CONDITIONS
 THE FOLLOWING WEATHER WAS RECORDED YESTERDAY.
  NO SIGNIFICANT WEATHER WAS OBSERVED.


RELATIVE HUMIDITY (PERCENT)
 HIGHEST    73           800 PM
 LOWEST     32           100 PM
 AVERAGE    53

..........................................................


THE LAGUARDIA NY CLIMATE NORMALS FOR TODAY
                         NORMAL    RECORD    YEAR
 MAXIMUM TEMPERATURE (F)   84        97      2003
 MINIMUM TEMPERATURE (F)   67        56      1972
                                             1940


SUNRISE AND SUNSET
JUNE 27 2017..........SUNRISE   526 AM EDT   SUNSET   831 PM EDT
JUNE 28 2017..........SUNRISE   527 AM EDT   SUNSET   831 PM EDT


-  INDICATES NEGATIVE NUMBERS.
R  INDICATES RECORD WAS SET OR TIED.
MM INDICATES DATA IS MISSING.
T  INDICATES TRACE AMOUNT.




$$
