000
CDUS41 KOKX 200618
CLILGA


CLIMATE REPORT
NATIONAL WEATHER SERVICE NEW YORK NY
218 AM EDT SUN AUG 20 2017


...................................

...THE LAGUARDIA NY CLIMATE SUMMARY FOR AUGUST 19 2017...

CLIMATE NORMAL PERIOD 1981 TO 2010
CLIMATE RECORD PERIOD 1939 TO 2017


WEATHER ITEM   OBSERVED TIME   RECORD YEAR NORMAL DEPARTURE LAST
                VALUE   (LST)  VALUE       VALUE  FROM      YEAR
                                                  NORMAL
..................................................................
TEMPERATURE (F)
 YESTERDAY
  MAXIMUM         89    320 PM  94    1966  84      5       89
  MINIMUM         75    504 AM  59    1977  69      6       77
  AVERAGE         82                        76      6       83

PRECIPITATION (IN)
  YESTERDAY        T             2.74 1991   0.13  -0.13     0.02
  MONTH TO DATE    2.95                      2.64   0.31     0.87
  SINCE JUN 1     11.65                     11.08   0.57     8.09
  SINCE JAN 1     32.42                     28.77   3.65    23.46

SNOWFALL (IN)
  YESTERDAY        0.0          MM      MM   0.0    0.0      0.0
  MONTH TO DATE    0.0                       0.0    0.0      0.0
  SINCE OCT 1     33.2                      26.9    6.3     36.2
  SINCE JUL 1      0.0                       0.0    0.0      0.0
  SNOW DEPTH       0

DEGREE DAYS
 HEATING
  YESTERDAY        0                         0      0        0
  MONTH TO DATE    0                         0      0        0
  SINCE JUN 1     16                        16      0        2
  SINCE JUL 1      0                         0      0        0

 COOLING
  YESTERDAY       17                        11      6       18
  MONTH TO DATE  222                       229     -7      333
  SINCE JUN 1    917                       845     72     1109
  SINCE JAN 1   1022                       911    111     1228
..................................................................


WIND (MPH)
  HIGHEST WIND SPEED    17   HIGHEST WIND DIRECTION     W (260)
  HIGHEST GUST SPEED    25   HIGHEST GUST DIRECTION     W (250)
  AVERAGE WIND SPEED     9.2


SKY COVER
  AVERAGE SKY COVER 0.6


WEATHER CONDITIONS
 THE FOLLOWING WEATHER WAS RECORDED YESTERDAY.
  LIGHT RAIN


RELATIVE HUMIDITY (PERCENT)
 HIGHEST    94           300 AM
 LOWEST     40           200 PM
 AVERAGE    67

..........................................................


THE LAGUARDIA NY CLIMATE NORMALS FOR TODAY
                         NORMAL    RECORD    YEAR
 MAXIMUM TEMPERATURE (F)   83        98      1955
 MINIMUM TEMPERATURE (F)   69        58      1949


SUNRISE AND SUNSET
AUGUST 20 2017........SUNRISE   611 AM EDT   SUNSET   746 PM EDT
AUGUST 21 2017........SUNRISE   612 AM EDT   SUNSET   745 PM EDT


-  INDICATES NEGATIVE NUMBERS.
R  INDICATES RECORD WAS SET OR TIED.
MM INDICATES DATA IS MISSING.
T  INDICATES TRACE AMOUNT.




$$
