000
CDUS46 KLOX 250915
CLILGB


CLIMATE REPORT
NATIONAL WEATHER SERVICE LOS ANGELES/OXNARD CA
215 AM PDT SAT MAR 25 2017


...................................

...THE LONG BEACH AIRPORT CA CLIMATE SUMMARY FOR MARCH 24 2017...

CLIMATE NORMAL PERIOD 1981 TO 2010
CLIMATE RECORD PERIOD 1958 TO 2017


WEATHER ITEM   OBSERVED TIME   RECORD YEAR NORMAL DEPARTURE LAST
                VALUE   (LST)  VALUE       VALUE  FROM      YEAR
                                                  NORMAL
..................................................................
TEMPERATURE (F)
 YESTERDAY
  MAXIMUM         70    224 PM  94    1988  69      1       80
  MINIMUM         51    611 AM  42    1995  51      0       51
                                      1964
  AVERAGE         61                        60      1       66

PRECIPITATION (IN)
  YESTERDAY        0.00          0.79 1994   0.05  -0.05     0.00
  MONTH TO DATE    0.15                      1.58  -1.43     0.91
  SINCE OCT 1     19.40                     10.85   8.55     4.81
  SINCE JAN 1     14.20                      7.27   6.93     3.81

SNOWFALL (IN)
  YESTERDAY        0.0
  MONTH TO DATE    0.0
  SINCE MAR 1      0.0
  SINCE JUL 1      0.0

DEGREE DAYS
 HEATING
  YESTERDAY        4                         5     -1        0
  MONTH TO DATE   56                       143    -87       70
  SINCE MAR 1     56                       143    -87       70
  SINCE JUL 1    834                      1034   -200      713

 COOLING
  YESTERDAY        0                         0      0        1
  MONTH TO DATE   21                         0     21        7
  SINCE MAR 1     21                         0     21        7
  SINCE JAN 1     22                         8     14       54
..................................................................


WIND (MPH)
  HIGHEST WIND SPEED    20   HIGHEST WIND DIRECTION     W (290)
  HIGHEST GUST SPEED    25   HIGHEST GUST DIRECTION     W (290)
  AVERAGE WIND SPEED     5.2


SKY COVER
  POSSIBLE SUNSHINE  MM
  AVERAGE SKY COVER 0.0


WEATHER CONDITIONS
 THE FOLLOWING WEATHER WAS RECORDED YESTERDAY.
  NO SIGNIFICANT WEATHER WAS OBSERVED.


RELATIVE HUMIDITY (PERCENT)
 HIGHEST    89           100 AM
 LOWEST     42          1100 AM
 AVERAGE    66

..........................................................


THE LONG BEACH AIRPORT CA CLIMATE NORMALS FOR TODAY
                         NORMAL    RECORD    YEAR
 MAXIMUM TEMPERATURE (F)   69        98      1988
 MINIMUM TEMPERATURE (F)   51        40      1964


SUNRISE AND SUNSET
MARCH 25 2017.........SUNRISE   649 AM PDT   SUNSET   708 PM PDT
MARCH 26 2017.........SUNRISE   648 AM PDT   SUNSET   709 PM PDT


-  INDICATES NEGATIVE NUMBERS.
R  INDICATES RECORD WAS SET OR TIED.
MM INDICATES DATA IS MISSING.
T  INDICATES TRACE AMOUNT.




$$
