000
CDUS46 KLOX 220902
CLILGB


CLIMATE REPORT
NATIONAL WEATHER SERVICE LOS ANGELES/OXNARD CA
202 AM PDT WED OCT 22 2014


...................................

...THE LONG BEACH AIRPORT CA CLIMATE SUMMARY FOR OCTOBER 21 2014...

CLIMATE NORMAL PERIOD 1981 TO 2010
CLIMATE RECORD PERIOD 1958 TO 2014


WEATHER ITEM   OBSERVED TIME   RECORD YEAR NORMAL DEPARTURE LAST
                VALUE   (LST)  VALUE       VALUE  FROM      YEAR
                                                  NORMAL
..................................................................
TEMPERATURE (F)
 YESTERDAY
  MAXIMUM         77    247 PM  99    1965  77      0       74
  MINIMUM         62   1159 PM  49    1962  57      5       58
  AVERAGE         70                        67      3       66

PRECIPITATION (IN)
  YESTERDAY        0.00          0.12 1992   0.03  -0.03     0.00
  MONTH TO DATE    0.00                      0.37  -0.37     0.09
  SINCE JUL 1      0.19                      0.61  -0.42     0.16
  SINCE JAN 1      3.38                      9.05  -5.67     3.03

SNOWFALL (IN)
  YESTERDAY        0.0
  MONTH TO DATE    0.0
  SINCE SEP 1      0.0
  SINCE JUL 1      0.0

DEGREE DAYS
 HEATING
  YESTERDAY        0                         1     -1        0
  MONTH TO DATE    0                         5     -5       11
  SINCE SEP 1      0                         6     -6       11
  SINCE JUL 1      0                         6     -6       11

 COOLING
  YESTERDAY        5                         3      2        1
  MONTH TO DATE  166                        82     84       90
  SINCE SEP 1    533                       313    220      374
  SINCE JAN 1   1603                      1081    522     1184
..................................................................


WIND (MPH)
  HIGHEST WIND SPEED    14   HIGHEST WIND DIRECTION    NW (320)
  HIGHEST GUST SPEED    16   HIGHEST GUST DIRECTION     W (290)
  AVERAGE WIND SPEED     3.9


SKY COVER
  POSSIBLE SUNSHINE  MM
  AVERAGE SKY COVER 0.4


WEATHER CONDITIONS
 THE FOLLOWING WEATHER WAS RECORDED YESTERDAY.
  NO SIGNIFICANT WEATHER WAS OBSERVED.


RELATIVE HUMIDITY (PERCENT)
 HIGHEST    87          1200 AM
 LOWEST     58           300 PM
 AVERAGE    73

..........................................................


THE LONG BEACH AIRPORT CA CLIMATE NORMALS FOR TODAY
                         NORMAL    RECORD    YEAR
 MAXIMUM TEMPERATURE (F)   77       101      1965
 MINIMUM TEMPERATURE (F)   57        49      1996


SUNRISE AND SUNSET
OCTOBER 22 2014.......SUNRISE   703 AM PDT   SUNSET   610 PM PDT
OCTOBER 23 2014.......SUNRISE   704 AM PDT   SUNSET   609 PM PDT


-  INDICATES NEGATIVE NUMBERS.
R  INDICATES RECORD WAS SET OR TIED.
MM INDICATES DATA IS MISSING.
T  INDICATES TRACE AMOUNT.




$$
