571
CDUS46 KLOX 270900
CLILGB


CLIMATE REPORT
NATIONAL WEATHER SERVICE LOS ANGELES/OXNARD CA
200 AM PDT THU APR 27 2017


...................................

...THE LONG BEACH AIRPORT CA CLIMATE SUMMARY FOR APRIL 26 2017...

CLIMATE NORMAL PERIOD 1981 TO 2010
CLIMATE RECORD PERIOD 1958 TO 2017


WEATHER ITEM   OBSERVED TIME   RECORD YEAR NORMAL DEPARTURE LAST
                VALUE   (LST)  VALUE       VALUE  FROM      YEAR
                                                  NORMAL
..................................................................
TEMPERATURE (F)
 YESTERDAY
  MAXIMUM         79    229 PM 101    2004  73      6       70
  MINIMUM         57    359 AM  45    1967  55      2       51
                                      1964
                                      1960
  AVERAGE         68                        64      4       61

PRECIPITATION (IN)
  YESTERDAY        0.00          0.41 1960   0.01  -0.01     0.00
  MONTH TO DATE    0.18                      0.55  -0.37     0.08
  SINCE OCT 1     19.58                     11.69   7.89     4.90
  SINCE JAN 1     14.38                      8.11   6.27     3.90

SNOWFALL (IN)
  YESTERDAY        0.0
  MONTH TO DATE    0.0
  SINCE MAR 1      0.0
  SINCE JUL 1      0.0

DEGREE DAYS
 HEATING
  YESTERDAY        0                         3     -3        4
  MONTH TO DATE   29                        97    -68       24
  SINCE MAR 1     99                       276   -177      124
  SINCE JUL 1    877                      1167   -290      767

 COOLING
  YESTERDAY        3                         1      2        0
  MONTH TO DATE   37                        26     11       62
  SINCE MAR 1     63                        36     27       69
  SINCE JAN 1     64                        44     20      116
..................................................................


WIND (MPH)
  HIGHEST WIND SPEED    15   HIGHEST WIND DIRECTION     W (290)
  HIGHEST GUST SPEED    20   HIGHEST GUST DIRECTION     W (290)
  AVERAGE WIND SPEED     5.3


SKY COVER
  POSSIBLE SUNSHINE  MM
  AVERAGE SKY COVER 0.0


WEATHER CONDITIONS
 THE FOLLOWING WEATHER WAS RECORDED YESTERDAY.
  NO SIGNIFICANT WEATHER WAS OBSERVED.


RELATIVE HUMIDITY (PERCENT)
 HIGHEST    86           400 AM
 LOWEST     41           200 PM
 AVERAGE    64

..........................................................


THE LONG BEACH AIRPORT CA CLIMATE NORMALS FOR TODAY
                         NORMAL    RECORD    YEAR
 MAXIMUM TEMPERATURE (F)   73        99      2004
 MINIMUM TEMPERATURE (F)   55        45      1971


SUNRISE AND SUNSET
APRIL 27 2017.........SUNRISE   608 AM PDT   SUNSET   733 PM PDT
APRIL 28 2017.........SUNRISE   607 AM PDT   SUNSET   734 PM PDT


-  INDICATES NEGATIVE NUMBERS.
R  INDICATES RECORD WAS SET OR TIED.
MM INDICATES DATA IS MISSING.
T  INDICATES TRACE AMOUNT.




$$
