000
CDUS46 KLOX 110905
CLILGB


CLIMATE REPORT
NATIONAL WEATHER SERVICE LOS ANGELES/OXNARD CA
105 AM PST MON DEC 11 2017


...................................

...THE LONG BEACH AIRPORT CA CLIMATE SUMMARY FOR DECEMBER 10 2017...

CLIMATE NORMAL PERIOD 1981 TO 2010
CLIMATE RECORD PERIOD 1958 TO 2017


WEATHER ITEM   OBSERVED TIME   RECORD YEAR NORMAL DEPARTURE LAST
                VALUE   (LST)  VALUE       VALUE  FROM      YEAR
                                                  NORMAL
..................................................................
TEMPERATURE (F)
 YESTERDAY
  MAXIMUM         85    201 PM  86    1958  67     18       65
  MINIMUM         53    437 AM  36    1972  46      7       56
  AVERAGE         69                        56     13       61

PRECIPITATION (IN)
  YESTERDAY        0.00          0.34 1984   0.06  -0.06     0.00
  MONTH TO DATE    0.00                      0.53  -0.53     0.00
  SINCE OCT 1      0.07                      2.16  -2.09     1.61
  SINCE JAN 1     14.97                     10.84   4.13     5.60

SNOWFALL (IN)
  YESTERDAY        0.0
  MONTH TO DATE    0.0
  SINCE DEC 1      0.0
  SINCE JUL 1      0.0

DEGREE DAYS
 HEATING
  YESTERDAY        0                         9     -9        4
  MONTH TO DATE   25                        81    -56       76
  SINCE DEC 1     25                        81    -56       76
  SINCE JUL 1     49                       230   -181      156

 COOLING
  YESTERDAY        4                         0      4        0
  MONTH TO DATE    8                         0      8        0
  SINCE DEC 1      8                         0      8        0
  SINCE JAN 1   1537                      1125    412     1446
..................................................................


WIND (MPH)
  HIGHEST WIND SPEED    10   HIGHEST WIND DIRECTION    NW (320)
  HIGHEST GUST SPEED    12   HIGHEST GUST DIRECTION    NW (320)
  AVERAGE WIND SPEED     3.6


SKY COVER
  POSSIBLE SUNSHINE  MM
  AVERAGE SKY COVER 0.0


WEATHER CONDITIONS
 THE FOLLOWING WEATHER WAS RECORDED YESTERDAY.
  NO SIGNIFICANT WEATHER WAS OBSERVED.


RELATIVE HUMIDITY (PERCENT)
 HIGHEST    30           200 AM
 LOWEST      8           100 PM
 AVERAGE    19

..........................................................


THE LONG BEACH AIRPORT CA CLIMATE NORMALS FOR TODAY
                         NORMAL    RECORD    YEAR
 MAXIMUM TEMPERATURE (F)   67        84      1958
 MINIMUM TEMPERATURE (F)   46        34      1972


SUNRISE AND SUNSET
DECEMBER 11 2017......SUNRISE   648 AM PST   SUNSET   444 PM PST
DECEMBER 12 2017......SUNRISE   648 AM PST   SUNSET   445 PM PST


-  INDICATES NEGATIVE NUMBERS.
R  INDICATES RECORD WAS SET OR TIED.
MM INDICATES DATA IS MISSING.
T  INDICATES TRACE AMOUNT.




$$
