000
CDHW41 PHFO 270237
CLILIH


CLIMATE REPORT
NATIONAL WEATHER SERVICE HONOLULU HI
437 PM HST FRI DEC 26 2014


...................................

...THE LIHUE HI CLIMATE SUMMARY FOR DECEMBER 26 2014...
VALID TODAY AS OF 0400 PM LOCAL TIME.

CLIMATE NORMAL PERIOD 1981 TO 2010
CLIMATE RECORD PERIOD 1946 TO 2014


WEATHER ITEM   OBSERVED TIME   RECORD YEAR NORMAL DEPARTURE LAST
                VALUE   (LST)  VALUE       VALUE  FROM      YEAR
                                                  NORMAL
..................................................................
TEMPERATURE (F)
 TODAY
  MAXIMUM         79    118 PM  84    1960  78      1       79
  MINIMUM         61    537 AM  58    1967  67     -6       69
  AVERAGE         70                        72     -2       74

PRECIPITATION (IN)
  TODAY            0.00          8.55 1992   0.17  -0.17     0.01
  MONTH TO DATE    1.12                      4.43  -3.31     5.25
  SINCE DEC 1      1.12                      4.43  -3.31     5.25
  SINCE JAN 1     31.63                     36.28  -4.65    36.68

SNOWFALL (IN)
  TODAY            0.0
  MONTH TO DATE    0.0
  SINCE DEC 1      0.0
  SINCE JUL 1      0.0
  SNOW DEPTH       0

DEGREE DAYS
 HEATING
  TODAY            0                         0      0        0
  MONTH TO DATE    0                         0      0        0
  SINCE DEC 1      0                         0      0        0
  SINCE JUL 1      0                         0      0        0

 COOLING
  TODAY            5                         7     -2        9
  MONTH TO DATE  191                       218    -27      243
  SINCE DEC 1    191                       218    -27      243
  SINCE JAN 1   4007                      3909     98     3668
..................................................................


WIND (MPH)
  HIGHEST WIND SPEED    12   HIGHEST WIND DIRECTION     W (280)
  HIGHEST GUST SPEED    13   HIGHEST GUST DIRECTION    SE (140)
  AVERAGE WIND SPEED     6.1


SKY COVER
  POSSIBLE SUNSHINE  MM
  AVERAGE SKY COVER 0.2


WEATHER CONDITIONS
 THE FOLLOWING WEATHER WAS RECORDED TODAY.
  NO SIGNIFICANT WEATHER WAS OBSERVED.


RELATIVE HUMIDITY (PERCENT)
 HIGHEST    84           100 AM
 LOWEST     56          1100 AM
 AVERAGE    70

..........................................................


THE LIHUE HI CLIMATE NORMALS FOR TOMORROW
                         NORMAL    RECORD    YEAR
 MAXIMUM TEMPERATURE (F)   78        83      1993
                                             1983
                                             1980
 MINIMUM TEMPERATURE (F)   66        58      1999
                                             1967


SUNRISE AND SUNSET
DECEMBER 26 2014......SUNRISE   714 AM HST   SUNSET   602 PM HST
DECEMBER 27 2014......SUNRISE   715 AM HST   SUNSET   603 PM HST


-  INDICATES NEGATIVE NUMBERS.
R  INDICATES RECORD WAS SET OR TIED.
MM INDICATES DATA IS MISSING.
T  INDICATES TRACE AMOUNT.




$$
