000
CDHW41 PHFO 271245
CLILIH


CLIMATE REPORT
NATIONAL WEATHER SERVICE HONOLULU HI
245 AM HST SAT AUG 27 2016


...................................

...THE LIHUE HI CLIMATE SUMMARY FOR AUGUST 26 2016...

CLIMATE NORMAL PERIOD 1981 TO 2010
CLIMATE RECORD PERIOD 1946 TO 2016


WEATHER ITEM   OBSERVED TIME   RECORD YEAR NORMAL DEPARTURE LAST
                VALUE   (LST)  VALUE       VALUE  FROM      YEAR
                                                  NORMAL
..................................................................
TEMPERATURE (F)
 YESTERDAY
  MAXIMUM         86    305 PM  89    1981  85      1       85
  MINIMUM         76   1159 PM  68    1979  75      1       75
                                      1955
  AVERAGE         81                        80      1       80

PRECIPITATION (IN)
  YESTERDAY        0.01          0.32 1980   0.07  -0.06      T
  MONTH TO DATE    1.28                      1.83  -0.55     7.39
  SINCE JUN 1      4.06                      5.31  -1.25     8.79
  SINCE JAN 1     10.50                     21.15 -10.65    14.68

SNOWFALL (IN)
  YESTERDAY        0.0
  MONTH TO DATE    0.0
  SINCE JUN 1      0.0
  SINCE JUL 1      0.0
  SNOW DEPTH       0

DEGREE DAYS
 HEATING
  YESTERDAY        0                         0      0        0
  MONTH TO DATE    0                         0      0        0
  SINCE JUN 1      0                         0      0        0
  SINCE JUL 1      0                         0      0        0

 COOLING
  YESTERDAY       16                        15      1       15
  MONTH TO DATE  408                       389     19      435
  SINCE JUN 1   1172                      1222    -50     1279
  SINCE JAN 1   2574                      2461    113     2698
..................................................................


WIND (MPH)
  HIGHEST WIND SPEED    21   HIGHEST WIND DIRECTION    NE (40)
  HIGHEST GUST SPEED    24   HIGHEST GUST DIRECTION    NE (40)
  AVERAGE WIND SPEED    13.9


SKY COVER
  POSSIBLE SUNSHINE  MM
  AVERAGE SKY COVER 0.7


WEATHER CONDITIONS
 THE FOLLOWING WEATHER WAS RECORDED YESTERDAY.
  LIGHT RAIN
  FOG


RELATIVE HUMIDITY (PERCENT)
 HIGHEST    79          1200 AM
 LOWEST     61           200 PM
 AVERAGE    70

..........................................................


THE LIHUE HI CLIMATE NORMALS FOR TODAY
                         NORMAL    RECORD    YEAR
 MAXIMUM TEMPERATURE (F)   85        89      1981
 MINIMUM TEMPERATURE (F)   75        68      1979
                                             1964


SUNRISE AND SUNSET
AUGUST 27 2016........SUNRISE   619 AM HST   SUNSET   658 PM HST
AUGUST 28 2016........SUNRISE   619 AM HST   SUNSET   657 PM HST


-  INDICATES NEGATIVE NUMBERS.
R  INDICATES RECORD WAS SET OR TIED.
MM INDICATES DATA IS MISSING.
T  INDICATES TRACE AMOUNT.




$$
