000
CDHW41 PHFO 231245
CLILIH


CLIMATE REPORT
NATIONAL WEATHER SERVICE HONOLULU HI
245 AM HST SAT MAY 23 2015


...................................

...THE LIHUE HI CLIMATE SUMMARY FOR MAY 22 2015...

CLIMATE NORMAL PERIOD 1981 TO 2010
CLIMATE RECORD PERIOD 1946 TO 2015


WEATHER ITEM   OBSERVED TIME   RECORD YEAR NORMAL DEPARTURE LAST
                VALUE   (LST)  VALUE       VALUE  FROM      YEAR
                                                  NORMAL
..................................................................
TEMPERATURE (F)
 YESTERDAY
  MAXIMUM         83   1121 AM  86    1992  82      1       83
  MINIMUM         67    624 AM  63    1987  71     -4       71
  AVERAGE         75                        76     -1       77

PRECIPITATION (IN)
  YESTERDAY        0.24          1.42 1970   0.06   0.18     0.06
  MONTH TO DATE    0.55                      1.60  -1.05     0.53
  SINCE MAR 1      3.67                      8.46  -4.79     3.11
  SINCE JAN 1      5.58                     15.37  -9.79    13.51

SNOWFALL (IN)
  YESTERDAY        0.0
  MONTH TO DATE    0.0
  SINCE MAR 1      0.0
  SINCE JUL 1      0.0
  SNOW DEPTH       0

DEGREE DAYS
 HEATING
  YESTERDAY        0                         0      0        0
  MONTH TO DATE    0                         0      0        0
  SINCE MAR 1      0                         0      0        0
  SINCE JUL 1      0                         0      0        0

 COOLING
  YESTERDAY       10                        11     -1       12
  MONTH TO DATE  278                       229     49      238
  SINCE MAR 1    883                       738    145      738
  SINCE JAN 1   1339                      1133    206     1114
..................................................................


WIND (MPH)
  HIGHEST WIND SPEED    20   HIGHEST WIND DIRECTION     N (20)
  HIGHEST GUST SPEED    23   HIGHEST GUST DIRECTION     N (20)
  AVERAGE WIND SPEED     9.0


SKY COVER
  POSSIBLE SUNSHINE  MM
  AVERAGE SKY COVER 0.6


WEATHER CONDITIONS
 THE FOLLOWING WEATHER WAS RECORDED YESTERDAY.
  HEAVY RAIN
  LIGHT RAIN
  FOG
  HAZE


RELATIVE HUMIDITY (PERCENT)
 HIGHEST    90           300 PM
 LOWEST     62           900 AM
 AVERAGE    76

..........................................................


THE LIHUE HI CLIMATE NORMALS FOR TODAY
                         NORMAL    RECORD    YEAR
 MAXIMUM TEMPERATURE (F)   82        85      2004
                                             1981
                                             1957
 MINIMUM TEMPERATURE (F)   71        61      1959


SUNRISE AND SUNSET
MAY 23 2015...........SUNRISE   555 AM HST   SUNSET   713 PM HST
MAY 24 2015...........SUNRISE   555 AM HST   SUNSET   714 PM HST


-  INDICATES NEGATIVE NUMBERS.
R  INDICATES RECORD WAS SET OR TIED.
MM INDICATES DATA IS MISSING.
T  INDICATES TRACE AMOUNT.




$$
