000
CDUS44 KLZK 170912
CLILIT


CLIMATE REPORT
NATIONAL WEATHER SERVICE LITTLE ROCK AR
411 AM CDT THU APR 17 2014


...................................

...THE LITTLE ROCK ADAMS FIELD CLIMATE SUMMARY FOR APRIL 16 2014...

CLIMATE NORMAL PERIOD 1981 TO 2010
CLIMATE RECORD PERIOD 1874 TO 2014


WEATHER ITEM   OBSERVED TIME   RECORD YEAR NORMAL DEPARTURE LAST
                VALUE   (LST)  VALUE       VALUE  FROM      YEAR
                                                  NORMAL
..................................................................
TEMPERATURE (F)
 YESTERDAY
  MAXIMUM         60    416 PM  89    1955  73    -13       88
                                      1914
                                      1894
  MINIMUM         38    613 AM  33    1962  51    -13       65
  AVERAGE         49                        62    -13       77

PRECIPITATION (IN)
  YESTERDAY        0.00          3.89 1939   0.18  -0.18     0.01
  MONTH TO DATE    3.52                      2.63   0.89     2.00
  SINCE MAR 1      8.81                      7.31   1.50     6.57
  SINCE JAN 1     14.38                     14.52  -0.14    16.13

SNOWFALL (IN)
  YESTERDAY        0.0          MM      MM   0.0    0.0      0.0
  MONTH TO DATE    T                         0.0    0.0      0.0
  SINCE MAR 1      2.2                       0.4    1.8       T
  SINCE JUL 1      6.2                       3.5    2.7     10.6
  SNOW DEPTH       0

DEGREE DAYS
 HEATING
  YESTERDAY       16                         5     11        0
  MONTH TO DATE  120                       102     18      116
  SINCE MAR 1    615                       477    138      609
  SINCE JUL 1   3388                      2990    398     2895

 COOLING
  YESTERDAY        0                         2     -2       12
  MONTH TO DATE   28                        22      6       30
  SINCE MAR 1     28                        36     -8       33
  SINCE JAN 1     28                        38    -10       38
..................................................................


WIND (MPH)
  HIGHEST WIND SPEED    16   HIGHEST WIND DIRECTION    SE (120)
  HIGHEST GUST SPEED    22   HIGHEST GUST DIRECTION    SE (130)
  AVERAGE WIND SPEED     7.8


SKY COVER
  POSSIBLE SUNSHINE  MM
  AVERAGE SKY COVER 0.5


WEATHER CONDITIONS
 THE FOLLOWING WEATHER WAS RECORDED YESTERDAY.
  NO SIGNIFICANT WEATHER WAS OBSERVED.


RELATIVE HUMIDITY (PERCENT)
 HIGHEST    79           400 AM
 LOWEST     32           300 PM
 AVERAGE    56

..........................................................


THE LITTLE ROCK ADAMS FIELD CLIMATE NORMALS FOR TODAY
                         NORMAL    RECORD    YEAR
 MAXIMUM TEMPERATURE (F)   74        92      2006
 MINIMUM TEMPERATURE (F)   51        34      1951
                                             1921


SUNRISE AND SUNSET
APRIL 17 2014.........SUNRISE   635 AM CDT   SUNSET   743 PM CDT
APRIL 18 2014.........SUNRISE   633 AM CDT   SUNSET   744 PM CDT


-  INDICATES NEGATIVE NUMBERS.
R  INDICATES RECORD WAS SET OR TIED.
MM INDICATES DATA IS MISSING.
T  INDICATES TRACE AMOUNT.




$$
