000
CDUS44 KLZK 281006
CLILIT


CLIMATE REPORT
NATIONAL WEATHER SERVICE LITTLE ROCK AR
405 AM CST FRI NOV 28 2014


...................................

...THE LITTLE ROCK ADAMS FIELD CLIMATE SUMMARY FOR NOVEMBER 27 2014...

CLIMATE NORMAL PERIOD 1981 TO 2010
CLIMATE RECORD PERIOD 1874 TO 2014


WEATHER ITEM   OBSERVED TIME   RECORD YEAR NORMAL DEPARTURE LAST
                VALUE   (LST)  VALUE       VALUE  FROM      YEAR
                                                  NORMAL
..................................................................
TEMPERATURE (F)
 YESTERDAY
  MAXIMUM         50    355 PM  79    1989  58     -8       42
  MINIMUM         33   1159 PM  17    1975  38     -5       25
  AVERAGE         42                        48     -6       34

PRECIPITATION (IN)
  YESTERDAY        0.00          1.95 1982   0.19  -0.19     0.00
  MONTH TO DATE    2.19                      4.70  -2.51     4.72
  SINCE SEP 1      7.84                     12.79  -4.95    11.24
  SINCE JAN 1     44.97                     44.20   0.77    45.84

SNOWFALL (IN)
  YESTERDAY        0.0           0.2  1958   0.0    0.0      0.0
  MONTH TO DATE    0.1                       0.0    0.1      0.0
  SINCE SEP 1      0.1                       0.0    0.1      0.0
  SINCE JUL 1      0.1                       0.0    0.1      0.0
  SNOW DEPTH       0

DEGREE DAYS
 HEATING
  YESTERDAY       23                        17      6       31
  MONTH TO DATE  481                       329    152      399
  SINCE SEP 1    549                       461     88      513
  SINCE JUL 1    549                       461     88      513

 COOLING
  YESTERDAY        0                         0      0        0
  MONTH TO DATE    0                         9     -9        8
  SINCE SEP 1    439                       402     37      496
  SINCE JAN 1   2049                      2203   -154     2202
..................................................................


WIND (MPH)
  HIGHEST WIND SPEED    20   HIGHEST WIND DIRECTION     N (350)
  HIGHEST GUST SPEED    23   HIGHEST GUST DIRECTION     N (350)
  AVERAGE WIND SPEED     5.0


SKY COVER
  POSSIBLE SUNSHINE  MM
  AVERAGE SKY COVER 0.2


WEATHER CONDITIONS
 THE FOLLOWING WEATHER WAS RECORDED YESTERDAY.
  NO SIGNIFICANT WEATHER WAS OBSERVED.


RELATIVE HUMIDITY (PERCENT)
 HIGHEST    75           900 PM
 LOWEST     33           300 PM
 AVERAGE    54

..........................................................


THE LITTLE ROCK ADAMS FIELD CLIMATE NORMALS FOR TODAY
                         NORMAL    RECORD    YEAR
 MAXIMUM TEMPERATURE (F)   58        79      1970
 MINIMUM TEMPERATURE (F)   38        19      1887


SUNRISE AND SUNSET
NOVEMBER 28 2014......SUNRISE   655 AM CST   SUNSET   458 PM CST
NOVEMBER 29 2014......SUNRISE   656 AM CST   SUNSET   458 PM CST


-  INDICATES NEGATIVE NUMBERS.
R  INDICATES RECORD WAS SET OR TIED.
MM INDICATES DATA IS MISSING.
T  INDICATES TRACE AMOUNT.




$$
