738
CDUS44 KLZK 240639
CLILIT


CLIMATE REPORT
NATIONAL WEATHER SERVICE LITTLE ROCK AR
1238 AM CST TUE JAN 24 2017


...................................

...THE LITTLE ROCK ADAMS FIELD CLIMATE SUMMARY FOR JANUARY 23 2017...

CLIMATE NORMAL PERIOD 1981 TO 2010
CLIMATE RECORD PERIOD 1874 TO 2017


WEATHER ITEM   OBSERVED TIME   RECORD YEAR NORMAL DEPARTURE LAST
                VALUE   (LST)  VALUE       VALUE  FROM      YEAR
                                                  NORMAL
..................................................................
TEMPERATURE (F)
 YESTERDAY
  MAXIMUM         57    400 PM  81    1943  51      6       40
  MINIMUM         39   1159 PM   6    1963  31      8       28
  AVERAGE         48                        41      7       34

PRECIPITATION (IN)
  YESTERDAY        0.00          1.31 1939   0.11  -0.11     0.00
  MONTH TO DATE    1.47                      2.66  -1.19     3.40
  SINCE DEC 1      5.86                      7.63  -1.77    11.78
  SINCE JAN 1      1.47                      2.66  -1.19     3.40

SNOWFALL (IN)
  YESTERDAY        0.0           2.0  1940   0.1   -0.1      0.0
  MONTH TO DATE    0.2                       1.2   -1.0      5.7
  SINCE DEC 1      0.2                       1.4   -1.2      5.7
  SINCE JUL 1      0.2                       1.4   -1.2      5.7
  SNOW DEPTH       0

DEGREE DAYS
 HEATING
  YESTERDAY       17                        24     -7       31
  MONTH TO DATE  435                       552   -117      579
  SINCE DEC 1   1102                      1235   -133      987
  SINCE JUL 1   1441                      1749   -308     1311

 COOLING
  YESTERDAY        0                         0      0        0
  MONTH TO DATE    0                         0      0        0
  SINCE DEC 1      2                         2      0       11
  SINCE JAN 1      0                         0      0        0
..................................................................


WIND (MPH)
  HIGHEST WIND SPEED    24   HIGHEST WIND DIRECTION    NW (330)
  HIGHEST GUST SPEED    30   HIGHEST GUST DIRECTION    NW (320)
  AVERAGE WIND SPEED     9.2


SKY COVER
  POSSIBLE SUNSHINE  MM
  AVERAGE SKY COVER 0.3


WEATHER CONDITIONS
 THE FOLLOWING WEATHER WAS RECORDED YESTERDAY.
  NO SIGNIFICANT WEATHER WAS OBSERVED.


RELATIVE HUMIDITY (PERCENT)
 HIGHEST    92          1100 PM
 LOWEST     47           400 PM
 AVERAGE    70

..........................................................


THE LITTLE ROCK ADAMS FIELD CLIMATE NORMALS FOR TODAY
                         NORMAL    RECORD    YEAR
 MAXIMUM TEMPERATURE (F)   51        81      1950
 MINIMUM TEMPERATURE (F)   31         2      1963


SUNRISE AND SUNSET
JANUARY 24 2017.......SUNRISE   712 AM CST   SUNSET   530 PM CST
JANUARY 25 2017.......SUNRISE   712 AM CST   SUNSET   531 PM CST


-  INDICATES NEGATIVE NUMBERS.
R  INDICATES RECORD WAS SET OR TIED.
MM INDICATES DATA IS MISSING.
T  INDICATES TRACE AMOUNT.




$$
