000
CDUS44 KLZK 170634
CLILIT


CLIMATE REPORT
NATIONAL WEATHER SERVICE LITTLE ROCK AR
133 AM CDT TUE OCT 17 2017


...................................

...THE LITTLE ROCK ADAMS FIELD CLIMATE SUMMARY FOR OCTOBER 16 2017...

CLIMATE NORMAL PERIOD 1981 TO 2010
CLIMATE RECORD PERIOD 1874 TO 2017


WEATHER ITEM   OBSERVED TIME   RECORD YEAR NORMAL DEPARTURE LAST
                VALUE   (LST)  VALUE       VALUE  FROM      YEAR
                                                  NORMAL
..................................................................
TEMPERATURE (F)
 YESTERDAY
  MAXIMUM         69    318 PM  88    2011  75     -6       84
  MINIMUM         46   1151 PM  35    1952  53     -7       63
  AVERAGE         58                        64     -6       74

PRECIPITATION (IN)
  YESTERDAY        0.00          2.65 1877   0.16  -0.16     0.00
  MONTH TO DATE    0.46                      2.34  -1.88     1.61
  SINCE SEP 1      0.91                      5.52  -4.61     2.92
  SINCE JAN 1     38.20                     36.93   1.27    48.87

SNOWFALL (IN)
  YESTERDAY        0.0          MM      MM   0.0    0.0      0.0
  MONTH TO DATE    0.0                       0.0    0.0      0.0
  SINCE SEP 1      0.0                       0.0    0.0      0.0
  SINCE JUL 1      0.0                       0.0    0.0      0.0
  SNOW DEPTH       0

DEGREE DAYS
 HEATING
  YESTERDAY        7                         4      3        0
  MONTH TO DATE   12                        38    -26       11
  SINCE SEP 1     13                        49    -36       11
  SINCE JUL 1     13                        49    -36       11

 COOLING
  YESTERDAY        0                         2     -2        9
  MONTH TO DATE  118                        57     61       72
  SINCE SEP 1    422                       369     53      523
  SINCE JAN 1   1990                      2170   -180     2576
..................................................................


WIND (MPH)
  HIGHEST WIND SPEED    15   HIGHEST WIND DIRECTION    NE (60)
  HIGHEST GUST SPEED    19   HIGHEST GUST DIRECTION    NE (40)
  AVERAGE WIND SPEED     6.7


SKY COVER
  POSSIBLE SUNSHINE  MM
  AVERAGE SKY COVER 0.1


WEATHER CONDITIONS
 THE FOLLOWING WEATHER WAS RECORDED YESTERDAY.
  NO SIGNIFICANT WEATHER WAS OBSERVED.


RELATIVE HUMIDITY (PERCENT)
 HIGHEST    93          1100 PM
 LOWEST     33           300 PM
 AVERAGE    63

..........................................................


THE LITTLE ROCK ADAMS FIELD CLIMATE NORMALS FOR TODAY
                         NORMAL    RECORD    YEAR
 MAXIMUM TEMPERATURE (F)   75        89      1953
 MINIMUM TEMPERATURE (F)   52        34      1943


SUNRISE AND SUNSET
OCTOBER 17 2017.......SUNRISE   717 AM CDT   SUNSET   631 PM CDT
OCTOBER 18 2017.......SUNRISE   717 AM CDT   SUNSET   630 PM CDT


-  INDICATES NEGATIVE NUMBERS.
R  INDICATES RECORD WAS SET OR TIED.
MM INDICATES DATA IS MISSING.
T  INDICATES TRACE AMOUNT.




$$
