000
CDUS44 KLZK 240634
CLILIT


CLIMATE REPORT
NATIONAL WEATHER SERVICE LITTLE ROCK AR
1234 AM CST FRI FEB 24 2017


...................................

...THE LITTLE ROCK ADAMS FIELD CLIMATE SUMMARY FOR FEBRUARY 23 2017...

CLIMATE NORMAL PERIOD 1981 TO 2010
CLIMATE RECORD PERIOD 1874 TO 2017


WEATHER ITEM   OBSERVED TIME   RECORD YEAR NORMAL DEPARTURE LAST
                VALUE   (LST)  VALUE       VALUE  FROM      YEAR
                                                  NORMAL
..................................................................
TEMPERATURE (F)
 YESTERDAY
  MAXIMUM         79    336 PM  82    2012  57     22       48
                                      1982
  MINIMUM         47    409 AM  16    1989  37     10       41
  AVERAGE         63                        47     16       45

PRECIPITATION (IN)
  YESTERDAY        0.00          2.08 1909   0.14  -0.14     1.43
  MONTH TO DATE    3.16                      2.94   0.22     1.95
  SINCE DEC 1      9.02                     11.46  -2.44    13.88
  SINCE JAN 1      4.63                      6.49  -1.86     5.50

SNOWFALL (IN)
  YESTERDAY        0.0           8.5  1966   0.0    0.0      0.0
  MONTH TO DATE    0.0                       1.1   -1.1      0.0
  SINCE DEC 1      0.2                       2.9   -2.7      5.7
  SINCE JUL 1      0.2                       2.9   -2.7      5.7
  SNOW DEPTH       0

DEGREE DAYS
 HEATING
  YESTERDAY        2                        18    -16       20
  MONTH TO DATE  271                       482   -211      360
  SINCE DEC 1   1512                      1914   -402     1472
  SINCE JUL 1   1851                      2428   -577     1796

 COOLING
  YESTERDAY        0                         0      0        0
  MONTH TO DATE    8                         0      8        5
  SINCE DEC 1     10                         3      7       17
  SINCE JAN 1      8                         1      7        6
..................................................................


WIND (MPH)
  HIGHEST WIND SPEED    20   HIGHEST WIND DIRECTION    SE (150)
  HIGHEST GUST SPEED    25   HIGHEST GUST DIRECTION    SE (140)
  AVERAGE WIND SPEED     7.5


SKY COVER
  POSSIBLE SUNSHINE  MM
  AVERAGE SKY COVER 0.4


WEATHER CONDITIONS
 THE FOLLOWING WEATHER WAS RECORDED YESTERDAY.
  FOG
  FOG W/VISIBILITY <= 1/4 MILE


RELATIVE HUMIDITY (PERCENT)
 HIGHEST   100          1200 AM
 LOWEST     48           400 PM
 AVERAGE    74

..........................................................


THE LITTLE ROCK ADAMS FIELD CLIMATE NORMALS FOR TODAY
                         NORMAL    RECORD    YEAR
 MAXIMUM TEMPERATURE (F)   58        78      1918
                                             1891
                                             1890
 MINIMUM TEMPERATURE (F)   37        17      1889


SUNRISE AND SUNSET
FEBRUARY 24 2017......SUNRISE   644 AM CST   SUNSET   601 PM CST
FEBRUARY 25 2017......SUNRISE   643 AM CST   SUNSET   602 PM CST


-  INDICATES NEGATIVE NUMBERS.
R  INDICATES RECORD WAS SET OR TIED.
MM INDICATES DATA IS MISSING.
T  INDICATES TRACE AMOUNT.




$$
