000
CDUS44 KLZK 170910
CLILIT


CLIMATE REPORT
NATIONAL WEATHER SERVICE LITTLE ROCK AR
409 AM CDT WED SEP 17 2014


...................................

...THE LITTLE ROCK ADAMS FIELD CLIMATE SUMMARY FOR SEPTEMBER 16 2014...

CLIMATE NORMAL PERIOD 1981 TO 2010
CLIMATE RECORD PERIOD 1874 TO 2014


WEATHER ITEM   OBSERVED TIME   RECORD YEAR NORMAL DEPARTURE LAST
                VALUE   (LST)  VALUE       VALUE  FROM      YEAR
                                                  NORMAL
..................................................................
TEMPERATURE (F)
 YESTERDAY
  MAXIMUM         82    229 PM 103    1980  86     -4       93
  MINIMUM         66   1159 PM  45    1961  65      1       62
  AVERAGE         74                        75     -1       78

PRECIPITATION (IN)
  YESTERDAY        T             1.42 1958   0.10  -0.10     0.00
  MONTH TO DATE    2.01                      1.66   0.35     0.03
  SINCE SEP 1      2.01                      1.66   0.35     0.03
  SINCE JAN 1     39.14                     33.07   6.07    34.63

SNOWFALL (IN)
  YESTERDAY        0.0          MM      MM   0.0    0.0      0.0
  MONTH TO DATE    0.0                       0.0    0.0      0.0
  SINCE SEP 1      0.0                       0.0    0.0      0.0
  SINCE JUL 1      0.0                       0.0    0.0      0.0
  SNOW DEPTH       0

DEGREE DAYS
 HEATING
  YESTERDAY        0                         0      0        0
  MONTH TO DATE    4                         0      4        0
  SINCE SEP 1      4                         0      4        0
  SINCE JUL 1      4                         0      4        0

 COOLING
  YESTERDAY        9                        10     -1       13
  MONTH TO DATE  200                       205     -5      261
  SINCE SEP 1    200                       205     -5      261
  SINCE JAN 1   1810                      2006   -196     1967
..................................................................


WIND (MPH)
  HIGHEST WIND SPEED    14   HIGHEST WIND DIRECTION    NE (60)
  HIGHEST GUST SPEED    18   HIGHEST GUST DIRECTION    NE (60)
  AVERAGE WIND SPEED     5.8


SKY COVER
  POSSIBLE SUNSHINE  MM
  AVERAGE SKY COVER 0.7


WEATHER CONDITIONS
 THE FOLLOWING WEATHER WAS RECORDED YESTERDAY.
  LIGHT RAIN


RELATIVE HUMIDITY (PERCENT)
 HIGHEST    84          1200 AM
 LOWEST     62           200 PM
 AVERAGE    73

..........................................................


THE LITTLE ROCK ADAMS FIELD CLIMATE NORMALS FOR TODAY
                         NORMAL    RECORD    YEAR
 MAXIMUM TEMPERATURE (F)   85       100      1896
 MINIMUM TEMPERATURE (F)   64        47      1903


SUNRISE AND SUNSET
SEPTEMBER 17 2014.....SUNRISE   653 AM CDT   SUNSET   713 PM CDT
SEPTEMBER 18 2014.....SUNRISE   654 AM CDT   SUNSET   711 PM CDT


-  INDICATES NEGATIVE NUMBERS.
R  INDICATES RECORD WAS SET OR TIED.
MM INDICATES DATA IS MISSING.
T  INDICATES TRACE AMOUNT.




$$
