000
CDUS44 KLZK 300710
CLILIT


CLIMATE REPORT
NATIONAL WEATHER SERVICE LITTLE ROCK AR
209 AM CDT SAT APR 30 2016


...................................

...THE LITTLE ROCK ADAMS FIELD CLIMATE SUMMARY FOR APRIL 29 2016...

CLIMATE NORMAL PERIOD 1981 TO 2010
CLIMATE RECORD PERIOD 1874 TO 2016


WEATHER ITEM   OBSERVED TIME   RECORD YEAR NORMAL DEPARTURE LAST
                VALUE   (LST)  VALUE       VALUE  FROM      YEAR
                                                  NORMAL
..................................................................
TEMPERATURE (F)
 YESTERDAY
  MAXIMUM         70    554 PM  90    1990  77     -7       79
  MINIMUM         62   1045 AM  38    1965  55      7       48
  AVERAGE         66                        66      0       64

PRECIPITATION (IN)
  YESTERDAY        4.25R         2.65 2006   0.17   4.08     0.00
  MONTH TO DATE    6.39                      4.96   1.43     5.43
  SINCE MAR 1     18.72                      9.64   9.08    13.53
  SINCE JAN 1     24.41                     16.85   7.56    20.34

SNOWFALL (IN)
  YESTERDAY        0.0          MM      MM   0.0    0.0      0.0
  MONTH TO DATE    0.0                       0.0    0.0       T
  SINCE MAR 1      0.0                       0.4   -0.4      5.7
  SINCE JUL 1      5.7                       3.5    2.2     11.1
  SNOW DEPTH       0

DEGREE DAYS
 HEATING
  YESTERDAY        0                         2     -2        1
  MONTH TO DATE   70                       143    -73       77
  SINCE MAR 1    294                       518   -224      472
  SINCE JUL 1   2183                      3031   -848     3118

 COOLING
  YESTERDAY        1                         3     -2        0
  MONTH TO DATE   60                        53      7       75
  SINCE MAR 1     81                        67     14       89
  SINCE JAN 1     87                        69     18       89
..................................................................


WIND (MPH)
  HIGHEST WIND SPEED    36   HIGHEST WIND DIRECTION     W (280)
  HIGHEST GUST SPEED    50   HIGHEST GUST DIRECTION     W (270)
  AVERAGE WIND SPEED     8.5


SKY COVER
  POSSIBLE SUNSHINE  MM
  AVERAGE SKY COVER 0.8


WEATHER CONDITIONS
 THE FOLLOWING WEATHER WAS RECORDED YESTERDAY.
  THUNDERSTORM
  HEAVY RAIN
  RAIN
  LIGHT RAIN
  FOG


RELATIVE HUMIDITY (PERCENT)
 HIGHEST    93           800 AM
 LOWEST     53           600 AM
 AVERAGE    73

..........................................................


THE LITTLE ROCK ADAMS FIELD CLIMATE NORMALS FOR TODAY
                         NORMAL    RECORD    YEAR
 MAXIMUM TEMPERATURE (F)   77        92      1987
 MINIMUM TEMPERATURE (F)   56        38      1908


SUNRISE AND SUNSET
APRIL 30 2016.........SUNRISE   619 AM CDT   SUNSET   754 PM CDT
MAY  1 2016...........SUNRISE   618 AM CDT   SUNSET   754 PM CDT


-  INDICATES NEGATIVE NUMBERS.
R  INDICATES RECORD WAS SET OR TIED.
MM INDICATES DATA IS MISSING.
T  INDICATES TRACE AMOUNT.




$$
