000
CDUS44 KLZK 210648
CLILIT


CLIMATE REPORT
NATIONAL WEATHER SERVICE LITTLE ROCK AR
1247 AM CST WED FEB 21 2018


...................................

...THE LITTLE ROCK ADAMS FIELD CLIMATE SUMMARY FOR FEBRUARY 20 2018...

CLIMATE NORMAL PERIOD 1981 TO 2010
CLIMATE RECORD PERIOD 1874 TO 2018


WEATHER ITEM   OBSERVED TIME   RECORD YEAR NORMAL DEPARTURE LAST
                VALUE   (LST)  VALUE       VALUE  FROM      YEAR
                                                  NORMAL
..................................................................
TEMPERATURE (F)
 YESTERDAY
  MAXIMUM         81    314 PM  85    1986  56     25       79
  MINIMUM         60   1159 PM  20    1936  36     24       50
                                      1929
  AVERAGE         71                        46     25       65

PRECIPITATION (IN)
  YESTERDAY        0.15          1.90 1878   0.13   0.02     1.11
  MONTH TO DATE    2.20                      2.52  -0.32     2.54
  SINCE DEC 1     12.16                     11.04   1.12     8.40
  SINCE JAN 1      4.42                      6.07  -1.65     4.01

SNOWFALL (IN)
  YESTERDAY        0.0           6.0  1929   0.1   -0.1      0.0
  MONTH TO DATE    0.0                       1.0   -1.0      0.0
  SINCE DEC 1      1.7                       2.8   -1.1      0.2
  SINCE JUL 1      1.7                       2.8   -1.1      0.2
  SNOW DEPTH       0

DEGREE DAYS
 HEATING
  YESTERDAY        0                        19    -19        0
  MONTH TO DATE  420                       427     -7      256
  SINCE DEC 1   1947                      1859     88     1497
  SINCE JUL 1   2413                      2373     40     1836

 COOLING
  YESTERDAY        6                         0      6        0
  MONTH TO DATE    9                         0      9        8
  SINCE DEC 1      9                         3      6       10
  SINCE JAN 1      9                         1      8        8
..................................................................


WIND (MPH)
  HIGHEST WIND SPEED    23   HIGHEST WIND DIRECTION     S (180)
  HIGHEST GUST SPEED    31   HIGHEST GUST DIRECTION     S (190)
  AVERAGE WIND SPEED    13.2


SKY COVER
  POSSIBLE SUNSHINE  MM
  AVERAGE SKY COVER 1.0


WEATHER CONDITIONS
 THE FOLLOWING WEATHER WAS RECORDED YESTERDAY.
  THUNDERSTORM
  HEAVY RAIN
  RAIN
  FOG
  HAZE


RELATIVE HUMIDITY (PERCENT)
 HIGHEST   100          1100 PM
 LOWEST     54           400 PM
 AVERAGE    77

..........................................................


THE LITTLE ROCK ADAMS FIELD CLIMATE NORMALS FOR TODAY
                         NORMAL    RECORD    YEAR
 MAXIMUM TEMPERATURE (F)   57        82      1980
 MINIMUM TEMPERATURE (F)   36        16      1968
                                             1963


SUNRISE AND SUNSET
FEBRUARY 21 2018......SUNRISE   648 AM CST   SUNSET   558 PM CST
FEBRUARY 22 2018......SUNRISE   647 AM CST   SUNSET   559 PM CST


-  INDICATES NEGATIVE NUMBERS.
R  INDICATES RECORD WAS SET OR TIED.
MM INDICATES DATA IS MISSING.
T  INDICATES TRACE AMOUNT.




$$
