000
CDUS44 KLZK 110636
CLILIT


CLIMATE REPORT
NATIONAL WEATHER SERVICE LITTLE ROCK AR
1231 AM CST MON DEC 11 2017


...................................

...THE LITTLE ROCK ADAMS FIELD CLIMATE SUMMARY FOR DECEMBER 10 2017...

CLIMATE NORMAL PERIOD 1981 TO 2010
CLIMATE RECORD PERIOD 1874 TO 2017


WEATHER ITEM   OBSERVED TIME   RECORD YEAR NORMAL DEPARTURE LAST
                VALUE   (LST)  VALUE       VALUE  FROM      YEAR
                                                  NORMAL
..................................................................
TEMPERATURE (F)
 YESTERDAY
  MAXIMUM         62    338 PM  78    1889  53      9       44
  MINIMUM         26    626 AM   8    1917  35     -9       23
  AVERAGE         44                        44      0       34

PRECIPITATION (IN)
  YESTERDAY        0.00          2.00 1983   0.18  -0.18     0.00
  MONTH TO DATE    0.86                      1.75  -0.89     0.99
  SINCE DEC 1      0.86                      1.75  -0.89     0.99
  SINCE JAN 1     40.39                     46.53  -6.14    52.72

SNOWFALL (IN)
  YESTERDAY        0.0           0.4  1972   0.0    0.0      0.0
  MONTH TO DATE    0.0                       0.0    0.0      0.0
  SINCE DEC 1      0.0                       0.0    0.0      0.0
  SINCE JUL 1      T                         T      0.0      0.0
  SNOW DEPTH       0

DEGREE DAYS
 HEATING
  YESTERDAY       21                        21      0       31
  MONTH TO DATE  179                       198    -19      239
  SINCE DEC 1    179                       198    -19      239
  SINCE JUL 1    645                       712    -67      578

 COOLING
  YESTERDAY        0                         0      0        0
  MONTH TO DATE    0                         0      0        0
  SINCE DEC 1      0                         0      0        0
  SINCE JAN 1   2028                      2204   -176     2650
..................................................................


WIND (MPH)
  HIGHEST WIND SPEED    21   HIGHEST WIND DIRECTION    SW (230)
  HIGHEST GUST SPEED    25   HIGHEST GUST DIRECTION    SW (240)
  AVERAGE WIND SPEED     7.6


SKY COVER
  POSSIBLE SUNSHINE  MM
  AVERAGE SKY COVER 0.0


WEATHER CONDITIONS
 THE FOLLOWING WEATHER WAS RECORDED YESTERDAY.
  NO SIGNIFICANT WEATHER WAS OBSERVED.


RELATIVE HUMIDITY (PERCENT)
 HIGHEST    84           500 AM
 LOWEST     27           200 PM
 AVERAGE    56

..........................................................


THE LITTLE ROCK ADAMS FIELD CLIMATE NORMALS FOR TODAY
                         NORMAL    RECORD    YEAR
 MAXIMUM TEMPERATURE (F)   53        78      1996
 MINIMUM TEMPERATURE (F)   34        11      1917


SUNRISE AND SUNSET
DECEMBER 11 2017......SUNRISE   706 AM CST   SUNSET   458 PM CST
DECEMBER 12 2017......SUNRISE   707 AM CST   SUNSET   459 PM CST


-  INDICATES NEGATIVE NUMBERS.
R  INDICATES RECORD WAS SET OR TIED.
MM INDICATES DATA IS MISSING.
T  INDICATES TRACE AMOUNT.




$$
