000
CDUS45 KPIH 100732
CLILLJ


CLIMATE REPORT
NATIONAL WEATHER SERVICE POCATELLO ID
1231 AM MST WED FEB 10 2016


...................................

...THE CHALLIS ID CLIMATE SUMMARY FOR FEBRUARY 9 2016...

CLIMATE NORMAL PERIOD 1981 TO 2010
CLIMATE RECORD PERIOD 1898 TO 2016


WEATHER ITEM   OBSERVED TIME   RECORD YEAR NORMAL DEPARTURE LAST
                VALUE   (LST)  VALUE       VALUE  FROM      YEAR
                                                  NORMAL
..................................................................
TEMPERATURE (F)
 YESTERDAY
  MAXIMUM         29    334 PM  53    1996  33     -4       51
  MINIMUM          4    841 AM -31    1933  12     -8       36
  AVERAGE         17                        23     -6       44

PRECIPITATION (IN)
  YESTERDAY        0.00          0.28 1944   0.02  -0.02     0.08
  MONTH TO DATE    T                         0.21  -0.21     0.45
  SINCE OCT 1      2.90                      2.65   0.25     2.36
  SINCE JAN 1      0.56                      0.72  -0.16     0.57

SNOWFALL (IN)
  YESTERDAY       MM
  MONTH TO DATE   MM
  SINCE DEC 1     MM
  SINCE JUL 1     MM
  SNOW DEPTH      MM

DEGREE DAYS
 HEATING
  YESTERDAY       48                        42      6       21
  MONTH TO DATE  454                       389     65      246
  SINCE DEC 1   3426                      3268    158     2717
  SINCE JUL 1   5292                      5311    -19     4551

 COOLING
  YESTERDAY        0                         0      0        0
  MONTH TO DATE    0                         0      0        0
  SINCE DEC 1      0                         0      0        0
  SINCE JAN 1      0                         0      0        0
..................................................................


WIND (MPH)
  HIGHEST WIND SPEED     6   HIGHEST WIND DIRECTION     S (170)
  HIGHEST GUST SPEED     7   HIGHEST GUST DIRECTION     S (160)
  AVERAGE WIND SPEED     0.3


SKY COVER
  POSSIBLE SUNSHINE  MM
  AVERAGE SKY COVER 0.3


WEATHER CONDITIONS
 THE FOLLOWING WEATHER WAS RECORDED YESTERDAY.
  FOG
  FOG W/VISIBILITY <= 1/4 MILE


RELATIVE HUMIDITY (PERCENT)
 HIGHEST    92           200 AM
 LOWEST     68           500 PM
 AVERAGE    80

..........................................................


THE CHALLIS ID CLIMATE NORMALS FOR TODAY
                         NORMAL    RECORD    YEAR
 MAXIMUM TEMPERATURE (F)   34        57      1951
 MINIMUM TEMPERATURE (F)   12       -22      1933


SUNRISE AND SUNSET
FEBRUARY 10 2016......SUNRISE   745 AM MST   SUNSET   558 PM MST
FEBRUARY 11 2016......SUNRISE   743 AM MST   SUNSET   600 PM MST


-  INDICATES NEGATIVE NUMBERS.
R  INDICATES RECORD WAS SET OR TIED.
MM INDICATES DATA IS MISSING.
T  INDICATES TRACE AMOUNT.




$$
