000
CDUS45 KPIH 250733
CLILLJ


CLIMATE REPORT
NATIONAL WEATHER SERVICE POCATELLO ID
131 AM MDT SAT OCT 25 2014


...................................

...THE CHALLIS ID CLIMATE SUMMARY FOR OCTOBER 24 2014...

CLIMATE NORMAL PERIOD 1981 TO 2010
CLIMATE RECORD PERIOD 1898 TO 2014


WEATHER ITEM   OBSERVED TIME   RECORD YEAR NORMAL DEPARTURE LAST
                VALUE   (LST)  VALUE       VALUE  FROM      YEAR
                                                  NORMAL
..................................................................
TEMPERATURE (F)
 YESTERDAY
  MAXIMUM         59    421 PM  72    1978  55      4       64
  MINIMUM         37   1159 PM  13    2012  27     10       26
  AVERAGE         48                        41      7       45

PRECIPITATION (IN)
  YESTERDAY        T             0.27 2010   0.02  -0.02     0.00
  MONTH TO DATE    0.27                      0.49  -0.22     0.25
  SINCE OCT 1      0.27                      0.49  -0.22     0.25
  SINCE JAN 1      6.20                      8.62  -2.42     4.45

SNOWFALL (IN)
  YESTERDAY       MM
  MONTH TO DATE   MM
  SINCE SEP 1     MM
  SINCE JUL 1     MM
  SNOW DEPTH      MM

DEGREE DAYS
 HEATING
  YESTERDAY       17                        24     -7       20
  MONTH TO DATE  350                       466   -116      543
  SINCE SEP 1    502                       742   -240      761
  SINCE JUL 1    570                       815   -245      767

 COOLING
  YESTERDAY        0                         0      0        0
  MONTH TO DATE    0                         0      0        0
  SINCE SEP 1      5                         6     -1       30
  SINCE JAN 1    310                       248     62      420
..................................................................


WIND (MPH)
  HIGHEST WIND SPEED     7   HIGHEST WIND DIRECTION    NW (310)
  HIGHEST GUST SPEED     8   HIGHEST GUST DIRECTION    NW (310)
  AVERAGE WIND SPEED     1.3


SKY COVER
  POSSIBLE SUNSHINE  MM
  AVERAGE SKY COVER 0.6


WEATHER CONDITIONS
 THE FOLLOWING WEATHER WAS RECORDED YESTERDAY.
  LIGHT RAIN


RELATIVE HUMIDITY (PERCENT)
 HIGHEST    92           900 AM
 LOWEST     51           400 PM
 AVERAGE    72

..........................................................


THE CHALLIS ID CLIMATE NORMALS FOR TODAY
                         NORMAL    RECORD    YEAR
 MAXIMUM TEMPERATURE (F)   54        77      1937
 MINIMUM TEMPERATURE (F)   27        11      1919


SUNRISE AND SUNSET
OCTOBER 25 2014.......SUNRISE   805 AM MDT   SUNSET   636 PM MDT
OCTOBER 26 2014.......SUNRISE   806 AM MDT   SUNSET   635 PM MDT


-  INDICATES NEGATIVE NUMBERS.
R  INDICATES RECORD WAS SET OR TIED.
MM INDICATES DATA IS MISSING.
T  INDICATES TRACE AMOUNT.




$$
