788
CDUS45 KPIH 172327
CLILLJ


CLIMATE REPORT
NATIONAL WEATHER SERVICE POCATELLO ID
524 PM MDT THU AUG 17 2017


...................................

...THE CHALLIS ID CLIMATE SUMMARY FOR AUGUST 17 2017...
VALID TODAY AS OF 0500 PM LOCAL TIME.

CLIMATE NORMAL PERIOD 1981 TO 2010
CLIMATE RECORD PERIOD 1898 TO 2017


WEATHER ITEM   OBSERVED TIME   RECORD YEAR NORMAL DEPARTURE LAST
                VALUE   (LST)  VALUE       VALUE  FROM      YEAR
                                                  NORMAL
..................................................................
TEMPERATURE (F)
 TODAY
  MAXIMUM         85    321 PM  95    1967  85      0       91
  MINIMUM         46    619 AM  35    1978  47     -1       52
  AVERAGE         66                        66      0       72

PRECIPITATION (IN)
  TODAY            0.00          0.38 1968   0.03  -0.03     0.00
  MONTH TO DATE    0.16                      0.46  -0.30     0.18
  SINCE OCT 1      9.42                      8.99   0.43     5.82
  SINCE JAN 1      6.01                      7.06  -1.05     3.48

SNOWFALL (IN)
  TODAY           MM
  MONTH TO DATE   MM
  SINCE JUN 1     MM
  SINCE JUL 1     MM
  SNOW DEPTH      MM

DEGREE DAYS
 HEATING
  TODAY            0                         1     -1        0
  MONTH TO DATE    0                        12    -12       14
  SINCE JUN 1    127                       198    -71      115
  SINCE JUL 1      4                        33    -29       42

 COOLING
  TODAY            1                         2     -1        7
  MONTH TO DATE   48                        65    -17       50
  SINCE JUN 1    287                       219     68      242
  SINCE JAN 1    289                       221     68      242
..................................................................


WIND (MPH)
  HIGHEST WIND SPEED     8   HIGHEST WIND DIRECTION    SE (130)
  HIGHEST GUST SPEED    12   HIGHEST GUST DIRECTION     S (170)
  AVERAGE WIND SPEED     2.2


SKY COVER
  POSSIBLE SUNSHINE  MM
  AVERAGE SKY COVER 0.0


WEATHER CONDITIONS
 THE FOLLOWING WEATHER WAS RECORDED TODAY.
  NO SIGNIFICANT WEATHER WAS OBSERVED.


RELATIVE HUMIDITY (PERCENT)
 HIGHEST    63           700 AM
 LOWEST     15           300 PM
 AVERAGE    39

..........................................................


THE CHALLIS ID CLIMATE NORMALS FOR TOMORROW
                         NORMAL    RECORD    YEAR
 MAXIMUM TEMPERATURE (F)   85        97      1932
 MINIMUM TEMPERATURE (F)   47        34      1918


SUNRISE AND SUNSET
AUGUST 17 2017........SUNRISE   642 AM MDT   SUNSET   838 PM MDT
AUGUST 18 2017........SUNRISE   644 AM MDT   SUNSET   837 PM MDT


-  INDICATES NEGATIVE NUMBERS.
R  INDICATES RECORD WAS SET OR TIED.
MM INDICATES DATA IS MISSING.
T  INDICATES TRACE AMOUNT.




$$
