000
CDUS45 KPIH 220738
CLILLJ


CLIMATE REPORT
NATIONAL WEATHER SERVICE POCATELLO ID
132 AM MDT FRI AUG 22 2014


...................................

...THE CHALLIS ID CLIMATE SUMMARY FOR AUGUST 21 2014...

CLIMATE NORMAL PERIOD 1981 TO 2010
CLIMATE RECORD PERIOD 1898 TO 2014


WEATHER ITEM   OBSERVED TIME   RECORD YEAR NORMAL DEPARTURE LAST
                VALUE   (LST)  VALUE       VALUE  FROM      YEAR
                                                  NORMAL
..................................................................
TEMPERATURE (F)
 YESTERDAY
  MAXIMUM         73    444 PM  98    2009  84    -11       91
  MINIMUM         52    625 AM  33    1916  46      6       51
  AVERAGE         63                        65     -2       71

PRECIPITATION (IN)
  YESTERDAY        0.06          0.18 1958   0.01   0.05     0.00
  MONTH TO DATE    0.91                      0.53   0.38     0.06
  SINCE OCT 1      4.76                      9.06  -4.30     4.41
  SINCE JAN 1      4.03                      7.13  -3.10     2.34

SNOWFALL (IN)
  YESTERDAY       MM
  MONTH TO DATE   MM
  SINCE JUN 1     MM
  SINCE JUL 1     MM
  SNOW DEPTH      MM

DEGREE DAYS
 HEATING
  YESTERDAY        2                         2      0        0
  MONTH TO DATE    8                        20    -12        5
  SINCE JUN 1    175                       206    -31      126
  SINCE JUL 1      9                        41    -32        5

 COOLING
  YESTERDAY        0                         2     -2        6
  MONTH TO DATE   66                        73     -7       87
  SINCE JUN 1    301                       227     74      351
  SINCE JAN 1    301                       229     72      353
..................................................................


WIND (MPH)
  HIGHEST WIND SPEED    20   HIGHEST WIND DIRECTION     S (160)
  HIGHEST GUST SPEED    28   HIGHEST GUST DIRECTION     S (170)
  AVERAGE WIND SPEED     5.8


SKY COVER
  POSSIBLE SUNSHINE  MM
  AVERAGE SKY COVER 0.4


WEATHER CONDITIONS
 THE FOLLOWING WEATHER WAS RECORDED YESTERDAY.
  THUNDERSTORM
  LIGHT RAIN
  FOG


RELATIVE HUMIDITY (PERCENT)
 HIGHEST    93           700 AM
 LOWEST     40           600 PM
 AVERAGE    67

..........................................................


THE CHALLIS ID CLIMATE NORMALS FOR TODAY
                         NORMAL    RECORD    YEAR
 MAXIMUM TEMPERATURE (F)   83        96      2009
 MINIMUM TEMPERATURE (F)   46        36      2002
                                             1933


SUNRISE AND SUNSET
AUGUST 22 2014........SUNRISE   648 AM MDT   SUNSET   831 PM MDT
AUGUST 23 2014........SUNRISE   649 AM MDT   SUNSET   829 PM MDT


-  INDICATES NEGATIVE NUMBERS.
R  INDICATES RECORD WAS SET OR TIED.
MM INDICATES DATA IS MISSING.
T  INDICATES TRACE AMOUNT.




$$
