945
CDUS45 KPIH 222328
CLILLJ


CLIMATE REPORT
NATIONAL WEATHER SERVICE POCATELLO ID
426 PM MST WED FEB 22 2017


...................................

...THE CHALLIS ID CLIMATE SUMMARY FOR FEBRUARY 22 2017...
VALID TODAY AS OF 0400 PM LOCAL TIME.

CLIMATE NORMAL PERIOD 1981 TO 2010
CLIMATE RECORD PERIOD 1898 TO 2017


WEATHER ITEM   OBSERVED TIME   RECORD YEAR NORMAL DEPARTURE LAST
                VALUE   (LST)  VALUE       VALUE  FROM      YEAR
                                                  NORMAL
..................................................................
TEMPERATURE (F)
 TODAY
  MAXIMUM         36    354 PM  59    1988  38     -2       41
  MINIMUM         22    751 AM -10    1952  16      6       23
  AVERAGE         29                        27      2       32

PRECIPITATION (IN)
  TODAY            0.00          0.31 1992   0.02  -0.02     0.00
  MONTH TO DATE    0.97                      0.46   0.51     0.08
  SINCE OCT 1      5.88                      2.90   2.98     2.98
  SINCE JAN 1      2.47                      0.97   1.50     0.64

SNOWFALL (IN)
  TODAY           MM
  MONTH TO DATE   MM
  SINCE DEC 1     MM
  SINCE JUL 1     MM
  SNOW DEPTH      MM

DEGREE DAYS
 HEATING
  TODAY           36                        38     -2       33
  MONTH TO DATE  801                       909   -108      880
  SINCE DEC 1   4402                      3788    614     3852
  SINCE JUL 1   6189                      5831    358     5718

 COOLING
  TODAY            0                         0      0        0
  MONTH TO DATE    0                         0      0        0
  SINCE DEC 1      0                         0      0        0
  SINCE JAN 1      0                         0      0        0
..................................................................


WIND (MPH)
  HIGHEST WIND SPEED    12   HIGHEST WIND DIRECTION    SW (220)
  HIGHEST GUST SPEED    15   HIGHEST GUST DIRECTION     S (200)
  AVERAGE WIND SPEED     3.7


SKY COVER
  POSSIBLE SUNSHINE  MM
  AVERAGE SKY COVER 0.3


WEATHER CONDITIONS
 THE FOLLOWING WEATHER WAS RECORDED TODAY.
  NO SIGNIFICANT WEATHER WAS OBSERVED.


RELATIVE HUMIDITY (PERCENT)
 HIGHEST    75           500 AM
 LOWEST     47           300 PM
 AVERAGE    61

..........................................................


THE CHALLIS ID CLIMATE NORMALS FOR TOMORROW
                         NORMAL    RECORD    YEAR
 MAXIMUM TEMPERATURE (F)   39        61      1954
 MINIMUM TEMPERATURE (F)   16       -13      1922


SUNRISE AND SUNSET
FEBRUARY 22 2017......SUNRISE   725 AM MST   SUNSET   616 PM MST
FEBRUARY 23 2017......SUNRISE   724 AM MST   SUNSET   617 PM MST


-  INDICATES NEGATIVE NUMBERS.
R  INDICATES RECORD WAS SET OR TIED.
MM INDICATES DATA IS MISSING.
T  INDICATES TRACE AMOUNT.




$$
