000
CDUS45 KPIH 290749
CLILLJ


CLIMATE REPORT
NATIONAL WEATHER SERVICE POCATELLO ID
1246 AM MST MON DEC 29 2014


...................................

...THE CHALLIS ID CLIMATE SUMMARY FOR DECEMBER 28 2014...

CLIMATE NORMAL PERIOD 1981 TO 2010
CLIMATE RECORD PERIOD 1898 TO 2014


WEATHER ITEM   OBSERVED TIME   RECORD YEAR NORMAL DEPARTURE LAST
                VALUE   (LST)  VALUE       VALUE  FROM      YEAR
                                                  NORMAL
..................................................................
TEMPERATURE (F)
 YESTERDAY
  MAXIMUM         25    215 PM  53    2005  27     -2       39
  MINIMUM          6    743 AM -19    1971   7     -1        5
  AVERAGE         16                        17     -1       22

PRECIPITATION (IN)
  YESTERDAY        0.00          0.36 1928   0.03  -0.03     0.00
                                      1957
  MONTH TO DATE    0.69                      0.67   0.02     0.28
  SINCE OCT 1      1.78                      1.86  -0.08     0.73
  SINCE JAN 1      7.71                      9.99  -2.28     4.93

SNOWFALL (IN)
  YESTERDAY       MM
  MONTH TO DATE   MM
  SINCE DEC 1     MM
  SINCE JUL 1     MM
  SNOW DEPTH      MM

DEGREE DAYS
 HEATING
  YESTERDAY       49                        48      1       43
  MONTH TO DATE 1049                      1307   -258     1400
  SINCE DEC 1   1049                      1307   -258     1400
  SINCE JUL 1   2883                      3350   -467     3326

 COOLING
  YESTERDAY        0                         0      0        0
  MONTH TO DATE    0                         0      0        0
  SINCE DEC 1      0                         0      0        0
  SINCE JAN 1    310                       248     62      420
..................................................................


WIND (MPH)
  HIGHEST WIND SPEED     7   HIGHEST WIND DIRECTION     S (200)
  HIGHEST GUST SPEED     8   HIGHEST GUST DIRECTION     W (280)
  AVERAGE WIND SPEED     1.8


SKY COVER
  POSSIBLE SUNSHINE  MM
  AVERAGE SKY COVER 0.8


WEATHER CONDITIONS
 THE FOLLOWING WEATHER WAS RECORDED YESTERDAY.
  NO SIGNIFICANT WEATHER WAS OBSERVED.


RELATIVE HUMIDITY (PERCENT)
 HIGHEST    92           200 AM
 LOWEST     71           100 PM
 AVERAGE    82

..........................................................


THE CHALLIS ID CLIMATE NORMALS FOR TODAY
                         NORMAL    RECORD    YEAR
 MAXIMUM TEMPERATURE (F)   27        62      2005
 MINIMUM TEMPERATURE (F)    7       -15      1978


SUNRISE AND SUNSET
DECEMBER 29 2014......SUNRISE   813 AM MST   SUNSET   505 PM MST
DECEMBER 30 2014......SUNRISE   813 AM MST   SUNSET   506 PM MST


-  INDICATES NEGATIVE NUMBERS.
R  INDICATES RECORD WAS SET OR TIED.
MM INDICATES DATA IS MISSING.
T  INDICATES TRACE AMOUNT.




$$
