000
CDUS45 KPIH 270737
CLILLJ


CLIMATE REPORT
NATIONAL WEATHER SERVICE POCATELLO ID
1236 AM MST THU NOV 27 2014


...................................

...THE CHALLIS ID CLIMATE SUMMARY FOR NOVEMBER 26 2014...

CLIMATE NORMAL PERIOD 1981 TO 2010
CLIMATE RECORD PERIOD 1898 TO 2014


WEATHER ITEM   OBSERVED TIME   RECORD YEAR NORMAL DEPARTURE LAST
                VALUE   (LST)  VALUE       VALUE  FROM      YEAR
                                                  NORMAL
..................................................................
TEMPERATURE (F)
 YESTERDAY
  MAXIMUM         54    231 PM  60    1947  33     21       43
  MINIMUM         35   1043 PM  -6    1952  15     20       13
  AVERAGE         45                        24     21       28

PRECIPITATION (IN)
  YESTERDAY        0.00          0.28 1921   0.02  -0.02     0.00
  MONTH TO DATE    0.75                      0.46   0.29     0.18
  SINCE OCT 1      1.04                      1.13  -0.09     0.45
  SINCE JAN 1      6.97                      9.26  -2.29     4.65

SNOWFALL (IN)
  YESTERDAY       MM
  MONTH TO DATE   MM
  SINCE SEP 1     MM
  SINCE JUL 1     MM
  SNOW DEPTH      MM

DEGREE DAYS
 HEATING
  YESTERDAY       20                        41    -21       37
  MONTH TO DATE 1000                       880    120      847
  SINCE SEP 1   1650                      1801   -151     1777
  SINCE JUL 1   1718                      1874   -156     1783

 COOLING
  YESTERDAY        0                         0      0        0
  MONTH TO DATE    0                         0      0        0
  SINCE SEP 1      5                         6     -1       30
  SINCE JAN 1    310                       248     62      420
..................................................................


WIND (MPH)
  HIGHEST WIND SPEED    15   HIGHEST WIND DIRECTION     S (170)
  HIGHEST GUST SPEED    18   HIGHEST GUST DIRECTION     S (170)
  AVERAGE WIND SPEED     4.8


SKY COVER
  POSSIBLE SUNSHINE  MM
  AVERAGE SKY COVER 0.3


WEATHER CONDITIONS
 THE FOLLOWING WEATHER WAS RECORDED YESTERDAY.
  NO SIGNIFICANT WEATHER WAS OBSERVED.


RELATIVE HUMIDITY (PERCENT)
 HIGHEST    76           600 AM
 LOWEST     41           100 PM
 AVERAGE    59

..........................................................


THE CHALLIS ID CLIMATE NORMALS FOR TODAY
                         NORMAL    RECORD    YEAR
 MAXIMUM TEMPERATURE (F)   33        58      1933
 MINIMUM TEMPERATURE (F)   15       -10      1919


SUNRISE AND SUNSET
NOVEMBER 27 2014......SUNRISE   749 AM MST   SUNSET   500 PM MST
NOVEMBER 28 2014......SUNRISE   750 AM MST   SUNSET   500 PM MST


-  INDICATES NEGATIVE NUMBERS.
R  INDICATES RECORD WAS SET OR TIED.
MM INDICATES DATA IS MISSING.
T  INDICATES TRACE AMOUNT.




$$
