000
CDUS45 KPIH 080800
CLILLJ


CLIMATE REPORT
NATIONAL WEATHER SERVICE POCATELLO ID
1258 AM MST THU DEC 8 2016


...................................

...THE CHALLIS ID CLIMATE SUMMARY FOR DECEMBER 7 2016...

CLIMATE NORMAL PERIOD 1981 TO 2010
CLIMATE RECORD PERIOD 1898 TO 2016


WEATHER ITEM   OBSERVED TIME   RECORD YEAR NORMAL DEPARTURE LAST
                VALUE   (LST)  VALUE       VALUE  FROM      YEAR
                                                  NORMAL
..................................................................
TEMPERATURE (F)
 YESTERDAY
  MAXIMUM         21    401 PM  53    1987  28     -7       44
  MINIMUM          1   1159 PM -20    2005  11    -10       28
  AVERAGE         11                        20     -9       36

PRECIPITATION (IN)
  YESTERDAY        0.00          0.24 1987   0.03  -0.03     0.02
  MONTH TO DATE    0.03                      0.18  -0.15     0.02
  SINCE OCT 1      2.11                      1.37   0.74     1.53
  SINCE JAN 1      6.09                      9.50  -3.41     6.41

SNOWFALL (IN)
  YESTERDAY       MM
  MONTH TO DATE   MM
  SINCE DEC 1     MM
  SINCE JUL 1     MM
  SNOW DEPTH      MM

DEGREE DAYS
 HEATING
  YESTERDAY       54                        45      9       29
  MONTH TO DATE  310                       309      1      310
  SINCE DEC 1    310                       309      1      310
  SINCE JUL 1   2097                      2352   -255     2176

 COOLING
  YESTERDAY        0                         0      0        0
  MONTH TO DATE    0                         0      0        0
  SINCE DEC 1      0                         0      0        0
  SINCE JAN 1    277                       248     29      315
..................................................................


WIND (MPH)
  HIGHEST WIND SPEED     8   HIGHEST WIND DIRECTION     N (360)
  HIGHEST GUST SPEED    10   HIGHEST GUST DIRECTION     S (170)
  AVERAGE WIND SPEED     1.8


SKY COVER
  POSSIBLE SUNSHINE  MM
  AVERAGE SKY COVER 0.5


WEATHER CONDITIONS
 THE FOLLOWING WEATHER WAS RECORDED YESTERDAY.
  NO SIGNIFICANT WEATHER WAS OBSERVED.


RELATIVE HUMIDITY (PERCENT)
 HIGHEST   100           100 AM
 LOWEST     47           400 PM
 AVERAGE    74

..........................................................


THE CHALLIS ID CLIMATE NORMALS FOR TODAY
                         NORMAL    RECORD    YEAR
 MAXIMUM TEMPERATURE (F)   28        55      1939
 MINIMUM TEMPERATURE (F)   10       -22      2005


SUNRISE AND SUNSET
DECEMBER  8 2016......SUNRISE   801 AM MST   SUNSET   457 PM MST
DECEMBER  9 2016......SUNRISE   802 AM MST   SUNSET   457 PM MST


-  INDICATES NEGATIVE NUMBERS.
R  INDICATES RECORD WAS SET OR TIED.
MM INDICATES DATA IS MISSING.
T  INDICATES TRACE AMOUNT.




$$
