000
CDUS46 KMFR 290837
CLILMT


CLIMATE REPORT
NATIONAL WEATHER SERVICE MEDFORD, OR
137 AM PDT WED JUL 29 2015


...................................

...THE KLAMATH FALLS OR CLIMATE SUMMARY FOR JULY 28 2015...

CLIMATE NORMAL PERIOD 1981 TO 2010
CLIMATE RECORD PERIOD 1928 TO 2015


WEATHER ITEM   OBSERVED TIME   RECORD YEAR NORMAL DEPARTURE LAST
                VALUE   (LST)  VALUE       VALUE  FROM      YEAR
                                                  NORMAL
..................................................................
TEMPERATURE (F)
 YESTERDAY
  MAXIMUM         84    435 PM  97    1968  86     -2       94
  MINIMUM         45    459 AM  40    2001  49     -4       47
  AVERAGE         65                        67     -2       71

PRECIPITATION (IN)
  YESTERDAY        0.00          0.27 1947   0.01  -0.01     0.00
  MONTH TO DATE    0.52                      0.46   0.06     0.09
  SINCE OCT 1     12.40                     13.98  -1.58     7.22
  SINCE JAN 1      5.94                      9.29  -3.35     6.59

SNOWFALL (IN)
  YESTERDAY       MM                        MM     MM       MM
  MONTH TO DATE   MM                        MM     MM       MM
  SINCE JUL 1     MM                        MM     MM       MM
  SNOW DEPTH      MM

DEGREE DAYS
 HEATING
  YESTERDAY        0                         1     -1        0
  MONTH TO DATE   18                        44    -26       10
  SINCE JUN 1     70                       261   -191      185
  SINCE JUL 1     18                        44    -26       10

 COOLING
  YESTERDAY        0                         3     -3        6
  MONTH TO DATE  103                        69     34      198
  SINCE JUN 1    194                        80    114      205
  SINCE JAN 1    197                        81    116      205
..................................................................


WIND (MPH)
  HIGHEST WIND SPEED    17   HIGHEST WIND DIRECTION    NW (330)
  HIGHEST GUST SPEED    20   HIGHEST GUST DIRECTION     N (350)
  AVERAGE WIND SPEED     7.1


SKY COVER
  POSSIBLE SUNSHINE  MM
  AVERAGE SKY COVER 0.0


WEATHER CONDITIONS
 THE FOLLOWING WEATHER WAS RECORDED YESTERDAY.
  NO SIGNIFICANT WEATHER WAS OBSERVED.


RELATIVE HUMIDITY (PERCENT)
 HIGHEST    83           500 AM
 LOWEST     14           400 PM

..........................................................


THE KLAMATH FALLS OR CLIMATE NORMALS FOR TODAY
                         NORMAL    RECORD    YEAR
 MAXIMUM TEMPERATURE (F)   86        96      2009
                                             2003
 MINIMUM TEMPERATURE (F)   49        37      1950


SUNRISE AND SUNSET
JULY 29 2015..........SUNRISE   557 AM PDT   SUNSET   829 PM PDT
JULY 30 2015..........SUNRISE   558 AM PDT   SUNSET   828 PM PDT


-  INDICATES NEGATIVE NUMBERS.
R  INDICATES RECORD WAS SET OR TIED.
MM INDICATES DATA IS MISSING.
T  INDICATES TRACE AMOUNT.




$$
