000
CDUS46 KMFR 210035
CLILMT


CLIMATE REPORT
NATIONAL WEATHER SERVICE MEDFORD, OR
435 PM PST MON FEB 20 2017


...................................

...THE KLAMATH FALLS OR CLIMATE SUMMARY FOR FEBRUARY 20 2017...
VALID TODAY AS OF 0400 PM LOCAL TIME.

CLIMATE NORMAL PERIOD 1981 TO 2010
CLIMATE RECORD PERIOD 1928 TO 2017


WEATHER ITEM   OBSERVED TIME   RECORD YEAR NORMAL DEPARTURE LAST
                VALUE   (LST)  VALUE       VALUE  FROM      YEAR
                                                  NORMAL
..................................................................
TEMPERATURE (F)
 TODAY
  MAXIMUM         50    117 PM  66    1995  46      4       44
  MINIMUM         37    623 AM   5    1990  25     12       20
  AVERAGE         44                        35      9       32

PRECIPITATION (IN)
  TODAY            0.04          0.32 1956   0.07  -0.03     0.00
  MONTH TO DATE    1.58                      1.38   0.20     0.14
  SINCE OCT 1      7.68                      7.92  -0.24     6.93
  SINCE JAN 1      2.93                      3.23  -0.30     2.40

SNOWFALL (IN)
  TODAY           MM                        MM     MM       MM
  MONTH TO DATE   MM                        MM     MM       MM
  SINCE JUL 1     MM                        MM     MM       MM
  SNOW DEPTH      MM

DEGREE DAYS
 HEATING
  TODAY           21                        30     -9       33
  MONTH TO DATE  515                       630   -115      510
  SINCE DEC 1   2895                      2808     87     2673
  SINCE JUL 1   4555                      4610    -55     4261

 COOLING
  TODAY            0                         0      0        0
  MONTH TO DATE    0                         0      0        0
  SINCE DEC 1      0                         0      0        0
  SINCE JAN 1      0                         0      0        0
..................................................................


WIND (MPH)
  HIGHEST WIND SPEED    37   HIGHEST WIND DIRECTION     S (170)
  HIGHEST GUST SPEED    46   HIGHEST GUST DIRECTION     S (170)
  AVERAGE WIND SPEED    17.7


SKY COVER
  POSSIBLE SUNSHINE  MM
  AVERAGE SKY COVER 0.8


WEATHER CONDITIONS
 THE FOLLOWING WEATHER WAS RECORDED TODAY.
  RAIN
  LIGHT RAIN


RELATIVE HUMIDITY (PERCENT)
 HIGHEST    76          1200 AM
 LOWEST     46          1200 PM

..........................................................


THE KLAMATH FALLS OR CLIMATE NORMALS FOR TOMORROW
                         NORMAL    RECORD    YEAR
 MAXIMUM TEMPERATURE (F)   46        67      1995
 MINIMUM TEMPERATURE (F)   25         4      1952


SUNRISE AND SUNSET
FEBRUARY 20 2017......SUNRISE   655 AM PST   SUNSET   546 PM PST
FEBRUARY 21 2017......SUNRISE   654 AM PST   SUNSET   548 PM PST


-  INDICATES NEGATIVE NUMBERS.
R  INDICATES RECORD WAS SET OR TIED.
MM INDICATES DATA IS MISSING.
T  INDICATES TRACE AMOUNT.




$$
