000
CDUS46 KMFR 070841
CLILMT


CLIMATE REPORT
NATIONAL WEATHER SERVICE MEDFORD, OR
1241 AM PST WED DEC 7 2016


...................................

...THE KLAMATH FALLS OR CLIMATE SUMMARY FOR DECEMBER 6 2016...

CLIMATE NORMAL PERIOD 1981 TO 2010
CLIMATE RECORD PERIOD 1928 TO 2016


WEATHER ITEM   OBSERVED TIME   RECORD YEAR NORMAL DEPARTURE LAST
                VALUE   (LST)  VALUE       VALUE  FROM      YEAR
                                                  NORMAL
..................................................................
TEMPERATURE (F)
 YESTERDAY
  MAXIMUM         34    235 PM  54    1965  39     -5       46
  MINIMUM         19   1115 PM  -7    1956  21     -2       34
  AVERAGE         27                        30     -3       40

PRECIPITATION (IN)
  YESTERDAY        0.01          0.53 1955   0.05  -0.04     0.04
                                      1955
                                      2007
  MONTH TO DATE    0.07                      0.28  -0.21     0.30
  SINCE OCT 1      3.31                      3.52  -0.21     1.99
  SINCE JAN 1     10.54                     13.79  -3.25     8.43

SNOWFALL (IN)
  YESTERDAY       MM                        MM     MM       MM
  MONTH TO DATE   MM                        MM     MM       MM
  SINCE JUL 1     MM                        MM     MM       MM
  SNOW DEPTH      MM

DEGREE DAYS
 HEATING
  YESTERDAY       38                        35      3       25
  MONTH TO DATE  209                       207      2      168
  SINCE DEC 1    209                       207      2      168
  SINCE JUL 1   1869                      2009   -140     1756

 COOLING
  YESTERDAY        0                         0      0        0
  MONTH TO DATE    0                         0      0        0
  SINCE DEC 1      0                         0      0        0
  SINCE JAN 1    215                       169     46      306
..................................................................


WIND (MPH)
  HIGHEST WIND SPEED    20   HIGHEST WIND DIRECTION     W (250)
  HIGHEST GUST SPEED    23   HIGHEST GUST DIRECTION     W (250)
  AVERAGE WIND SPEED     7.3


SKY COVER
  POSSIBLE SUNSHINE  MM
  AVERAGE SKY COVER 0.7


WEATHER CONDITIONS
 THE FOLLOWING WEATHER WAS RECORDED YESTERDAY.
  LIGHT SNOW
  FOG


RELATIVE HUMIDITY (PERCENT)
 HIGHEST   100           700 AM
 LOWEST     74           900 PM

..........................................................


THE KLAMATH FALLS OR CLIMATE NORMALS FOR TODAY
                         NORMAL    RECORD    YEAR
 MAXIMUM TEMPERATURE (F)   39        56      1975
 MINIMUM TEMPERATURE (F)   21       -16      2013


SUNRISE AND SUNSET
DECEMBER  7 2016......SUNRISE   722 AM PST   SUNSET   435 PM PST
DECEMBER  8 2016......SUNRISE   723 AM PST   SUNSET   435 PM PST


-  INDICATES NEGATIVE NUMBERS.
R  INDICATES RECORD WAS SET OR TIED.
MM INDICATES DATA IS MISSING.
T  INDICATES TRACE AMOUNT.




$$
