000
CDUS46 KMFR 260838
CLILMT


CLIMATE REPORT
NATIONAL WEATHER SERVICE MEDFORD, OR
138 AM PDT WED JUL 26 2017


...................................

...THE KLAMATH FALLS OR CLIMATE SUMMARY FOR JULY 25 2017...

CLIMATE NORMAL PERIOD 1981 TO 2010
CLIMATE RECORD PERIOD 1928 TO 2017


WEATHER ITEM   OBSERVED TIME   RECORD YEAR NORMAL DEPARTURE LAST
                VALUE   (LST)  VALUE       VALUE  FROM      YEAR
                                                  NORMAL
..................................................................
TEMPERATURE (F)
 YESTERDAY
  MAXIMUM         86    120 PM  97    1978  86      0       92
  MINIMUM         55    453 AM  40    1993  49      6       49
  AVERAGE         71                        67      4       71

PRECIPITATION (IN)
  YESTERDAY        0.00          0.71 1935   0.01  -0.01     0.00
  MONTH TO DATE    0.98                      0.43   0.55     0.42
  SINCE OCT 1     12.24                     13.95  -1.71    11.64
  SINCE JAN 1      7.49                      9.26  -1.77     7.11

SNOWFALL (IN)
  YESTERDAY       MM                        MM     MM       MM
  MONTH TO DATE   MM                        MM     MM       MM
  SINCE JUL 1     MM                        MM     MM       MM
  SNOW DEPTH      MM

DEGREE DAYS
 HEATING
  YESTERDAY        0                         1     -1        0
  MONTH TO DATE    1                        41    -40       72
  SINCE JUN 1    168                       258    -90      240
  SINCE JUL 1      1                        41    -40       72

 COOLING
  YESTERDAY        6                         3      3        6
  MONTH TO DATE  101                        60     41       26
  SINCE JUN 1    164                        71     93       75
  SINCE JAN 1    167                        72     95       75
..................................................................


WIND (MPH)
  HIGHEST WIND SPEED    18   HIGHEST WIND DIRECTION     S (160)
  HIGHEST GUST SPEED    22   HIGHEST GUST DIRECTION    SE (150)
  AVERAGE WIND SPEED     5.0


SKY COVER
  POSSIBLE SUNSHINE  MM
  AVERAGE SKY COVER 0.1


WEATHER CONDITIONS
 THE FOLLOWING WEATHER WAS RECORDED YESTERDAY.
  THUNDERSTORM


RELATIVE HUMIDITY (PERCENT)
 HIGHEST    93           500 AM
 LOWEST     31          1200 PM

..........................................................


THE KLAMATH FALLS OR CLIMATE NORMALS FOR TODAY
                         NORMAL    RECORD    YEAR
 MAXIMUM TEMPERATURE (F)   86        97      1996
 MINIMUM TEMPERATURE (F)   49        39      1967


SUNRISE AND SUNSET
JULY 26 2017..........SUNRISE   554 AM PDT   SUNSET   832 PM PDT
JULY 27 2017..........SUNRISE   555 AM PDT   SUNSET   831 PM PDT


-  INDICATES NEGATIVE NUMBERS.
R  INDICATES RECORD WAS SET OR TIED.
MM INDICATES DATA IS MISSING.
T  INDICATES TRACE AMOUNT.




$$
