000
CDUS46 KMFR 010836
CLILMT


CLIMATE REPORT
NATIONAL WEATHER SERVICE MEDFORD, OR
136 AM PDT SUN MAY 1 2016


...................................

...THE KLAMATH FALLS OR CLIMATE SUMMARY FOR APRIL 30 2016...

CLIMATE NORMAL PERIOD 1981 TO 2010
CLIMATE RECORD PERIOD 1928 TO 2016


WEATHER ITEM   OBSERVED TIME   RECORD YEAR NORMAL DEPARTURE LAST
                VALUE   (LST)  VALUE       VALUE  FROM      YEAR
                                                  NORMAL
..................................................................
TEMPERATURE (F)
 YESTERDAY
  MAXIMUM         63    452 PM  82    1981  61      2       72
  MINIMUM         30    436 AM  19    2011  33     -3       30
  AVERAGE         47                        47      0       51

PRECIPITATION (IN)
  YESTERDAY        0.00          0.92 2002   0.06  -0.06     0.00
  MONTH TO DATE    0.69                      1.37  -0.68     0.08
  SINCE OCT 1      9.59                     11.10  -1.51    10.06
  SINCE JAN 1      5.06                      6.41  -1.35     3.60

SNOWFALL (IN)
  YESTERDAY       MM                        MM     MM       MM
  MONTH TO DATE   MM                        MM     MM       MM
  SINCE JUL 1     MM                        MM     MM       MM
  SNOW DEPTH      MM

DEGREE DAYS
 HEATING
  YESTERDAY       18                        18      0       14
  MONTH TO DATE  498                       657   -159      644
  SINCE MAR 1   1225                      1478   -253     1290
  SINCE JUL 1   5715                      6319   -604     4864

 COOLING
  YESTERDAY        0                         0      0        0
  MONTH TO DATE    0                         0      0        0
  SINCE MAR 1      0                         0      0        0
  SINCE JAN 1      0                         0      0        0
..................................................................


WIND (MPH)
  HIGHEST WIND SPEED    22   HIGHEST WIND DIRECTION    NE (60)
  HIGHEST GUST SPEED    25   HIGHEST GUST DIRECTION    NE (50)
  AVERAGE WIND SPEED     9.2


SKY COVER
  POSSIBLE SUNSHINE  MM
  AVERAGE SKY COVER 0.2


WEATHER CONDITIONS
 THE FOLLOWING WEATHER WAS RECORDED YESTERDAY.
  NO SIGNIFICANT WEATHER WAS OBSERVED.


RELATIVE HUMIDITY (PERCENT)
 HIGHEST    82           300 AM
 LOWEST     30           400 PM

..........................................................


THE KLAMATH FALLS OR CLIMATE NORMALS FOR TODAY
                         NORMAL    RECORD    YEAR
 MAXIMUM TEMPERATURE (F)   61        83      2014
 MINIMUM TEMPERATURE (F)   34        17      2008


SUNRISE AND SUNSET
MAY  1 2016...........SUNRISE   602 AM PDT   SUNSET   807 PM PDT
MAY  2 2016...........SUNRISE   600 AM PDT   SUNSET   808 PM PDT


-  INDICATES NEGATIVE NUMBERS.
R  INDICATES RECORD WAS SET OR TIED.
MM INDICATES DATA IS MISSING.
T  INDICATES TRACE AMOUNT.




$$
