000
CDUS46 KMFR 250853
CLILMT


CLIMATE REPORT
NATIONAL WEATHER SERVICE MEDFORD, OR
1253 AM PST THU DEC 25 2014


...................................

...THE KLAMATH FALLS OR CLIMATE SUMMARY FOR DECEMBER 24 2014...

CLIMATE NORMAL PERIOD 1981 TO 2010
CLIMATE RECORD PERIOD 1928 TO 2014


WEATHER ITEM   OBSERVED TIME   RECORD YEAR NORMAL DEPARTURE LAST
                VALUE   (LST)  VALUE       VALUE  FROM      YEAR
                                                  NORMAL
..................................................................
TEMPERATURE (F)
 YESTERDAY
  MAXIMUM         MM        MM  53    2005  38     MM       40
  MINIMUM         MM        MM  -7    1990  20     MM       20
  AVERAGE         MM                        29     MM       30

PRECIPITATION (IN)
  YESTERDAY        0.21          0.56 1964   0.05   0.16     0.00
  MONTH TO DATE    3.21                      1.15   2.06     0.28
  SINCE SEP 1      7.38                      4.92   2.46     0.74
  SINCE JAN 1     14.89                     14.66   0.23     5.53

SNOWFALL (IN)
  YESTERDAY       MM                        MM     MM       MM
  MONTH TO DATE   MM                        MM     MM       MM
  SINCE JUL 1     MM                        MM     MM        0.0
  SNOW DEPTH      MM

DEGREE DAYS
 HEATING
  YESTERDAY       MM                        36     MM       35
  MONTH TO DATE  561                       850   -289     1056
  SINCE DEC 1    561                       850   -289     1056
  SINCE JUL 1   1951                      2652   -701     2792

 COOLING
  YESTERDAY       MM                         0     MM        0
  MONTH TO DATE    0                         0      0        0
  SINCE DEC 1      0                         0      0        0
  SINCE JAN 1    327                       169    158      285
..................................................................


WIND (MPH)
  HIGHEST WIND SPEED    27   HIGHEST WIND DIRECTION    NW (320)
  HIGHEST GUST SPEED    38   HIGHEST GUST DIRECTION    NW (300)
  AVERAGE WIND SPEED    10.5


SKY COVER
  POSSIBLE SUNSHINE  MM
  AVERAGE SKY COVER  MM


WEATHER CONDITIONS
 THE FOLLOWING WEATHER WAS RECORDED YESTERDAY.
  NO SIGNIFICANT WEATHER WAS OBSERVED.


RELATIVE HUMIDITY (PERCENT)
 HIGHEST    MM
 LOWEST     MM

..........................................................


THE KLAMATH FALLS OR CLIMATE NORMALS FOR TODAY
                         NORMAL    RECORD    YEAR
 MAXIMUM TEMPERATURE (F)   38        57      1980
 MINIMUM TEMPERATURE (F)   20        -1      1982


SUNRISE AND SUNSET
DECEMBER 25 2014......SUNRISE   734 AM PST   SUNSET   440 PM PST
DECEMBER 26 2014......SUNRISE   734 AM PST   SUNSET   441 PM PST


-  INDICATES NEGATIVE NUMBERS.
R  INDICATES RECORD WAS SET OR TIED.
MM INDICATES DATA IS MISSING.
T  INDICATES TRACE AMOUNT.




$$
