000
CDUS46 KMFR 240843
CLILMT


CLIMATE REPORT
NATIONAL WEATHER SERVICE MEDFORD, OR
142 AM PDT SUN JUL 24 2016


...................................

...THE KLAMATH FALLS OR CLIMATE SUMMARY FOR JULY 23 2016...

CLIMATE NORMAL PERIOD 1981 TO 2010
CLIMATE RECORD PERIOD 1928 TO 2016


WEATHER ITEM   OBSERVED TIME   RECORD YEAR NORMAL DEPARTURE LAST
                VALUE   (LST)  VALUE       VALUE  FROM      YEAR
                                                  NORMAL
..................................................................
TEMPERATURE (F)
 YESTERDAY
  MAXIMUM         85    454 PM  97    2003  86     -1       81
  MINIMUM         42    500 AM  40    1973  49     -7       45
  AVERAGE         64                        67     -3       63

PRECIPITATION (IN)
  YESTERDAY        0.00          0.24 1935   0.01  -0.01     0.00
  MONTH TO DATE    0.42                      0.41   0.01     0.52
  SINCE OCT 1     11.64                     13.93  -2.29    12.40
  SINCE JAN 1      7.11                      9.24  -2.13     5.94

SNOWFALL (IN)
  YESTERDAY       MM                        MM     MM       MM
  MONTH TO DATE   MM                        MM     MM       MM
  SINCE JUL 1     MM                        MM     MM       MM
  SNOW DEPTH      MM

DEGREE DAYS
 HEATING
  YESTERDAY        1                         1      0        2
  MONTH TO DATE   72                        39     33        6
  SINCE JUN 1    240                       256    -16       58
  SINCE JUL 1     72                        39     33        6

 COOLING
  YESTERDAY        0                         3     -3        0
  MONTH TO DATE   15                        54    -39      103
  SINCE JUN 1     64                        65     -1      194
  SINCE JAN 1     64                        66     -2      197
..................................................................


WIND (MPH)
  HIGHEST WIND SPEED    15   HIGHEST WIND DIRECTION    NW (330)
  HIGHEST GUST SPEED    18   HIGHEST GUST DIRECTION    NW (330)
  AVERAGE WIND SPEED     5.1


SKY COVER
  POSSIBLE SUNSHINE  MM
  AVERAGE SKY COVER 0.0


WEATHER CONDITIONS
 THE FOLLOWING WEATHER WAS RECORDED YESTERDAY.
  NO SIGNIFICANT WEATHER WAS OBSERVED.


RELATIVE HUMIDITY (PERCENT)
 HIGHEST    93           200 AM
 LOWEST     13           400 PM

..........................................................


THE KLAMATH FALLS OR CLIMATE NORMALS FOR TODAY
                         NORMAL    RECORD    YEAR
 MAXIMUM TEMPERATURE (F)   86        97      1996
 MINIMUM TEMPERATURE (F)   49        35      2014


SUNRISE AND SUNSET
JULY 24 2016..........SUNRISE   553 AM PDT   SUNSET   834 PM PDT
JULY 25 2016..........SUNRISE   554 AM PDT   SUNSET   833 PM PDT


-  INDICATES NEGATIVE NUMBERS.
R  INDICATES RECORD WAS SET OR TIED.
MM INDICATES DATA IS MISSING.
T  INDICATES TRACE AMOUNT.




$$
