000
CDUS46 KMFR 300835
CLILMT


CLIMATE REPORT
NATIONAL WEATHER SERVICE MEDFORD, OR
135 AM PDT SAT MAY 30 2015


...................................

...THE KLAMATH FALLS OR CLIMATE SUMMARY FOR MAY 29 2015...

CLIMATE NORMAL PERIOD 1981 TO 2010
CLIMATE RECORD PERIOD 1928 TO 2015


WEATHER ITEM   OBSERVED TIME   RECORD YEAR NORMAL DEPARTURE LAST
                VALUE   (LST)  VALUE       VALUE  FROM      YEAR
                                                  NORMAL
..................................................................
TEMPERATURE (F)
 YESTERDAY
  MAXIMUM         83    202 PM  93    1986  69     14       71
  MINIMUM         44    449 AM  27    2014  39      5       27
  AVERAGE         64                        54     10       49

PRECIPITATION (IN)
  YESTERDAY        0.01          0.52 2008   0.02  -0.01     0.00
  MONTH TO DATE    1.46                      1.36   0.10     1.25
  SINCE OCT 1     11.52                     12.46  -0.94     6.67
  SINCE JAN 1      5.06                      7.77  -2.71     6.04

SNOWFALL (IN)
  YESTERDAY       MM                        MM     MM       MM
  MONTH TO DATE   MM                        MM     MM       MM
  SINCE JUL 1     MM                        MM     MM        0.0
  SNOW DEPTH      MM

DEGREE DAYS
 HEATING
  YESTERDAY        1                        11    -10       16
  MONTH TO DATE  383                       416    -33      345
  SINCE MAR 1   1673                      1894   -221     1649
  SINCE JUL 1   5247                      6735  -1488     6432

 COOLING
  YESTERDAY        0                         0      0        0
  MONTH TO DATE    0                         0      0        0
  SINCE MAR 1      0                         0      0        0
  SINCE JAN 1      0                         0      0        0
..................................................................


WIND (MPH)
  HIGHEST WIND SPEED    16   HIGHEST WIND DIRECTION    NW (330)
  HIGHEST GUST SPEED    20   HIGHEST GUST DIRECTION    NW (330)
  AVERAGE WIND SPEED     3.1


SKY COVER
  POSSIBLE SUNSHINE  MM
  AVERAGE SKY COVER 0.1


WEATHER CONDITIONS
 THE FOLLOWING WEATHER WAS RECORDED YESTERDAY.
  THUNDERSTORM
  LIGHT RAIN
  HAZE


RELATIVE HUMIDITY (PERCENT)
 HIGHEST    89           500 AM
 LOWEST     26           200 PM

..........................................................


THE KLAMATH FALLS OR CLIMATE NORMALS FOR TODAY
                         NORMAL    RECORD    YEAR
 MAXIMUM TEMPERATURE (F)   69        94      1986
 MINIMUM TEMPERATURE (F)   39        28      1974


SUNRISE AND SUNSET
MAY 30 2015...........SUNRISE   534 AM PDT   SUNSET   835 PM PDT
MAY 31 2015...........SUNRISE   534 AM PDT   SUNSET   836 PM PDT


-  INDICATES NEGATIVE NUMBERS.
R  INDICATES RECORD WAS SET OR TIED.
MM INDICATES DATA IS MISSING.
T  INDICATES TRACE AMOUNT.




$$
