000
CDUS46 KMFR 280838
CLILMT


CLIMATE REPORT
NATIONAL WEATHER SERVICE MEDFORD, OR
1238 AM PST SAT FEB 28 2015


...................................

...THE KLAMATH FALLS OR CLIMATE SUMMARY FOR FEBRUARY 27 2015...

CLIMATE NORMAL PERIOD 1981 TO 2010
CLIMATE RECORD PERIOD 1928 TO 2015


WEATHER ITEM   OBSERVED TIME   RECORD YEAR NORMAL DEPARTURE LAST
                VALUE   (LST)  VALUE       VALUE  FROM      YEAR
                                                  NORMAL
..................................................................
TEMPERATURE (F)
 YESTERDAY
  MAXIMUM         46    100 PM  68    1992  48     -2       49
  MINIMUM         27   1030 PM   5    2011  25      2       34
                                      1962
  AVERAGE         37                        37      0       42

PRECIPITATION (IN)
  YESTERDAY        0.04          0.98 1940   0.07  -0.03     0.12
  MONTH TO DATE    1.77                      1.86  -0.09     2.34
  SINCE OCT 1      8.63                      8.40   0.23     3.28
  SINCE JAN 1      2.17                      3.71  -1.54     2.65

SNOWFALL (IN)
  YESTERDAY       MM                        MM     MM       MM
  MONTH TO DATE   MM                        MM     MM       MM
  SINCE JUL 1     MM                        MM     MM        0.0
  SNOW DEPTH      MM

DEGREE DAYS
 HEATING
  YESTERDAY       28                        28      0       23
  MONTH TO DATE  641                       832   -191      741
  SINCE DEC 1   2153                      3010   -857     3023
  SINCE JUL 1   3543                      4812  -1269     4759

 COOLING
  YESTERDAY        0                         0      0        0
  MONTH TO DATE    0                         0      0        0
  SINCE DEC 1      0                         0      0        0
  SINCE JAN 1      0                         0      0        0
..................................................................


WIND (MPH)
  HIGHEST WIND SPEED    25   HIGHEST WIND DIRECTION    NW (310)
  HIGHEST GUST SPEED    30   HIGHEST GUST DIRECTION    NW (310)
  AVERAGE WIND SPEED     8.4


SKY COVER
  POSSIBLE SUNSHINE  MM
  AVERAGE SKY COVER 0.6


WEATHER CONDITIONS
 THE FOLLOWING WEATHER WAS RECORDED YESTERDAY.
  LIGHT RAIN
  FOG


RELATIVE HUMIDITY (PERCENT)
 HIGHEST    92           300 AM
 LOWEST     60           400 PM

..........................................................


THE KLAMATH FALLS OR CLIMATE NORMALS FOR TODAY
                         NORMAL    RECORD    YEAR
 MAXIMUM TEMPERATURE (F)   48        64      1986
 MINIMUM TEMPERATURE (F)   26         0      1993


SUNRISE AND SUNSET
FEBRUARY 28 2015......SUNRISE   644 AM PST   SUNSET   556 PM PST
MARCH  1 2015.........SUNRISE   642 AM PST   SUNSET   557 PM PST


-  INDICATES NEGATIVE NUMBERS.
R  INDICATES RECORD WAS SET OR TIED.
MM INDICATES DATA IS MISSING.
T  INDICATES TRACE AMOUNT.




$$
