136
CDUS45 KRIW 260739
CLILND


CLIMATE REPORT
NATIONAL WEATHER SERVICE RIVERTON WY
135 AM MDT FRI MAY 26 2017


...................................

...THE LANDER WY CLIMATE SUMMARY FOR MAY 25 2017...

CLIMATE NORMAL PERIOD 1981 TO 2010
CLIMATE RECORD PERIOD 1891 TO 2017


WEATHER ITEM   OBSERVED TIME   RECORD YEAR NORMAL DEPARTURE LAST
                VALUE   (LST)  VALUE       VALUE  FROM      YEAR
                                                  NORMAL
..................................................................
TEMPERATURE (F)
 YESTERDAY
  MAXIMUM         65    131 PM  86    2006  69     -4       65
                                      1969
  MINIMUM         46    950 PM  27    1893  43      3       39
  AVERAGE         56                        56      0       52

PRECIPITATION (IN)
  YESTERDAY        T             0.75 1996   0.07  -0.07     0.00
  MONTH TO DATE    1.84                      1.82   0.02     5.02
  SINCE MAR 1      9.75                      4.85   4.90    14.22
  SINCE JAN 1     12.13                      5.84   6.29    15.14

SNOWFALL (IN)
  YESTERDAY        0.0                       0.1   -0.1      0.0
  MONTH TO DATE    6.8                       4.7    2.1       T
  SINCE MAR 1     29.9                      37.6   -7.7     38.2
  SINCE JUL 1     90.9                      91.2   -0.3     75.2
  SNOW DEPTH       0

DEGREE DAYS
 HEATING
  YESTERDAY        9                         9      0       13
  MONTH TO DATE  320                       318      2      363
  SINCE MAR 1   1702                      1868   -166     1789
  SINCE JUL 1   7405                      7572   -167     6940

 COOLING
  YESTERDAY        0                         0      0        0
  MONTH TO DATE    0                         0      0        0
  SINCE MAR 1      0                         0      0        0
  SINCE JAN 1      0                         0      0        0
..................................................................


WIND (MPH)
  HIGHEST WIND SPEED    29   HIGHEST WIND DIRECTION     W (250)
  HIGHEST GUST SPEED    38   HIGHEST GUST DIRECTION     W (260)
  AVERAGE WIND SPEED     8.9


SKY COVER
  POSSIBLE SUNSHINE  MM
  AVERAGE SKY COVER 0.4


WEATHER CONDITIONS
 THE FOLLOWING WEATHER WAS RECORDED YESTERDAY.
  LIGHT RAIN


RELATIVE HUMIDITY (PERCENT)
 HIGHEST    65          1100 PM
 LOWEST     19           100 PM
 AVERAGE    42

..........................................................


THE LANDER WY CLIMATE NORMALS FOR TODAY
                         NORMAL    RECORD    YEAR
 MAXIMUM TEMPERATURE (F)   70        86      2006
                                             2003
 MINIMUM TEMPERATURE (F)   43        26      1975
                                             1893


SUNRISE AND SUNSET
MAY 26 2017...........SUNRISE   543 AM MDT   SUNSET   842 PM MDT
MAY 27 2017...........SUNRISE   542 AM MDT   SUNSET   843 PM MDT


-  INDICATES NEGATIVE NUMBERS.
R  INDICATES RECORD WAS SET OR TIED.
MM INDICATES DATA IS MISSING.
T  INDICATES TRACE AMOUNT.




$$
