000
CDUS45 KRIW 210031
CLILND


CLIMATE REPORT
NATIONAL WEATHER SERVICE RIVERTON WY
528 PM MST MON NOV 20 2017


...................................

...THE LANDER WY CLIMATE SUMMARY FOR NOVEMBER 20 2017...
VALID TODAY AS OF 0500 PM LOCAL TIME.

CLIMATE NORMAL PERIOD 1981 TO 2010
CLIMATE RECORD PERIOD 1891 TO 2017


WEATHER ITEM   OBSERVED TIME   RECORD YEAR NORMAL DEPARTURE LAST
                VALUE   (LST)  VALUE       VALUE  FROM      YEAR
                                                  NORMAL
..................................................................
TEMPERATURE (F)
 TODAY
  MAXIMUM         49        MM  62    1962  40      9       36
  MINIMUM         24    300 AM -15    1929  17      7       12
  AVERAGE         37                        29      8       24

PRECIPITATION (IN)
  TODAY            0.00          0.70 1945   0.03  -0.03     0.00
  MONTH TO DATE    0.40                      0.61  -0.21     1.11
  SINCE SEP 1      1.73                      2.95  -1.22     3.77
  SINCE JAN 1     14.91                     11.83   3.08    20.01

SNOWFALL (IN)
  TODAY            0.0                       0.5   -0.5      0.0
  MONTH TO DATE    3.5                       8.7   -5.2     13.5
  SINCE SEP 1      8.0                      21.2  -13.2     13.5
  SINCE JUL 1      8.0                      21.2  -13.2     13.5
  SNOW DEPTH       0

DEGREE DAYS
 HEATING
  TODAY           28                        36     -8       41
  MONTH TO DATE  592                       620    -28      470
  SINCE SEP 1   1366                      1441    -75     1133
  SINCE JUL 1   1366                      1481   -115     1185

 COOLING
  TODAY            0                         0      0        0
  MONTH TO DATE    0                         0      0        0
  SINCE SEP 1      0                        27    -27       34
  SINCE JAN 1    292                       472   -180      562
..................................................................


WIND (MPH)
  HIGHEST WIND SPEED    15   HIGHEST WIND DIRECTION    SE (150)
  HIGHEST GUST SPEED    29   HIGHEST GUST DIRECTION     E (99)
  AVERAGE WIND SPEED     8.3


SKY COVER
  POSSIBLE SUNSHINE  MM
  AVERAGE SKY COVER 0.0


WEATHER CONDITIONS
 THE FOLLOWING WEATHER WAS RECORDED TODAY.
  NO SIGNIFICANT WEATHER WAS OBSERVED.


RELATIVE HUMIDITY (PERCENT)
 HIGHEST    50          1200 AM
 LOWEST     27          1000 AM
 AVERAGE    39

..........................................................


THE LANDER WY CLIMATE NORMALS FOR TOMORROW
                         NORMAL    RECORD    YEAR
 MAXIMUM TEMPERATURE (F)   39        63      2012
 MINIMUM TEMPERATURE (F)   17       -14      1977
                                             1929


SUNRISE AND SUNSET
NOVEMBER 20 2017......SUNRISE   713 AM MST   SUNSET   447 PM MST
NOVEMBER 21 2017......SUNRISE   715 AM MST   SUNSET   447 PM MST


-  INDICATES NEGATIVE NUMBERS.
R  INDICATES RECORD WAS SET OR TIED.
MM INDICATES DATA IS MISSING.
T  INDICATES TRACE AMOUNT.




$$
