000
CDUS45 KRIW 240740
CLILND


CLIMATE REPORT
NATIONAL WEATHER SERVICE RIVERTON WY
130 AM MDT SUN JUL 24 2016


...................................

...THE LANDER WY CLIMATE SUMMARY FOR JULY 23 2016...

CLIMATE NORMAL PERIOD 1981 TO 2010
CLIMATE RECORD PERIOD 1891 TO 2016


WEATHER ITEM   OBSERVED TIME   RECORD YEAR NORMAL DEPARTURE LAST
                VALUE   (LST)  VALUE       VALUE  FROM      YEAR
                                                  NORMAL
..................................................................
TEMPERATURE (F)
 YESTERDAY
  MAXIMUM         92    410 PM 100    2003  88      4       88
  MINIMUM         56    512 AM  40    1899  57     -1       57
  AVERAGE         74                        72      2       73

PRECIPITATION (IN)
  YESTERDAY        0.00          0.95 1984   0.03  -0.03     0.00
  MONTH TO DATE    T                         0.53  -0.53     0.50
  SINCE JUN 1      0.57                      1.80  -1.23     1.30
  SINCE JAN 1     15.72                      8.02   7.70    11.82

SNOWFALL (IN)
  YESTERDAY        0.0                       0.0    0.0      0.0
  MONTH TO DATE    0.0                       0.0    0.0      0.0
  SINCE JUN 1      0.0                       0.1   -0.1      0.0
  SINCE JUL 1      0.0                       0.0    0.0      0.0
  SNOW DEPTH       0

DEGREE DAYS
 HEATING
  YESTERDAY        0                         0      0        0
  MONTH TO DATE    4                        11     -7       10
  SINCE JUN 1     26                       137   -111       41
  SINCE JUL 1      4                        11     -7       10

 COOLING
  YESTERDAY        9                         8      1        8
  MONTH TO DATE  162                       148     14       93
  SINCE JUN 1    290                       212     78      203
  SINCE JAN 1    290                       217     73      203
..................................................................


WIND (MPH)
  HIGHEST WIND SPEED    21   HIGHEST WIND DIRECTION     W (250)
  HIGHEST GUST SPEED    25   HIGHEST GUST DIRECTION     W (260)
  AVERAGE WIND SPEED     8.8


SKY COVER
  POSSIBLE SUNSHINE  MM
  AVERAGE SKY COVER 0.0


WEATHER CONDITIONS
 THE FOLLOWING WEATHER WAS RECORDED YESTERDAY.
  NO SIGNIFICANT WEATHER WAS OBSERVED.


RELATIVE HUMIDITY (PERCENT)
 HIGHEST    48           700 AM
 LOWEST      8           300 PM
 AVERAGE    28

..........................................................


THE LANDER WY CLIMATE NORMALS FOR TODAY
                         NORMAL    RECORD    YEAR
 MAXIMUM TEMPERATURE (F)   88       100      2003
 MINIMUM TEMPERATURE (F)   57        43      1924


SUNRISE AND SUNSET
JULY 24 2016..........SUNRISE   559 AM MDT   SUNSET   844 PM MDT
JULY 25 2016..........SUNRISE   600 AM MDT   SUNSET   843 PM MDT


-  INDICATES NEGATIVE NUMBERS.
R  INDICATES RECORD WAS SET OR TIED.
MM INDICATES DATA IS MISSING.
T  INDICATES TRACE AMOUNT.




$$
