000
CDUS45 KRIW 170733
CLILND


CLIMATE REPORT
NATIONAL WEATHER SERVICE RIVERTON WY
133 AM MDT WED SEP 17 2014


...................................

...THE LANDER WY CLIMATE SUMMARY FOR SEPTEMBER 16 2014...

CLIMATE NORMAL PERIOD 1981 TO 2010
CLIMATE RECORD PERIOD 1891 TO 2014


WEATHER ITEM   OBSERVED TIME   RECORD YEAR NORMAL DEPARTURE LAST
                VALUE   (LST)  VALUE       VALUE  FROM      YEAR
                                                  NORMAL
..................................................................
TEMPERATURE (F)
 YESTERDAY
  MAXIMUM         87    414 PM  91    2000  73     14       77
  MINIMUM         49    508 AM  23    1965  44      5       52
  AVERAGE         68                        58     10       65

PRECIPITATION (IN)
  YESTERDAY        T             0.99 1923   0.04  -0.04     0.00
  MONTH TO DATE    0.17                      0.45  -0.28     2.06
  SINCE SEP 1      0.17                      0.45  -0.28     2.06
  SINCE JAN 1      7.19                      9.33  -2.14     9.92

SNOWFALL (IN)
  YESTERDAY        0.0                       0.1   -0.1      0.0
  MONTH TO DATE    T                         0.7   -0.7      0.0
  SINCE SEP 1      T                         0.7   -0.7      0.0
  SINCE JUL 1      T                         0.7   -0.7      0.0
  SNOW DEPTH       0

DEGREE DAYS
 HEATING
  YESTERDAY        0                         7     -7        0
  MONTH TO DATE  105                        73     32       32
  SINCE SEP 1    105                        73     32       32
  SINCE JUL 1    149                       113     36       32

 COOLING
  YESTERDAY        3                         1      2        0
  MONTH TO DATE   11                        25    -14       64
  SINCE SEP 1     11                        25    -14       64
  SINCE JAN 1    417                       470    -53      742
..................................................................


WIND (MPH)
  HIGHEST WIND SPEED    18   HIGHEST WIND DIRECTION     N (20)
  HIGHEST GUST SPEED    24   HIGHEST GUST DIRECTION    NE (30)
  AVERAGE WIND SPEED     5.0


SKY COVER
  POSSIBLE SUNSHINE  MM
  AVERAGE SKY COVER 0.1


WEATHER CONDITIONS
 THE FOLLOWING WEATHER WAS RECORDED YESTERDAY.
  NO SIGNIFICANT WEATHER WAS OBSERVED.


RELATIVE HUMIDITY (PERCENT)
 HIGHEST    59          1200 AM
 LOWEST     14           400 PM
 AVERAGE    37

..........................................................


THE LANDER WY CLIMATE NORMALS FOR TODAY
                         NORMAL    RECORD    YEAR
 MAXIMUM TEMPERATURE (F)   72        87      1937
 MINIMUM TEMPERATURE (F)   44        15      1965


SUNRISE AND SUNSET
SEPTEMBER 17 2014.....SUNRISE   657 AM MDT   SUNSET   721 PM MDT
SEPTEMBER 18 2014.....SUNRISE   658 AM MDT   SUNSET   719 PM MDT


-  INDICATES NEGATIVE NUMBERS.
R  INDICATES RECORD WAS SET OR TIED.
MM INDICATES DATA IS MISSING.
T  INDICATES TRACE AMOUNT.




$$
