000
CDUS45 KRIW 030738
CLILND


CLIMATE REPORT
NATIONAL WEATHER SERVICE RIVERTON WY
1238 AM MST TUE MAR 3 2015


...................................

...THE LANDER WY CLIMATE SUMMARY FOR MARCH 2 2015...

CLIMATE NORMAL PERIOD 1981 TO 2010
CLIMATE RECORD PERIOD 1891 TO 2015


WEATHER ITEM   OBSERVED TIME   RECORD YEAR NORMAL DEPARTURE LAST
                VALUE   (LST)  VALUE       VALUE  FROM      YEAR
                                                  NORMAL
..................................................................
TEMPERATURE (F)
 YESTERDAY
  MAXIMUM         28    304 PM  64    2009  42    -14       19
                                      1925
  MINIMUM          8    613 AM -17    1943  19    -11       -6
  AVERAGE         18                        30    -12        7

PRECIPITATION (IN)
  YESTERDAY        0.19          0.62 1966   0.03   0.16     0.00
  MONTH TO DATE    0.19                      0.05   0.14     0.23
  SINCE MAR 1      0.19                      0.05   0.14     0.23
  SINCE JAN 1      1.75                      1.04   0.71     1.03

SNOWFALL (IN)
  YESTERDAY        3.8                       0.4    3.4      0.0
  MONTH TO DATE    3.8                       0.8    3.0      3.4
  SINCE MAR 1      3.8                       0.8    3.0      3.4
  SINCE JUL 1     57.7                      54.4    3.3     58.7
  SNOW DEPTH       4

DEGREE DAYS
 HEATING
  YESTERDAY       47                        34     13       58
  MONTH TO DATE   93                        69     24      117
  SINCE MAR 1     93                        69     24      117
  SINCE JUL 1   5217                      5773   -556     5853

 COOLING
  YESTERDAY        0                         0      0        0
  MONTH TO DATE    0                         0      0        0
  SINCE MAR 1      0                         0      0        0
  SINCE JAN 1      0                         0      0        0
..................................................................


WIND (MPH)
  HIGHEST WIND SPEED    15   HIGHEST WIND DIRECTION     W (250)
  HIGHEST GUST SPEED    17   HIGHEST GUST DIRECTION     W (250)
  AVERAGE WIND SPEED     4.0


SKY COVER
  POSSIBLE SUNSHINE  MM
  AVERAGE SKY COVER 0.4


WEATHER CONDITIONS
 THE FOLLOWING WEATHER WAS RECORDED YESTERDAY.
  HEAVY SNOW
  SNOW
  LIGHT SNOW
  FOG
  FOG W/VISIBILITY <= 1/4 MILE
  HAZE


RELATIVE HUMIDITY (PERCENT)
 HIGHEST    92          1100 PM
 LOWEST     57           200 PM
 AVERAGE    75

..........................................................


THE LANDER WY CLIMATE NORMALS FOR TODAY
                         NORMAL    RECORD    YEAR
 MAXIMUM TEMPERATURE (F)   43        70      1921
 MINIMUM TEMPERATURE (F)   19       -22      1896


SUNRISE AND SUNSET
MARCH  3 2015.........SUNRISE   648 AM MST   SUNSET   607 PM MST
MARCH  4 2015.........SUNRISE   646 AM MST   SUNSET   608 PM MST


-  INDICATES NEGATIVE NUMBERS.
R  INDICATES RECORD WAS SET OR TIED.
MM INDICATES DATA IS MISSING.
T  INDICATES TRACE AMOUNT.




$$
