000
CDUS45 KRIW 070738
CLILND


CLIMATE REPORT
NATIONAL WEATHER SERVICE RIVERTON WY
1236 AM MST SUN FEB 7 2016


...................................

...THE LANDER WY CLIMATE SUMMARY FOR FEBRUARY 6 2016...

CLIMATE NORMAL PERIOD 1981 TO 2010
CLIMATE RECORD PERIOD 1891 TO 2016


WEATHER ITEM   OBSERVED TIME   RECORD YEAR NORMAL DEPARTURE LAST
                VALUE   (LST)  VALUE       VALUE  FROM      YEAR
                                                  NORMAL
..................................................................
TEMPERATURE (F)
 YESTERDAY
  MAXIMUM         43    144 PM  56    1963  34      9       52
  MINIMUM         12    721 AM -33    1899  12      0       29
  AVERAGE         28                        23      5       41

PRECIPITATION (IN)
  YESTERDAY        0.00          0.40 1892   0.02  -0.02     0.00
  MONTH TO DATE    0.43                      0.10   0.33     0.31
  SINCE DEC 1      1.33                      1.09   0.24     2.13
  SINCE JAN 1      0.85                      0.51   0.34     0.31

SNOWFALL (IN)
  YESTERDAY        0.0                       0.3   -0.3      0.0
  MONTH TO DATE    3.9                       1.9    2.0      3.4
  SINCE DEC 1     18.0                      19.6   -1.6     24.8
  SINCE JUL 1     37.0                      45.2   -8.2     33.7
  SNOW DEPTH       8

DEGREE DAYS
 HEATING
  YESTERDAY       37                        42     -5       24
  MONTH TO DATE  274                       255     19      198
  SINCE DEC 1   2993                      2972     21     2796
  SINCE JUL 1   4505                      4845   -340     4337

 COOLING
  YESTERDAY        0                         0      0        0
  MONTH TO DATE    0                         0      0        0
  SINCE DEC 1      0                         0      0        0
  SINCE JAN 1      0                         0      0        0
..................................................................


WIND (MPH)
  HIGHEST WIND SPEED    18   HIGHEST WIND DIRECTION    SE (140)
  HIGHEST GUST SPEED    22   HIGHEST GUST DIRECTION    SE (130)
  AVERAGE WIND SPEED     4.7


SKY COVER
  POSSIBLE SUNSHINE  MM
  AVERAGE SKY COVER 0.0


WEATHER CONDITIONS
 THE FOLLOWING WEATHER WAS RECORDED YESTERDAY.
  NO SIGNIFICANT WEATHER WAS OBSERVED.


RELATIVE HUMIDITY (PERCENT)
 HIGHEST    73           300 AM
 LOWEST     40           100 PM
 AVERAGE    57

..........................................................


THE LANDER WY CLIMATE NORMALS FOR TODAY
                         NORMAL    RECORD    YEAR
 MAXIMUM TEMPERATURE (F)   34        58      2015
                                             1996
                                             1963
 MINIMUM TEMPERATURE (F)   12       -29      1933


SUNRISE AND SUNSET
FEBRUARY  7 2016......SUNRISE   723 AM MST   SUNSET   535 PM MST
FEBRUARY  8 2016......SUNRISE   722 AM MST   SUNSET   537 PM MST


-  INDICATES NEGATIVE NUMBERS.
R  INDICATES RECORD WAS SET OR TIED.
MM INDICATES DATA IS MISSING.
T  INDICATES TRACE AMOUNT.




$$
