000
CDUS45 KRIW 050738
CLILND


CLIMATE REPORT
NATIONAL WEATHER SERVICE RIVERTON WY
129 AM MDT THU MAY 5 2016


...................................

...THE LANDER WY CLIMATE SUMMARY FOR MAY 4 2016...

CLIMATE NORMAL PERIOD 1981 TO 2010
CLIMATE RECORD PERIOD 1891 TO 2016


WEATHER ITEM   OBSERVED TIME   RECORD YEAR NORMAL DEPARTURE LAST
                VALUE   (LST)  VALUE       VALUE  FROM      YEAR
                                                  NORMAL
..................................................................
TEMPERATURE (F)
 YESTERDAY
  MAXIMUM         77    322 PM  85    2000  63     14       69
                                      1947
  MINIMUM         43    605 AM  24    1950  37      6       40
                                      1899
  AVERAGE         60                        50     10       55

PRECIPITATION (IN)
  YESTERDAY        0.00          1.31 1892   0.07  -0.07     0.00
  MONTH TO DATE    T                         0.30  -0.30      T
  SINCE MAR 1      9.20                      3.33   5.87     2.86
  SINCE JAN 1     10.12                      4.32   5.80     4.42

SNOWFALL (IN)
  YESTERDAY        0.0                       0.3   -0.3      0.0
  MONTH TO DATE    0.0                       1.4   -1.4      0.0
  SINCE MAR 1     37.6                      34.3    3.3     19.2
  SINCE JUL 1     74.6                      87.9  -13.3     73.1
  SNOW DEPTH       0

DEGREE DAYS
 HEATING
  YESTERDAY        5                        16    -11       10
  MONTH TO DATE   58                        64     -6       32
  SINCE MAR 1   1484                      1614   -130     1390
  SINCE JUL 1   6635                      7318   -683     6514

 COOLING
  YESTERDAY        0                         0      0        0
  MONTH TO DATE    0                         0      0        0
  SINCE MAR 1      0                         0      0        0
  SINCE JAN 1      0                         0      0        0
..................................................................


WIND (MPH)
  HIGHEST WIND SPEED    21   HIGHEST WIND DIRECTION    SW (220)
  HIGHEST GUST SPEED    28   HIGHEST GUST DIRECTION    SW (220)
  AVERAGE WIND SPEED     6.7


SKY COVER
  POSSIBLE SUNSHINE  MM
  AVERAGE SKY COVER 0.0


WEATHER CONDITIONS
 THE FOLLOWING WEATHER WAS RECORDED YESTERDAY.
  NO SIGNIFICANT WEATHER WAS OBSERVED.


RELATIVE HUMIDITY (PERCENT)
 HIGHEST    60          1200 AM
 LOWEST     15           500 PM
 AVERAGE    38

..........................................................


THE LANDER WY CLIMATE NORMALS FOR TODAY
                         NORMAL    RECORD    YEAR
 MAXIMUM TEMPERATURE (F)   63        82      1966
                                             1934
                                             1911
 MINIMUM TEMPERATURE (F)   37        18      1912


SUNRISE AND SUNSET
MAY  5 2016...........SUNRISE   603 AM MDT   SUNSET   821 PM MDT
MAY  6 2016...........SUNRISE   602 AM MDT   SUNSET   822 PM MDT


-  INDICATES NEGATIVE NUMBERS.
R  INDICATES RECORD WAS SET OR TIED.
MM INDICATES DATA IS MISSING.
T  INDICATES TRACE AMOUNT.




$$
