003
CDUS43 KOAX 270632
CLILNK


CLIMATE REPORT
NATIONAL WEATHER SERVICE OMAHA NEBRASKA
131 AM CDT WED JUL 27 2016


...................................

...THE LINCOLN, NEBRASKA CLIMATE SUMMARY FOR JULY 26 2016...

CLIMATE NORMAL PERIOD 1981 TO 2010
CLIMATE RECORD PERIOD 1887 TO 2016


WEATHER ITEM   OBSERVED TIME   RECORD YEAR NORMAL DEPARTURE LAST
                VALUE   (LST)  VALUE       VALUE  FROM      YEAR
                                                  NORMAL
..................................................................
TEMPERATURE (F)
 YESTERDAY
  MAXIMUM         89    428 PM 109    1936  89      0       93
  MINIMUM         62    524 AM  49    2004  66     -4       72
  AVERAGE         76                        78     -2       83

PRECIPITATION (IN)
  YESTERDAY        0.00          2.91 1967   0.10  -0.10     0.02
  MONTH TO DATE    4.21                      2.88   1.33     2.37
  SINCE JUN 1      4.79                      7.23  -2.44    10.03
  SINCE JAN 1     17.10                     17.57  -0.47    25.53

SNOWFALL (IN)
  YESTERDAY        0.0                       0.0    0.0      0.0
  MONTH TO DATE    0.0                       0.0    0.0      0.0
  SINCE JUL 1      0.0                       0.0    0.0      0.0
  SNOW DEPTH       0

DEGREE DAYS
 HEATING
  YESTERDAY        0                         0      0        0
  MONTH TO DATE    0                         0      0        1
  SINCE JUN 1      0                        16    -16        1
  SINCE JUL 1      0                         0      0        1

 COOLING
  YESTERDAY       11                        13     -2       18
  MONTH TO DATE  347                       331     16      314
  SINCE JUN 1    767                       573    194      577
  SINCE JAN 1    838                       652    186      629
..................................................................


WIND (MPH)
  HIGHEST WIND SPEED    13   HIGHEST WIND DIRECTION     E (110)
  HIGHEST GUST SPEED    18   HIGHEST GUST DIRECTION    SE (150)
  AVERAGE WIND SPEED     6.0


SKY COVER
  POSSIBLE SUNSHINE  MM
  AVERAGE SKY COVER 0.0


WEATHER CONDITIONS
 THE FOLLOWING WEATHER WAS RECORDED YESTERDAY.
  NO SIGNIFICANT WEATHER WAS OBSERVED.


RELATIVE HUMIDITY (PERCENT)
 HIGHEST   100           400 AM
 LOWEST     43           500 PM
 AVERAGE    72

..........................................................


THE LINCOLN, NEBRASKA CLIMATE NORMALS FOR TODAY
                         NORMAL    RECORD    YEAR
 MAXIMUM TEMPERATURE (F)   89       108      1930
 MINIMUM TEMPERATURE (F)   66        50      2005


SUNRISE AND SUNSET
JULY 27 2016..........SUNRISE   619 AM CDT   SUNSET   847 PM CDT
JULY 28 2016..........SUNRISE   620 AM CDT   SUNSET   846 PM CDT


-  INDICATES NEGATIVE NUMBERS.
R  INDICATES RECORD WAS SET OR TIED.
MM INDICATES DATA IS MISSING.
T  INDICATES TRACE AMOUNT.




$$
