000
CDUS43 KOAX 010635
CLILNK


CLIMATE REPORT
NATIONAL WEATHER SERVICE OMAHA NEBRASKA
134 AM CDT WED OCT 1 2014


...................................

...THE LINCOLN, NEBRASKA CLIMATE SUMMARY FOR SEPTEMBER 30 2014...

CLIMATE NORMAL PERIOD 1981 TO 2010
CLIMATE RECORD PERIOD 1887 TO 2014


WEATHER ITEM   OBSERVED TIME   RECORD YEAR NORMAL DEPARTURE LAST
                VALUE   (LST)  VALUE       VALUE  FROM      YEAR
                                                  NORMAL
..................................................................
TEMPERATURE (F)
 YESTERDAY
  MAXIMUM         69    852 AM  94    1952  73     -4       82
  MINIMUM         61   1159 PM  28    1984  47     14       49
                                      1895
  AVERAGE         65                        60      5       66

PRECIPITATION (IN)
  YESTERDAY        3.30R         1.64 1907   0.08   3.22     0.00
  MONTH TO DATE    6.89                      3.02   3.87     1.99
  SINCE SEP 1      6.89                      3.02   3.87     1.99
  SINCE JAN 1     30.59                     24.60   5.99    22.44

SNOWFALL (IN)
  YESTERDAY        0.0                       0.0    0.0      0.0
  MONTH TO DATE    0.0                       T      0.0      0.0
  SINCE JUL 1      0.0                       T      0.0      0.0
  SNOW DEPTH       0

DEGREE DAYS
 HEATING
  YESTERDAY        0                         7     -7        0
  MONTH TO DATE   93                        94     -1       28
  SINCE SEP 1     93                        92      1       28
  SINCE JUL 1     95                        98     -3       31

 COOLING
  YESTERDAY        0                         2     -2        1
  MONTH TO DATE  116                       123     -7      203
  SINCE SEP 1    116                       123     -7      203
  SINCE JAN 1   1227                      1158     69     1218
..................................................................


WIND (MPH)
  HIGHEST WIND SPEED    24   HIGHEST WIND DIRECTION     W (280)
  HIGHEST GUST SPEED    30   HIGHEST GUST DIRECTION     W (290)
  AVERAGE WIND SPEED     9.2


SKY COVER
  POSSIBLE SUNSHINE  MM
  AVERAGE SKY COVER 0.8


WEATHER CONDITIONS
 THE FOLLOWING WEATHER WAS RECORDED YESTERDAY.
  THUNDERSTORM
  HEAVY RAIN
  RAIN
  LIGHT RAIN
  FOG


RELATIVE HUMIDITY (PERCENT)
 HIGHEST    93          1000 AM
 LOWEST     73          1200 AM
 AVERAGE    83

..........................................................


THE LINCOLN, NEBRASKA CLIMATE NORMALS FOR TODAY
                         NORMAL    RECORD    YEAR
 MAXIMUM TEMPERATURE (F)   72        94      2006
 MINIMUM TEMPERATURE (F)   46        27      1985


SUNRISE AND SUNSET
OCTOBER  1 2014.......SUNRISE   724 AM CDT   SUNSET   709 PM CDT
OCTOBER  2 2014.......SUNRISE   725 AM CDT   SUNSET   707 PM CDT


-  INDICATES NEGATIVE NUMBERS.
R  INDICATES RECORD WAS SET OR TIED.
MM INDICATES DATA IS MISSING.
T  INDICATES TRACE AMOUNT.




$$
