000
CDUS43 KOAX 280655
CLILNK


CLIMATE REPORT
NATIONAL WEATHER SERVICE OMAHA NEBRASKA
154 AM CDT SUN AUG 28 2016


...................................

...THE LINCOLN, NEBRASKA CLIMATE SUMMARY FOR AUGUST 27 2016...

CLIMATE NORMAL PERIOD 1981 TO 2010
CLIMATE RECORD PERIOD 1887 TO 2016


WEATHER ITEM   OBSERVED TIME   RECORD YEAR NORMAL DEPARTURE LAST
                VALUE   (LST)  VALUE       VALUE  FROM      YEAR
                                                  NORMAL
..................................................................
TEMPERATURE (F)
 YESTERDAY
  MAXIMUM         86    401 PM 104    1913  85      1       87
  MINIMUM         66   1128 PM  47    1906  62      4       66
  AVERAGE         76                        73      3       77

PRECIPITATION (IN)
  YESTERDAY        0.00          1.34 1998   0.11  -0.11     0.31
  MONTH TO DATE    3.30                      3.02   0.28     3.04
  SINCE JUN 1      8.55                     10.77  -2.22    13.09
  SINCE JAN 1     20.86                     21.11  -0.25    28.59

SNOWFALL (IN)
  YESTERDAY        0.0                       0.0    0.0      0.0
  MONTH TO DATE    0.0                       0.0    0.0      0.0
  SINCE JUL 1      0.0                       0.0    0.0      0.0
  SNOW DEPTH       0

DEGREE DAYS
 HEATING
  YESTERDAY        0                         0      0        0
  MONTH TO DATE    1                         0      1        3
  SINCE JUN 1      1                        17    -16        4
  SINCE JUL 1      1                         1      0        4

 COOLING
  YESTERDAY       11                         9      2       12
  MONTH TO DATE  292                       292      0      258
  SINCE JUN 1   1114                       924    190      904
  SINCE JAN 1   1185                      1003    182      956
..................................................................


WIND (MPH)
  HIGHEST WIND SPEED    10   HIGHEST WIND DIRECTION     S (180)
  HIGHEST GUST SPEED    14   HIGHEST GUST DIRECTION    SW (210)
  AVERAGE WIND SPEED     4.2


SKY COVER
  POSSIBLE SUNSHINE  MM
  AVERAGE SKY COVER 0.5


WEATHER CONDITIONS
 THE FOLLOWING WEATHER WAS RECORDED YESTERDAY.
  FOG
  HAZE


RELATIVE HUMIDITY (PERCENT)
 HIGHEST   100           200 AM
 LOWEST     48           300 PM
 AVERAGE    74

..........................................................


THE LINCOLN, NEBRASKA CLIMATE NORMALS FOR TODAY
                         NORMAL    RECORD    YEAR
 MAXIMUM TEMPERATURE (F)   85       103      1984
 MINIMUM TEMPERATURE (F)   61        41      1988


SUNRISE AND SUNSET
AUGUST 28 2016........SUNRISE   650 AM CDT   SUNSET   805 PM CDT
AUGUST 29 2016........SUNRISE   651 AM CDT   SUNSET   803 PM CDT


-  INDICATES NEGATIVE NUMBERS.
R  INDICATES RECORD WAS SET OR TIED.
MM INDICATES DATA IS MISSING.
T  INDICATES TRACE AMOUNT.




$$
