231
CDUS43 KOAX 272129
CLILNK


CLIMATE REPORT
NATIONAL WEATHER SERVICE OMAHA NEBRASKA
429 PM CDT THU JUL 27 2017


...................................

...THE LINCOLN, NEBRASKA CLIMATE SUMMARY FOR JULY 27 2017...
VALID TODAY AS OF 0400 PM LOCAL TIME.

CLIMATE NORMAL PERIOD 1981 TO 2010
CLIMATE RECORD PERIOD 1887 TO 2017


WEATHER ITEM   OBSERVED TIME   RECORD YEAR NORMAL DEPARTURE LAST
                VALUE   (LST)  VALUE       VALUE  FROM      YEAR
                                                  NORMAL
..................................................................
TEMPERATURE (F)
 TODAY
  MAXIMUM         84    259 PM 108    1930  89     -5       89
  MINIMUM         68    617 AM  50    2005  66      2       69
  AVERAGE         76                        78     -2       79

PRECIPITATION (IN)
  TODAY            0.00          1.32 1896   0.10  -0.10      T
  MONTH TO DATE    5.99                      2.98   3.01     4.21
  SINCE JUN 1     13.34                      7.33   6.01     4.79
  SINCE JAN 1     26.45                     17.67   8.78    17.10

SNOWFALL (IN)
  TODAY            0.0                       0.0    0.0      0.0
  MONTH TO DATE    0.0                       0.0    0.0      0.0
  SINCE JUL 1      0.0                       0.0    0.0      0.0
  SNOW DEPTH       0

DEGREE DAYS
 HEATING
  TODAY            0                         0      0        0
  MONTH TO DATE    0                         0      0        0
  SINCE JUN 1      2                        16    -14        0
  SINCE JUL 1      0                         0      0        0

 COOLING
  TODAY           11                        13     -2       14
  MONTH TO DATE  401                       344     57      361
  SINCE JUN 1    707                       586    121      781
  SINCE JAN 1    790                       665    125      852
..................................................................


WIND (MPH)
  HIGHEST WIND SPEED    17   HIGHEST WIND DIRECTION    NE (30)
  HIGHEST GUST SPEED    23   HIGHEST GUST DIRECTION    NE (30)
  AVERAGE WIND SPEED     8.8


SKY COVER
  POSSIBLE SUNSHINE  MM
  AVERAGE SKY COVER 0.2


WEATHER CONDITIONS
 THE FOLLOWING WEATHER WAS RECORDED TODAY.
  FOG
  FOG W/VISIBILITY <= 1/4 MILE


RELATIVE HUMIDITY (PERCENT)
 HIGHEST   100          1200 AM
 LOWEST     51           300 PM
 AVERAGE    76

..........................................................


THE LINCOLN, NEBRASKA CLIMATE NORMALS FOR TOMORROW
                         NORMAL    RECORD    YEAR
 MAXIMUM TEMPERATURE (F)   89       106      1940
 MINIMUM TEMPERATURE (F)   66        47      2013
                                             1994


SUNRISE AND SUNSET
JULY 27 2017..........SUNRISE   619 AM CDT   SUNSET   848 PM CDT
JULY 28 2017..........SUNRISE   620 AM CDT   SUNSET   847 PM CDT


-  INDICATES NEGATIVE NUMBERS.
R  INDICATES RECORD WAS SET OR TIED.
MM INDICATES DATA IS MISSING.
T  INDICATES TRACE AMOUNT.




$$
