000
CDUS43 KOAX 302155
CLILNK


CLIMATE REPORT
NATIONAL WEATHER SERVICE OMAHA NEBRASKA
452 PM CDT SUN AUG 30 2015


...................................

...THE LINCOLN, NEBRASKA CLIMATE SUMMARY FOR AUGUST 30 2015...
VALID TODAY AS OF 400 PM LOCAL TIME.

CLIMATE NORMAL PERIOD 1981 TO 2010
CLIMATE RECORD PERIOD 1887 TO 2015


WEATHER ITEM   OBSERVED TIME   RECORD YEAR NORMAL DEPARTURE LAST
                VALUE   (LST)  VALUE       VALUE  FROM      YEAR
                                                  NORMAL
..................................................................
TEMPERATURE (F)
 TODAY
  MAXIMUM         78    259 PM 103    1913  85     -7       87
  MINIMUM         62    749 AM  42    1915  61      1       64
  AVERAGE         70                        73     -3       76

PRECIPITATION (IN)
  TODAY            0.00          2.62 2011   0.11  -0.11     0.00
  MONTH TO DATE    3.78                      3.37   0.41     6.83
  SINCE JUN 1     13.83                     11.12   2.71    13.24
  SINCE JAN 1     29.33                     21.46   7.87    22.99

SNOWFALL (IN)
  TODAY            0.0                       0.0    0.0      0.0
  MONTH TO DATE    0.0                       0.0    0.0      0.0
  SINCE JUL 1      0.0                       0.0    0.0      0.0
  SNOW DEPTH       0

DEGREE DAYS
 HEATING
  TODAY            0                         1     -1        0
  MONTH TO DATE    3                         1      2        0
  SINCE JUN 1      4                        18    -14        4
  SINCE JUL 1      4                         2      2        2

 COOLING
  TODAY            5                         8     -3       11
  MONTH TO DATE  273                       317    -44      338
  SINCE JUN 1    919                       949    -30      937
  SINCE JAN 1    971                      1028    -57     1097
..................................................................


WIND (MPH)
  HIGHEST WIND SPEED    15   HIGHEST WIND DIRECTION    SE (150)
  HIGHEST GUST SPEED    19   HIGHEST GUST DIRECTION     S (160)
  AVERAGE WIND SPEED     7.9


SKY COVER
  POSSIBLE SUNSHINE  MM
  AVERAGE SKY COVER 0.9


WEATHER CONDITIONS
 THE FOLLOWING WEATHER WAS RECORDED TODAY.
  FOG


RELATIVE HUMIDITY (PERCENT)
 HIGHEST    93          1200 AM
 LOWEST     67           300 PM
 AVERAGE    80

..........................................................


THE LINCOLN, NEBRASKA CLIMATE NORMALS FOR TOMORROW
                         NORMAL    RECORD    YEAR
 MAXIMUM TEMPERATURE (F)   84       103      1913
 MINIMUM TEMPERATURE (F)   60        42      2009


SUNRISE AND SUNSET
AUGUST 30 2015........SUNRISE   652 AM CDT   SUNSET   803 PM CDT
AUGUST 31 2015........SUNRISE   653 AM CDT   SUNSET   801 PM CDT


-  INDICATES NEGATIVE NUMBERS.
R  INDICATES RECORD WAS SET OR TIED.
MM INDICATES DATA IS MISSING.
T  INDICATES TRACE AMOUNT.




$$

KLISH
