000
CDUS43 KOAX 212151
CLILNK


CLIMATE REPORT
NATIONAL WEATHER SERVICE OMAHA NEBRASKA
449 PM CDT TUE OCT 21 2014


...................................

...THE LINCOLN, NEBRASKA CLIMATE SUMMARY FOR OCTOBER 21 2014...
VALID TODAY AS OF 0400 PM LOCAL TIME.

CLIMATE NORMAL PERIOD 1981 TO 2010
CLIMATE RECORD PERIOD 1887 TO 2014


WEATHER ITEM   OBSERVED TIME   RECORD YEAR NORMAL DEPARTURE LAST
                VALUE   (LST)  VALUE       VALUE  FROM      YEAR
                                                  NORMAL
..................................................................
TEMPERATURE (F)
 TODAY
  MAXIMUM         77    259 PM  89    1899  64     13       56
  MINIMUM         35    614 AM  20    1987  39     -4       28
  AVERAGE         56                        51      5       42

PRECIPITATION (IN)
  TODAY            0.00          0.75 1941   0.07  -0.07     0.00
  MONTH TO DATE    1.80                      1.42   0.38     2.59
  SINCE SEP 1      8.69                      4.44   4.25     4.58
  SINCE JAN 1     32.39                     26.02   6.37    25.03

SNOWFALL (IN)
  TODAY            0.0                       0.0    0.0      0.0
  MONTH TO DATE    0.0                       0.3   -0.3      0.0
  SINCE JUL 1      0.0                       0.3   -0.3      0.0
  SNOW DEPTH       0

DEGREE DAYS
 HEATING
  TODAY            9                        14     -5       23
  MONTH TO DATE  212                       219     -7      208
  SINCE SEP 1    305                       311     -6      236
  SINCE JUL 1    307                       317    -10      239

 COOLING
  TODAY            0                         0      0        0
  MONTH TO DATE    4                        12     -8       18
  SINCE SEP 1    120                       135    -15      221
  SINCE JAN 1   1231                      1170     61     1236
..................................................................


WIND (MPH)
  HIGHEST WIND SPEED    18   HIGHEST WIND DIRECTION     S (170)
  HIGHEST GUST SPEED    22   HIGHEST GUST DIRECTION    SE (150)
  AVERAGE WIND SPEED     2.7


SKY COVER
  POSSIBLE SUNSHINE  MM
  AVERAGE SKY COVER 0.0


WEATHER CONDITIONS
 THE FOLLOWING WEATHER WAS RECORDED TODAY.
  HAZE


RELATIVE HUMIDITY (PERCENT)
 HIGHEST    92           400 AM
 LOWEST     31           200 PM
 AVERAGE    62

..........................................................


THE LINCOLN, NEBRASKA CLIMATE NORMALS FOR TOMORROW
                         NORMAL    RECORD    YEAR
 MAXIMUM TEMPERATURE (F)   63        89      1899
 MINIMUM TEMPERATURE (F)   39        19      1976


SUNRISE AND SUNSET
OCTOBER 21 2014.......SUNRISE   745 AM CDT   SUNSET   638 PM CDT
OCTOBER 22 2014.......SUNRISE   746 AM CDT   SUNSET   636 PM CDT


-  INDICATES NEGATIVE NUMBERS.
R  INDICATES RECORD WAS SET OR TIED.
MM INDICATES DATA IS MISSING.
T  INDICATES TRACE AMOUNT.




$$
