000
CDUS43 KOAX 210633
CLILNK


CLIMATE REPORT
NATIONAL WEATHER SERVICE OMAHA NEBRASKA
131 AM CDT SUN SEP 21 2014


...................................

...THE LINCOLN, NEBRASKA CLIMATE SUMMARY FOR SEPTEMBER 20 2014...

CLIMATE NORMAL PERIOD 1981 TO 2010
CLIMATE RECORD PERIOD 1887 TO 2014


WEATHER ITEM   OBSERVED TIME   RECORD YEAR NORMAL DEPARTURE LAST
                VALUE   (LST)  VALUE       VALUE  FROM      YEAR
                                                  NORMAL
..................................................................
TEMPERATURE (F)
 YESTERDAY
  MAXIMUM         88    248 PM  95    1940  77     11       73
                                      1931
  MINIMUM         62   1128 PM  31    1918  51     11       47
  AVERAGE         75                        64     11       60

PRECIPITATION (IN)
  YESTERDAY        0.09          2.61 1955   0.10  -0.01     0.00
  MONTH TO DATE    3.35                      2.13   1.22     1.75
  SINCE SEP 1      3.35                      2.13   1.22     1.75
  SINCE JAN 1     27.05                     23.71   3.34    22.20

SNOWFALL (IN)
  YESTERDAY        0.0                       0.0    0.0      0.0
  MONTH TO DATE    0.0                       0.0    0.0      0.0
  SINCE JUL 1      0.0                       0.0    0.0      0.0
  SNOW DEPTH       0

DEGREE DAYS
 HEATING
  YESTERDAY        0                         4     -4        5
  MONTH TO DATE   83                        39     44       13
  SINCE SEP 1     83                        39     44       13
  SINCE JUL 1     85                        45     40       16

 COOLING
  YESTERDAY       10                         3      7        0
  MONTH TO DATE   84                       102    -18      172
  SINCE SEP 1     84                       102    -18      172
  SINCE JAN 1   1195                      1137     58     1187
..................................................................


WIND (MPH)
  HIGHEST WIND SPEED    20   HIGHEST WIND DIRECTION    SW (210)
  HIGHEST GUST SPEED    26   HIGHEST GUST DIRECTION     S (190)
  AVERAGE WIND SPEED     7.6


SKY COVER
  POSSIBLE SUNSHINE  MM
  AVERAGE SKY COVER 0.3


WEATHER CONDITIONS
 THE FOLLOWING WEATHER WAS RECORDED YESTERDAY.
  THUNDERSTORM
  LIGHT RAIN
  FOG


RELATIVE HUMIDITY (PERCENT)
 HIGHEST    84           700 AM
 LOWEST     34           300 PM
 AVERAGE    59

..........................................................


THE LINCOLN, NEBRASKA CLIMATE NORMALS FOR TODAY
                         NORMAL    RECORD    YEAR
 MAXIMUM TEMPERATURE (F)   77       103      2005
 MINIMUM TEMPERATURE (F)   51        32      1999


SUNRISE AND SUNSET
SEPTEMBER 21 2014.....SUNRISE   713 AM CDT   SUNSET   726 PM CDT
SEPTEMBER 22 2014.....SUNRISE   714 AM CDT   SUNSET   724 PM CDT


-  INDICATES NEGATIVE NUMBERS.
R  INDICATES RECORD WAS SET OR TIED.
MM INDICATES DATA IS MISSING.
T  INDICATES TRACE AMOUNT.




$$
