000
CDUS43 KOAX 260644
CLILNK


CLIMATE REPORT
NATIONAL WEATHER SERVICE OMAHA NEBRASKA
143 AM CDT MON SEP 26 2016


...................................

...THE LINCOLN, NEBRASKA CLIMATE SUMMARY FOR SEPTEMBER 25 2016...

CLIMATE NORMAL PERIOD 1981 TO 2010
CLIMATE RECORD PERIOD 1887 TO 2016


WEATHER ITEM   OBSERVED TIME   RECORD YEAR NORMAL DEPARTURE LAST
                VALUE   (LST)  VALUE       VALUE  FROM      YEAR
                                                  NORMAL
..................................................................
TEMPERATURE (F)
 YESTERDAY
  MAXIMUM         75    352 PM  93    1998  75      0       78
                                      1990
  MINIMUM         46   1159 PM  29    1975  49     -3       59
  AVERAGE         61                        62     -1       69

PRECIPITATION (IN)
  YESTERDAY        0.18          2.32 1934   0.09   0.09     0.26
  MONTH TO DATE    3.38                      2.59   0.79     4.13
  SINCE SEP 1      3.38                      2.59   0.79     4.13
  SINCE JAN 1     24.77                     24.17   0.60    33.46

SNOWFALL (IN)
  YESTERDAY        0.0                       0.0    0.0      0.0
  MONTH TO DATE    0.0                       0.0    0.0      0.0
  SINCE JUL 1      0.0                       0.0    0.0      0.0
  SNOW DEPTH       0

DEGREE DAYS
 HEATING
  YESTERDAY        4                         5     -1        0
  MONTH TO DATE   13                        62    -49       20
  SINCE SEP 1     13                        62    -49       20
  SINCE JUL 1     14                        68    -54       24

 COOLING
  YESTERDAY        0                         2     -2        4
  MONTH TO DATE  203                       114     89      217
  SINCE SEP 1    203                       114     89      217
  SINCE JAN 1   1432                      1149    283     1198
..................................................................


WIND (MPH)
  HIGHEST WIND SPEED    26   HIGHEST WIND DIRECTION    NW (330)
  HIGHEST GUST SPEED    35   HIGHEST GUST DIRECTION    NW (300)
  AVERAGE WIND SPEED    11.0


SKY COVER
  POSSIBLE SUNSHINE  MM
  AVERAGE SKY COVER 0.2


WEATHER CONDITIONS
 THE FOLLOWING WEATHER WAS RECORDED YESTERDAY.
  HEAVY RAIN
  RAIN
  LIGHT RAIN
  FOG


RELATIVE HUMIDITY (PERCENT)
 HIGHEST    93           100 AM
 LOWEST     31           500 PM
 AVERAGE    62

..........................................................


THE LINCOLN, NEBRASKA CLIMATE NORMALS FOR TODAY
                         NORMAL    RECORD    YEAR
 MAXIMUM TEMPERATURE (F)   74        95      1990
 MINIMUM TEMPERATURE (F)   48        28      1984


SUNRISE AND SUNSET
SEPTEMBER 26 2016.....SUNRISE   719 AM CDT   SUNSET   716 PM CDT
SEPTEMBER 27 2016.....SUNRISE   720 AM CDT   SUNSET   715 PM CDT


-  INDICATES NEGATIVE NUMBERS.
R  INDICATES RECORD WAS SET OR TIED.
MM INDICATES DATA IS MISSING.
T  INDICATES TRACE AMOUNT.




$$
