000
CDUS43 KLOT 300636
CLILOT


CLIMATE REPORT
NATIONAL WEATHER SERVICE CHICAGO IL
135 AM CDT SUN AUG 30 2015


...................................

...THE ROMEOVILLE  WFO CLIMATE SUMMARY FOR AUGUST 29 2015...

CLIMATE NORMAL PERIOD 1981 TO 2010
CLIMATE RECORD PERIOD 1992 TO 2015


WEATHER ITEM   OBSERVED RECORD YEAR NORMAL DEPARTURE LAST
                VALUE   VALUE       VALUE  FROM      YEAR
                                           NORMAL
...........................................................
TEMPERATURE (F)
 YESTERDAY
  MAXIMUM         73     93    2010  81     -8       86
  MINIMUM         63     50    1994  61      2       68
  AVERAGE         68                 71     -3       77

PRECIPITATION (IN)
  YESTERDAY        0.24   1.68 1993   0.12   0.12      T
  MONTH TO DATE    3.10               3.79  -0.69     9.73
  SINCE JUN 1     15.75              12.84   2.91    23.29
  SINCE JAN 1     27.66              27.54   0.12    38.66

DEGREE DAYS
 HEATING
  YESTERDAY        0                  0      0
  MONTH TO DATE    9                  0      9
  SINCE JUN 1     47                 35     12
  SINCE JUL 1     20                  2     18

 COOLING
  YESTERDAY        3                  6     -3
  MONTH TO DATE  181                219    -38
  SINCE JUN 1    555                681   -126
  SINCE JAN 1    631                739   -108
...........................................................







THE ROMEOVILLE  WFO CLIMATE NORMALS FOR TODAY
                         NORMAL    RECORD    YEAR
 MAXIMUM TEMPERATURE (F)   81        95      2013
 MINIMUM TEMPERATURE (F)   61        51      2009
                                             2004


SUNRISE AND SUNSET
AUGUST 30 2015........SUNRISE   616 AM CDT   SUNSET   729 PM CDT
AUGUST 31 2015........SUNRISE   617 AM CDT   SUNSET   728 PM CDT


-  INDICATES NEGATIVE NUMBERS.
R  INDICATES RECORD WAS SET OR TIED.
MM INDICATES DATA IS MISSING.
T  INDICATES TRACE AMOUNT.




$$
