000
CDUS43 KLOT 300635
CLILOT


CLIMATE REPORT
NATIONAL WEATHER SERVICE CHICAGO IL
134 AM CDT THU OCT 30 2014


...................................

...THE ROMEOVILLE  WFO CLIMATE SUMMARY FOR OCTOBER 29 2014...

CLIMATE NORMAL PERIOD 1981 TO 2010
CLIMATE RECORD PERIOD 1992 TO 2014


WEATHER ITEM   OBSERVED RECORD YEAR NORMAL DEPARTURE LAST
                VALUE   VALUE       VALUE  FROM      YEAR
                                           NORMAL
...........................................................
TEMPERATURE (F)
 YESTERDAY
  MAXIMUM         48     78    2004  57     -9       57
                               1999
  MINIMUM         36     28    2010  40     -4       40
                               2008
  AVERAGE         42                 48     -6       49

PRECIPITATION (IN)
  YESTERDAY        0.00   1.17 2009   0.10  -0.10      T
  MONTH TO DATE    4.50               3.21   1.29     2.85
  SINCE SEP 1      7.50               6.34   1.16     4.42
  SINCE JAN 1     46.16              34.16  12.00    33.74

SNOWFALL (IN)
  YESTERDAY        0.0   MM      MM   0.0    0.0      0.0
  MONTH TO DATE    T                  0.0    0.0       T
  SINCE SEP 1      T                  0.0    0.0       T
  SINCE JUL 1      T                  0.0    0.0       T
  SNOW DEPTH       0

DEGREE DAYS
 HEATING
  YESTERDAY       23                 17      6
  MONTH TO DATE  355                353      2
  SINCE SEP 1    477                444     33
  SINCE JUL 1    489                452     37

 COOLING
  YESTERDAY        0                  0      0
  MONTH TO DATE    4                 12     -8
  SINCE SEP 1     77                106    -29
  SINCE JAN 1    748                859   -111
...........................................................







THE ROMEOVILLE  WFO CLIMATE NORMALS FOR TODAY
                         NORMAL    RECORD    YEAR
 MAXIMUM TEMPERATURE (F)   57        77      1999
 MINIMUM TEMPERATURE (F)   39        29      1993


SUNRISE AND SUNSET
OCTOBER 30 2014.......SUNRISE   722 AM CDT   SUNSET   550 PM CDT
OCTOBER 31 2014.......SUNRISE   723 AM CDT   SUNSET   548 PM CDT


-  INDICATES NEGATIVE NUMBERS.
R  INDICATES RECORD WAS SET OR TIED.
MM INDICATES DATA IS MISSING.
T  INDICATES TRACE AMOUNT.




$$
