000
CDUS43 KLOT 240636
CLILOT


CLIMATE REPORT
NATIONAL WEATHER SERVICE CHICAGO IL
135 AM CDT SUN JUL 24 2016


...................................

...THE ROMEOVILLE  WFO CLIMATE SUMMARY FOR JULY 23 2016...

CLIMATE NORMAL PERIOD 1981 TO 2010
CLIMATE RECORD PERIOD 1992 TO 2016


WEATHER ITEM   OBSERVED RECORD YEAR NORMAL DEPARTURE LAST
                VALUE   VALUE       VALUE  FROM      YEAR
                                           NORMAL
...........................................................
TEMPERATURE (F)
 YESTERDAY
  MAXIMUM         89     94    2012  84      5       84
                               2001
  MINIMUM         70     53    2000  64      6       63
  AVERAGE         80                 74      6       74

PRECIPITATION (IN)
  YESTERDAY        1.38   1.70 2011   0.18   1.20     0.00
  MONTH TO DATE    6.80               3.40   3.40     3.72
  SINCE JUN 1      8.99               7.74   1.25    12.22
  SINCE JAN 1     21.22              22.44  -1.22    24.13

DEGREE DAYS
 HEATING
  YESTERDAY        0                  0      0
  MONTH TO DATE    2                  0      2
  SINCE JUN 1      9                 33    -24
  SINCE JUL 1      2                  0      2

 COOLING
  YESTERDAY       15                  9      6
  MONTH TO DATE  214                207      7
  SINCE JUN 1    432                387     45
  SINCE JAN 1    525                445     80
...........................................................







THE ROMEOVILLE  WFO CLIMATE NORMALS FOR TODAY
                         NORMAL    RECORD    YEAR
 MAXIMUM TEMPERATURE (F)   84       102      2005
 MINIMUM TEMPERATURE (F)   64        52      2000


SUNRISE AND SUNSET
JULY 24 2016..........SUNRISE   540 AM CDT   SUNSET   818 PM CDT
JULY 25 2016..........SUNRISE   541 AM CDT   SUNSET   817 PM CDT


-  INDICATES NEGATIVE NUMBERS.
R  INDICATES RECORD WAS SET OR TIED.
MM INDICATES DATA IS MISSING.
T  INDICATES TRACE AMOUNT.




$$
