000
CDUS43 KLOT 260635
CLILOT


CLIMATE REPORT
NATIONAL WEATHER SERVICE CHICAGO IL
134 AM CDT SAT JUL 26 2014


...................................

...THE ROMEOVILLE  WFO CLIMATE SUMMARY FOR JULY 25 2014...

CLIMATE NORMAL PERIOD 1981 TO 2010
CLIMATE RECORD PERIOD 1992 TO 2014


WEATHER ITEM   OBSERVED RECORD YEAR NORMAL DEPARTURE LAST
                VALUE   VALUE       VALUE  FROM      YEAR
                                           NORMAL
...........................................................
TEMPERATURE (F)
 YESTERDAY
  MAXIMUM         73     99    2012  84    -11       80
  MINIMUM         54R    54    2013  64    -10       54
  AVERAGE         64                 74    -10       67

PRECIPITATION (IN)
  YESTERDAY        T      0.82 1993   0.16  -0.16     0.00
  MONTH TO DATE    4.30               3.73   0.57     0.57
  SINCE JUN 1     13.52               8.07   5.45     5.01
  SINCE JAN 1     28.89              22.77   6.12    26.00

DEGREE DAYS
 HEATING
  YESTERDAY        1                  0      1
  MONTH TO DATE    9                  0      9
  SINCE JUN 1     21                 33    -12
  SINCE JUL 1      9                  0      9

 COOLING
  YESTERDAY        0                  9     -9
  MONTH TO DATE  112                225   -113
  SINCE JUN 1    310                405    -95
  SINCE JAN 1    398                463    -65
...........................................................







THE ROMEOVILLE  WFO CLIMATE NORMALS FOR TODAY
                         NORMAL    RECORD    YEAR
 MAXIMUM TEMPERATURE (F)   84        97      1997
 MINIMUM TEMPERATURE (F)   64        54      1994


SUNRISE AND SUNSET
JULY 26 2014..........SUNRISE   541 AM CDT   SUNSET   816 PM CDT
JULY 27 2014..........SUNRISE   542 AM CDT   SUNSET   815 PM CDT


-  INDICATES NEGATIVE NUMBERS.
R  INDICATES RECORD WAS SET OR TIED.
MM INDICATES DATA IS MISSING.
T  INDICATES TRACE AMOUNT.




$$
