000
CDUS43 KLOT 020633
CLILOT


CLIMATE REPORT
NATIONAL WEATHER SERVICE CHICAGO IL
133 AM CDT SUN AUG 2 2015


...................................

...THE ROMEOVILLE  WFO CLIMATE SUMMARY FOR AUGUST 1 2015...

CLIMATE NORMAL PERIOD 1981 TO 2010
CLIMATE RECORD PERIOD 1992 TO 2015


WEATHER ITEM   OBSERVED RECORD YEAR NORMAL DEPARTURE LAST
                VALUE   VALUE       VALUE  FROM      YEAR
                                           NORMAL
...........................................................
TEMPERATURE (F)
 YESTERDAY
  MAXIMUM         86     97    2006  83      3       82
  MINIMUM         59     56    1996  64     -5       62
  AVERAGE         73                 73      0       72

PRECIPITATION (IN)
  YESTERDAY        0.00   1.99 2014   0.13  -0.13     1.99
  MONTH TO DATE    0.00               0.13  -0.13     1.99
  SINCE JUN 1     12.65               9.18   3.47    15.55
  SINCE JAN 1     24.56              23.88   0.68    30.92

DEGREE DAYS
 HEATING
  YESTERDAY        0                  0      0
  MONTH TO DATE    0                  0      0
  SINCE JUN 1     38                 35      3
  SINCE JUL 1     11                  2      9

 COOLING
  YESTERDAY        8                  8      0
  MONTH TO DATE    8                  8      0
  SINCE JUN 1    382                470    -88
  SINCE JAN 1    458                528    -70
...........................................................







THE ROMEOVILLE  WFO CLIMATE NORMALS FOR TODAY
                         NORMAL    RECORD    YEAR
 MAXIMUM TEMPERATURE (F)   83        94      2006
 MINIMUM TEMPERATURE (F)   64        55      2009


SUNRISE AND SUNSET
AUGUST  2 2015........SUNRISE   548 AM CDT   SUNSET   809 PM CDT
AUGUST  3 2015........SUNRISE   549 AM CDT   SUNSET   808 PM CDT


-  INDICATES NEGATIVE NUMBERS.
R  INDICATES RECORD WAS SET OR TIED.
MM INDICATES DATA IS MISSING.
T  INDICATES TRACE AMOUNT.




$$
