000
CDUS43 KLOT 271136
CLILOT


CLIMATE REPORT
NATIONAL WEATHER SERVICE CHICAGO IL
633 AM CDT TUE SEP 27 2016


...................................

...THE ROMEOVILLE  WFO CLIMATE SUMMARY FOR SEPTEMBER 26 2016...

CLIMATE NORMAL PERIOD 1981 TO 2010
CLIMATE RECORD PERIOD 1992 TO 2016


WEATHER ITEM   OBSERVED RECORD YEAR NORMAL DEPARTURE LAST
                VALUE   VALUE       VALUE  FROM      YEAR
                                           NORMAL
...........................................................
TEMPERATURE (F)
 YESTERDAY
  MAXIMUM         71     93    1998  72     -1       78
  MINIMUM         54     37    2000  50      4       57
  AVERAGE         63                 61      2       68

PRECIPITATION (IN)
  YESTERDAY        0.01   1.68 1996   0.09  -0.08     0.00
  MONTH TO DATE    1.10               2.78  -1.68     5.46
  SINCE SEP 1      1.10               2.78  -1.68     5.46
  SINCE JAN 1     31.01              30.60   0.41    33.12

DEGREE DAYS
 HEATING
  YESTERDAY        2                  6     -4
  MONTH TO DATE    3                 65    -62
  SINCE SEP 1      3                 65    -62
  SINCE JUL 1      5                 73    -68

 COOLING
  YESTERDAY        0                  2     -2
  MONTH TO DATE  171                 89     82
  SINCE SEP 1    171                 89     82
  SINCE JAN 1   1115                842    273
...........................................................







THE ROMEOVILLE  WFO CLIMATE NORMALS FOR TODAY
                         NORMAL    RECORD    YEAR
 MAXIMUM TEMPERATURE (F)   71        87      1998
 MINIMUM TEMPERATURE (F)   50        42      2001


SUNRISE AND SUNSET
SEPTEMBER 27 2016.....SUNRISE   645 AM CDT   SUNSET   640 PM CDT
SEPTEMBER 28 2016.....SUNRISE   646 AM CDT   SUNSET   638 PM CDT


-  INDICATES NEGATIVE NUMBERS.
R  INDICATES RECORD WAS SET OR TIED.
MM INDICATES DATA IS MISSING.
T  INDICATES TRACE AMOUNT.




$$
