000
CDUS43 KLMK 230632
CLILOU

CLIMATE REPORT
NATIONAL WEATHER SERVICE LOUISVILLE KY
231 AM EDT SAT MAY 23 2015
...................................

...THE LOUISVILLE BOWMAN KY CLIMATE SUMMARY FOR MAY 22 2015...

CLIMATE NORMAL PERIOD 1981 TO 2010
CLIMATE RECORD PERIOD 9999 TO 9999


WEATHER ITEM   OBSERVED TIME   RECORD YEAR NORMAL DEPARTURE LAST
                VALUE   (LST)  VALUE       VALUE  FROM      YEAR
                                                  NORMAL
..................................................................
TEMPERATURE (F)
 YESTERDAY
  MAXIMUM         76    407 PM  MM      MM  78     -2       88
  MINIMUM         43    536 AM  MM      MM  58    -15       65
  AVERAGE         60                        68     -8       77

PRECIPITATION (IN)
  YESTERDAY        0.00         MM      MM   0.15  -0.15     0.40
  MONTH TO DATE    1.26                      3.79  -2.53     4.07
  SINCE MAR 1     17.83                     12.03   5.80    13.71
  SINCE JAN 1     20.61                     18.59   2.02    19.48

SNOWFALL (IN)
  YESTERDAY       MM            MM      MM  MM     MM       MM
  MONTH TO DATE   MM                        MM     MM       MM
  SINCE MAR 1     MM                        MM     MM       MM
  SINCE JUL 1     MM                        MM     MM       MM
  SNOW DEPTH      MM

DEGREE DAYS
 HEATING
  YESTERDAY        5                         2      3        0
  MONTH TO DATE   36                        65    -29       65
  SINCE MAR 1    830                       895    -65      897
  SINCE JUL 1   4614                      4256    358     4706

 COOLING
  YESTERDAY        0                         5     -5       12
  MONTH TO DATE  110                        63     47      122
  SINCE MAR 1    131                        97     34      156
  SINCE JAN 1    131                        97     34      156
..................................................................


WIND (MPH)
  HIGHEST WIND SPEED    16   HIGHEST WIND DIRECTION     W (260)
  HIGHEST GUST SPEED    20   HIGHEST GUST DIRECTION     W (250)
  AVERAGE WIND SPEED     4.6


SKY COVER
  POSSIBLE SUNSHINE  MM
  AVERAGE SKY COVER 0.0


WEATHER CONDITIONS
 THE FOLLOWING WEATHER WAS RECORDED YESTERDAY.
  FOG


RELATIVE HUMIDITY (PERCENT)
 HIGHEST    92           300 AM
 LOWEST     33           400 PM
 AVERAGE    63

..........................................................


THE LOUISVILLE BOWMAN KY CLIMATE NORMALS FOR TODAY
                         NORMAL
 MAXIMUM TEMPERATURE (F)   78
 MINIMUM TEMPERATURE (F)   58


SUNRISE AND SUNSET
MAY 23 2015...........SUNRISE   626 AM EDT   SUNSET   853 PM EDT
MAY 24 2015...........SUNRISE   625 AM EDT   SUNSET   854 PM EDT


-  INDICATES NEGATIVE NUMBERS.
R  INDICATES RECORD WAS SET OR TIED.
MM INDICATES DATA IS MISSING.
T  INDICATES TRACE AMOUNT.

$$
04
