000
CDUS43 KLMK 260631
CLILOU


CLIMATE REPORT
NATIONAL WEATHER SERVICE LOUISVILLE KY
229 AM EDT SUN MAR 26 2017


...................................

...THE LOUISVILLE BOWMAN KY CLIMATE SUMMARY FOR MARCH 25 2017...

CLIMATE NORMAL PERIOD 1981 TO 2010
CLIMATE RECORD PERIOD 9999 TO 9999


WEATHER ITEM   OBSERVED TIME   RECORD YEAR NORMAL DEPARTURE LAST
                VALUE   (LST)  VALUE       VALUE  FROM      YEAR
                                                  NORMAL
..................................................................
TEMPERATURE (F)
 YESTERDAY
  MAXIMUM         78    254 PM  MM      MM  60     18       49
  MINIMUM         60    658 AM  MM      MM  40     20       38
  AVERAGE         69                        50     19       44

PRECIPITATION (IN)
  YESTERDAY        0.01         MM      MM   0.14  -0.13      T
  MONTH TO DATE    2.22                      3.24  -1.02     3.63
  SINCE MAR 1      2.22                      3.24  -1.02     3.63
  SINCE JAN 1      8.24                      9.80  -1.56     9.52

SNOWFALL (IN)
  YESTERDAY       MM            MM      MM  MM     MM       MM
  MONTH TO DATE   MM                        MM     MM       MM
  SINCE MAR 1     MM                        MM     MM       MM
  SINCE JUL 1     MM                        MM     MM       MM
  SNOW DEPTH      MM

DEGREE DAYS
 HEATING
  YESTERDAY        0                        15    -15       21
  MONTH TO DATE  454                       477    -23      312
  SINCE MAR 1    454                       477    -23      312
  SINCE JUL 1   3016                      3838   -822     3099

 COOLING
  YESTERDAY        4                         0      4        0
  MONTH TO DATE    7                         0      7        4
  SINCE MAR 1      7                         0      7        4
  SINCE JAN 1     10                         0     10        4
..................................................................


WIND (MPH)
  HIGHEST WIND SPEED    22   HIGHEST WIND DIRECTION     S (180)
  HIGHEST GUST SPEED    30   HIGHEST GUST DIRECTION     S (180)
  AVERAGE WIND SPEED    10.1


SKY COVER
  POSSIBLE SUNSHINE  MM
  AVERAGE SKY COVER 0.3


WEATHER CONDITIONS
 THE FOLLOWING WEATHER WAS RECORDED YESTERDAY.
  LIGHT RAIN


RELATIVE HUMIDITY (PERCENT)
 HIGHEST    64           600 AM
 LOWEST     35           300 PM
 AVERAGE    50

..........................................................


THE LOUISVILLE BOWMAN KY CLIMATE NORMALS FOR TODAY
                         NORMAL
 MAXIMUM TEMPERATURE (F)   60
 MINIMUM TEMPERATURE (F)   40


SUNRISE AND SUNSET
MARCH 26 2017.........SUNRISE   737 AM EDT   SUNSET   800 PM EDT
MARCH 27 2017.........SUNRISE   735 AM EDT   SUNSET   801 PM EDT


-  INDICATES NEGATIVE NUMBERS.
R  INDICATES RECORD WAS SET OR TIED.
MM INDICATES DATA IS MISSING.
T  INDICATES TRACE AMOUNT.




$$
