000
CDUS43 KJKL 080650
CLILOZ

CLIMATE REPORT
NATIONAL WEATHER SERVICE JACKSON KY
250 AM EDT WED JUL 8 2015

...................................

...THE LONDON KY CLIMATE SUMMARY FOR JULY 7 2015...

CLIMATE NORMAL PERIOD 1981 TO 2010
CLIMATE RECORD PERIOD 1954 TO 2015

WEATHER ITEM   OBSERVED TIME   RECORD YEAR NORMAL DEPARTURE LAST
                VALUE   (LST)  VALUE       VALUE  FROM      YEAR
                                                  NORMAL
..................................................................
TEMPERATURE (F)
 YESTERDAY
  MAXIMUM         89    342 PM  99    2012  87      2       91
  MINIMUM         68    432 AM  46    1972  66      2       65
  AVERAGE         79                        76      3       78

PRECIPITATION (IN)
  YESTERDAY        0.03          1.56 2013   0.13  -0.10     0.00
  MONTH TO DATE    5.96                      0.94   5.02      T
  SINCE JUN 1     10.93                      5.34   5.59     2.71
  SINCE JAN 1     30.85                     25.87   4.98    21.70

SNOWFALL (IN)
  YESTERDAY       MM
  MONTH TO DATE   MM
  SINCE JUN 1     MM
  SINCE JUL 1     MM
  SNOW DEPTH      MM

DEGREE DAYS
 HEATING
  YESTERDAY        0                         0      0        0
  MONTH TO DATE    0                         0      0        0
  SINCE JUN 1      2                         9     -7        0
  SINCE JUL 1      0                         0      0        0

 COOLING
  YESTERDAY       14                        11      3       13
  MONTH TO DATE   66                        77    -11       71
  SINCE JUN 1    373                       320     53      353
  SINCE JAN 1    567                       434    133      519
..................................................................

WIND (MPH)
  HIGHEST WIND SPEED    20   HIGHEST WIND DIRECTION    SW (240)
  HIGHEST GUST SPEED    25   HIGHEST GUST DIRECTION    SW (240)
  AVERAGE WIND SPEED     7.4

SKY COVER
  POSSIBLE SUNSHINE  MM
  AVERAGE SKY COVER 0.3

WEATHER CONDITIONS
 THE FOLLOWING WEATHER WAS RECORDED YESTERDAY.
  LIGHT RAIN
  FOG
  HAZE

RELATIVE HUMIDITY (PERCENT)
 HIGHEST    87           400 AM
 LOWEST     45           500 PM
 AVERAGE    66
..........................................................

THE LONDON KY CLIMATE NORMALS FOR TODAY
                         NORMAL    RECORD    YEAR
 MAXIMUM TEMPERATURE (F)   87       100      1988
 MINIMUM TEMPERATURE (F)   66        50      1972

SUNRISE AND SUNSET
JULY  8 2015..........SUNRISE   624 AM EDT   SUNSET   859 PM EDT
JULY  9 2015..........SUNRISE   624 AM EDT   SUNSET   859 PM EDT

-  INDICATES NEGATIVE NUMBERS.
R  INDICATES RECORD WAS SET OR TIED.
MM INDICATES DATA IS MISSING.
T  INDICATES TRACE AMOUNT.

$$
GREIF
