000
CDUS43 KJKL 292027
CLILOZ

CLIMATE REPORT
NATIONAL WEATHER SERVICE JACKSON KY
427 PM EDT FRI AUG 29 2014

...................................

...THE LONDON KY CLIMATE SUMMARY FOR AUGUST 29 2014...
VALID TODAY AS OF 0400 PM LOCAL TIME.

CLIMATE NORMAL PERIOD 1981 TO 2010
CLIMATE RECORD PERIOD 1954 TO 2014

WEATHER ITEM   OBSERVED TIME   RECORD YEAR NORMAL DEPARTURE LAST
                VALUE   (LST)  VALUE       VALUE  FROM      YEAR
                                                  NORMAL
..................................................................
TEMPERATURE (F)
 TODAY
  MAXIMUM         90    204 PM  95    2007  85      5       89
  MINIMUM         68    635 AM  44    1986  63      5       71
  AVERAGE         79                        74      5       80

PRECIPITATION (IN)
  TODAY            0.05          0.57 1990   0.10  -0.05     0.00
  MONTH TO DATE    3.56                      3.49   0.07     3.30
  SINCE JUN 1       MM                      11.93    MM     17.73
  SINCE JAN 1       MM                      32.46    MM     40.74

SNOWFALL (IN)
  TODAY           MM
  MONTH TO DATE   MM
  SINCE JUN 1     MM
  SINCE JUL 1     MM
  SNOW DEPTH      MM

DEGREE DAYS
 HEATING
  TODAY            0                         0      0        0
  MONTH TO DATE    0                         0      0        0
  SINCE JUN 1      0                         9     -9        0
  SINCE JUL 1      0                         0      0        0

 COOLING
  TODAY           14                         9      5       15
  MONTH TO DATE  306                       301      5      261
  SINCE JUN 1     MM                       894     MM      763
  SINCE JAN 1     MM                      1008     MM      863
..................................................................

WIND (MPH)
  HIGHEST WIND SPEED    15   HIGHEST WIND DIRECTION     W (250)
  HIGHEST GUST SPEED    19   HIGHEST GUST DIRECTION     S (200)
  AVERAGE WIND SPEED     2.4

SKY COVER
  POSSIBLE SUNSHINE  MM
  AVERAGE SKY COVER 0.2

WEATHER CONDITIONS
 THE FOLLOWING WEATHER WAS RECORDED TODAY.
  LIGHT RAIN
  FOG
  HAZE

RELATIVE HUMIDITY (PERCENT)
 HIGHEST    90           400 AM
 LOWEST     47           200 PM
 AVERAGE    69

..........................................................

THE LONDON KY CLIMATE NORMALS FOR TOMORROW
                         NORMAL    RECORD    YEAR
 MAXIMUM TEMPERATURE (F)   84        94      1957
 MINIMUM TEMPERATURE (F)   63        46      1965

SUNRISE AND SUNSET
AUGUST 29 2014........SUNRISE   705 AM EDT   SUNSET   809 PM EDT
AUGUST 30 2014........SUNRISE   705 AM EDT   SUNSET   808 PM EDT

-  INDICATES NEGATIVE NUMBERS.
R  INDICATES RECORD WAS SET OR TIED.
MM INDICATES DATA IS MISSING.
T  INDICATES TRACE AMOUNT.

$$

CARICO
