000
CDUS43 KJKL 190539
CLILOZ

CLIMATE REPORT
NATIONAL WEATHER SERVICE JACKSON KY
1239 AM EST THU JAN 19 2017


...................................

...THE LONDON KY CLIMATE SUMMARY FOR JANUARY 18 2017...

CLIMATE NORMAL PERIOD 1981 TO 2010
CLIMATE RECORD PERIOD 1954 TO 2017


WEATHER ITEM   OBSERVED TIME   RECORD YEAR NORMAL DEPARTURE LAST
                VALUE   (LST)  VALUE       VALUE  FROM      YEAR
                                                  NORMAL
..................................................................
TEMPERATURE (F)
 YESTERDAY
  MAXIMUM         52   1228 AM  69    1996  45      7       19
  MINIMUM         38   1158 PM  -7    1994  26     12        7
  AVERAGE         45                        35     10       13

PRECIPITATION (IN)
  YESTERDAY        0.00          1.18 2004   0.11  -0.11      T
  MONTH TO DATE    2.81                      2.05   0.76     0.84
  SINCE DEC 1      9.11                      6.29   2.82     6.29
  SINCE JAN 1      2.81                      2.05   0.76     0.84

SNOWFALL (IN)
  YESTERDAY        0.0
  MONTH TO DATE    0.0
  SINCE DEC 1      0.0
  SINCE JUL 1      0.0
  SNOW DEPTH       0

DEGREE DAYS
 HEATING
  YESTERDAY       20                        30    -10       52
  MONTH TO DATE  416                       536   -120      570
  SINCE DEC 1   1210                      1358   -148     1045
  SINCE JUL 1   1801                      2188   -387     1710

COOLING
  YESTERDAY        0                         0      0        0
  MONTH TO DATE    0                         0      0        0
  SINCE DEC 1      0                         1     -1        0
  SINCE JAN 1      0                         0      0        0
..................................................................


WIND (MPH)
  HIGHEST WIND SPEED    16   HIGHEST WIND DIRECTION     W (250)
  HIGHEST GUST SPEED    20   HIGHEST GUST DIRECTION     W (260)
  AVERAGE WIND SPEED     5.3


SKY COVER
  POSSIBLE SUNSHINE  MM
  AVERAGE SKY COVER 0.7


WEATHER CONDITIONS
 THE FOLLOWING WEATHER WAS RECORDED YESTERDAY.
  FOG


RELATIVE HUMIDITY (PERCENT)
 HIGHEST    92          1100 PM
 LOWEST     56           400 PM
 AVERAGE    74

..........................................................


THE LONDON KY CLIMATE NORMALS FOR TODAY
                         NORMAL    RECORD    YEAR
 MAXIMUM TEMPERATURE (F)   45        70      1996
 MINIMUM TEMPERATURE (F)   26       -25      1994


SUNRISE AND SUNSET
JANUARY 19 2017.......SUNRISE   747 AM EST   SUNSET   548 PM EST
JANUARY 20 2017.......SUNRISE   747 AM EST   SUNSET   549 PM EST


-  INDICATES NEGATIVE NUMBERS.
R  INDICATES RECORD WAS SET OR TIED.
MM INDICATES DATA IS MISSING.
T  INDICATES TRACE AMOUNT.




$$
