000
CDUS43 KJKL 240527
CLILOZ

CLIMATE REPORT
NATIONAL WEATHER SERVICE JACKSON KY
127 AM EDT THU APR 24 2014

...................................

...THE LONDON KY CLIMATE SUMMARY FOR APRIL 23 2014...

CLIMATE NORMAL PERIOD 1981 TO 2010
CLIMATE RECORD PERIOD 1954 TO 2014

WEATHER ITEM   OBSERVED TIME   RECORD YEAR NORMAL DEPARTURE LAST
                VALUE   (LST)  VALUE       VALUE  FROM      YEAR
                                                  NORMAL
..................................................................
TEMPERATURE (F)
 YESTERDAY
  MAXIMUM         66    320 PM  87    1960  71     -5       71
  MINIMUM         41    620 AM  23    1986  47     -6       42
  AVERAGE         54                        59     -5       57

PRECIPITATION (IN)
  YESTERDAY        0.00          1.39 1977   0.15  -0.15     0.00
  MONTH TO DATE    1.78                      3.05  -1.27     4.34
  SINCE MAR 1      6.95                      7.10  -0.15     9.79
  SINCE JAN 1     13.46                     14.35  -0.89    16.58

SNOWFALL (IN)
  YESTERDAY       MM
  MONTH TO DATE   MM
  SINCE MAR 1     MM
  SINCE JUL 1     MM
  SNOW DEPTH      MM

DEGREE DAYS
 HEATING
  YESTERDAY       11                         7      4        8
  MONTH TO DATE  157                       232    -75      221
  SINCE MAR 1    808                       781     27     1013
  SINCE JUL 1   4315                      4057    258     4361

 COOLING
  YESTERDAY        0                         1     -1        0
  MONTH TO DATE   16                        15      1       20
  SINCE MAR 1     16                        18     -2       20
  SINCE JAN 1     16                        18     -2       20
..................................................................

WIND (MPH)
  HIGHEST WIND SPEED    16   HIGHEST WIND DIRECTION     N (360)
  HIGHEST GUST SPEED    20   HIGHEST GUST DIRECTION     N (350)
  AVERAGE WIND SPEED     4.3

SKY COVER
  POSSIBLE SUNSHINE  MM
  AVERAGE SKY COVER 0.0

WEATHER CONDITIONS
 THE FOLLOWING WEATHER WAS RECORDED YESTERDAY.
  NO SIGNIFICANT WEATHER WAS OBSERVED.

RELATIVE HUMIDITY (PERCENT)
 HIGHEST    65           700 AM
 LOWEST     24           500 PM
 AVERAGE    45
..........................................................

THE LONDON KY CLIMATE NORMALS FOR TODAY
                         NORMAL    RECORD    YEAR
 MAXIMUM TEMPERATURE (F)   71        89      2009
 MINIMUM TEMPERATURE (F)   47        28      1986

SUNRISE AND SUNSET
APRIL 24 2014.........SUNRISE   650 AM EDT   SUNSET   819 PM EDT
APRIL 25 2014.........SUNRISE   649 AM EDT   SUNSET   820 PM EDT

-  INDICATES NEGATIVE NUMBERS.
R  INDICATES RECORD WAS SET OR TIED.
MM INDICATES DATA IS MISSING.
T  INDICATES TRACE AMOUNT.

$$

GEOGERIAN
