000
CDUS44 KCRP 222129 RRA
CLILRD

CLIMATE REPORT
NATIONAL WEATHER SERVICE CORPUS CHRISTI TX
327 PM CST WED FEB 22 2017

...................................

...THE LAREDO CLIMATE SUMMARY FOR FEBRUARY 22 2017...
VALID AS OF 300 PM LOCAL TIME.

CLIMATE NORMAL PERIOD 1981 TO 2010
CLIMATE RECORD PERIOD 1900 TO 2017


WEATHER ITEM   OBSERVED TIME   RECORD YEAR NORMAL DEPARTURE LAST
                VALUE   (LST)  VALUE       VALUE  FROM      YEAR
                                                  NORMAL
..................................................................
TEMPERATURE (F)
 TODAY
  MAXIMUM         95        MM  98    1996  74     21       82
  MINIMUM         51        MM  28    1939  52     -1       67
  AVERAGE         73                        63     10       75

PRECIPITATION (IN)
  TODAY            0.00          0.73 1958   0.03  -0.03     0.01
  MONTH TO DATE    0.96                      0.72   0.24     0.01
  SINCE DEC 1      2.59                      2.50   0.09     2.02
  SINCE JAN 1      0.97                      1.62  -0.65     1.89

SNOWFALL (IN)
  TODAY            0.0
  MONTH TO DATE    0.0
  SINCE DEC 1      0.0
  SINCE JUL 1      0.0
  SNOW DEPTH       0

DEGREE DAYS
 HEATING
  TODAY            0                         5     -5        0
  MONTH TO DATE   36                       139   -103       77
  SINCE DEC 1    361                       703   -342      488
  SINCE JUL 1    378                       818   -440      559

 COOLING
  TODAY            8                         2      6       10
  MONTH TO DATE  141                        40    101       92
  SINCE DEC 1    306                       103    203      162
  SINCE JAN 1    243                        68    175       99
..................................................................


WIND (MPH)
  HIGHEST WIND SPEED     9   HIGHEST WIND DIRECTION     W (290)
  HIGHEST GUST SPEED    16   HIGHEST GUST DIRECTION     W (290)


SKY COVER
  POSSIBLE SUNSHINE  MM
  AVERAGE SKY COVER 0.0


WEATHER CONDITIONS
 THE FOLLOWING WEATHER WAS RECORDED TODAY.
  NO SIGNIFICANT WEATHER WAS OBSERVED.


RELATIVE HUMIDITY (PERCENT)
 HIGHEST    77           700 AM
 LOWEST     11           300 PM
 AVERAGE    44

..........................................................


THE LAREDO CLIMATE NORMALS FOR TOMORROW
                         NORMAL    RECORD    YEAR
 MAXIMUM TEMPERATURE (F)   74        97      1909
 MINIMUM TEMPERATURE (F)   52        25      1976


SUNRISE AND SUNSET
FEBRUARY 22 2017......SUNRISE   709 AM CST   SUNSET   634 PM CST
FEBRUARY 23 2017......SUNRISE   708 AM CST   SUNSET   635 PM CST


-  INDICATES NEGATIVE NUMBERS.
R  INDICATES RECORD WAS SET OR TIED.
MM INDICATES DATA IS MISSING.
T  INDICATES TRACE AMOUNT.




$$
