000
CDUS44 KCRP 090700 RRA
CLILRD

CLIMATE REPORT
NATIONAL WEATHER SERVICE CORPUS CHRISTI TX
1252 AM CST FRI DEC 9 2016


...................................

...THE LAREDO CLIMATE SUMMARY FOR DECEMBER 8 2016...

CLIMATE NORMAL PERIOD 1981 TO 2010
CLIMATE RECORD PERIOD 1900 TO 2016


WEATHER ITEM   OBSERVED TIME   RECORD YEAR NORMAL DEPARTURE LAST
                VALUE   (LST)  VALUE       VALUE  FROM      YEAR
                                                  NORMAL
..................................................................
TEMPERATURE (F)
 YESTERDAY
  MAXIMUM         56        MM  90    1994  69    -13       79
  MINIMUM         43        MM  22    1916  48     -5       48
  AVERAGE         50                        58     -8       64

PRECIPITATION (IN)
  YESTERDAY        0.08          0.59 2000   0.02   0.06     0.00
  MONTH TO DATE    1.49                      0.19   1.30     0.00
  SINCE DEC 1      1.49                      0.19   1.30     0.00
  SINCE JAN 1     24.37                     19.51   4.86    25.97

SNOWFALL (IN)
  YESTERDAY        0.0
  MONTH TO DATE    0.0
  SINCE DEC 1      0.0
  SINCE JUL 1      0.0

DEGREE DAYS
 HEATING
  YESTERDAY       15                         8      7        1
  MONTH TO DATE   44                        59    -15       52
  SINCE DEC 1     44                        59    -15       52
  SINCE JUL 1     61                       174   -113      123

 COOLING
  YESTERDAY        0                         1     -1        0
  MONTH TO DATE    6                        12     -6        0
  SINCE DEC 1      6                        12     -6        0
  SINCE JAN 1   4732                      4267    465     4325
..................................................................


WIND (MPH)
  HIGHEST WIND SPEED    20   HIGHEST WIND DIRECTION     N (350)
  HIGHEST GUST SPEED    30   HIGHEST GUST DIRECTION     N (350)
  AVERAGE WIND SPEED    13.7


SKY COVER
  POSSIBLE SUNSHINE  MM
  AVERAGE SKY COVER 0.9


WEATHER CONDITIONS
 THE FOLLOWING WEATHER WAS RECORDED YESTERDAY.
  RAIN
  LIGHT RAIN


RELATIVE HUMIDITY (PERCENT)
 HIGHEST   100           400 AM
 LOWEST     58          1100 PM

..........................................................


THE LAREDO CLIMATE NORMALS FOR TODAY
                         NORMAL    RECORD    YEAR
 MAXIMUM TEMPERATURE (F)   69        88      2004
 MINIMUM TEMPERATURE (F)   48        26      1917


SUNRISE AND SUNSET
DECEMBER  9 2016......SUNRISE   717 AM CST   SUNSET   544 PM CST
DECEMBER 10 2016......SUNRISE   718 AM CST   SUNSET   544 PM CST


-  INDICATES NEGATIVE NUMBERS.
R  INDICATES RECORD WAS SET OR TIED.
MM INDICATES DATA IS MISSING.
T  INDICATES TRACE AMOUNT.




$$
