000
CDUS44 KCRP 150653
CLILRD

CLIMATE REPORT
NATIONAL WEATHER SERVICE CORPUS CHRISTI TX
1250 AM CST FRI DEC 15 2017


...................................

...THE LAREDO CLIMATE SUMMARY FOR DECEMBER 14 2017...

CLIMATE NORMAL PERIOD 1981 TO 2010
CLIMATE RECORD PERIOD 1900 TO 2017


WEATHER ITEM   OBSERVED TIME   RECORD YEAR NORMAL DEPARTURE LAST
                VALUE   (LST)  VALUE       VALUE  FROM      YEAR
                                                  NORMAL
..................................................................
TEMPERATURE (F)
 YESTERDAY
  MAXIMUM         63    500 PM  90    1908  68     -5       66
  MINIMUM         47        MM  22    1985  47      0       54
  AVERAGE         55                        57     -2       60

PRECIPITATION (IN)
  YESTERDAY        T             0.56 1940   0.03  -0.03     0.00
  MONTH TO DATE    1.92                      0.36   1.56     1.56
  SINCE DEC 1      1.92                      0.36   1.56     1.56
  SINCE JAN 1     24.19                     19.68   4.51    24.44

SNOWFALL (IN)
  YESTERDAY       MM
  MONTH TO DATE    1.3
  SINCE DEC 1      1.3
  SINCE JUL 1      1.3

DEGREE DAYS
 HEATING
  YESTERDAY       10                         9      1        5
  MONTH TO DATE  126                       110     16      107
  SINCE DEC 1    126                       110     16      107
  SINCE JUL 1    195                       225    -30      124

 COOLING
  YESTERDAY        0                         1     -1        0
  MONTH TO DATE   37                        18     19        6
  SINCE DEC 1     37                        18     19        6
  SINCE JAN 1   4871                      4273    598     4732
..................................................................


WIND (MPH)
  HIGHEST WIND SPEED    MM   HIGHEST WIND DIRECTION    MM
  HIGHEST GUST SPEED    MM   HIGHEST GUST DIRECTION    MM
  AVERAGE WIND SPEED    MM


SKY COVER
  POSSIBLE SUNSHINE  MM
  AVERAGE SKY COVER 0.3


WEATHER CONDITIONS
 THE FOLLOWING WEATHER WAS RECORDED YESTERDAY.
  LIGHT RAIN


RELATIVE HUMIDITY (PERCENT)
 HIGHEST    83           800 PM
 LOWEST     62          1100 PM

..........................................................


THE LAREDO CLIMATE NORMALS FOR TODAY
                         NORMAL    RECORD    YEAR
 MAXIMUM TEMPERATURE (F)   68        88      1948
 MINIMUM TEMPERATURE (F)   47        23      1901


SUNRISE AND SUNSET
DECEMBER 15 2017......SUNRISE   721 AM CST   SUNSET   546 PM CST
DECEMBER 16 2017......SUNRISE   721 AM CST   SUNSET   546 PM CST


-  INDICATES NEGATIVE NUMBERS.
R  INDICATES RECORD WAS SET OR TIED.
MM INDICATES DATA IS MISSING.
T  INDICATES TRACE AMOUNT.

$$

GW
