000
CDUS44 KCRP 200039 RRA
CLILRD

CLIMATE REPORT
NATIONAL WEATHER SERVICE CORPUS CHRISTI TX
737 PM CDT SAT AUG 19 2017


...................................

...THE LAREDO CLIMATE SUMMARY FOR AUGUST 19 2017...
VALID TODAY AS OF 700 PM LOCAL TIME.

CLIMATE NORMAL PERIOD 1981 TO 2010
CLIMATE RECORD PERIOD 1900 TO 2017


WEATHER ITEM   OBSERVED TIME   RECORD YEAR NORMAL DEPARTURE LAST
                VALUE   (LST)  VALUE       VALUE  FROM      YEAR
                                                  NORMAL
..................................................................
TEMPERATURE (F)
 TODAY
  MAXIMUM        103        MM 110    1909 100      3       99
  MINIMUM         77        MM  66    1908  77      0       78
  AVERAGE         90                        89      1       89

PRECIPITATION (IN)
  TODAY            0.00          1.70 1981   0.07  -0.07     0.00
  MONTH TO DATE    0.73                      0.86  -0.13     1.19
  SINCE JUN 1      2.11                      5.10  -2.99     4.45
  SINCE JAN 1     12.51                     11.97   0.54    14.96

SNOWFALL (IN)
  TODAY            0.0
  MONTH TO DATE    0.0
  SINCE JUN 1      0.0
  SINCE JUL 1      0.0

DEGREE DAYS
 HEATING
  TODAY            0                         0      0        0
  MONTH TO DATE    0                         0      0        0
  SINCE JUN 1      0                         0      0        0
  SINCE JUL 1      0                         0      0        0

 COOLING
  TODAY           25                        24      1       24
  MONTH TO DATE  474                       456     18      469
  SINCE JUN 1   1931                      1829    102     1909
  SINCE JAN 1   3454                      2972    482     3173
..................................................................


WIND (MPH)
  HIGHEST WIND SPEED    15   HIGHEST WIND DIRECTION    SE (140)
  HIGHEST GUST SPEED    20   HIGHEST GUST DIRECTION    SE (120)


SKY COVER
  POSSIBLE SUNSHINE  MM
  AVERAGE SKY COVER 0.0


WEATHER CONDITIONS
 THE FOLLOWING WEATHER WAS RECORDED TODAY.
  NO SIGNIFICANT WEATHER WAS OBSERVED.


RELATIVE HUMIDITY (PERCENT)
 HIGHEST    85           600 AM
 LOWEST     27           400 PM
 AVERAGE    56

..........................................................


THE LAREDO CLIMATE NORMALS FOR TOMORROW
                         NORMAL    RECORD    YEAR
 MAXIMUM TEMPERATURE (F)  100       110      1986
 MINIMUM TEMPERATURE (F)   77        63      1908


SUNRISE AND SUNSET
AUGUST 19 2017........SUNRISE   711 AM CDT   SUNSET   812 PM CDT
AUGUST 20 2017........SUNRISE   711 AM CDT   SUNSET   811 PM CDT


-  INDICATES NEGATIVE NUMBERS.
R  INDICATES RECORD WAS SET OR TIED.
MM INDICATES DATA IS MISSING.
T  INDICATES TRACE AMOUNT.




$$
