000
CDUS44 KCRP 040019
CLILRD

CLIMATE REPORT
NATIONAL WEATHER SERVICE CORPUS CHRISTI TX
716 PM CDT THU SEP 3 2015


...................................

...THE LAREDO CLIMATE SUMMARY FOR SEPTEMBER 3 2015...
VALID TODAY AS OF 700 PM LOCAL TIME.

CLIMATE NORMAL PERIOD 1981 TO 2010
CLIMATE RECORD PERIOD 1900 TO 2015


WEATHER ITEM   OBSERVED TIME   RECORD YEAR NORMAL DEPARTURE LAST
                VALUE   (LST)  VALUE       VALUE  FROM      YEAR
                                                  NORMAL
..................................................................
TEMPERATURE (F)
 TODAY
  MAXIMUM        100    448 PM 106    2011  97      3       87
                                      1992
  MINIMUM         76    653 AM  66    1903  76      0       76
  AVERAGE         88                        86      2       82

PRECIPITATION (IN)
  TODAY            0.00          1.91 1990   0.11  -0.11     0.33
  MONTH TO DATE    0.00                      0.33  -0.33     0.35
  SINCE SEP 1      0.00                      0.33  -0.33     0.35
  SINCE JAN 1     19.99                     13.32   6.67     7.93

SNOWFALL (IN)
  TODAY            0.0
  MONTH TO DATE    0.0
  SINCE SEP 1      0.0
  SINCE JUL 1      0.0

DEGREE DAYS
 HEATING
  TODAY            0                         0      0        0
  MONTH TO DATE    0                         0      0        0
  SINCE SEP 1      0                         0      0        0
  SINCE JUL 1      0                         0      0        0

 COOLING
  TODAY           23                        21      2       17
  MONTH TO DATE   66                        64      2       69
  SINCE SEP 1     66                        64      2       69
  SINCE JAN 1   3155                      3307   -152     3502
..................................................................


WIND (MPH)
  HIGHEST WIND SPEED    17   HIGHEST WIND DIRECTION     E (80)
  HIGHEST GUST SPEED    21   HIGHEST GUST DIRECTION     E (80)


SKY COVER
  POSSIBLE SUNSHINE  MM
  AVERAGE SKY COVER 0.1


WEATHER CONDITIONS
 THE FOLLOWING WEATHER WAS RECORDED TODAY.
  NO SIGNIFICANT WEATHER WAS OBSERVED.


RELATIVE HUMIDITY (PERCENT)
 HIGHEST    94           600 AM
 LOWEST     32           500 PM
 AVERAGE    63

..........................................................


THE LAREDO CLIMATE NORMALS FOR TOMORROW
                         NORMAL    RECORD    YEAR
 MAXIMUM TEMPERATURE (F)   97       107      2000
 MINIMUM TEMPERATURE (F)   75        64      1974


SUNRISE AND SUNSET
SEPTEMBER  3 2015.....SUNRISE   718 AM CDT   SUNSET   756 PM CDT
SEPTEMBER  4 2015.....SUNRISE   718 AM CDT   SUNSET   755 PM CDT


-  INDICATES NEGATIVE NUMBERS.
R  INDICATES RECORD WAS SET OR TIED.
MM INDICATES DATA IS MISSING.
T  INDICATES TRACE AMOUNT.




$$
