000
CDUS44 KCRP 140022
CLILRD

CLIMATE REPORT
NATIONAL WEATHER SERVICE CORPUS CHRISTI TX
717 PM CDT SUN JUL 13 2014


...................................

...THE LAREDO CLIMATE SUMMARY FOR JULY 13 2014...
VALID TODAY AS OF 700 PM LOCAL TIME.

CLIMATE NORMAL PERIOD 1981 TO 2010
CLIMATE RECORD PERIOD 1900 TO 2014


WEATHER ITEM   OBSERVED TIME   RECORD YEAR NORMAL DEPARTURE LAST
                VALUE   (LST)  VALUE       VALUE  FROM      YEAR
                                                  NORMAL
..................................................................
TEMPERATURE (F)
 TODAY
  MAXIMUM        102    524 PM 112    1998  99      3      102
  MINIMUM         76    638 AM  65    1908  77     -1       75
  AVERAGE         89                        88      1       89

PRECIPITATION (IN)
  TODAY            0.00          1.93 1926   0.08  -0.08     0.00
  MONTH TO DATE    0.66                      1.04  -0.38      T
  SINCE JUN 1      1.21                      3.27  -2.06     2.01
  SINCE JAN 1      6.24                     10.14  -3.90     9.09

SNOWFALL (IN)
  TODAY            0.0
  MONTH TO DATE    0.0
  SINCE JUN 1      0.0
  SINCE JUL 1      0.0

DEGREE DAYS
 HEATING
  TODAY            0                         0      0        0
  MONTH TO DATE    0                         0      0        0
  SINCE JUN 1      0                         0      0        0
  SINCE JUL 1      0                         0      0        0

 COOLING
  TODAY           24                        23      1       24
  MONTH TO DATE  293                       299     -6      295
  SINCE JUN 1   1029                       959     70     1001
  SINCE JAN 1   2154                      2102     52     2202
..................................................................


WIND (MPH)
  HIGHEST WIND SPEED    20   HIGHEST WIND DIRECTION    SE (130)
  HIGHEST GUST SPEED    22   HIGHEST GUST DIRECTION    SE (120)


SKY COVER
  POSSIBLE SUNSHINE  MM
  AVERAGE SKY COVER 0.1


WEATHER CONDITIONS
 THE FOLLOWING WEATHER WAS RECORDED TODAY.
  HAZE


RELATIVE HUMIDITY (PERCENT)
 HIGHEST    90           600 AM
 LOWEST     27           400 PM
 AVERAGE    59

..........................................................


THE LAREDO CLIMATE NORMALS FOR TOMORROW
                         NORMAL    RECORD    YEAR
 MAXIMUM TEMPERATURE (F)   99       113      1998
 MINIMUM TEMPERATURE (F)   77        66      1908


SUNRISE AND SUNSET
JULY 13 2014..........SUNRISE   651 AM CDT   SUNSET   836 PM CDT
JULY 14 2014..........SUNRISE   652 AM CDT   SUNSET   835 PM CDT


-  INDICATES NEGATIVE NUMBERS.
R  INDICATES RECORD WAS SET OR TIED.
MM INDICATES DATA IS MISSING.
T  INDICATES TRACE AMOUNT.




$$
