000
CDUS44 KCRP 210642
CLILRD

CLIMATE REPORT
NATIONAL WEATHER SERVICE CORPUS CHRISTI TX
140 AM CDT TUE OCT 21 2014


...THE LAREDO CLIMATE SUMMARY FOR OCTOBER 20 2014...

CLIMATE NORMAL PERIOD 1981 TO 2010
CLIMATE RECORD PERIOD 1900 TO 2014


WEATHER ITEM   OBSERVED TIME   RECORD YEAR NORMAL DEPARTURE LAST
                VALUE   (LST)  VALUE       VALUE  FROM      YEAR
                                                  NORMAL
..................................................................
TEMPERATURE (F)
 YESTERDAY
  MAXIMUM         87    358 PM  96    1994  86      1       79
  MINIMUM         67    558 AM  40    1989  64      3       56
  AVERAGE         77                        75      2       68

PRECIPITATION (IN)
  YESTERDAY        T             2.90 1985   0.08  -0.08     0.00
  MONTH TO DATE    T                         1.60  -1.60     3.61
  SINCE SEP 1      5.80                      4.53   1.27     6.96
  SINCE JAN 1     13.38                     17.52  -4.14    19.83

SNOWFALL (IN)
  YESTERDAY        0.0
  MONTH TO DATE    0.0
  SINCE SEP 1      0.0
  SINCE JUL 1      0.0

DEGREE DAYS
 HEATING
  YESTERDAY        0                         0      0        0
  MONTH TO DATE    0                         0      0        0
  SINCE SEP 1      0                         1     -1        0
  SINCE JUL 1      0                         1     -1        0

 COOLING
  YESTERDAY       12                        10      2        3
  MONTH TO DATE  303                       247     56      265
  SINCE SEP 1    849                       789     60      825
  SINCE JAN 1   4282                      4032    250     4230
..................................................................


WIND (MPH)
  HIGHEST WIND SPEED    20   HIGHEST WIND DIRECTION     E (90)
  HIGHEST GUST SPEED    24   HIGHEST GUST DIRECTION     E (80)
  AVERAGE WIND SPEED     7.5


SKY COVER
  POSSIBLE SUNSHINE  MM
  AVERAGE SKY COVER 0.3


WEATHER CONDITIONS
 THE FOLLOWING WEATHER WAS RECORDED YESTERDAY.
  LIGHT RAIN


RELATIVE HUMIDITY (PERCENT)
 HIGHEST   100           600 AM
 LOWEST     48           400 PM

..........................................................


THE LAREDO CLIMATE NORMALS FOR TODAY
                         NORMAL    RECORD    YEAR
 MAXIMUM TEMPERATURE (F)   85       100      1926
 MINIMUM TEMPERATURE (F)   64        43      1976


SUNRISE AND SUNSET
OCTOBER 21 2014.......SUNRISE   741 AM CDT   SUNSET   703 PM CDT
OCTOBER 22 2014.......SUNRISE   742 AM CDT   SUNSET   702 PM CDT


-  INDICATES NEGATIVE NUMBERS.
R  INDICATES RECORD WAS SET OR TIED.
MM INDICATES DATA IS MISSING.
T  INDICATES TRACE AMOUNT.

$$

TMT
