000
CDUS44 KCRP 070911
CLILRD

CLIMATE REPORT
NATIONAL WEATHER SERVICE CORPUS CHRISTI TX
303 AM CST SUN FEB 7 2016


...................................

...THE LAREDO CLIMATE SUMMARY FOR FEBRUARY 6 2016...

CLIMATE NORMAL PERIOD 1981 TO 2010
CLIMATE RECORD PERIOD 1900 TO 2016


WEATHER ITEM   OBSERVED TIME   RECORD YEAR NORMAL DEPARTURE LAST
                VALUE   (LST)  VALUE       VALUE  FROM      YEAR
                                                  NORMAL
..................................................................
TEMPERATURE (F)
 YESTERDAY
  MAXIMUM         69        MM  98    1914  70     -1       60
  MINIMUM         41        MM  19    1912  49     -8       48
  AVERAGE         55                        59     -4       54

PRECIPITATION (IN)
  YESTERDAY        0.00          1.28 1967   0.03  -0.03     0.00
  MONTH TO DATE    0.00                      0.19  -0.19     0.17
  SINCE DEC 1      2.01                      1.97   0.04     1.71
  SINCE JAN 1      1.88                      1.09   0.79     0.76

SNOWFALL (IN)
  YESTERDAY        0.0
  MONTH TO DATE    0.0
  SINCE DEC 1      0.0
  SINCE JUL 1      0.0

DEGREE DAYS
 HEATING
  YESTERDAY       10                         7      3       11
  MONTH TO DATE   48                        45      3       68
  SINCE DEC 1    459                       609   -150      624
  SINCE JUL 1    530                       724   -194      782

 COOLING
  YESTERDAY        0                         2     -2        0
  MONTH TO DATE    8                         8      0        1
  SINCE DEC 1     78                        71      7       46
  SINCE JAN 1     15                        36    -21       10
..................................................................


WIND (MPH)
  HIGHEST WIND SPEED    17   HIGHEST WIND DIRECTION     N (340)
  HIGHEST GUST SPEED    23   HIGHEST GUST DIRECTION    NW (320)
  AVERAGE WIND SPEED     9.5


SKY COVER
  POSSIBLE SUNSHINE  MM
  AVERAGE SKY COVER 0.0


WEATHER CONDITIONS
 THE FOLLOWING WEATHER WAS RECORDED YESTERDAY.
  NO SIGNIFICANT WEATHER WAS OBSERVED.


RELATIVE HUMIDITY (PERCENT)
 HIGHEST    83           300 AM
 LOWEST     13           400 PM

..........................................................


THE LAREDO CLIMATE NORMALS FOR TODAY
                         NORMAL    RECORD    YEAR
 MAXIMUM TEMPERATURE (F)   70        92      1932
 MINIMUM TEMPERATURE (F)   49        20      1912


SUNRISE AND SUNSET
FEBRUARY  7 2016......SUNRISE   721 AM CST   SUNSET   623 PM CST
FEBRUARY  8 2016......SUNRISE   720 AM CST   SUNSET   624 PM CST


-  INDICATES NEGATIVE NUMBERS.
R  INDICATES RECORD WAS SET OR TIED.
MM INDICATES DATA IS MISSING.
T  INDICATES TRACE AMOUNT.




$$
