000
CDUS44 KCRP 280932
CLILRD

CLIMATE REPORT
NATIONAL WEATHER SERVICE CORPUS CHRISTI TX
327 AM CST SUN DEC 28 2014


...................................

...THE LAREDO CLIMATE SUMMARY FOR DECEMBER 27 2014...

CLIMATE NORMAL PERIOD 1981 TO 2010
CLIMATE RECORD PERIOD 1900 TO 2014


WEATHER ITEM   OBSERVED TIME   RECORD YEAR NORMAL DEPARTURE LAST
                VALUE   (LST)  VALUE       VALUE  FROM      YEAR
                                                  NORMAL
..................................................................
TEMPERATURE (F)
 YESTERDAY
  MAXIMUM         69    143 PM  90    2005  66      3       52
  MINIMUM         47   1155 PM  22    1983  46      1       47
  AVERAGE         58                        56      2       50

PRECIPITATION (IN)
  YESTERDAY        0.39          2.41 1994   0.03   0.36     0.40
  MONTH TO DATE    0.53                      0.75  -0.22     1.07
  SINCE DEC 1      0.53                      0.75  -0.22     1.07
  SINCE JAN 1     16.20                     20.07  -3.87    21.47

SNOWFALL (IN)
  YESTERDAY        0.0
  MONTH TO DATE    0.0
  SINCE DEC 1      0.0
  SINCE JUL 1      0.0

DEGREE DAYS
 HEATING
  YESTERDAY        7                        10     -3       15
  MONTH TO DATE  111                       235   -124      253
  SINCE DEC 1    111                       235   -124      253
  SINCE JUL 1    269                       350    -81      418

 COOLING
  YESTERDAY        0                         1     -1        0
  MONTH TO DATE   36                        31      5       37
  SINCE DEC 1     36                        31      5       37
  SINCE JAN 1   4511                      4286    225     4519
..................................................................


WIND (MPH)
  HIGHEST WIND SPEED    23   HIGHEST WIND DIRECTION    NW (330)
  HIGHEST GUST SPEED    26   HIGHEST GUST DIRECTION     N (360)
  AVERAGE WIND SPEED    10.4


SKY COVER
  POSSIBLE SUNSHINE  MM
  AVERAGE SKY COVER 1.0


WEATHER CONDITIONS
 THE FOLLOWING WEATHER WAS RECORDED YESTERDAY.
  LIGHT RAIN
  FOG


RELATIVE HUMIDITY (PERCENT)
 HIGHEST    97           700 AM
 LOWEST     52           100 PM

..........................................................


THE LAREDO CLIMATE NORMALS FOR TODAY
                         NORMAL    RECORD    YEAR
 MAXIMUM TEMPERATURE (F)   66        88      1940
 MINIMUM TEMPERATURE (F)   46        22      1904


SUNRISE AND SUNSET
DECEMBER 28 2014......SUNRISE   727 AM CST   SUNSET   552 PM CST
DECEMBER 29 2014......SUNRISE   727 AM CST   SUNSET   553 PM CST


-  INDICATES NEGATIVE NUMBERS.
R  INDICATES RECORD WAS SET OR TIED.
MM INDICATES DATA IS MISSING.
T  INDICATES TRACE AMOUNT.

$$

CB
