000
CDUS43 KARX 290651
CLILSE


CLIMATE REPORT
NATIONAL WEATHER SERVICE LA CROSSE WI
150 AM CDT TUE JUL 29 2014

...THE LA CROSSE WI CLIMATE SUMMARY FOR JULY 28 2014...

CLIMATE NORMAL PERIOD 1981 TO 2010
CLIMATE RECORD PERIOD 1873 TO 2014

WEATHER ITEM   OBSERVED TIME   RECORD YEAR NORMAL DEPARTURE LAST
                VALUE   (LST)  VALUE       VALUE  FROM      YEAR
                                                  NORMAL
..................................................................
TEMPERATURE (F)
 YESTERDAY
  MAXIMUM         78    232 PM  98    1955  84     -6       70
                                      1916
  MINIMUM         55    433 AM  50    1967  63     -8       51
                                      1928
                                      1925
  AVERAGE         67                        73     -6       61

PRECIPITATION (IN)
  YESTERDAY        0.00          1.61 1990   0.14  -0.14      T
  MONTH TO DATE    4.44                      3.85   0.59     1.36
  SINCE JUN 1     11.14                      8.19   2.95     7.18
  SINCE JAN 1     24.30                     19.26   5.04    26.11

SNOWFALL (IN)
  YESTERDAY        0.0           0.0  2002   0.0    0.0      0.0
                                      2001
  MONTH TO DATE    0.0                       0.0    0.0       T
  SINCE JUL 1      0.0                       0.0    0.0       T
  SNOW DEPTH       0

DEGREE DAYS
 HEATING
  YESTERDAY        0                         0      0        4
  MONTH TO DATE    3                         0      3       12
  SINCE JUL 1      3                         0      3       12

 COOLING
  YESTERDAY        2                         8     -6        0
  MONTH TO DATE  182                       249    -67      298
  SINCE JAN 1    463                       463      0      512
..................................................................

WIND (MPH)
  HIGHEST WIND SPEED    16   HIGHEST WIND DIRECTION    NW (320)
  HIGHEST GUST SPEED    19   HIGHEST GUST DIRECTION    NW (320)
  AVERAGE WIND SPEED     7.2

SKY COVER
  POSSIBLE SUNSHINE  MM
  AVERAGE SKY COVER 0.3

WEATHER CONDITIONS
 THE FOLLOWING WEATHER WAS RECORDED YESTERDAY.
  NO SIGNIFICANT WEATHER WAS OBSERVED.

RELATIVE HUMIDITY (PERCENT)
 HIGHEST    86           300 AM
 LOWEST     36           200 PM
 AVERAGE    61
..........................................................

THE LA CROSSE WI CLIMATE NORMALS FOR TODAY
                         NORMAL    RECORD    YEAR
 MAXIMUM TEMPERATURE (F)   84        98      1999
 MINIMUM TEMPERATURE (F)   63        49      1971

SUNRISE AND SUNSET
JULY 29 2014..........SUNRISE   550 AM CDT   SUNSET   832 PM CDT
JULY 30 2014..........SUNRISE   551 AM CDT   SUNSET   831 PM CDT

-  INDICATES NEGATIVE NUMBERS.
R  INDICATES RECORD WAS SET OR TIED.
MM INDICATES DATA IS MISSING.
T  INDICATES TRACE AMOUNT.

$$

BOYNE
