176
CDUS43 KARX 220653
CLILSE


CLIMATE REPORT
NATIONAL WEATHER SERVICE LA CROSSE WI
1251 AM CST MON JAN 22 2018


...................................

...THE LA CROSSE WI CLIMATE SUMMARY FOR JANUARY 21 2018...

CLIMATE NORMAL PERIOD 1981 TO 2010
CLIMATE RECORD PERIOD 1873 TO 2018


WEATHER ITEM   OBSERVED TIME   RECORD YEAR NORMAL DEPARTURE LAST
                VALUE   (LST)  VALUE       VALUE  FROM      YEAR
                                                  NORMAL
..................................................................
TEMPERATURE (F)
 YESTERDAY
  MAXIMUM         42   1021 PM  50    1921  26     16       43
                                      1908
  MINIMUM         21    626 AM -42    1888   8     13       38
  AVERAGE         32                        17     15       41

PRECIPITATION (IN)
  YESTERDAY        T             0.79 1917   0.04  -0.04     0.08
  MONTH TO DATE    0.46                      0.75  -0.29     2.02
  SINCE DEC 1      0.99                      2.11  -1.12     4.21
  SINCE JAN 1      0.46                      0.75  -0.29     2.02

SNOWFALL (IN)
  YESTERDAY        0.0          10.3  1917   0.3   -0.3      0.0
  MONTH TO DATE    8.1                       6.8    1.3      4.6
  SINCE JUL 1     12.5                      22.4   -9.9     25.4
  SNOW DEPTH       1

DEGREE DAYS
 HEATING
  YESTERDAY       33                        48    -15       24
  MONTH TO DATE 1048                      1004     44      923
  SINCE JUL 1   3612                      3848   -236     3058

 COOLING
  YESTERDAY        0                         0      0        0
  MONTH TO DATE    0                         0      0        0
  SINCE JAN 1      0                         0      0        0
..................................................................


WIND (MPH)
  HIGHEST WIND SPEED    15   HIGHEST WIND DIRECTION     E (80)
  HIGHEST GUST SPEED    22   HIGHEST GUST DIRECTION     E (90)
  AVERAGE WIND SPEED     2.4


SKY COVER
  POSSIBLE SUNSHINE  MM
  AVERAGE SKY COVER 0.8


WEATHER CONDITIONS
 THE FOLLOWING WEATHER WAS RECORDED YESTERDAY.
  LIGHT RAIN
  FOG
  FOG W/VISIBILITY <= 1/4 MILE
  HAZE


RELATIVE HUMIDITY (PERCENT)
 HIGHEST    96           400 AM
 LOWEST     73          1100 PM
 AVERAGE    85

..........................................................


THE LA CROSSE WI CLIMATE NORMALS FOR TODAY
                         NORMAL    RECORD    YEAR
 MAXIMUM TEMPERATURE (F)   26        51      1964
 MINIMUM TEMPERATURE (F)    9       -28      1936


SUNRISE AND SUNSET
JANUARY 22 2018.......SUNRISE   731 AM CST   SUNSET   502 PM CST
JANUARY 23 2018.......SUNRISE   731 AM CST   SUNSET   504 PM CST


-  INDICATES NEGATIVE NUMBERS.
R  INDICATES RECORD WAS SET OR TIED.
MM INDICATES DATA IS MISSING.
T  INDICATES TRACE AMOUNT.




$$
