000
CDUS45 KBYZ 260935
CLILVM


CLIMATE REPORT
NATIONAL WEATHER SERVICE BILLINGS MT
332 AM MDT FRI AUG 26 2016


...................................

...THE LIVINGSTON MT CLIMATE SUMMARY FOR AUGUST 25 2016...

CLIMATE NORMAL PERIOD 1981 TO 2010
CLIMATE RECORD PERIOD 1948 TO 2016


WEATHER ITEM   OBSERVED TIME   RECORD YEAR NORMAL DEPARTURE LAST
                VALUE   (LST)  VALUE       VALUE  FROM      YEAR
                                                  NORMAL
..................................................................
TEMPERATURE (F)
 YESTERDAY
  MAXIMUM         70    430 PM 100    2008  82    -12       94
  MINIMUM         34    554 AM  28    2012  45    -11       45
                                      1992
  AVERAGE         52                        64    -12       70

PRECIPITATION (IN)
  YESTERDAY        0.00          0.56 1987   0.03  -0.03     0.02
  MONTH TO DATE    1.16                      0.89   0.27     1.20
  SINCE OCT 1     12.05                     13.38  -1.33    11.85
  SINCE JAN 1      8.35                     11.01  -2.66    10.06

DEGREE DAYS
 HEATING
  YESTERDAY       13                         3     10        0
  MONTH TO DATE   47                        43      4       57
  SINCE JUN 1    158                       300   -142      121
  SINCE JUL 1     80                        93    -13       67

 COOLING
  YESTERDAY        0                         2     -2        5
  MONTH TO DATE   69                        79    -10       99
  SINCE JUN 1    291                       207     84      313
  SINCE JAN 1    291                       208     83      314
..................................................................


WIND (MPH)
  HIGHEST WIND SPEED    15   HIGHEST WIND DIRECTION     E (110)
  HIGHEST GUST SPEED    21   HIGHEST GUST DIRECTION    SE (120)
  AVERAGE WIND SPEED     7.6


SKY COVER
  POSSIBLE SUNSHINE  MM
  AVERAGE SKY COVER 0.0


WEATHER CONDITIONS
 THE FOLLOWING WEATHER WAS RECORDED YESTERDAY.
  NO SIGNIFICANT WEATHER WAS OBSERVED.


RELATIVE HUMIDITY (PERCENT)
 HIGHEST    96           500 AM
 LOWEST     22           400 PM
 AVERAGE    59

..........................................................


THE LIVINGSTON MT CLIMATE NORMALS FOR TODAY
                         NORMAL    RECORD    YEAR
 MAXIMUM TEMPERATURE (F)   81        99      2010
 MINIMUM TEMPERATURE (F)   45        34      1992


SUNRISE AND SUNSET
AUGUST 26 2016........SUNRISE   636 AM MDT   SUNSET   810 PM MDT
AUGUST 27 2016........SUNRISE   637 AM MDT   SUNSET   808 PM MDT


-  INDICATES NEGATIVE NUMBERS.
R  INDICATES RECORD WAS SET OR TIED.
MM INDICATES DATA IS MISSING.
T  INDICATES TRACE AMOUNT.





&&

THIS IS AN AUTOMATED...UNATTENDED WEATHER STATION AND MAY
UNDERESTIMATE WINTER PRECIPITATION.

$$
