000
CDUS45 KBYZ 312223
CLILVM


CLIMATE REPORT
NATIONAL WEATHER SERVICE BILLINGS MT
421 PM MDT TUE MAY 31 2016


...................................

...THE LIVINGSTON MT CLIMATE SUMMARY FOR MAY 31 2016...
VALID TODAY AS OF 0400 PM LOCAL TIME.

CLIMATE NORMAL PERIOD 1981 TO 2010
CLIMATE RECORD PERIOD 1948 TO 2016


WEATHER ITEM   OBSERVED TIME   RECORD YEAR NORMAL DEPARTURE LAST
                VALUE   (LST)  VALUE       VALUE  FROM      YEAR
                                                  NORMAL
..................................................................
TEMPERATURE (F)
 TODAY
  MAXIMUM         63    259 PM  89    1972  68     -5       83
  MINIMUM         40    441 AM  26    2005  41     -1       48
                                      1982
  AVERAGE         52                        54     -2       66

PRECIPITATION (IN)
  TODAY            0.00          1.06 2003   0.10  -0.10     0.02
  MONTH TO DATE    2.41                      2.66  -0.25     4.08
  SINCE OCT 1      8.77                      8.63   0.14     8.56
  SINCE JAN 1      5.07                      6.26  -1.19     6.77

DEGREE DAYS
 HEATING
  TODAY           13                        11      2        0
  MONTH TO DATE  417                       448    -31      445
  SINCE MAR 1   1716                      2048   -332     1673
  SINCE JUL 1   6319                      7396  -1077     6287

 COOLING
  TODAY            0                         0      0        1
  MONTH TO DATE    0                         1     -1        1
  SINCE MAR 1      0                         1     -1        1
  SINCE JAN 1      0                         1     -1        1
..................................................................


WIND (MPH)
  HIGHEST WIND SPEED    21   HIGHEST WIND DIRECTION     N (340)
  HIGHEST GUST SPEED    24   HIGHEST GUST DIRECTION     N (340)
  AVERAGE WIND SPEED    12.0


SKY COVER
  POSSIBLE SUNSHINE  MM
  AVERAGE SKY COVER 0.3


WEATHER CONDITIONS
 THE FOLLOWING WEATHER WAS RECORDED TODAY.
  NO SIGNIFICANT WEATHER WAS OBSERVED.


RELATIVE HUMIDITY (PERCENT)
 HIGHEST    76           300 AM
 LOWEST     34           200 PM
 AVERAGE    55

..........................................................


THE LIVINGSTON MT CLIMATE NORMALS FOR TOMORROW
                         NORMAL    RECORD    YEAR
 MAXIMUM TEMPERATURE (F)   69        86      1977
 MINIMUM TEMPERATURE (F)   41        30      1951


SUNRISE AND SUNSET
MAY 31 2016...........SUNRISE   536 AM MDT   SUNSET   904 PM MDT
JUNE  1 2016..........SUNRISE   535 AM MDT   SUNSET   904 PM MDT


-  INDICATES NEGATIVE NUMBERS.
R  INDICATES RECORD WAS SET OR TIED.
MM INDICATES DATA IS MISSING.
T  INDICATES TRACE AMOUNT.





&&

THIS IS AN AUTOMATED...UNATTENDED WEATHER STATION AND MAY
UNDERESTIMATE WINTER PRECIPITATION.

$$
