000
CDUS45 KBYZ 240723
CLILVM


CLIMATE REPORT
NATIONAL WEATHER SERVICE BILLINGS MT
123 AM MDT SAT JUN 24 2017


...................................

...THE LIVINGSTON MT CLIMATE SUMMARY FOR JUNE 23 2017...

CLIMATE NORMAL PERIOD 1981 TO 2010
CLIMATE RECORD PERIOD 1948 TO 2017


WEATHER ITEM   OBSERVED TIME   RECORD YEAR NORMAL DEPARTURE LAST
                VALUE   (LST)  VALUE       VALUE  FROM      YEAR
                                                  NORMAL
..................................................................
TEMPERATURE (F)
 YESTERDAY
  MAXIMUM         72    503 PM  96    2016  76     -4       96
  MINIMUM         32    512 AM  31    2003  46    -14       46
  AVERAGE         52                        61     -9       71

PRECIPITATION (IN)
  YESTERDAY        0.00          0.36 1967   0.06  -0.06     0.00
  MONTH TO DATE    1.54                      1.96  -0.42     0.55
  SINCE OCT 1     13.57                     10.59   2.98     9.32
  SINCE JAN 1      9.64                      8.22   1.42     5.62

DEGREE DAYS
 HEATING
  YESTERDAY       13                         5      8        0
  MONTH TO DATE  129                       179    -50       68
  SINCE JUN 1    129                       179    -50       68
  SINCE JUL 1   7119                      7575   -456     6388

 COOLING
  YESTERDAY        0                         1     -1        6
  MONTH TO DATE   17                         7     10       41
  SINCE JUN 1     17                         7     10       41
  SINCE JAN 1     17                         8      9       41
..................................................................


WIND (MPH)
  HIGHEST WIND SPEED    20   HIGHEST WIND DIRECTION     E (80)
  HIGHEST GUST SPEED    23   HIGHEST GUST DIRECTION     E (80)
  AVERAGE WIND SPEED     5.8


SKY COVER
  POSSIBLE SUNSHINE  MM
  AVERAGE SKY COVER 0.0


WEATHER CONDITIONS
 THE FOLLOWING WEATHER WAS RECORDED YESTERDAY.
  NO SIGNIFICANT WEATHER WAS OBSERVED.


RELATIVE HUMIDITY (PERCENT)
 HIGHEST    89           200 AM
 LOWEST     22          1200 PM
 AVERAGE    56

..........................................................


THE LIVINGSTON MT CLIMATE NORMALS FOR TODAY
                         NORMAL    RECORD    YEAR
 MAXIMUM TEMPERATURE (F)   77        99      2012
 MINIMUM TEMPERATURE (F)   46        34      1967


SUNRISE AND SUNSET
JUNE 24 2017..........SUNRISE   533 AM MDT   SUNSET   915 PM MDT
JUNE 25 2017..........SUNRISE   533 AM MDT   SUNSET   915 PM MDT


-  INDICATES NEGATIVE NUMBERS.
R  INDICATES RECORD WAS SET OR TIED.
MM INDICATES DATA IS MISSING.
T  INDICATES TRACE AMOUNT.




$$
