000
CDUS45 KBYZ 251034
CLILVM


CLIMATE REPORT
NATIONAL WEATHER SERVICE BILLINGS MT
333 AM MST SUN JAN 25 2015


...................................

...THE LIVINGSTON MT CLIMATE SUMMARY FOR JANUARY 24 2015...

CLIMATE NORMAL PERIOD 1981 TO 2010
CLIMATE RECORD PERIOD 1948 TO 2015


WEATHER ITEM   OBSERVED TIME   RECORD YEAR NORMAL DEPARTURE LAST
                VALUE   (LST)  VALUE       VALUE  FROM      YEAR
                                                  NORMAL
..................................................................
TEMPERATURE (F)
 YESTERDAY
  MAXIMUM         49    112 PM  60    2005  37     12       50
  MINIMUM         38    940 AM -30    1949  18     20       32
  AVERAGE         44                        27     17       41

PRECIPITATION (IN)
  YESTERDAY        0.00          0.14        0.01  -0.01     0.00
  MONTH TO DATE    0.54                      0.38   0.16     0.19
  SINCE OCT 1      2.33                      2.75  -0.42     2.48
  SINCE JAN 1      0.54                      0.38   0.16     0.19

DEGREE DAYS
 HEATING
  YESTERDAY       21                        38    -17       24
  MONTH TO DATE  841                       916    -75      724
  SINCE DEC 1   1888                      2122   -234     1972
  SINCE JUL 1   3626                      4081   -455     3679

 COOLING
  YESTERDAY        0                         0      0        0
  MONTH TO DATE    0                         0      0        0
  SINCE DEC 1      0                         0      0        0
  SINCE JAN 1      0                         0      0        0
..................................................................


WIND (MPH)
  HIGHEST WIND SPEED    52   HIGHEST WIND DIRECTION    SW (220)
  HIGHEST GUST SPEED    68   HIGHEST GUST DIRECTION    SW (210)
  AVERAGE WIND SPEED    28.8


SKY COVER
  POSSIBLE SUNSHINE  MM
  AVERAGE SKY COVER 0.5


WEATHER CONDITIONS
 THE FOLLOWING WEATHER WAS RECORDED YESTERDAY.
  NO SIGNIFICANT WEATHER WAS OBSERVED.


RELATIVE HUMIDITY (PERCENT)
 HIGHEST    64           900 AM
 LOWEST     41          1200 AM
 AVERAGE    53

..........................................................


THE LIVINGSTON MT CLIMATE NORMALS FOR TODAY
                         NORMAL    RECORD    YEAR
 MAXIMUM TEMPERATURE (F)   37        59      2006
 MINIMUM TEMPERATURE (F)   18       -31      1957


SUNRISE AND SUNSET
JANUARY 25 2015.......SUNRISE   751 AM MST   SUNSET   518 PM MST
JANUARY 26 2015.......SUNRISE   750 AM MST   SUNSET   519 PM MST


-  INDICATES NEGATIVE NUMBERS.
R  INDICATES RECORD WAS SET OR TIED.
MM INDICATES DATA IS MISSING.
T  INDICATES TRACE AMOUNT.





&&

THIS IS AN AUTOMATED...UNATTENDED WEATHER STATION AND MAY
UNDERESTIMATE WINTER PRECIPITATION.

$$
