000
CDUS45 KBYZ 312221
CLILVM


CLIMATE REPORT
NATIONAL WEATHER SERVICE BILLINGS MT
420 PM MDT THU JUL 31 2014


...................................

...THE LIVINGSTON MT CLIMATE SUMMARY FOR JULY 31 2014...
VALID TODAY AS OF 0400 PM LOCAL TIME.

CLIMATE NORMAL PERIOD 1981 TO 2010
CLIMATE RECORD PERIOD 1948 TO 2014


WEATHER ITEM   OBSERVED TIME   RECORD YEAR NORMAL DEPARTURE LAST
                VALUE   (LST)  VALUE       VALUE  FROM      YEAR
                                                  NORMAL
..................................................................
TEMPERATURE (F)
 TODAY
  MAXIMUM         92    252 PM 100    2000  87      5       93
  MINIMUM         52    441 AM  37    1995  50      2       42
  AVERAGE         72                        68      4       68

PRECIPITATION (IN)
  TODAY            0.00          0.54 1975   0.04  -0.04      T
  MONTH TO DATE    0.45                      1.47  -1.02     1.29
  SINCE OCT 1     11.54                     12.49  -0.95     9.38
  SINCE JAN 1      9.25                     10.12  -0.87     7.08

DEGREE DAYS
 HEATING
  TODAY            0                         1     -1        0
  MONTH TO DATE    9                        50    -41        0
  SINCE JUN 1    204                       257    -53      137
  SINCE JUL 1      9                        50    -41        0

 COOLING
  TODAY            7                         4      3        3
  MONTH TO DATE  173                       109     64      186
  SINCE JUN 1    175                       128     47      228
  SINCE JAN 1    180                       129     51      236
..................................................................


WIND (MPH)
  HIGHEST WIND SPEED    17   HIGHEST WIND DIRECTION    NW (330)
  HIGHEST GUST SPEED    22   HIGHEST GUST DIRECTION    SW (220)
  AVERAGE WIND SPEED     9.9


SKY COVER
  POSSIBLE SUNSHINE  MM
  AVERAGE SKY COVER 0.0


WEATHER CONDITIONS
 THE FOLLOWING WEATHER WAS RECORDED TODAY.
  THUNDERSTORM


RELATIVE HUMIDITY (PERCENT)
 HIGHEST    59           500 AM
 LOWEST     14           200 PM
 AVERAGE    37

..........................................................


THE LIVINGSTON MT CLIMATE NORMALS FOR TOMORROW
                         NORMAL    RECORD    YEAR
 MAXIMUM TEMPERATURE (F)   87       101      2000
 MINIMUM TEMPERATURE (F)   50        37      2002


SUNRISE AND SUNSET
JULY 31 2014..........SUNRISE   604 AM MDT   SUNSET   852 PM MDT
AUGUST  1 2014........SUNRISE   605 AM MDT   SUNSET   850 PM MDT


-  INDICATES NEGATIVE NUMBERS.
R  INDICATES RECORD WAS SET OR TIED.
MM INDICATES DATA IS MISSING.
T  INDICATES TRACE AMOUNT.





&&

THIS IS AN AUTOMATED...UNATTENDED WEATHER STATION AND MAY
UNDERESTIMATE WINTER PRECIPITATION.

$$
