000
CDUS45 KBYZ 020932
CLILVM


CLIMATE REPORT
NATIONAL WEATHER SERVICE BILLINGS MT
330 AM MDT THU OCT 2 2014


...................................

...THE LIVINGSTON MT CLIMATE SUMMARY FOR OCTOBER 1 2014...

CLIMATE NORMAL PERIOD 1981 TO 2010
CLIMATE RECORD PERIOD 1948 TO 2014


WEATHER ITEM   OBSERVED TIME   RECORD YEAR NORMAL DEPARTURE LAST
                VALUE   (LST)  VALUE       VALUE  FROM      YEAR
                                                  NORMAL
..................................................................
TEMPERATURE (F)
 YESTERDAY
  MAXIMUM         57    324 PM  91    2011  65     -8       63
  MINIMUM         38    619 AM  10    1950  35      3       38
  AVERAGE         48                        50     -2       51

PRECIPITATION (IN)
  YESTERDAY        T             0.90 1989   0.05  -0.05     0.11
  MONTH TO DATE    T                         0.05  -0.05     0.11
  SINCE OCT 1      T                         0.05  -0.05     0.11
  SINCE JAN 1     13.67                     12.49   1.18     9.90

DEGREE DAYS
 HEATING
  YESTERDAY       17                        15      2       14
  MONTH TO DATE   17                        15      2       14
  SINCE SEP 1    261                       306    -45      187
  SINCE JUL 1    330                       424    -94      187

 COOLING
  YESTERDAY        0                         0      0        0
  MONTH TO DATE    0                         0      0        0
  SINCE SEP 1     18                        14      4       56
  SINCE JAN 1    321                       229     92      495
..................................................................


WIND (MPH)
  HIGHEST WIND SPEED    26   HIGHEST WIND DIRECTION    SW (240)
  HIGHEST GUST SPEED    32   HIGHEST GUST DIRECTION    SW (240)
  AVERAGE WIND SPEED    16.0


SKY COVER
  POSSIBLE SUNSHINE  MM
  AVERAGE SKY COVER 0.5


WEATHER CONDITIONS
 THE FOLLOWING WEATHER WAS RECORDED YESTERDAY.
  NO SIGNIFICANT WEATHER WAS OBSERVED.


RELATIVE HUMIDITY (PERCENT)
 HIGHEST    70           500 AM
 LOWEST     41           400 PM
 AVERAGE    56

..........................................................


THE LIVINGSTON MT CLIMATE NORMALS FOR TODAY
                         NORMAL    RECORD    YEAR
 MAXIMUM TEMPERATURE (F)   64        86      2010
 MINIMUM TEMPERATURE (F)   35        15      1950


SUNRISE AND SUNSET
OCTOBER  2 2014.......SUNRISE   721 AM MDT   SUNSET   700 PM MDT
OCTOBER  3 2014.......SUNRISE   723 AM MDT   SUNSET   658 PM MDT


-  INDICATES NEGATIVE NUMBERS.
R  INDICATES RECORD WAS SET OR TIED.
MM INDICATES DATA IS MISSING.
T  INDICATES TRACE AMOUNT.





&&

THIS IS AN AUTOMATED...UNATTENDED WEATHER STATION AND MAY
UNDERESTIMATE WINTER PRECIPITATION.

$$
