000
CDUS45 KBYZ 230936
CLILVM


CLIMATE REPORT
NATIONAL WEATHER SERVICE BILLINGS MT
334 AM MDT TUE SEP 23 2014


...................................

...THE LIVINGSTON MT CLIMATE SUMMARY FOR SEPTEMBER 22 2014...

CLIMATE NORMAL PERIOD 1981 TO 2010
CLIMATE RECORD PERIOD 1948 TO 2014


WEATHER ITEM   OBSERVED TIME   RECORD YEAR NORMAL DEPARTURE LAST
                VALUE   (LST)  VALUE       VALUE  FROM      YEAR
                                                  NORMAL
..................................................................
TEMPERATURE (F)
 YESTERDAY
  MAXIMUM         74    300 PM  90    1987  69      5       73
  MINIMUM         51    148 AM  22    2000  38     13       49
  AVERAGE         63                        53     10       61

PRECIPITATION (IN)
  YESTERDAY        0.00          0.71 1951   0.04  -0.04     0.12
  MONTH TO DATE    0.59                      0.85  -0.26     1.61
  SINCE OCT 1     14.82                     14.45   0.37    11.39
  SINCE JAN 1     12.53                     12.08   0.45     9.09

DEGREE DAYS
 HEATING
  YESTERDAY        2                        12    -10        4
  MONTH TO DATE  186                       182      4       57
  SINCE SEP 1    186                       182      4       57
  SINCE JUL 1    255                       300    -45       57

 COOLING
  YESTERDAY        0                         0      0        0
  MONTH TO DATE    4                        13     -9       56
  SINCE SEP 1      4                        13     -9       56
  SINCE JAN 1    307                       228     79      495
..................................................................


WIND (MPH)
  HIGHEST WIND SPEED    29   HIGHEST WIND DIRECTION    SW (220)
  HIGHEST GUST SPEED    36   HIGHEST GUST DIRECTION    SW (220)
  AVERAGE WIND SPEED    14.2


SKY COVER
  POSSIBLE SUNSHINE  MM
  AVERAGE SKY COVER 0.6


WEATHER CONDITIONS
 THE FOLLOWING WEATHER WAS RECORDED YESTERDAY.
  NO SIGNIFICANT WEATHER WAS OBSERVED.


RELATIVE HUMIDITY (PERCENT)
 HIGHEST    77          1200 AM
 LOWEST     41           300 PM
 AVERAGE    59

..........................................................


THE LIVINGSTON MT CLIMATE NORMALS FOR TODAY
                         NORMAL    RECORD    YEAR
 MAXIMUM TEMPERATURE (F)   69        91      1987
 MINIMUM TEMPERATURE (F)   37        23      1993


SUNRISE AND SUNSET
SEPTEMBER 23 2014.....SUNRISE   710 AM MDT   SUNSET   717 PM MDT
SEPTEMBER 24 2014.....SUNRISE   711 AM MDT   SUNSET   715 PM MDT


-  INDICATES NEGATIVE NUMBERS.
R  INDICATES RECORD WAS SET OR TIED.
MM INDICATES DATA IS MISSING.
T  INDICATES TRACE AMOUNT.





&&

THIS IS AN AUTOMATED...UNATTENDED WEATHER STATION AND MAY
UNDERESTIMATE WINTER PRECIPITATION.

$$
