000
CDUS45 KBYZ 280937
CLILVM


CLIMATE REPORT
NATIONAL WEATHER SERVICE BILLINGS MT
331 AM MDT FRI AUG 28 2015


...................................

...THE LIVINGSTON MT CLIMATE SUMMARY FOR AUGUST 27 2015...

CLIMATE NORMAL PERIOD 1981 TO 2010
CLIMATE RECORD PERIOD 1948 TO 2015


WEATHER ITEM   OBSERVED TIME   RECORD YEAR NORMAL DEPARTURE LAST
                VALUE   (LST)  VALUE       VALUE  FROM      YEAR
                                                  NORMAL
..................................................................
TEMPERATURE (F)
 YESTERDAY
  MAXIMUM         85    255 PM  98    2011  81      4       84
  MINIMUM         56    621 AM  35    1993  45     11       47
  AVERAGE         71                        63      8       66

PRECIPITATION (IN)
  YESTERDAY        0.01          0.33 1979   0.04  -0.03     0.00
  MONTH TO DATE    1.21                      0.97   0.24     2.23
  SINCE OCT 1     11.86                     13.46  -1.60    13.77
  SINCE JAN 1     10.07                     11.09  -1.02    11.48

DEGREE DAYS
 HEATING
  YESTERDAY        0                         4     -4        0
  MONTH TO DATE   57                        50      7       51
  SINCE JUN 1    121                       307   -186      255
  SINCE JUL 1     67                       100    -33       60

 COOLING
  YESTERDAY        6                         2      4        1
  MONTH TO DATE  108                        83     25      117
  SINCE JUN 1    322                       211    111      292
  SINCE JAN 1    323                       212    111      297
..................................................................


WIND (MPH)
  HIGHEST WIND SPEED    36   HIGHEST WIND DIRECTION    NW (300)
  HIGHEST GUST SPEED    57   HIGHEST GUST DIRECTION    NW (330)
  AVERAGE WIND SPEED    12.2


SKY COVER
  POSSIBLE SUNSHINE  MM
  AVERAGE SKY COVER 0.1


WEATHER CONDITIONS
 THE FOLLOWING WEATHER WAS RECORDED YESTERDAY.
  RAIN
  LIGHT RAIN
  HAZE


RELATIVE HUMIDITY (PERCENT)
 HIGHEST    57           500 AM
 LOWEST     20           300 PM
 AVERAGE    39

..........................................................


THE LIVINGSTON MT CLIMATE NORMALS FOR TODAY
                         NORMAL    RECORD    YEAR
 MAXIMUM TEMPERATURE (F)   81       100      2012
 MINIMUM TEMPERATURE (F)   45        36      1964


SUNRISE AND SUNSET
AUGUST 28 2015........SUNRISE   638 AM MDT   SUNSET   807 PM MDT
AUGUST 29 2015........SUNRISE   639 AM MDT   SUNSET   806 PM MDT


-  INDICATES NEGATIVE NUMBERS.
R  INDICATES RECORD WAS SET OR TIED.
MM INDICATES DATA IS MISSING.
T  INDICATES TRACE AMOUNT.





&&

THIS IS AN AUTOMATED...UNATTENDED WEATHER STATION AND MAY
UNDERESTIMATE WINTER PRECIPITATION.

$$
