000
CDUS45 KBYZ 222322
CLILVM


CLIMATE REPORT
NATIONAL WEATHER SERVICE BILLINGS MT
421 PM MST SAT NOV 22 2014


...................................

...THE LIVINGSTON MT CLIMATE SUMMARY FOR NOVEMBER 22 2014...
VALID TODAY AS OF 0400 PM LOCAL TIME.

CLIMATE NORMAL PERIOD 1981 TO 2010
CLIMATE RECORD PERIOD 1948 TO 2014


WEATHER ITEM   OBSERVED TIME   RECORD YEAR NORMAL DEPARTURE LAST
                VALUE   (LST)  VALUE       VALUE  FROM      YEAR
                                                  NORMAL
..................................................................
TEMPERATURE (F)
 TODAY
  MAXIMUM         47    421 AM  72    2002  41      6       29
  MINIMUM         38    152 PM -21    1985  22     16        4
  AVERAGE         43                        31     12       17

PRECIPITATION (IN)
  TODAY            0.07          0.27        0.02   0.05     0.00
  MONTH TO DATE    0.42                      0.43  -0.01     0.36
  SINCE OCT 1      0.71                      1.69  -0.98     1.51
  SINCE JAN 1     14.38                     14.13   0.25    11.30

DEGREE DAYS
 HEATING
  TODAY           22                        34    -12       48
  MONTH TO DATE  776                       648    128      616
  SINCE SEP 1   1425                      1558   -133     1468
  SINCE JUL 1   1494                      1676   -182     1468

 COOLING
  TODAY            0                         0      0        0
  MONTH TO DATE    0                         0      0        0
  SINCE SEP 1     18                        15      3       56
  SINCE JAN 1    321                       230     91      495
..................................................................


WIND (MPH)
  HIGHEST WIND SPEED    52   HIGHEST WIND DIRECTION    SW (210)
  HIGHEST GUST SPEED    67   HIGHEST GUST DIRECTION    SW (210)
  AVERAGE WIND SPEED    34.4


SKY COVER
  POSSIBLE SUNSHINE  MM
  AVERAGE SKY COVER 0.7


WEATHER CONDITIONS
 THE FOLLOWING WEATHER WAS RECORDED TODAY.
  LIGHT RAIN
  FOG


RELATIVE HUMIDITY (PERCENT)
 HIGHEST    93           100 PM
 LOWEST     42          1200 AM
 AVERAGE    68

..........................................................


THE LIVINGSTON MT CLIMATE NORMALS FOR TOMORROW
                         NORMAL    RECORD    YEAR
 MAXIMUM TEMPERATURE (F)   40        58      2005
                                             1995
 MINIMUM TEMPERATURE (F)   22       -15      1985


SUNRISE AND SUNSET
NOVEMBER 22 2014......SUNRISE   731 AM MST   SUNSET   445 PM MST
NOVEMBER 23 2014......SUNRISE   732 AM MST   SUNSET   444 PM MST


-  INDICATES NEGATIVE NUMBERS.
R  INDICATES RECORD WAS SET OR TIED.
MM INDICATES DATA IS MISSING.
T  INDICATES TRACE AMOUNT.




$$
