000
CDUS45 KBYZ 032325
CLILVM


CLIMATE REPORT
NATIONAL WEATHER SERVICE BILLINGS MT
423 PM MST TUE MAR 3 2015


...................................

...THE LIVINGSTON MT CLIMATE SUMMARY FOR MARCH 3 2015...
VALID TODAY AS OF 0400 PM LOCAL TIME.

CLIMATE NORMAL PERIOD 1981 TO 2010
CLIMATE RECORD PERIOD 1948 TO 2015


WEATHER ITEM   OBSERVED TIME   RECORD YEAR NORMAL DEPARTURE LAST
                VALUE   (LST)  VALUE       VALUE  FROM      YEAR
                                                  NORMAL
..................................................................
TEMPERATURE (F)
 TODAY
  MAXIMUM         19    307 PM  64    1994  44    -25       46
  MINIMUM          6    732 AM -17    1976  21    -15        1
  AVERAGE         13                        32    -19       24

PRECIPITATION (IN)
  TODAY            T             0.18        0.02  -0.02     0.16
  MONTH TO DATE    T                         0.06  -0.06     0.16
  SINCE OCT 1      2.98                      3.42  -0.44     3.55
  SINCE JAN 1      1.19                      1.05   0.14     1.26

DEGREE DAYS
 HEATING
  TODAY           52                        33     19       41
  MONTH TO DATE  135                        99     36      187
  SINCE MAR 1    135                        99     36      187
  SINCE JUL 1   4749                      5447   -698     5430

 COOLING
  TODAY            0                         0      0        0
  MONTH TO DATE    0                         0      0        0
  SINCE MAR 1      0                         0      0        0
  SINCE JAN 1      0                         0      0        0
..................................................................


WIND (MPH)
  HIGHEST WIND SPEED    21   HIGHEST WIND DIRECTION     W (270)
  HIGHEST GUST SPEED    26   HIGHEST GUST DIRECTION     E (90)
  AVERAGE WIND SPEED    11.7


SKY COVER
  POSSIBLE SUNSHINE  MM
  AVERAGE SKY COVER 0.7


WEATHER CONDITIONS
 THE FOLLOWING WEATHER WAS RECORDED TODAY.
  LIGHT SNOW
  HAZE


RELATIVE HUMIDITY (PERCENT)
 HIGHEST    80          1200 AM
 LOWEST     46           100 PM
 AVERAGE    63

..........................................................


THE LIVINGSTON MT CLIMATE NORMALS FOR TOMORROW
                         NORMAL    RECORD    YEAR
 MAXIMUM TEMPERATURE (F)   45        68      1987
 MINIMUM TEMPERATURE (F)   21       -11      1989


SUNRISE AND SUNSET
MARCH  3 2015.........SUNRISE   657 AM MST   SUNSET   611 PM MST
MARCH  4 2015.........SUNRISE   655 AM MST   SUNSET   612 PM MST


-  INDICATES NEGATIVE NUMBERS.
R  INDICATES RECORD WAS SET OR TIED.
MM INDICATES DATA IS MISSING.
T  INDICATES TRACE AMOUNT.





&&

THIS IS AN AUTOMATED...UNATTENDED WEATHER STATION AND MAY
UNDERESTIMATE WINTER PRECIPITATION.

$$
