000
CDUS45 KBYZ 190723
CLILVM


CLIMATE REPORT
NATIONAL WEATHER SERVICE BILLINGS MT
123 AM MDT SAT AUG 19 2017


...................................

...THE LIVINGSTON MT CLIMATE SUMMARY FOR AUGUST 18 2017...

CLIMATE NORMAL PERIOD 1981 TO 2010
CLIMATE RECORD PERIOD 1948 TO 2017


WEATHER ITEM   OBSERVED TIME   RECORD YEAR NORMAL DEPARTURE LAST
                VALUE   (LST)  VALUE       VALUE  FROM      YEAR
                                                  NORMAL
..................................................................
TEMPERATURE (F)
 YESTERDAY
  MAXIMUM         90    358 PM  96    2013  84      6       72
                                      2008
                                      1964
  MINIMUM         45    341 AM  34    1987  47     -2       49
  AVERAGE         68                        66      2       61

PRECIPITATION (IN)
  YESTERDAY        0.00          0.47 1995   0.04  -0.04     0.33
  MONTH TO DATE    0.68                      0.65   0.03     0.52
  SINCE OCT 1     14.78                     13.14   1.64    11.41
  SINCE JAN 1     10.85                     10.77   0.08     7.71

DEGREE DAYS
 HEATING
  YESTERDAY        0                         2     -2        4
  MONTH TO DATE   16                        24     -8       10
  SINCE JUN 1    176                       281   -105      121
  SINCE JUL 1     18                        74    -56       43

 COOLING
  YESTERDAY        3                         3      0        0
  MONTH TO DATE   25                        64    -39       63
  SINCE JUN 1    281                       192     89      285
  SINCE JAN 1    281                       193     88      285
..................................................................


WIND (MPH)
  HIGHEST WIND SPEED    25   HIGHEST WIND DIRECTION     W (270)
  HIGHEST GUST SPEED    30   HIGHEST GUST DIRECTION     W (280)
  AVERAGE WIND SPEED     9.5


SKY COVER
  POSSIBLE SUNSHINE  MM
  AVERAGE SKY COVER 0.0


WEATHER CONDITIONS
 THE FOLLOWING WEATHER WAS RECORDED YESTERDAY.
  NO SIGNIFICANT WEATHER WAS OBSERVED.


RELATIVE HUMIDITY (PERCENT)
 HIGHEST    71          1200 AM
 LOWEST      9           300 PM
 AVERAGE    40

..........................................................


THE LIVINGSTON MT CLIMATE NORMALS FOR TODAY
                         NORMAL    RECORD    YEAR
 MAXIMUM TEMPERATURE (F)   84        98      2008
 MINIMUM TEMPERATURE (F)   47        36      1996


SUNRISE AND SUNSET
AUGUST 19 2017........SUNRISE   627 AM MDT   SUNSET   822 PM MDT
AUGUST 20 2017........SUNRISE   629 AM MDT   SUNSET   821 PM MDT


-  INDICATES NEGATIVE NUMBERS.
R  INDICATES RECORD WAS SET OR TIED.
MM INDICATES DATA IS MISSING.
T  INDICATES TRACE AMOUNT.




$$
