812
CDUS45 KBYZ 222223
CLILVM


CLIMATE REPORT
NATIONAL WEATHER SERVICE BILLINGS MT
423 PM MDT SUN OCT 22 2017


...................................

...THE LIVINGSTON MT CLIMATE SUMMARY FOR OCTOBER 22 2017...
VALID TODAY AS OF 0400 PM LOCAL TIME.

CLIMATE NORMAL PERIOD 1981 TO 2010
CLIMATE RECORD PERIOD 1948 TO 2017


WEATHER ITEM   OBSERVED TIME   RECORD YEAR NORMAL DEPARTURE LAST
                VALUE   (LST)  VALUE       VALUE  FROM      YEAR
                                                  NORMAL
..................................................................
TEMPERATURE (F)
 TODAY
  MAXIMUM         61   1215 PM  82    2003  56      5       62
  MINIMUM         47    128 AM  13    1957  30     17       36
  AVERAGE         54                        43     11       49

PRECIPITATION (IN)
  TODAY            T             0.45 1975   0.03  -0.03     0.00
  MONTH TO DATE    0.22                      0.98  -0.76     1.86
  SINCE OCT 1      0.22                      0.98  -0.76     1.86
  SINCE JAN 1     14.01                     13.42   0.59    11.85

DEGREE DAYS
 HEATING
  TODAY           11                        22    -11       16
  MONTH TO DATE  390                       407    -17      380
  SINCE SEP 1    706                       698      8      642
  SINCE JUL 1    729                       816    -87      730

 COOLING
  TODAY            0                         0      0        0
  MONTH TO DATE    1                         0      1        0
  SINCE SEP 1     53                        14     39       17
  SINCE JAN 1    397                       229    168      329
..................................................................


WIND (MPH)
  HIGHEST WIND SPEED    53   HIGHEST WIND DIRECTION    SW (210)
  HIGHEST GUST SPEED    69   HIGHEST GUST DIRECTION    SW (210)
  AVERAGE WIND SPEED    39.9


SKY COVER
  POSSIBLE SUNSHINE  MM
  AVERAGE SKY COVER 0.8


WEATHER CONDITIONS
 THE FOLLOWING WEATHER WAS RECORDED TODAY.
  NO SIGNIFICANT WEATHER WAS OBSERVED.


RELATIVE HUMIDITY (PERCENT)
 HIGHEST    46           200 AM
 LOWEST     36          1200 PM
 AVERAGE    41

..........................................................


THE LIVINGSTON MT CLIMATE NORMALS FOR TOMORROW
                         NORMAL    RECORD    YEAR
 MAXIMUM TEMPERATURE (F)   56        76      1948
 MINIMUM TEMPERATURE (F)   30         9      1957


SUNRISE AND SUNSET
OCTOBER 22 2017.......SUNRISE   748 AM MDT   SUNSET   623 PM MDT
OCTOBER 23 2017.......SUNRISE   750 AM MDT   SUNSET   622 PM MDT


-  INDICATES NEGATIVE NUMBERS.
R  INDICATES RECORD WAS SET OR TIED.
MM INDICATES DATA IS MISSING.
T  INDICATES TRACE AMOUNT.




$$
