000
CDUS45 KBYZ 212223
CLILVM


CLIMATE REPORT
NATIONAL WEATHER SERVICE BILLINGS MT
421 PM MDT TUE OCT 21 2014


...................................

...THE LIVINGSTON MT CLIMATE SUMMARY FOR OCTOBER 21 2014...
VALID TODAY AS OF 0400 PM LOCAL TIME.

CLIMATE NORMAL PERIOD 1981 TO 2010
CLIMATE RECORD PERIOD 1948 TO 2014


WEATHER ITEM   OBSERVED TIME   RECORD YEAR NORMAL DEPARTURE LAST
                VALUE   (LST)  VALUE       VALUE  FROM      YEAR
                                                  NORMAL
..................................................................
TEMPERATURE (F)
 TODAY
  MAXIMUM         69   1223 PM  81    2003  57     12       62
  MINIMUM         39    543 AM   7    1981  31      8       33
  AVERAGE         54                        44     10       48

PRECIPITATION (IN)
  TODAY            0.00          1.34 1975   0.04  -0.04     0.00
  MONTH TO DATE    0.23                      0.95  -0.72     1.14
  SINCE OCT 1      0.23                      0.95  -0.72     1.14
  SINCE JAN 1     13.90                     13.39   0.51    10.93

DEGREE DAYS
 HEATING
  TODAY           11                        22    -11       17
  MONTH TO DATE  236                       385   -149      460
  SINCE SEP 1    480                       676   -196      633
  SINCE JUL 1    549                       794   -245      633

 COOLING
  TODAY            0                         0      0        0
  MONTH TO DATE    0                         0      0        0
  SINCE SEP 1     18                        14      4       56
  SINCE JAN 1    321                       229     92      495
..................................................................


WIND (MPH)
  HIGHEST WIND SPEED    47   HIGHEST WIND DIRECTION    SW (230)
  HIGHEST GUST SPEED    56   HIGHEST GUST DIRECTION    SW (220)
  AVERAGE WIND SPEED    15.8


SKY COVER
  POSSIBLE SUNSHINE  MM
  AVERAGE SKY COVER 0.2


WEATHER CONDITIONS
 THE FOLLOWING WEATHER WAS RECORDED TODAY.
  NO SIGNIFICANT WEATHER WAS OBSERVED.


RELATIVE HUMIDITY (PERCENT)
 HIGHEST    70           600 AM
 LOWEST     24           300 PM
 AVERAGE    47

..........................................................


THE LIVINGSTON MT CLIMATE NORMALS FOR TOMORROW
                         NORMAL    RECORD    YEAR
 MAXIMUM TEMPERATURE (F)   56        82      2003
 MINIMUM TEMPERATURE (F)   30        13      1957


SUNRISE AND SUNSET
OCTOBER 21 2014.......SUNRISE   746 AM MDT   SUNSET   626 PM MDT
OCTOBER 22 2014.......SUNRISE   748 AM MDT   SUNSET   624 PM MDT


-  INDICATES NEGATIVE NUMBERS.
R  INDICATES RECORD WAS SET OR TIED.
MM INDICATES DATA IS MISSING.
T  INDICATES TRACE AMOUNT.





&&

THIS IS AN AUTOMATED...UNATTENDED WEATHER STATION AND MAY
UNDERESTIMATE WINTER PRECIPITATION.

$$
