000
CDUS45 KBYZ 230947
CLILVM


CLIMATE REPORT
NATIONAL WEATHER SERVICE BILLINGS MT
344 AM MDT SUN APR 23 2017


...................................

...THE LIVINGSTON MT CLIMATE SUMMARY FOR APRIL 22 2017...

CLIMATE NORMAL PERIOD 1981 TO 2010
CLIMATE RECORD PERIOD 1948 TO 2017


WEATHER ITEM   OBSERVED TIME   RECORD YEAR NORMAL DEPARTURE LAST
                VALUE   (LST)  VALUE       VALUE  FROM      YEAR
                                                  NORMAL
..................................................................
TEMPERATURE (F)
 YESTERDAY
  MAXIMUM         61    249 PM  82    2012  57      4       79
  MINIMUM         34    555 AM  12    2013  30      4       38
  AVERAGE         48                        44      4       59

PRECIPITATION (IN)
  YESTERDAY        0.00          0.67 1976   0.06  -0.06     0.00
  MONTH TO DATE    0.88                      1.20  -0.32     0.43
  SINCE OCT 1      6.97                      5.40   1.57     5.55
  SINCE JAN 1      3.04                      3.03   0.01     1.85

DEGREE DAYS
 HEATING
  YESTERDAY       17                        21     -4        6
  MONTH TO DATE  456                       528    -72      347
  SINCE MAR 1   1175                      1439   -264     1124
  SINCE JUL 1   6401                      6787   -386     5727

 COOLING
  YESTERDAY        0                         0      0        0
  MONTH TO DATE    0                         0      0        0
  SINCE MAR 1      0                         0      0        0
  SINCE JAN 1      0                         0      0        0
..................................................................


WIND (MPH)
  HIGHEST WIND SPEED    24   HIGHEST WIND DIRECTION    SW (210)
  HIGHEST GUST SPEED    29   HIGHEST GUST DIRECTION    SW (210)
  AVERAGE WIND SPEED     8.0


SKY COVER
  POSSIBLE SUNSHINE  MM
  AVERAGE SKY COVER 0.3


WEATHER CONDITIONS
 THE FOLLOWING WEATHER WAS RECORDED YESTERDAY.
  NO SIGNIFICANT WEATHER WAS OBSERVED.


RELATIVE HUMIDITY (PERCENT)
 HIGHEST    89           200 AM
 LOWEST     35           900 PM
 AVERAGE    62

..........................................................


THE LIVINGSTON MT CLIMATE NORMALS FOR TODAY
                         NORMAL    RECORD    YEAR
 MAXIMUM TEMPERATURE (F)   57        86      2012
 MINIMUM TEMPERATURE (F)   30        12      2013


SUNRISE AND SUNSET
APRIL 23 2017.........SUNRISE   622 AM MDT   SUNSET   819 PM MDT
APRIL 24 2017.........SUNRISE   620 AM MDT   SUNSET   820 PM MDT


-  INDICATES NEGATIVE NUMBERS.
R  INDICATES RECORD WAS SET OR TIED.
MM INDICATES DATA IS MISSING.
T  INDICATES TRACE AMOUNT.





&&

THIS IS AN AUTOMATED...UNATTENDED WEATHER STATION AND MAY
UNDERESTIMATE WINTER PRECIPITATION.

$$
