000
CDUS45 KBYZ 230723
CLILVM


CLIMATE REPORT
NATIONAL WEATHER SERVICE BILLINGS MT
123 AM MDT TUE MAY 23 2017


...................................

...THE LIVINGSTON MT CLIMATE SUMMARY FOR MAY 22 2017...

CLIMATE NORMAL PERIOD 1981 TO 2010
CLIMATE RECORD PERIOD 1948 TO 2017


WEATHER ITEM   OBSERVED TIME   RECORD YEAR NORMAL DEPARTURE LAST
                VALUE   (LST)  VALUE       VALUE  FROM      YEAR
                                                  NORMAL
..................................................................
TEMPERATURE (F)
 YESTERDAY
  MAXIMUM         65    527 PM  86    1958  66     -1       61
  MINIMUM         38   1154 PM  27    2002  38      0       44
  AVERAGE         52                        52      0       53

PRECIPITATION (IN)
  YESTERDAY        0.00          1.23 1981   0.09  -0.09     0.02
  MONTH TO DATE    3.17                      1.79   1.38     1.80
  SINCE OCT 1     11.97                      7.76   4.21     8.16
  SINCE JAN 1      8.04                      5.39   2.65     4.46

DEGREE DAYS
 HEATING
  YESTERDAY       13                        13      0       12
  MONTH TO DATE  319                       344    -25      303
  SINCE MAR 1   1666                      1944   -278     1602
  SINCE JUL 1   6892                      7292   -400     6205

 COOLING
  YESTERDAY        0                         0      0        0
  MONTH TO DATE    0                         0      0        0
  SINCE MAR 1      0                         0      0        0
  SINCE JAN 1      0                         0      0        0
..................................................................


WIND (MPH)
  HIGHEST WIND SPEED    23   HIGHEST WIND DIRECTION     E (80)
  HIGHEST GUST SPEED    29   HIGHEST GUST DIRECTION     E (80)
  AVERAGE WIND SPEED     8.4


SKY COVER
  POSSIBLE SUNSHINE  MM
  AVERAGE SKY COVER 0.6


WEATHER CONDITIONS
 THE FOLLOWING WEATHER WAS RECORDED YESTERDAY.
  NO SIGNIFICANT WEATHER WAS OBSERVED.


RELATIVE HUMIDITY (PERCENT)
 HIGHEST    83           300 AM
 LOWEST     40           500 PM
 AVERAGE    62

..........................................................


THE LIVINGSTON MT CLIMATE NORMALS FOR TODAY
                         NORMAL    RECORD    YEAR
 MAXIMUM TEMPERATURE (F)   67        89      1956
 MINIMUM TEMPERATURE (F)   39        25      1995


SUNRISE AND SUNSET
MAY 23 2017...........SUNRISE   542 AM MDT   SUNSET   856 PM MDT
MAY 24 2017...........SUNRISE   541 AM MDT   SUNSET   857 PM MDT


-  INDICATES NEGATIVE NUMBERS.
R  INDICATES RECORD WAS SET OR TIED.
MM INDICATES DATA IS MISSING.
T  INDICATES TRACE AMOUNT.




$$
