000
CDUS45 KBYZ 262328
CLILVM


CLIMATE REPORT
NATIONAL WEATHER SERVICE BILLINGS MT
426 PM MST FRI DEC 26 2014


...................................

...THE LIVINGSTON MT CLIMATE SUMMARY FOR DECEMBER 26 2014...
VALID TODAY AS OF 0400 PM LOCAL TIME.

CLIMATE NORMAL PERIOD 1981 TO 2010
CLIMATE RECORD PERIOD 1948 TO 2014


WEATHER ITEM   OBSERVED TIME   RECORD YEAR NORMAL DEPARTURE LAST
                VALUE   (LST)  VALUE       VALUE  FROM      YEAR
                                                  NORMAL
..................................................................
TEMPERATURE (F)
 TODAY
  MAXIMUM         23    216 PM  62    1980  36    -13       47
  MINIMUM          0    154 AM -21    1996  16    -16       35
  AVERAGE         12                        26    -14       41

PRECIPITATION (IN)
  TODAY            T             0.55        0.02  -0.02     0.00
  MONTH TO DATE    0.28                      0.45  -0.17     0.60
  SINCE OCT 1      1.66                      2.30  -0.64     2.11
  SINCE JAN 1     15.33                     14.74   0.59    11.90

DEGREE DAYS
 HEATING
  TODAY           53                        39     14       24
  MONTH TO DATE  768                      1010   -242     1108
  SINCE DEC 1    768                      1010   -242     1108
  SINCE JUL 1   2506                      2969   -463     2815

 COOLING
  TODAY            0                         0      0        0
  MONTH TO DATE    0                         0      0        0
  SINCE DEC 1      0                         0      0        0
  SINCE JAN 1    321                       230     91      495
..................................................................


WIND (MPH)
  HIGHEST WIND SPEED    16   HIGHEST WIND DIRECTION    NW (330)
  HIGHEST GUST SPEED    18   HIGHEST GUST DIRECTION    NW (330)
  AVERAGE WIND SPEED     6.4


SKY COVER
  POSSIBLE SUNSHINE  MM
  AVERAGE SKY COVER 0.8


WEATHER CONDITIONS
 THE FOLLOWING WEATHER WAS RECORDED TODAY.
  LIGHT SNOW


RELATIVE HUMIDITY (PERCENT)
 HIGHEST    87           300 AM
 LOWEST     68           200 PM
 AVERAGE    78

..........................................................


THE LIVINGSTON MT CLIMATE NORMALS FOR TOMORROW
                         NORMAL    RECORD    YEAR
 MAXIMUM TEMPERATURE (F)   36        61      1980
 MINIMUM TEMPERATURE (F)   16        -4      1988


SUNRISE AND SUNSET
DECEMBER 26 2014......SUNRISE   802 AM MST   SUNSET   443 PM MST
DECEMBER 27 2014......SUNRISE   802 AM MST   SUNSET   444 PM MST


-  INDICATES NEGATIVE NUMBERS.
R  INDICATES RECORD WAS SET OR TIED.
MM INDICATES DATA IS MISSING.
T  INDICATES TRACE AMOUNT.





&&

THIS IS AN AUTOMATED...UNATTENDED WEATHER STATION AND MAY
UNDERESTIMATE WINTER PRECIPITATION.

$$
