000
CDUS45 KBYZ 292235
CLILVM


CLIMATE REPORT
NATIONAL WEATHER SERVICE BILLINGS MT
432 PM MDT WED JUL 29 2015


...................................

...THE LIVINGSTON MT CLIMATE SUMMARY FOR JULY 29 2015...
VALID TODAY AS OF 0400 PM LOCAL TIME.

CLIMATE NORMAL PERIOD 1981 TO 2010
CLIMATE RECORD PERIOD 1948 TO 2015


WEATHER ITEM   OBSERVED TIME   RECORD YEAR NORMAL DEPARTURE LAST
                VALUE   (LST)  VALUE       VALUE  FROM      YEAR
                                                  NORMAL
..................................................................
TEMPERATURE (F)
 TODAY
  MAXIMUM         81    248 PM 103    2006  87     -6       89
  MINIMUM         46    525 AM  35    1971  50     -4       52
  AVERAGE         64                        68     -4       71

PRECIPITATION (IN)
  TODAY            0.00          0.93 1950   0.04  -0.04     0.00
  MONTH TO DATE    1.17                      1.39  -0.22     0.45
  SINCE OCT 1     10.65                     12.41  -1.76    11.54
  SINCE JAN 1      8.86                     10.04  -1.18     9.25

DEGREE DAYS
 HEATING
  TODAY            1                         1      0        0
  MONTH TO DATE   10                        48    -38        9
  SINCE JUN 1     64                       255   -191      204
  SINCE JUL 1     10                        48    -38        9

 COOLING
  TODAY            0                         4     -4        6
  MONTH TO DATE  108                        98     10      161
  SINCE JUN 1    207                       117     90      163
  SINCE JAN 1    208                       118     90      168
..................................................................


WIND (MPH)
  HIGHEST WIND SPEED    28   HIGHEST WIND DIRECTION     W (290)
  HIGHEST GUST SPEED    32   HIGHEST GUST DIRECTION     W (270)
  AVERAGE WIND SPEED    13.8


SKY COVER
  POSSIBLE SUNSHINE  MM
  AVERAGE SKY COVER 0.0


WEATHER CONDITIONS
 THE FOLLOWING WEATHER WAS RECORDED TODAY.
  NO SIGNIFICANT WEATHER WAS OBSERVED.


RELATIVE HUMIDITY (PERCENT)
 HIGHEST    71           500 AM
 LOWEST     16           200 PM
 AVERAGE    44

..........................................................


THE LIVINGSTON MT CLIMATE NORMALS FOR TOMORROW
                         NORMAL    RECORD    YEAR
 MAXIMUM TEMPERATURE (F)   87       104      2000
 MINIMUM TEMPERATURE (F)   50        39      1971


SUNRISE AND SUNSET
JULY 29 2015..........SUNRISE   601 AM MDT   SUNSET   854 PM MDT
JULY 30 2015..........SUNRISE   603 AM MDT   SUNSET   853 PM MDT


-  INDICATES NEGATIVE NUMBERS.
R  INDICATES RECORD WAS SET OR TIED.
MM INDICATES DATA IS MISSING.
T  INDICATES TRACE AMOUNT.





&&

THIS IS AN AUTOMATED...UNATTENDED WEATHER STATION AND MAY
UNDERESTIMATE WINTER PRECIPITATION.

$$
