000
CDUS41 KRNK 220953 CCA
CLILWB

CLIMATE REPORT...CORRECTED PRECIPITATION
NATIONAL WEATHER SERVICE BLACKSBURG VA
523 AM EDT WED OCT 22 2014


...................................

...THE LEWISBURG WV CLIMATE SUMMARY FOR OCTOBER 21 2014...

CLIMATE NORMAL PERIOD 1981 TO 2010
CLIMATE RECORD PERIOD 1973 TO 2014


WEATHER ITEM   OBSERVED TIME   RECORD YEAR NORMAL DEPARTURE
                VALUE   (LST)  VALUE       VALUE  FROM
                                                  NORMAL
...............................................................
TEMPERATURE (F)
 YESTERDAY
  MAXIMUM         55        MM  79    2007  63     -8
  MINIMUM         45        MM  26    1981  36      9
  AVERAGE         50                        50      0

PRECIPITATION (IN)
  YESTERDAY        0.03          0.00 2012   0.08  -0.05
  MONTH TO DATE    3.15                      1.69   1.46
  SINCE SEP 1      4.13                      4.97  -0.84
  SINCE JAN 1     22.82                     33.07 -10.25

SNOWFALL (IN)
  YESTERDAY        0.0
  MONTH TO DATE    0.0
  SINCE SEP 1      0.0
  SINCE JUL 1      0.0
  SNOW DEPTH       0

DEGREE DAYS
 HEATING
  YESTERDAY       15                               -1
  MONTH TO DATE  179                              -84
  SINCE SEP 1    251                             -146
  SINCE JUL 1    273                             -152

 COOLING
  YESTERDAY        0                                0
  MONTH TO DATE    5                                5
  SINCE SEP 1    102                               59
  SINCE JAN 1    619                              126
...............................................................


WIND (MPH)
  HIGHEST WIND SPEED    13   HIGHEST WIND DIRECTION     W (260)
  HIGHEST GUST SPEED    18   HIGHEST GUST DIRECTION     W (260)
  AVERAGE WIND SPEED     3.8




RELATIVE HUMIDITY (PERCENT)
 HIGHEST    96
 LOWEST     66
 AVERAGE    81

..........................................................


THE LEWISBURG WV CLIMATE NORMALS FOR TODAY
                         NORMAL    RECORD    YEAR
 MAXIMUM TEMPERATURE (F)   63        80      1979
 MINIMUM TEMPERATURE (F)   36        26      1995


SUNRISE AND SUNSET
OCTOBER 22 2014.......SUNRISE   737 AM EDT   SUNSET   635 PM EDT
OCTOBER 23 2014.......SUNRISE   738 AM EDT   SUNSET   633 PM EDT


-  INDICATES NEGATIVE NUMBERS.
R  INDICATES RECORD WAS SET OR TIED.
MM INDICATES DATA IS MISSING.
T  INDICATES TRACE AMOUNT.

REMARKS

DUE TO MISSING PRECIPITATION DATA ON JANUARY 25...THE ANNUAL
TOTAL AND DEPARTURE FROM NORMAL FOR PRECIPITATION WILL BE
CALCULATED WITHOUT DATA FROM THAT DATE.

$$

MBS
