000
CDUS41 KRNK 270915
CLILWB


CLIMATE REPORT
NATIONAL WEATHER SERVICE BLACKSBURG VA
512 AM EDT WED AUG 27 2014


...................................

...THE LEWISBURG WV CLIMATE SUMMARY FOR AUGUST 26 2014...

CLIMATE NORMAL PERIOD 1981 TO 2010
CLIMATE RECORD PERIOD 1973 TO 2014


WEATHER ITEM   OBSERVED TIME   RECORD YEAR NORMAL DEPARTURE
                VALUE   (LST)  VALUE       VALUE  FROM
                                                  NORMAL
...............................................................
TEMPERATURE (F)
 YESTERDAY
  MAXIMUM         79        MM  90    1998  80     -1
  MINIMUM         52        MM  46    2013  56     -4
  AVERAGE         66                        68     -2

PRECIPITATION (IN)
  YESTERDAY        0.00          0.00 2013   0.09  -0.09
  MONTH TO DATE    2.67                      2.70  -0.03
  SINCE JUN 1      7.68                     10.45  -2.77
  SINCE JAN 1     18.61                     27.63  -9.02

SNOWFALL (IN)
  YESTERDAY        0.0
  MONTH TO DATE    0.0
  SINCE JUN 1      0.0
  SINCE JUL 1      0.0
  SNOW DEPTH       0

DEGREE DAYS
 HEATING
  YESTERDAY        0                               -1
  MONTH TO DATE    5                               -6
  SINCE JUN 1     35                              -37
  SINCE JUL 1     22                                0

 COOLING
  YESTERDAY        1                               -3
  MONTH TO DATE  105                              -20
  SINCE JUN 1    445                               40
  SINCE JAN 1    478                               47
...............................................................


WIND (MPH)
  HIGHEST WIND SPEED     7   HIGHEST WIND DIRECTION     N (20)
  HIGHEST GUST SPEED    MM   HIGHEST GUST DIRECTION    MM
  AVERAGE WIND SPEED     0.9




RELATIVE HUMIDITY (PERCENT)
 HIGHEST    96
 LOWEST     33
 AVERAGE    65

..........................................................


THE LEWISBURG WV CLIMATE NORMALS FOR TODAY
                         NORMAL    RECORD    YEAR
 MAXIMUM TEMPERATURE (F)   80        87      1993
 MINIMUM TEMPERATURE (F)   56        51      1981


SUNRISE AND SUNSET
AUGUST 27 2014........SUNRISE   647 AM EDT   SUNSET   758 PM EDT
AUGUST 28 2014........SUNRISE   648 AM EDT   SUNSET   757 PM EDT


-  INDICATES NEGATIVE NUMBERS.
R  INDICATES RECORD WAS SET OR TIED.
MM INDICATES DATA IS MISSING.
T  INDICATES TRACE AMOUNT.

REMARKS

DUE TO MISSING PRECIPITATION DATA ON JANUARY 25...THE ANNUAL
TOTAL AND DEPARTURE FROM NORMAL FOR PRECIPITATION WILL BE
CALCULATED WITHOUT DATA FROM THAT DATE.

$$

MBS
