000
CDUS41 KRNK 252127
CLILWB


CLIMATE REPORT
NATIONAL WEATHER SERVICE BLACKSBURG VA
525 PM EDT SAT OCT 25 2014


...................................

...THE LEWISBURG WV CLIMATE SUMMARY FOR OCTOBER 25 2014...
VALID TODAY AS OF 0500 PM LOCAL TIME.

CLIMATE NORMAL PERIOD 1981 TO 2010
CLIMATE RECORD PERIOD 1973 TO 2014


WEATHER ITEM   OBSERVED TIME   RECORD YEAR NORMAL DEPARTURE
                VALUE   (LST)  VALUE       VALUE  FROM
                                                  NORMAL
...............................................................
TEMPERATURE (F)
 TODAY
  MAXIMUM         68    200 PM  76    1975  62      6
  MINIMUM         31        MM  25    1998  35     -4
  AVERAGE         50                        48      2

PRECIPITATION (IN)
  TODAY            0.00          0.00 2012   0.09  -0.09
  MONTH TO DATE    3.15                      2.03   1.12
  SINCE SEP 1      4.13                      5.31  -1.18
  SINCE JAN 1     22.82                     33.41 -10.59

SNOWFALL (IN)
  TODAY            0.0
  MONTH TO DATE    0.0
  SINCE SEP 1      0.0
  SINCE JUL 1      0.0
  SNOW DEPTH       0

DEGREE DAYS
 HEATING
  TODAY           15                               -2
  MONTH TO DATE  243                              -86
  SINCE SEP 1    315                             -148
  SINCE JUL 1    337                             -154

 COOLING
  TODAY            0                                0
  MONTH TO DATE    5                                5
  SINCE SEP 1    102                               59
  SINCE JAN 1    619                              126
...............................................................


WIND (MPH)
  HIGHEST WIND SPEED     9   HIGHEST WIND DIRECTION    SW (220)
  HIGHEST GUST SPEED    MM   HIGHEST GUST DIRECTION    MM
  AVERAGE WIND SPEED     2.6




RELATIVE HUMIDITY (PERCENT)
 HIGHEST   100
 LOWEST     32
 AVERAGE    66

..........................................................


THE LEWISBURG WV CLIMATE NORMALS FOR TOMORROW
                         NORMAL    RECORD    YEAR
 MAXIMUM TEMPERATURE (F)   62        79      2010
 MINIMUM TEMPERATURE (F)   34        25      2006


SUNRISE AND SUNSET
OCTOBER 25 2014.......SUNRISE   740 AM EDT   SUNSET   631 PM EDT
OCTOBER 26 2014.......SUNRISE   741 AM EDT   SUNSET   630 PM EDT


-  INDICATES NEGATIVE NUMBERS.
R  INDICATES RECORD WAS SET OR TIED.
MM INDICATES DATA IS MISSING.
T  INDICATES TRACE AMOUNT.

REMARKS

DUE TO MISSING PRECIPITATION DATA ON JANUARY 25...THE ANNUAL
TOTAL AND DEPARTURE FROM NORMAL FOR PRECIPITATION WILL BE
CALCULATED WITHOUT DATA FROM THAT DATE.

$$

MBS
