000
CDUS43 KTOP 280642
CLILWC


CLIMATE REPORT
NATIONAL WEATHER SERVICE TOPEKA KS
1242 AM CST FRI NOV 28 2014


...................................

...THE LAWRENCE KS CLIMATE SUMMARY FOR NOVEMBER 27 2014...

CLIMATE NORMAL PERIOD 1981 TO 2010
CLIMATE RECORD PERIOD 9999 TO 9999


WEATHER ITEM   OBSERVED NORMAL DEPARTURE LAST
                VALUE   VALUE  FROM      YEAR
                               NORMAL
...............................................
TEMPERATURE (F)
 YESTERDAY
  MAXIMUM         39     49    -10       36
  MINIMUM         20     27     -7       10
  AVERAGE         30     38     -8       23

PRECIPITATION (IN)
  YESTERDAY        0.00   0.07  -0.07     0.00
  MONTH TO DATE    0.37   1.99  -1.62     0.28
  SINCE SEP 1     10.56   9.03   1.53     7.67
  SINCE JAN 1     35.01  36.89  -1.88    27.95

DEGREE DAYS
 HEATING
  YESTERDAY       35     27      8       42
  MONTH TO DATE  779    562    217      599
  SINCE SEP 1   1116    923    193      945
  SINCE JUL 1   1117    926    191      945

 COOLING
  YESTERDAY        0      0      0        0
  MONTH TO DATE    0      0      0        0
  SINCE SEP 1    119    179    -60      271
  SINCE JAN 1   1426   1370     56     1492
...............................................


WIND (MPH)
  HIGHEST WIND SPEED    17   HIGHEST WIND DIRECTION    NW (330)
  HIGHEST GUST SPEED    21   HIGHEST GUST DIRECTION    NW (330)
  AVERAGE WIND SPEED     6.5


SKY COVER
  AVERAGE SKY COVER 0.5


WEATHER CONDITIONS
 THE FOLLOWING WEATHER WAS RECORDED YESTERDAY.
  FOG
  HAZE


RELATIVE HUMIDITY (PERCENT)
 HIGHEST    84
 LOWEST     48
 AVERAGE    66

..........................................................


THE LAWRENCE KS CLIMATE NORMALS FOR TODAY
                         NORMAL
 MAXIMUM TEMPERATURE (F)   49
 MINIMUM TEMPERATURE (F)   27


SUNRISE AND SUNSET
NOVEMBER 28 2014......SUNRISE   718 AM CST   SUNSET   500 PM CST
NOVEMBER 29 2014......SUNRISE   719 AM CST   SUNSET   459 PM CST


-  INDICATES NEGATIVE NUMBERS.
R  INDICATES RECORD WAS SET OR TIED.
MM INDICATES DATA IS MISSING.
T  INDICATES TRACE AMOUNT.




$$
