000
CDUS43 KTOP 272158 CCA
CLILWC

CLIMATE REPORT
NATIONAL WEATHER SERVICE TOPEKA KS...CORRECTION
451 PM CDT THU AUG 27 2015


...................................

...THE LAWRENCE KS CLIMATE SUMMARY FOR AUGUST 27 2015...
VALID TODAY AS OF 430 PM LOCAL TIME.

CLIMATE NORMAL PERIOD 1981 TO 2010
CLIMATE RECORD PERIOD 9999 TO 9999


WEATHER ITEM   OBSERVED NORMAL DEPARTURE LAST
                VALUE   VALUE  FROM      YEAR
                               NORMAL
...............................................
TEMPERATURE (F)
 TODAY
  MAXIMUM         80     88     -8       91
  MINIMUM         62     63     -1       74
  AVERAGE         71     75     -4       83

PRECIPITATION (IN)
  TODAY            0.01   0.15  -0.14      T
  MONTH TO DATE    2.86   3.80  -0.94     4.32
  SINCE JUN 1     15.58  13.44   2.14    15.28
  SINCE JAN 1     29.86  27.33   2.53    22.94

DEGREE DAYS
 HEATING
  TODAY            0      0      0        0
  MONTH TO DATE    1      0      1        0
  SINCE JUN 1      5      9     -4        1
  SINCE JUL 1      2      1      1        1

 COOLING
  TODAY            6     11     -5       18
  MONTH TO DATE  259    345    -86      408
  SINCE JUN 1   1017   1034    -17     1042
  SINCE JAN 1   1093   1153    -60     1235
...............................................


WIND (MPH)
  HIGHEST WIND SPEED    21   HIGHEST WIND DIRECTION     E (90)
  HIGHEST GUST SPEED    29   HIGHEST GUST DIRECTION     E (90)
  AVERAGE WIND SPEED     8.4



WEATHER CONDITIONS
 THE FOLLOWING WEATHER WAS RECORDED TODAY.
  THUNDERSTORM


RELATIVE HUMIDITY (PERCENT)
 HIGHEST    93
 LOWEST     67
 AVERAGE    80

..........................................................


THE LAWRENCE KS CLIMATE NORMALS FOR TOMORROW
                         NORMAL
 MAXIMUM TEMPERATURE (F)   88
 MINIMUM TEMPERATURE (F)   62


SUNRISE AND SUNSET
AUGUST 27 2015........SUNRISE   645 AM CDT   SUNSET   759 PM CDT
AUGUST 28 2015........SUNRISE   646 AM CDT   SUNSET   758 PM CDT


-  INDICATES NEGATIVE NUMBERS.
R  INDICATES RECORD WAS SET OR TIED.
MM INDICATES DATA IS MISSING.
T  INDICATES TRACE AMOUNT.




$$
