000
CDUS43 KTOP 200631
CLILWC


CLIMATE REPORT
NATIONAL WEATHER SERVICE TOPEKA KS
131 AM CDT SUN AUG 20 2017


...................................

...THE LAWRENCE KS CLIMATE SUMMARY FOR AUGUST 19 2017...

CLIMATE NORMAL PERIOD 1981 TO 2010
CLIMATE RECORD PERIOD 9999 TO 9999


WEATHER ITEM   OBSERVED NORMAL DEPARTURE LAST
                VALUE   VALUE  FROM      YEAR
                               NORMAL
...............................................
TEMPERATURE (F)
 YESTERDAY
  MAXIMUM         92     89      3       91
  MINIMUM         63     65     -2       67
  AVERAGE         78     77      1       79

PRECIPITATION (IN)
  YESTERDAY        0.00   0.17  -0.17     0.58
  MONTH TO DATE    0.43   2.45  -2.02     1.95
  SINCE JUN 1      9.73  12.09  -2.36     7.90
  SINCE JAN 1     22.75  25.98  -3.23    22.54

DEGREE DAYS
 HEATING
  YESTERDAY        0      0      0        0
  MONTH TO DATE    3      0      3        0
  SINCE JUN 1      6      9     -3        0
  SINCE JUL 1      3      1      2        0

 COOLING
  YESTERDAY       13     12      1       14
  MONTH TO DATE  148    254   -106      268
  SINCE JUN 1    892    943    -51     1122
  SINCE JAN 1    999   1062    -63     1202
...............................................


WIND (MPH)
  HIGHEST WIND SPEED    10   HIGHEST WIND DIRECTION    SE (120)
  HIGHEST GUST SPEED    13   HIGHEST GUST DIRECTION    SE (130)
  AVERAGE WIND SPEED     4.5


SKY COVER
  AVERAGE SKY COVER 0.0


WEATHER CONDITIONS
 THE FOLLOWING WEATHER WAS RECORDED YESTERDAY.
  FOG


RELATIVE HUMIDITY (PERCENT)
 HIGHEST   100
 LOWEST     47
 AVERAGE    74

..........................................................


THE LAWRENCE KS CLIMATE NORMALS FOR TODAY
                         NORMAL
 MAXIMUM TEMPERATURE (F)   89
 MINIMUM TEMPERATURE (F)   65


SUNRISE AND SUNSET
AUGUST 20 2017........SUNRISE   639 AM CDT   SUNSET   809 PM CDT
AUGUST 21 2017........SUNRISE   640 AM CDT   SUNSET   807 PM CDT


-  INDICATES NEGATIVE NUMBERS.
R  INDICATES RECORD WAS SET OR TIED.
MM INDICATES DATA IS MISSING.
T  INDICATES TRACE AMOUNT.




$$
