000
CDUS43 KTOP 290635
CLILWC


CLIMATE REPORT
NATIONAL WEATHER SERVICE TOPEKA KS
133 AM CDT FRI MAY 29 2015


...................................

...THE LAWRENCE KS CLIMATE SUMMARY FOR MAY 28 2015...

CLIMATE NORMAL PERIOD 1981 TO 2010
CLIMATE RECORD PERIOD 9999 TO 9999


WEATHER ITEM   OBSERVED NORMAL DEPARTURE LAST
                VALUE   VALUE  FROM      YEAR
                               NORMAL
...............................................
TEMPERATURE (F)
 YESTERDAY
  MAXIMUM         73     80     -7       91
  MINIMUM         63     57      6       62
  AVERAGE         68     69     -1       77

PRECIPITATION (IN)
  YESTERDAY        0.32   0.17   0.15     0.18
  MONTH TO DATE    8.54   4.66   3.88     2.07
  SINCE MAR 1     12.06  11.05   1.01     6.61
  SINCE JAN 1     13.75  13.36   0.39     7.66

DEGREE DAYS
 HEATING
  YESTERDAY        0      1     -1        0
  MONTH TO DATE   88    102    -14      114
  SINCE MAR 1    931   1066   -135     1209
  SINCE JUL 1   5220   5081    139     5635

 COOLING
  YESTERDAY        3      5     -2       12
  MONTH TO DATE   68     79    -11      148
  SINCE MAR 1     73    102    -29      158
  SINCE JAN 1     73    102    -29      158
...............................................


WIND (MPH)
  HIGHEST WIND SPEED    21   HIGHEST WIND DIRECTION    SE (150)
  HIGHEST GUST SPEED    25   HIGHEST GUST DIRECTION     S (160)
  AVERAGE WIND SPEED     7.6


SKY COVER
  AVERAGE SKY COVER 0.3


WEATHER CONDITIONS
 THE FOLLOWING WEATHER WAS RECORDED YESTERDAY.
  THUNDERSTORM
  HEAVY RAIN
  LIGHT RAIN
  FOG


RELATIVE HUMIDITY (PERCENT)
 HIGHEST    93
 LOWEST     73
 AVERAGE    83

..........................................................


THE LAWRENCE KS CLIMATE NORMALS FOR TODAY
                         NORMAL
 MAXIMUM TEMPERATURE (F)   81
 MINIMUM TEMPERATURE (F)   58


SUNRISE AND SUNSET
MAY 29 2015...........SUNRISE   558 AM CDT   SUNSET   838 PM CDT
MAY 30 2015...........SUNRISE   558 AM CDT   SUNSET   839 PM CDT


-  INDICATES NEGATIVE NUMBERS.
R  INDICATES RECORD WAS SET OR TIED.
MM INDICATES DATA IS MISSING.
T  INDICATES TRACE AMOUNT.




$$
