000
CDUS43 KTOP 260638
CLILWC


CLIMATE REPORT
NATIONAL WEATHER SERVICE TOPEKA KS
138 AM CDT MON JUN 26 2017


...................................

...THE LAWRENCE KS CLIMATE SUMMARY FOR JUNE 25 2017...

CLIMATE NORMAL PERIOD 1981 TO 2010
CLIMATE RECORD PERIOD 9999 TO 9999


WEATHER ITEM   OBSERVED NORMAL DEPARTURE LAST
                VALUE   VALUE  FROM      YEAR
                               NORMAL
...............................................
TEMPERATURE (F)
 YESTERDAY
  MAXIMUM         78     87     -9       96
  MINIMUM         52     65    -13       75
  AVERAGE         65     76    -11       86

PRECIPITATION (IN)
  YESTERDAY        T      0.16  -0.16     0.00
  MONTH TO DATE    3.83   4.71  -0.88     0.90
  SINCE JUN 1      3.83   4.71  -0.88     0.90
  SINCE JAN 1     16.85  18.60  -1.75    15.54

DEGREE DAYS
 HEATING
  YESTERDAY        0      0      0        0
  MONTH TO DATE    0      6     -6        0
  SINCE JUN 1      0      6     -6        0
  SINCE JUL 1   4148   5090   -942     4369

 COOLING
  YESTERDAY        0     11    -11       21
  MONTH TO DATE  246    217     29      346
  SINCE JUN 1    246    217     29      346
  SINCE JAN 1    353    336     17      426
...............................................


WIND (MPH)
  HIGHEST WIND SPEED    13   HIGHEST WIND DIRECTION     N (340)
  HIGHEST GUST SPEED    16   HIGHEST GUST DIRECTION     N (350)
  AVERAGE WIND SPEED     5.1


SKY COVER
  AVERAGE SKY COVER 0.3


WEATHER CONDITIONS
 THE FOLLOWING WEATHER WAS RECORDED YESTERDAY.
  LIGHT RAIN


RELATIVE HUMIDITY (PERCENT)
 HIGHEST   100
 LOWEST     39
 AVERAGE    70

..........................................................


THE LAWRENCE KS CLIMATE NORMALS FOR TODAY
                         NORMAL
 MAXIMUM TEMPERATURE (F)   87
 MINIMUM TEMPERATURE (F)   66


SUNRISE AND SUNSET
JUNE 26 2017..........SUNRISE   557 AM CDT   SUNSET   851 PM CDT
JUNE 27 2017..........SUNRISE   557 AM CDT   SUNSET   851 PM CDT


-  INDICATES NEGATIVE NUMBERS.
R  INDICATES RECORD WAS SET OR TIED.
MM INDICATES DATA IS MISSING.
T  INDICATES TRACE AMOUNT.




$$
