000
CDUS43 KTOP 232139
CLILWC


CLIMATE REPORT
NATIONAL WEATHER SERVICE TOPEKA KS
438 PM CDT TUE MAY 23 2017


...................................

...THE LAWRENCE KS CLIMATE SUMMARY FOR MAY 23 2017...
VALID TODAY AS OF 0400 PM LOCAL TIME.

CLIMATE NORMAL PERIOD 1981 TO 2010
CLIMATE RECORD PERIOD 9999 TO 9999


WEATHER ITEM   OBSERVED NORMAL DEPARTURE LAST
                VALUE   VALUE  FROM      YEAR
                               NORMAL
...............................................
TEMPERATURE (F)
 TODAY
  MAXIMUM         68     79    -11       74
  MINIMUM         53     56     -3       63
  AVERAGE         61     67     -6       69

PRECIPITATION (IN)
  TODAY            0.02   0.20  -0.18     0.22
  MONTH TO DATE    2.44   3.73  -1.29     2.86
  SINCE MAR 1     11.69  10.12   1.57     9.00
  SINCE JAN 1     12.70  12.43   0.27    10.12

DEGREE DAYS
 HEATING
  TODAY            4      2      2        0
  MONTH TO DATE   82     94    -12      143
  SINCE MAR 1    858   1058   -200      867
  SINCE JUL 1   4139   5073   -934     4369

 COOLING
  TODAY            0      4     -4        4
  MONTH TO DATE   57     56      1       19
  SINCE MAR 1     89     79     10       37
  SINCE JAN 1     89     79     10       37
...............................................


WIND (MPH)
  HIGHEST WIND SPEED    18   HIGHEST WIND DIRECTION    NW (310)
  HIGHEST GUST SPEED    23   HIGHEST GUST DIRECTION    NW (320)
  AVERAGE WIND SPEED     7.9



WEATHER CONDITIONS
 THE FOLLOWING WEATHER WAS RECORDED TODAY.
  LIGHT RAIN
  FOG
  FOG W/VISIBILITY <= 1/4 MILE


RELATIVE HUMIDITY (PERCENT)
 HIGHEST   100
 LOWEST     48
 AVERAGE    74

..........................................................


THE LAWRENCE KS CLIMATE NORMALS FOR TOMORROW
                         NORMAL
 MAXIMUM TEMPERATURE (F)   79
 MINIMUM TEMPERATURE (F)   56


SUNRISE AND SUNSET
MAY 23 2017...........SUNRISE   602 AM CDT   SUNSET   834 PM CDT
MAY 24 2017...........SUNRISE   601 AM CDT   SUNSET   835 PM CDT


-  INDICATES NEGATIVE NUMBERS.
R  INDICATES RECORD WAS SET OR TIED.
MM INDICATES DATA IS MISSING.
T  INDICATES TRACE AMOUNT.




$$
