000
CDUS43 KTOP 252133
CLILWC


CLIMATE REPORT
NATIONAL WEATHER SERVICE TOPEKA KS
433 PM CDT SAT OCT 25 2014


...................................

...THE LAWRENCE KS CLIMATE SUMMARY FOR OCTOBER 25 2014...
VALID TODAY AS OF 0400 PM LOCAL TIME.

CLIMATE NORMAL PERIOD 1981 TO 2010
CLIMATE RECORD PERIOD 9999 TO 9999


WEATHER ITEM   OBSERVED NORMAL DEPARTURE LAST
                VALUE   VALUE  FROM      YEAR
                               NORMAL
...............................................
TEMPERATURE (F)
 TODAY
  MAXIMUM         80     65     15       59
  MINIMUM         48     40      8       23
  AVERAGE         64     53     11       41

PRECIPITATION (IN)
  TODAY            0.00   0.08  -0.08     0.00
  MONTH TO DATE    5.57   2.47   3.10     1.64
  SINCE SEP 1     10.19   6.63   3.56     4.98
  SINCE JAN 1     34.64  34.49   0.15    25.26

DEGREE DAYS
 HEATING
  TODAY            1     12    -11       24
  MONTH TO DATE  194    218    -24      245
  SINCE SEP 1    265    278    -13      268
  SINCE JUL 1    266    281    -15      268

 COOLING
  TODAY            0      0      0        0
  MONTH TO DATE    8     24    -16       36
  SINCE SEP 1    112    177    -65      271
  SINCE JAN 1   1419   1368     51     1492
...............................................


WIND (MPH)
  HIGHEST WIND SPEED     9   HIGHEST WIND DIRECTION     E (110)
  HIGHEST GUST SPEED    11   HIGHEST GUST DIRECTION     E (110)
  AVERAGE WIND SPEED     2.9



WEATHER CONDITIONS
 THE FOLLOWING WEATHER WAS RECORDED TODAY.
  FOG
  FOG W/VISIBILITY <= 1/4 MILE
  HAZE


RELATIVE HUMIDITY (PERCENT)
 HIGHEST   100
 LOWEST     48
 AVERAGE    74

..........................................................


THE LAWRENCE KS CLIMATE NORMALS FOR TOMORROW
                         NORMAL
 MAXIMUM TEMPERATURE (F)   65
 MINIMUM TEMPERATURE (F)   40


SUNRISE AND SUNSET
OCTOBER 25 2014.......SUNRISE   741 AM CDT   SUNSET   629 PM CDT
OCTOBER 26 2014.......SUNRISE   742 AM CDT   SUNSET   627 PM CDT


-  INDICATES NEGATIVE NUMBERS.
R  INDICATES RECORD WAS SET OR TIED.
MM INDICATES DATA IS MISSING.
T  INDICATES TRACE AMOUNT.




$$
