000
CDUS46 KOTX 300822
CLILWS


CLIMATE REPORT
NATIONAL WEATHER SERVICE SPOKANE, WA
1222 AM PST FRI JAN 30 2015


...................................

...THE LEWISTON ID AIRPORT CLIMATE SUMMARY FOR JANUARY 29 2015...

CLIMATE NORMAL PERIOD 1981 TO 2010
CLIMATE RECORD PERIOD 1881 TO 2015


WEATHER ITEM   OBSERVED TIME   RECORD YEAR NORMAL DEPARTURE LAST
                VALUE   (LST)  VALUE       VALUE  FROM      YEAR
                                                  NORMAL
..................................................................
TEMPERATURE (F)
 YESTERDAY
  MAXIMUM         41    336 PM  58    1967  44     -3       40
                                      1935
  MINIMUM         30    734 AM -12    1950  31     -1       32
  AVERAGE         36                        37     -1       36

PRECIPITATION (IN)
  YESTERDAY        0.00          0.68 2014   0.03  -0.03     0.68
  MONTH TO DATE    0.82                      1.01  -0.19     1.04
  SINCE OCT 1      5.01                      4.12   0.89     2.57
  SINCE JAN 1      0.82                      1.01  -0.19     1.04

SNOWFALL (IN)
  YESTERDAY        0.0           2.4  1956   0.1   -0.1       T
  MONTH TO DATE    1.5                       2.3   -0.8       T
  SINCE DEC 1      1.5                       5.8   -4.3      2.5
  SINCE JUL 1      1.5                       7.6   -6.1      2.5
  SNOW DEPTH       0

DEGREE DAYS
 HEATING
  YESTERDAY       29                        28      1       29
  MONTH TO DATE  764                       855    -91      849
  SINCE DEC 1   1596                      1823   -227     1903
  SINCE JUL 1   2574                      3063   -489     3257

 COOLING
  YESTERDAY        0                         0      0        0
  MONTH TO DATE    0                         0      0        0
  SINCE DEC 1      0                         0      0        0
  SINCE JAN 1      0                         0      0        0
..................................................................


WIND (MPH)
  HIGHEST WIND SPEED     8   HIGHEST WIND DIRECTION    NE (40)
  HIGHEST GUST SPEED     9   HIGHEST GUST DIRECTION    NE (50)
  AVERAGE WIND SPEED     1.6


SKY COVER
  POSSIBLE SUNSHINE  MM
  AVERAGE SKY COVER 0.7


WEATHER CONDITIONS
 THE FOLLOWING WEATHER WAS RECORDED YESTERDAY.
  FOG
  FOG W/VISIBILITY <= 1/4 MILE


RELATIVE HUMIDITY (PERCENT)
 HIGHEST   100          1200 AM
 LOWEST     85           100 PM
 AVERAGE    93

..........................................................


THE LEWISTON ID AIRPORT CLIMATE NORMALS FOR TODAY
                         NORMAL    RECORD    YEAR
 MAXIMUM TEMPERATURE (F)   44        63      1971
 MINIMUM TEMPERATURE (F)   31       -16      1950


SUNRISE AND SUNSET
JANUARY 30 2015.......SUNRISE   714 AM PST   SUNSET   449 PM PST
JANUARY 31 2015.......SUNRISE   713 AM PST   SUNSET   451 PM PST


-  INDICATES NEGATIVE NUMBERS.
R  INDICATES RECORD WAS SET OR TIED.
MM INDICATES DATA IS MISSING.
T  INDICATES TRACE AMOUNT.




$$
