000
CDUS46 KOTX 190832
CLILWS


CLIMATE REPORT
NATIONAL WEATHER SERVICE SPOKANE, WA
128 AM PDT SAT APR 19 2014


...................................

...THE LEWISTON ID AIRPORT CLIMATE SUMMARY FOR APRIL 18 2014...

CLIMATE NORMAL PERIOD 1981 TO 2010
CLIMATE RECORD PERIOD 1881 TO 2014


WEATHER ITEM   OBSERVED TIME   RECORD YEAR NORMAL DEPARTURE LAST
                VALUE   (LST)  VALUE       VALUE  FROM      YEAR
                                                  NORMAL
..................................................................
TEMPERATURE (F)
 YESTERDAY
  MAXIMUM         60    226 PM  90    1910  63     -3       56
                                      1897
  MINIMUM         37   1156 PM  26    1964  40     -3       35
  AVERAGE         49                        52     -3       46

PRECIPITATION (IN)
  YESTERDAY        0.02        0.35   1985  0.04  -0.02      T
  MONTH TO DATE    0.47                     0.75  -0.28     0.91
  SINCE OCT 1      5.77                     6.87  -1.10     6.92
  SINCE JAN 1      4.24                     3.76   0.48     2.76

SNOWFALL (IN)
  YESTERDAY        0.0           T    1982  0.0    0.0      0.0
  MONTH TO DATE    0.0                      0.0    0.0      0.0
  SINCE MAR 1      0.6                      0.7   -0.1      0.0
  SINCE JUL 1     16.5                     10.5    6.0      2.6
  SNOW DEPTH       0

DEGREE DAYS
 HEATING
  YESTERDAY       16                        13      3       19
  MONTH TO DATE  241                       269    -28      285
  SINCE MAR 1    838                       881    -43      836
  SINCE JUL 1   4999                      4736    263     4275

 COOLING
  YESTERDAY        0                         0      0        0
  MONTH TO DATE    0                         0      0        0
  SINCE MAR 1      0                         0      0        0
  SINCE JAN 1      0                         0      0        0
..................................................................


WIND (MPH)
  HIGHEST WIND SPEED    21   HIGHEST WIND DIRECTION     W (250)
  HIGHEST GUST SPEED    27   HIGHEST GUST DIRECTION    SW (240)
  AVERAGE WIND SPEED     9.2


SKY COVER
  POSSIBLE SUNSHINE  MM
  AVERAGE SKY COVER 0.1


WEATHER CONDITIONS
 THE FOLLOWING WEATHER WAS RECORDED YESTERDAY.
  LIGHT RAIN


RELATIVE HUMIDITY (PERCENT)
 HIGHEST    61           300 AM
 LOWEST     19          1200 PM
 AVERAGE    40

..........................................................


THE LEWISTON ID AIRPORT CLIMATE NORMALS FOR TODAY
                         NORMAL    RECORD    YEAR
 MAXIMUM TEMPERATURE (F)   63        87      1908
 MINIMUM TEMPERATURE (F)   41        20      1966


SUNRISE AND SUNSET
APRIL 19 2014.........SUNRISE   554 AM PDT   SUNSET   741 PM PDT
APRIL 20 2014.........SUNRISE   552 AM PDT   SUNSET   743 PM PDT


-  INDICATES NEGATIVE NUMBERS.
R  INDICATES RECORD WAS SET OR TIED.
MM INDICATES DATA IS MISSING.
T  INDICATES TRACE AMOUNT.

$$
