000
CDUS46 KOTX 230821
CLILWS


CLIMATE REPORT
NATIONAL WEATHER SERVICE SPOKANE, WA
120 AM PDT WED APR 23 2014


...................................

...THE LEWISTON ID AIRPORT CLIMATE SUMMARY FOR APRIL 22 2014...

CLIMATE NORMAL PERIOD 1981 TO 2010
CLIMATE RECORD PERIOD 1881 TO 2014


WEATHER ITEM   OBSERVED TIME   RECORD YEAR NORMAL DEPARTURE LAST
                VALUE   (LST)  VALUE       VALUE  FROM      YEAR
                                                  NORMAL
..................................................................
TEMPERATURE (F)
 YESTERDAY
  MAXIMUM         58   1247 AM  93    1934  64     -6       56
  MINIMUM         41   1121 PM  29    1968  41      0       35
  AVERAGE         50                        52     -2       46

PRECIPITATION (IN)
  YESTERDAY        0.14          0.63 1990   0.04   0.10     0.00
  MONTH TO DATE    0.61                      0.94  -0.33     1.15
  SINCE OCT 1      5.91                      7.06  -1.15     7.16
  SINCE JAN 1      4.38                      3.95   0.43     3.00

SNOWFALL (IN)
  YESTERDAY        0.0           0.0  1995   0.0    0.0      0.0
  MONTH TO DATE    0.0                       0.0    0.0      0.0
  SINCE MAR 1      0.6                       0.7   -0.1      0.0
  SINCE JUL 1     16.5                      10.5    6.0      2.6
  SNOW DEPTH       0

DEGREE DAYS
 HEATING
  YESTERDAY       15                        13      2       19
  MONTH TO DATE  288                       321    -33      344
  SINCE MAR 1    885                       933    -48      895
  SINCE JUL 1   5046                      4788    258     4334

 COOLING
  YESTERDAY        0                         0      0        0
  MONTH TO DATE    0                         0      0        0
  SINCE MAR 1      0                         0      0        0
  SINCE JAN 1      0                         0      0        0
..................................................................


WIND (MPH)
  HIGHEST WIND SPEED    24   HIGHEST WIND DIRECTION    NW (300)
  HIGHEST GUST SPEED    32   HIGHEST GUST DIRECTION     W (290)
  AVERAGE WIND SPEED     8.8


SKY COVER
  POSSIBLE SUNSHINE  MM
  AVERAGE SKY COVER 0.6


WEATHER CONDITIONS
 THE FOLLOWING WEATHER WAS RECORDED YESTERDAY.
  LIGHT RAIN


RELATIVE HUMIDITY (PERCENT)
 HIGHEST    80           500 AM
 LOWEST     35           500 PM
 AVERAGE    58

..........................................................


THE LEWISTON ID AIRPORT CLIMATE NORMALS FOR TODAY
                         NORMAL    RECORD    YEAR
 MAXIMUM TEMPERATURE (F)   64        94      1977
 MINIMUM TEMPERATURE (F)   41        30      2013


SUNRISE AND SUNSET
APRIL 23 2014.........SUNRISE   547 AM PDT   SUNSET   747 PM PDT
APRIL 24 2014.........SUNRISE   545 AM PDT   SUNSET   748 PM PDT


-  INDICATES NEGATIVE NUMBERS.
R  INDICATES RECORD WAS SET OR TIED.
MM INDICATES DATA IS MISSING.
T  INDICATES TRACE AMOUNT.




$$
