000
CDUS46 KOTX 300827
CLILWS


CLIMATE REPORT
NATIONAL WEATHER SERVICE SPOKANE, WA
125 AM PDT SUN AUG 30 2015


...................................

...THE LEWISTON ID AIRPORT CLIMATE SUMMARY FOR AUGUST 29 2015...

CLIMATE NORMAL PERIOD 1981 TO 2010
CLIMATE RECORD PERIOD 1881 TO 2015


WEATHER ITEM   OBSERVED TIME   RECORD YEAR NORMAL DEPARTURE LAST
                VALUE   (LST)  VALUE       VALUE  FROM      YEAR
                                                  NORMAL
..................................................................
TEMPERATURE (F)
 YESTERDAY
  MAXIMUM         MM        MM 104    1915  85     MM       91
  MINIMUM         MM        MM  42    1980  57     MM       58
  AVERAGE         MM                        71     MM       75

PRECIPITATION (IN)
  YESTERDAY        T             0.84 2002   0.03  -0.03      T
  MONTH TO DATE    T                         0.64  -0.64     1.17
  SINCE OCT 1     10.30                     11.59  -1.29     9.20
  SINCE JAN 1      6.11                      8.48  -2.37     7.67

SNOWFALL (IN)
  YESTERDAY       MM             0.0  1998   0.0   MM        0.0
  MONTH TO DATE    0.0                       0.0    0.0      0.0
  SINCE JUN 1      0.0                       0.0    0.0      0.0
  SINCE JUL 1      0.0                       0.0    0.0      0.0
  SNOW DEPTH       0

DEGREE DAYS
 HEATING
  YESTERDAY       MM                         1     MM        0
  MONTH TO DATE    0                         3     -3        0
  SINCE JUN 1      2                        80    -78       41
  SINCE JUL 1      0                        10    -10        0

 COOLING
  YESTERDAY       MM                         6     MM       10
  MONTH TO DATE  350                       274     76      357
  SINCE JUN 1   1096                       672    424      930
  SINCE JAN 1   1148                       704    444      958
..................................................................


WIND (MPH)
  HIGHEST WIND SPEED    29   HIGHEST WIND DIRECTION     W (280)
  HIGHEST GUST SPEED    73   HIGHEST GUST DIRECTION     S (180)
  AVERAGE WIND SPEED    10.9


SKY COVER
  POSSIBLE SUNSHINE  MM
  AVERAGE SKY COVER  MM


WEATHER CONDITIONS
 THE FOLLOWING WEATHER WAS RECORDED YESTERDAY.
  NO SIGNIFICANT WEATHER WAS OBSERVED.


RELATIVE HUMIDITY (PERCENT)
 HIGHEST    MM
 LOWEST     MM
 AVERAGE    MM

..........................................................


THE LEWISTON ID AIRPORT CLIMATE NORMALS FOR TODAY
                         NORMAL    RECORD    YEAR
 MAXIMUM TEMPERATURE (F)   85       104      1929
 MINIMUM TEMPERATURE (F)   56        42      1965
                                             1941
                                             1912


SUNRISE AND SUNSET
AUGUST 30 2015........SUNRISE   606 AM PDT   SUNSET   731 PM PDT
AUGUST 31 2015........SUNRISE   607 AM PDT   SUNSET   729 PM PDT


-  INDICATES NEGATIVE NUMBERS.
R  INDICATES RECORD WAS SET OR TIED.
MM INDICATES DATA IS MISSING.
T  INDICATES TRACE AMOUNT.




$$
