000
CDUS46 KOTX 230854
CLILWS


CLIMATE REPORT
NATIONAL WEATHER SERVICE SPOKANE, WA
1254 AM PST FRI FEB 23 2018


...................................

...THE LEWISTON ID AIRPORT CLIMATE SUMMARY FOR FEBRUARY 22 2018...

CLIMATE NORMAL PERIOD 1981 TO 2010
CLIMATE RECORD PERIOD 1881 TO 2018


WEATHER ITEM   OBSERVED TIME   RECORD YEAR NORMAL DEPARTURE LAST
                VALUE   (LST)  VALUE       VALUE  FROM      YEAR
                                                  NORMAL
..................................................................
TEMPERATURE (F)
 YESTERDAY
  MAXIMUM         31    216 PM  64    1895  48    -17       45
  MINIMUM         22    714 AM   6    1894  31     -9       34
  AVERAGE         27                        40    -13       40

PRECIPITATION (IN)
  YESTERDAY        0.03          0.79 1912   0.03   0.00      T
  MONTH TO DATE    0.70                      0.60   0.10     1.65
  SINCE OCT 1      7.63                      4.79   2.84     7.34
  SINCE JAN 1      2.07                      1.68   0.39     2.46

SNOWFALL (IN)
  YESTERDAY        0.7           7.0  1956   0.1    0.6      0.0
  MONTH TO DATE    1.0                       1.8   -0.8      3.6
  SINCE DEC 1     14.0                       7.7    6.3     30.0
  SINCE JUL 1     14.0                       9.5    4.5     30.0
  SNOW DEPTH       T

DEGREE DAYS
 HEATING
  YESTERDAY       38                        25     13       25
  MONTH TO DATE  565                       589    -24      585
  SINCE DEC 1   2366                      2468   -102     2899
  SINCE JUL 1   3532                      3708   -176     3848

 COOLING
  YESTERDAY        0                         0      0        0
  MONTH TO DATE    0                         0      0        0
  SINCE DEC 1      0                         0      0        0
  SINCE JAN 1      0                         0      0        0
..................................................................


WIND (MPH)
  HIGHEST WIND SPEED    17   HIGHEST WIND DIRECTION    NW (300)
  HIGHEST GUST SPEED    23   HIGHEST GUST DIRECTION     W (280)
  AVERAGE WIND SPEED     8.0


SKY COVER
  POSSIBLE SUNSHINE  MM
  AVERAGE SKY COVER 1.0


WEATHER CONDITIONS
 THE FOLLOWING WEATHER WAS RECORDED YESTERDAY.
  LIGHT SNOW
  FOG


RELATIVE HUMIDITY (PERCENT)
 HIGHEST   100           300 AM
 LOWEST     58           300 PM
 AVERAGE    79

..........................................................


THE LEWISTON ID AIRPORT CLIMATE NORMALS FOR TODAY
                         NORMAL    RECORD    YEAR
 MAXIMUM TEMPERATURE (F)   49        66      1968
 MINIMUM TEMPERATURE (F)   31         9      1894


SUNRISE AND SUNSET
FEBRUARY 23 2018......SUNRISE   638 AM PST   SUNSET   526 PM PST
FEBRUARY 24 2018......SUNRISE   636 AM PST   SUNSET   527 PM PST


-  INDICATES NEGATIVE NUMBERS.
R  INDICATES RECORD WAS SET OR TIED.
MM INDICATES DATA IS MISSING.
T  INDICATES TRACE AMOUNT.




$$
