000
CDUS45 KTFX 300759
CLILWT


CLIMATE REPORT
NATIONAL WEATHER SERVICE GREAT FALLS MT
159 AM MDT SAT APR 30 2016


...................................

...THE LEWISTOWN MT CLIMATE SUMMARY FOR APRIL 29 2016...

CLIMATE NORMAL PERIOD 1981 TO 2010
CLIMATE RECORD PERIOD 1896 TO 2016


WEATHER ITEM   OBSERVED TIME   RECORD YEAR NORMAL DEPARTURE LAST
                VALUE   (LST)  VALUE       VALUE  FROM      YEAR
                                                  NORMAL
..................................................................
TEMPERATURE (F)
 YESTERDAY
  MAXIMUM         49    208 PM  89    1939  58     -9       78
  MINIMUM         36    545 AM  12    1903  32      4       42
  AVERAGE         43                        45     -2       60

PRECIPITATION (IN)
  YESTERDAY        0.00          0.58 1991   0.06  -0.06     0.17
  MONTH TO DATE    1.51                      1.35   0.16     1.75
  SINCE OCT 1      5.79                      5.85  -0.06     6.36
  SINCE JAN 1      3.71                      3.35   0.36     4.05

SNOWFALL (IN)
  YESTERDAY       MM
  SNOW DEPTH       0

DEGREE DAYS
 HEATING
  YESTERDAY       22                        20      2        5
  MONTH TO DATE  530                       689   -159      621
  SINCE MAR 1   1325                      1684   -359     1314
  SINCE JUL 1   6283                      7488  -1205     6512

 COOLING
  YESTERDAY        0                         0      0        0
  MONTH TO DATE    0                         0      0        0
  SINCE MAR 1      0                         0      0        0
  SINCE JAN 1      0                         0      0        0
..................................................................


WIND (MPH)
  HIGHEST WIND SPEED    23   HIGHEST WIND DIRECTION    SE (130)
  HIGHEST GUST SPEED    26   HIGHEST GUST DIRECTION    SE (120)
  AVERAGE WIND SPEED     9.5


SKY COVER
  AVERAGE SKY COVER 1.0


WEATHER CONDITIONS
 THE FOLLOWING WEATHER WAS RECORDED YESTERDAY.
  NO SIGNIFICANT WEATHER WAS OBSERVED.


RELATIVE HUMIDITY (PERCENT)
 HIGHEST    82          1200 AM
 LOWEST     54           300 PM
 AVERAGE    68

..........................................................


THE LEWISTOWN MT CLIMATE NORMALS FOR TODAY
                         NORMAL    RECORD    YEAR
 MAXIMUM TEMPERATURE (F)   58        83      1926
 MINIMUM TEMPERATURE (F)   33         5      1909


SUNRISE AND SUNSET
APRIL 30 2016.........SUNRISE   603 AM MDT   SUNSET   828 PM MDT
MAY  1 2016...........SUNRISE   601 AM MDT   SUNSET   829 PM MDT


-  INDICATES NEGATIVE NUMBERS.
R  INDICATES RECORD WAS SET OR TIED.
MM INDICATES DATA IS MISSING.
T  INDICATES TRACE AMOUNT.




$$
