000
CDUS45 KTFX 070927
CLILWT


CLIMATE REPORT
NATIONAL WEATHER SERVICE GREAT FALLS MT
226 AM MST WED DEC 7 2016


...................................

...THE LEWISTOWN MT CLIMATE SUMMARY FOR DECEMBER 6 2016...

CLIMATE NORMAL PERIOD 1981 TO 2010
CLIMATE RECORD PERIOD 1896 TO 2016


WEATHER ITEM   OBSERVED TIME   RECORD YEAR NORMAL DEPARTURE LAST
                VALUE   (LST)  VALUE       VALUE  FROM      YEAR
                                                  NORMAL
..................................................................
TEMPERATURE (F)
 YESTERDAY
  MAXIMUM          5    102 AM  64    1939  35    -30       50
  MINIMUM         -4   1159 PM -27    2013  14    -18       38
  AVERAGE          1                        24    -23       44

PRECIPITATION (IN)
  YESTERDAY        T             0.60 1901   0.02  -0.02     0.00
  MONTH TO DATE    0.07                      0.13  -0.06      T
  SINCE OCT 1      4.14                      1.97   2.17     1.41
  SINCE JAN 1     20.17                     16.32   3.85    13.49

SNOWFALL (IN)
  YESTERDAY       MM
  SNOW DEPTH       1

DEGREE DAYS
 HEATING
  YESTERDAY       64                        41     23       21
  MONTH TO DATE  256                       239     17      178
  SINCE DEC 1    256                       239     17      178
  SINCE JUL 1   1982                      2367   -385     1935

 COOLING
  YESTERDAY        0                         0      0        0
  MONTH TO DATE    0                         0      0        0
  SINCE DEC 1      0                         0      0        0
  SINCE JAN 1    259                       210     49      343
..................................................................


WIND (MPH)
  HIGHEST WIND SPEED    14   HIGHEST WIND DIRECTION     W (290)
  HIGHEST GUST SPEED    17   HIGHEST GUST DIRECTION    NW (300)
  AVERAGE WIND SPEED     8.9


SKY COVER
  AVERAGE SKY COVER 1.0


WEATHER CONDITIONS
 THE FOLLOWING WEATHER WAS RECORDED YESTERDAY.
  LIGHT SNOW
  FOG


RELATIVE HUMIDITY (PERCENT)
 HIGHEST    91           200 AM
 LOWEST     79           200 PM
 AVERAGE    85

..........................................................


THE LEWISTOWN MT CLIMATE NORMALS FOR TODAY
                         NORMAL    RECORD    YEAR
 MAXIMUM TEMPERATURE (F)   35        64      1939
 MINIMUM TEMPERATURE (F)   14       -32      1972


SUNRISE AND SUNSET
DECEMBER  7 2016......SUNRISE   750 AM MST   SUNSET   429 PM MST
DECEMBER  8 2016......SUNRISE   751 AM MST   SUNSET   429 PM MST


-  INDICATES NEGATIVE NUMBERS.
R  INDICATES RECORD WAS SET OR TIED.
MM INDICATES DATA IS MISSING.
T  INDICATES TRACE AMOUNT.




$$
