000
CDUS45 KTFX 231148
CLILWT


CLIMATE REPORT
NATIONAL WEATHER SERVICE GREAT FALLS MT
448 AM MST SUN NOV 23 2014


...................................

...THE LEWISTOWN MT CLIMATE SUMMARY FOR NOVEMBER 22 2014...

CLIMATE NORMAL PERIOD 1981 TO 2010
CLIMATE RECORD PERIOD 1896 TO 2014


WEATHER ITEM   OBSERVED TIME   RECORD YEAR NORMAL DEPARTURE LAST
                VALUE   (LST)  VALUE       VALUE  FROM      YEAR
                                                  NORMAL
..................................................................
TEMPERATURE (F)
 YESTERDAY
  MAXIMUM         51    205 PM  72    1939  40     11       36
  MINIMUM         35   1123 PM -28    1985  19     16       10
  AVERAGE         43                        29     14       23

PRECIPITATION (IN)
  YESTERDAY        T             0.21 1926   0.02  -0.02     0.00
  MONTH TO DATE    0.46                      0.53  -0.07     0.35
  SINCE OCT 1      1.32                      1.66  -0.34     1.42
  SINCE JAN 1     17.89                     16.01   1.88    21.83

SNOWFALL (IN)
  YESTERDAY       MM
  SNOW DEPTH       T

DEGREE DAYS
 HEATING
  YESTERDAY       22                        36    -14       42
  MONTH TO DATE  794                       690    104      745
  SINCE SEP 1   1495                      1670   -175     1708
  SINCE JUL 1   1576                      1828   -252     1747

 COOLING
  YESTERDAY        0                         0      0        0
  MONTH TO DATE    0                         0      0        0
  SINCE SEP 1     14                        14      0       47
  SINCE JAN 1    295                       210     85      277
..................................................................


WIND (MPH)
  HIGHEST WIND SPEED    33   HIGHEST WIND DIRECTION     W (280)
  HIGHEST GUST SPEED    43   HIGHEST GUST DIRECTION     W (280)
  AVERAGE WIND SPEED    21.4


SKY COVER
  AVERAGE SKY COVER 0.7


WEATHER CONDITIONS
 THE FOLLOWING WEATHER WAS RECORDED YESTERDAY.
  LIGHT RAIN


RELATIVE HUMIDITY (PERCENT)
 HIGHEST    65           800 AM
 LOWEST     26           200 PM
 AVERAGE    46

..........................................................


THE LEWISTOWN MT CLIMATE NORMALS FOR TODAY
                         NORMAL    RECORD    YEAR
 MAXIMUM TEMPERATURE (F)   40        65      1944
 MINIMUM TEMPERATURE (F)   18       -30      1985


SUNRISE AND SUNSET
NOVEMBER 23 2014......SUNRISE   733 AM MST   SUNSET   435 PM MST
NOVEMBER 24 2014......SUNRISE   734 AM MST   SUNSET   435 PM MST


-  INDICATES NEGATIVE NUMBERS.
R  INDICATES RECORD WAS SET OR TIED.
MM INDICATES DATA IS MISSING.
T  INDICATES TRACE AMOUNT.




$$
