995
CDUS45 KTFX 080752
CLILWT


CLIMATE REPORT
NATIONAL WEATHER SERVICE GREAT FALLS MT
1251 AM MST MON FEB 8 2016


...................................

...THE LEWISTOWN MT CLIMATE SUMMARY FOR FEBRUARY 7 2016...

CLIMATE NORMAL PERIOD 1981 TO 2010
CLIMATE RECORD PERIOD 1896 TO 2016


WEATHER ITEM   OBSERVED TIME   RECORD YEAR NORMAL DEPARTURE LAST
                VALUE   (LST)  VALUE       VALUE  FROM      YEAR
                                                  NORMAL
..................................................................
TEMPERATURE (F)
 YESTERDAY
  MAXIMUM         36    318 PM  63    1991  35      1       57
  MINIMUM         21   1108 PM -34    1936  14      7       39
  AVERAGE         29                        25      4       48

PRECIPITATION (IN)
  YESTERDAY        0.00          0.30 1986   0.01  -0.01     0.03
  MONTH TO DATE    0.05                      0.11  -0.06     0.08
  SINCE OCT 1      2.80                      3.18  -0.38     3.20
  SINCE JAN 1      0.72                      0.68   0.04     0.89

SNOWFALL (IN)
  YESTERDAY       MM
  SNOW DEPTH      MM

DEGREE DAYS
 HEATING
  YESTERDAY       36                        40     -4       17
  MONTH TO DATE  269                       283    -14      219
  SINCE DEC 1   2633                      2860   -227     2527
  SINCE JUL 1   4390                      4988   -598     4444

 COOLING
  YESTERDAY        0                         0      0        0
  MONTH TO DATE    0                         0      0        0
  SINCE DEC 1      0                         0      0        0
  SINCE JAN 1      0                         0      0        0
..................................................................


WIND (MPH)
  HIGHEST WIND SPEED    21   HIGHEST WIND DIRECTION     W (290)
  HIGHEST GUST SPEED    27   HIGHEST GUST DIRECTION    NW (310)
  AVERAGE WIND SPEED     7.9


SKY COVER
  AVERAGE SKY COVER 0.0


WEATHER CONDITIONS
 THE FOLLOWING WEATHER WAS RECORDED YESTERDAY.
  NO SIGNIFICANT WEATHER WAS OBSERVED.


RELATIVE HUMIDITY (PERCENT)
 HIGHEST    68           100 AM
 LOWEST     35           300 PM
 AVERAGE    52

..........................................................


THE LEWISTOWN MT CLIMATE NORMALS FOR TODAY
                         NORMAL    RECORD    YEAR
 MAXIMUM TEMPERATURE (F)   35        64      1987
 MINIMUM TEMPERATURE (F)   14       -38      1936


SUNRISE AND SUNSET
FEBRUARY  8 2016......SUNRISE   734 AM MST   SUNSET   531 PM MST
FEBRUARY  9 2016......SUNRISE   732 AM MST   SUNSET   532 PM MST


-  INDICATES NEGATIVE NUMBERS.
R  INDICATES RECORD WAS SET OR TIED.
MM INDICATES DATA IS MISSING.
T  INDICATES TRACE AMOUNT.




$$
