000
CDUS45 KTFX 302216
CLILWT


CLIMATE REPORT
NATIONAL WEATHER SERVICE GREAT FALLS MT
415 PM MDT SAT AUG 30 2014


...................................

...THE LEWISTOWN MT CLIMATE SUMMARY FOR AUGUST 30 2014...
VALID TODAY AS OF 0400 PM LOCAL TIME.

CLIMATE NORMAL PERIOD 1981 TO 2010
CLIMATE RECORD PERIOD 1896 TO 2014


WEATHER ITEM   OBSERVED TIME   RECORD YEAR NORMAL DEPARTURE LAST
                VALUE   (LST)  VALUE       VALUE  FROM      YEAR
                                                  NORMAL
..................................................................
TEMPERATURE (F)
 TODAY
  MAXIMUM         69    100 PM  96    1954  76     -7       87
                                      1929
  MINIMUM         58        MM  30    1912  46     12       55
  AVERAGE         64                        61      3       71

PRECIPITATION (IN)
  TODAY            0.09          0.70 1907   0.06   0.03      T
  MONTH TO DATE    6.06                      1.68   4.38     2.20
  SINCE OCT 1     17.16                     15.45   1.71    20.57
  SINCE JAN 1     15.08                     12.95   2.13    18.06

SNOWFALL (IN)
  TODAY            0.0
  SNOW DEPTH      MM

DEGREE DAYS
 HEATING
  TODAY            1                         5     -4        0
  MONTH TO DATE   63                        79    -16       15
  SINCE JUN 1    359                       379    -20      256
  SINCE JUL 1     73                       152    -79       36

 COOLING
  TODAY            0                         1     -1        6
  MONTH TO DATE  127                        87     40      104
  SINCE JUN 1    281                       195     86      227
  SINCE JAN 1    281                       197     84      230
..................................................................


WIND (MPH)
  HIGHEST WIND SPEED    20   HIGHEST WIND DIRECTION     W (260)
  HIGHEST GUST SPEED    24   HIGHEST GUST DIRECTION     W (260)
  AVERAGE WIND SPEED     5.6


SKY COVER
  AVERAGE SKY COVER 0.2


WEATHER CONDITIONS
 THE FOLLOWING WEATHER WAS RECORDED TODAY.
  THUNDERSTORM
  RAIN
  LIGHT RAIN
  FOG


RELATIVE HUMIDITY (PERCENT)
 HIGHEST    86
 LOWEST     44
 AVERAGE    65

..........................................................


THE LEWISTOWN MT CLIMATE NORMALS FOR TOMORROW
                         NORMAL    RECORD    YEAR
 MAXIMUM TEMPERATURE (F)   76        98      1991
 MINIMUM TEMPERATURE (F)   46        34      1930


SUNRISE AND SUNSET
AUGUST 30 2014........SUNRISE   635 AM MDT   SUNSET   801 PM MDT
AUGUST 31 2014........SUNRISE   636 AM MDT   SUNSET   759 PM MDT


-  INDICATES NEGATIVE NUMBERS.
R  INDICATES RECORD WAS SET OR TIED.
MM INDICATES DATA IS MISSING.
T  INDICATES TRACE AMOUNT.




$$
