000
CDUS45 KTFX 011024
CLILWT


CLIMATE REPORT
NATIONAL WEATHER SERVICE GREAT FALLS MT
423 AM MDT WED JUL 1 2015


...................................

...THE LEWISTOWN MT CLIMATE SUMMARY FOR JUNE 30 2015...

CLIMATE NORMAL PERIOD 1981 TO 2010
CLIMATE RECORD PERIOD 1896 TO 2015


WEATHER ITEM   OBSERVED TIME   RECORD YEAR NORMAL DEPARTURE LAST
                VALUE   (LST)  VALUE       VALUE  FROM      YEAR
                                                  NORMAL
..................................................................
TEMPERATURE (F)
 YESTERDAY
  MAXIMUM         90    411 PM  98    1990  76     14       66
  MINIMUM         60   1151 PM  35    1988  48     12       48
  AVERAGE         75                        62     13       57

PRECIPITATION (IN)
  YESTERDAY        T             0.76 1992   0.08  -0.08     0.14
  MONTH TO DATE    1.61                      3.08  -1.47     2.64
  SINCE OCT 1     10.61                     11.84  -1.23    10.18
  SINCE JAN 1      8.30                      9.34  -1.04     8.10

SNOWFALL (IN)
  YESTERDAY       MM
  SNOW DEPTH       0

DEGREE DAYS
 HEATING
  YESTERDAY        0                         5     -5        8
  MONTH TO DATE   86                       227   -141      286
  SINCE JUN 1     86                       227   -141      286
  SINCE JUL 1   7069                      8201  -1132     8634

 COOLING
  YESTERDAY       10                         1      9        0
  MONTH TO DATE   75                        20     55        1
  SINCE JUN 1     75                        20     55        1
  SINCE JAN 1     75                        22     53        1
..................................................................


WIND (MPH)
  HIGHEST WIND SPEED    26   HIGHEST WIND DIRECTION    NW (300)
  HIGHEST GUST SPEED    37   HIGHEST GUST DIRECTION    NW (300)
  AVERAGE WIND SPEED    10.1


SKY COVER
  AVERAGE SKY COVER 0.1


WEATHER CONDITIONS
 THE FOLLOWING WEATHER WAS RECORDED YESTERDAY.
  LIGHT RAIN


RELATIVE HUMIDITY (PERCENT)
 HIGHEST    68           500 AM
 LOWEST     19          1200 PM
 AVERAGE    44

..........................................................


THE LEWISTOWN MT CLIMATE NORMALS FOR TODAY
                         NORMAL    RECORD    YEAR
 MAXIMUM TEMPERATURE (F)   76        95      1990
 MINIMUM TEMPERATURE (F)   48        34      1901


SUNRISE AND SUNSET
JULY  1 2015..........SUNRISE   527 AM MDT   SUNSET   917 PM MDT
JULY  2 2015..........SUNRISE   527 AM MDT   SUNSET   916 PM MDT


-  INDICATES NEGATIVE NUMBERS.
R  INDICATES RECORD WAS SET OR TIED.
MM INDICATES DATA IS MISSING.
T  INDICATES TRACE AMOUNT.




$$
