000
CDUS45 KTFX 290930
CLILWT


CLIMATE REPORT
NATIONAL WEATHER SERVICE GREAT FALLS MT
329 AM MDT THU JUN 29 2017


...................................

...THE LEWISTOWN MT CLIMATE SUMMARY FOR JUNE 28 2017...

CLIMATE NORMAL PERIOD 1981 TO 2010
CLIMATE RECORD PERIOD 1896 TO 2017


WEATHER ITEM   OBSERVED TIME   RECORD YEAR NORMAL DEPARTURE LAST
                VALUE   (LST)  VALUE       VALUE  FROM      YEAR
                                                  NORMAL
..................................................................
TEMPERATURE (F)
 YESTERDAY
  MAXIMUM         77    138 PM  96    1919  75      2       85
  MINIMUM         49    453 AM  32    1911  48      1       60
  AVERAGE         63                        61      2       73

PRECIPITATION (IN)
  YESTERDAY        0.00          1.01 1941   0.08  -0.08      T
  MONTH TO DATE    1.75                      2.92  -1.17     0.76
  SINCE OCT 1     11.96                     11.68   0.28    10.53
  SINCE JAN 1      7.56                      9.18  -1.62     8.45

SNOWFALL (IN)
  YESTERDAY       MM
  SNOW DEPTH       0

DEGREE DAYS
 HEATING
  YESTERDAY        2                         5     -3        0
  MONTH TO DATE  156                       217    -61       90
  SINCE JUN 1    156                       217    -61       90
  SINCE JUL 1   7933                      8191   -258     6812

 COOLING
  YESTERDAY        0                         1     -1        8
  MONTH TO DATE   25                        14     11       43
  SINCE JUN 1     25                        14     11       43
  SINCE JAN 1     26                        16     10       43
..................................................................


WIND (MPH)
  HIGHEST WIND SPEED    25   HIGHEST WIND DIRECTION    NW (300)
  HIGHEST GUST SPEED    34   HIGHEST GUST DIRECTION     W (280)
  AVERAGE WIND SPEED     8.7


SKY COVER
  AVERAGE SKY COVER 0.2


WEATHER CONDITIONS
 THE FOLLOWING WEATHER WAS RECORDED YESTERDAY.
  NO SIGNIFICANT WEATHER WAS OBSERVED.


RELATIVE HUMIDITY (PERCENT)
 HIGHEST    80           500 AM
 LOWEST     18           200 PM
 AVERAGE    49

..........................................................


THE LEWISTOWN MT CLIMATE NORMALS FOR TODAY
                         NORMAL    RECORD    YEAR
 MAXIMUM TEMPERATURE (F)   76        96      1984
 MINIMUM TEMPERATURE (F)   48        31      1947


SUNRISE AND SUNSET
JUNE 29 2017..........SUNRISE   526 AM MDT   SUNSET   917 PM MDT
JUNE 30 2017..........SUNRISE   526 AM MDT   SUNSET   917 PM MDT


-  INDICATES NEGATIVE NUMBERS.
R  INDICATES RECORD WAS SET OR TIED.
MM INDICATES DATA IS MISSING.
T  INDICATES TRACE AMOUNT.




$$
