000
CDUS45 KTFX 312230
CLILWT


CLIMATE REPORT
NATIONAL WEATHER SERVICE GREAT FALLS MT
430 PM MDT TUE MAY 31 2016


...................................

...THE LEWISTOWN MT CLIMATE SUMMARY FOR MAY 31 2016...
VALID TODAY AS OF 0400 PM LOCAL TIME.

CLIMATE NORMAL PERIOD 1981 TO 2010
CLIMATE RECORD PERIOD 1896 TO 2016


WEATHER ITEM   OBSERVED TIME   RECORD YEAR NORMAL DEPARTURE LAST
                VALUE   (LST)  VALUE       VALUE  FROM      YEAR
                                                  NORMAL
..................................................................
TEMPERATURE (F)
 TODAY
  MAXIMUM         55    254 PM  87    1936  66    -11       76
  MINIMUM         42    736 AM  24    1982  42      0       45
  AVERAGE         49                        54     -5       61

PRECIPITATION (IN)
  TODAY            0.14          1.56 2013   0.12   0.02      T
  MONTH TO DATE    3.98                      2.85   1.13     2.64
  SINCE OCT 1      9.77                      8.76   1.01     9.00
  SINCE JAN 1      7.69                      6.26   1.43     6.69

DEGREE DAYS
 HEATING
  TODAY           16                        11      5        4
  MONTH TO DATE  420                       466    -46      458
  SINCE MAR 1   1764                      2170   -406     1785
  SINCE JUL 1   6722                      7974  -1252     6983

 COOLING
  TODAY            0                         0      0        0
  MONTH TO DATE    0                         2     -2        0
  SINCE MAR 1      0                         2     -2        0
  SINCE JAN 1      0                         2     -2        0
..................................................................


WIND (MPH)
  HIGHEST WIND SPEED    29   HIGHEST WIND DIRECTION    NW (300)
  HIGHEST GUST SPEED    37   HIGHEST GUST DIRECTION    NW (300)
  AVERAGE WIND SPEED    14.5


SKY COVER
  AVERAGE SKY COVER 0.9


WEATHER CONDITIONS
 THE FOLLOWING WEATHER WAS RECORDED TODAY.
  RAIN
  LIGHT RAIN
  FOG


RELATIVE HUMIDITY (PERCENT)
 HIGHEST    89
 LOWEST     61
 AVERAGE    75

..........................................................


THE LEWISTOWN MT CLIMATE NORMALS FOR TOMORROW
                         NORMAL    RECORD    YEAR
 MAXIMUM TEMPERATURE (F)   67        87      1913
 MINIMUM TEMPERATURE (F)   42        27      1928


SUNRISE AND SUNSET
MAY 31 2016...........SUNRISE   527 AM MDT   SUNSET   905 PM MDT
JUNE  1 2016..........SUNRISE   526 AM MDT   SUNSET   906 PM MDT


-  INDICATES NEGATIVE NUMBERS.
R  INDICATES RECORD WAS SET OR TIED.
MM INDICATES DATA IS MISSING.
T  INDICATES TRACE AMOUNT.




$$
