000
CDUS45 KTFX 241132
CLILWT


CLIMATE REPORT
NATIONAL WEATHER SERVICE GREAT FALLS MT
429 AM MST TUE JAN 24 2017


...................................

...THE LEWISTOWN MT CLIMATE SUMMARY FOR JANUARY 23 2017...

CLIMATE NORMAL PERIOD 1981 TO 2010
CLIMATE RECORD PERIOD 1896 TO 2017


WEATHER ITEM   OBSERVED TIME   RECORD YEAR NORMAL DEPARTURE LAST
                VALUE   (LST)  VALUE       VALUE  FROM      YEAR
                                                  NORMAL
..................................................................
TEMPERATURE (F)
 YESTERDAY
  MAXIMUM         23    150 PM  64    2005  35    -12       46
  MINIMUM         17   1159 PM -38    1929  14      3       26
  AVERAGE         20                        24     -4       36

PRECIPITATION (IN)
  YESTERDAY        T             0.28 1914   0.02  -0.02     0.07
  MONTH TO DATE    0.11                      0.43  -0.32     0.64
  SINCE OCT 1      4.51                      2.93   1.58     2.72
  SINCE JAN 1      0.11                      0.43  -0.32     0.64

SNOWFALL (IN)
  YESTERDAY       MM
  SNOW DEPTH      MM

DEGREE DAYS
 HEATING
  YESTERDAY       45                        41      4       29
  MONTH TO DATE 1171                       955    216      919
  SINCE DEC 1   2718                      2249    469     2104
  SINCE JUL 1   4444                      4377     67     3861

 COOLING
  YESTERDAY        0                         0      0        0
  MONTH TO DATE    0                         0      0        0
  SINCE DEC 1      0                         0      0        0
  SINCE JAN 1      0                         0      0        0
..................................................................


WIND (MPH)
  HIGHEST WIND SPEED    13   HIGHEST WIND DIRECTION    NW (300)
  HIGHEST GUST SPEED    16   HIGHEST GUST DIRECTION    NW (300)
  AVERAGE WIND SPEED     6.9


SKY COVER
  AVERAGE SKY COVER 1.0


WEATHER CONDITIONS
 THE FOLLOWING WEATHER WAS RECORDED YESTERDAY.
  LIGHT SNOW
  FOG
  FOG W/VISIBILITY <= 1/4 MILE


RELATIVE HUMIDITY (PERCENT)
 HIGHEST   100           100 AM
 LOWEST     84           500 PM
 AVERAGE    92

..........................................................


THE LEWISTOWN MT CLIMATE NORMALS FOR TODAY
                         NORMAL    RECORD    YEAR
 MAXIMUM TEMPERATURE (F)   35        65      2005
 MINIMUM TEMPERATURE (F)   14       -34      1957


SUNRISE AND SUNSET
JANUARY 24 2017.......SUNRISE   752 AM MST   SUNSET   509 PM MST
JANUARY 25 2017.......SUNRISE   751 AM MST   SUNSET   510 PM MST


-  INDICATES NEGATIVE NUMBERS.
R  INDICATES RECORD WAS SET OR TIED.
MM INDICATES DATA IS MISSING.
T  INDICATES TRACE AMOUNT.




$$
