000
CDUS43 KILX 310641
CLILWV


CLIMATE REPORT
NATIONAL WEATHER SERVICE LINCOLN IL
140 AM CDT FRI OCT 31 2014


...................................

...THE LAWRENCEVILLE IL AIRPORT CLIMATE SUMMARY FOR OCTOBER 30 2014...

CLIMATE NORMAL PERIOD 1981 TO 2010
CLIMATE RECORD PERIOD 9999 TO 9999


WEATHER ITEM   OBSERVED TIME   RECORD YEAR NORMAL DEPARTURE LAST
                VALUE   (LST)  VALUE       VALUE  FROM      YEAR
                                                  NORMAL
..................................................................
TEMPERATURE (F)
 YESTERDAY
  MAXIMUM         57    241 PM  MM      MM  64     -7       71
  MINIMUM         33    554 AM  MM      MM  42     -9       54
  AVERAGE         45                        53     -8       63

PRECIPITATION (IN)
  YESTERDAY        0.07         MM      MM   0.07   0.00     0.54
  MONTH TO DATE    4.54                      3.91   0.63     3.95
  SINCE SEP 1      7.47                      7.10   0.37     4.91
  SINCE JAN 1     36.27                     36.45  -0.18    46.55

DEGREE DAYS
 HEATING
  YESTERDAY       20                        12      8        2
  MONTH TO DATE  244                       245     -1      290
  SINCE SEP 1    304                       283     21      301
  SINCE JUL 1    304                       284     20      306

 COOLING
  YESTERDAY        0                         0      0        0
  MONTH TO DATE   27                        31     -4       45
  SINCE SEP 1    145                       202    -57      232
  SINCE JAN 1   1218                      1385   -167     1287
..................................................................


WIND (MPH)
  HIGHEST WIND SPEED     8   HIGHEST WIND DIRECTION    NE (40)
  HIGHEST GUST SPEED    12   HIGHEST GUST DIRECTION     E (110)
  AVERAGE WIND SPEED     3.0


SKY COVER
  POSSIBLE SUNSHINE  MM
  AVERAGE SKY COVER 0.4


WEATHER CONDITIONS
 THE FOLLOWING WEATHER WAS RECORDED YESTERDAY.
  LIGHT RAIN
  FOG
  HAZE


RELATIVE HUMIDITY (PERCENT)
 HIGHEST    96           600 AM
 LOWEST     38           100 PM
 AVERAGE    67

..........................................................


THE LAWRENCEVILLE IL AIRPORT CLIMATE NORMALS FOR TODAY
                         NORMAL    RECORD    YEAR
 MAXIMUM TEMPERATURE (F)   64        MM        MM
 MINIMUM TEMPERATURE (F)   42        MM        MM


SUNRISE AND SUNSET
OCTOBER 31 2014.......SUNRISE   716 AM CDT   SUNSET   551 PM CDT
NOVEMBER  1 2014......SUNRISE   717 AM CDT   SUNSET   550 PM CDT


-  INDICATES NEGATIVE NUMBERS.
R  INDICATES RECORD WAS SET OR TIED.
MM INDICATES DATA IS MISSING.
T  INDICATES TRACE AMOUNT.




$$
