000
CDUS43 KILX 232147
CLILWV


CLIMATE REPORT
NATIONAL WEATHER SERVICE LINCOLN IL
437 PM CDT MON OCT 23 2017


...................................

...THE LAWRENCEVILLE IL AIRPORT CLIMATE SUMMARY FOR OCTOBER 23 2017...
VALID TODAY AS OF 0400 PM LOCAL TIME.

CLIMATE NORMAL PERIOD 1981 TO 2010
CLIMATE RECORD PERIOD 9999 TO 9999


WEATHER ITEM   OBSERVED TIME   RECORD YEAR NORMAL DEPARTURE LAST
                VALUE   (LST)  VALUE       VALUE  FROM      YEAR
                                                  NORMAL
..................................................................
TEMPERATURE (F)
 TODAY
  MAXIMUM         66    232 AM  MM      MM  67     -1       77
  MINIMUM         54    259 PM  MM      MM  44     10       44
  AVERAGE         60                        55      5       61

PRECIPITATION (IN)
  TODAY            0.62         MM      MM   0.13   0.49     0.00
  MONTH TO DATE    4.51                      3.13   1.38     2.13
  SINCE SEP 1      5.26                      6.32  -1.06     4.86
  SINCE JAN 1     29.62                     35.67  -6.05    37.12

DEGREE DAYS
 HEATING
  TODAY            5                        10     -5        4
  MONTH TO DATE   33                       166   -133       82
  SINCE SEP 1     45                       204   -159       94
  SINCE JUL 1     45                       205   -160       94

 COOLING
  TODAY            0                         0      0        0
  MONTH TO DATE   78                        31     47       68
  SINCE SEP 1    288                       202     86      309
  SINCE JAN 1   1431                      1385     46     1600
..................................................................


WIND (MPH)
  HIGHEST WIND SPEED    22   HIGHEST WIND DIRECTION    NW (320)
  HIGHEST GUST SPEED    27   HIGHEST GUST DIRECTION    NW (310)
  AVERAGE WIND SPEED    12.0


SKY COVER
  POSSIBLE SUNSHINE  MM
  AVERAGE SKY COVER 1.0


WEATHER CONDITIONS
 THE FOLLOWING WEATHER WAS RECORDED TODAY.
  HEAVY RAIN
  RAIN
  LIGHT RAIN
  FOG
  HAZE


RELATIVE HUMIDITY (PERCENT)
 HIGHEST    93          1200 PM
 LOWEST     80           200 PM
 AVERAGE    87

..........................................................


THE LAWRENCEVILLE IL AIRPORT CLIMATE NORMALS FOR TOMORROW
                         NORMAL    RECORD    YEAR
 MAXIMUM TEMPERATURE (F)   66        MM        MM
 MINIMUM TEMPERATURE (F)   44        MM        MM


SUNRISE AND SUNSET
OCTOBER 23 2017.......SUNRISE   708 AM CDT   SUNSET   601 PM CDT
OCTOBER 24 2017.......SUNRISE   709 AM CDT   SUNSET   559 PM CDT


-  INDICATES NEGATIVE NUMBERS.
R  INDICATES RECORD WAS SET OR TIED.
MM INDICATES DATA IS MISSING.
T  INDICATES TRACE AMOUNT.




$$
