000
CDUS43 KILX 290632
CLILWV


CLIMATE REPORT
NATIONAL WEATHER SERVICE LINCOLN IL
131 AM CDT SUN MAR 29 2015


...................................

...THE LAWRENCEVILLE IL AIRPORT CLIMATE SUMMARY FOR MARCH 28 2015...

CLIMATE NORMAL PERIOD 1981 TO 2010
CLIMATE RECORD PERIOD 9999 TO 9999


WEATHER ITEM   OBSERVED TIME   RECORD YEAR NORMAL DEPARTURE LAST
                VALUE   (LST)  VALUE       VALUE  FROM      YEAR
                                                  NORMAL
..................................................................
TEMPERATURE (F)
 YESTERDAY
  MAXIMUM         42    505 PM  MM      MM  60    -18       56
  MINIMUM         22    557 AM  MM      MM  38    -16       44
  AVERAGE         32                        49    -17       50

PRECIPITATION (IN)
  YESTERDAY        0.00         MM      MM   0.14  -0.14     0.45
  MONTH TO DATE    4.85                      2.97   1.88     0.69
  SINCE MAR 1      4.85                      2.97   1.88     0.69
  SINCE JAN 1      7.35                      7.36  -0.01     3.45

DEGREE DAYS
 HEATING
  YESTERDAY       33                        16     17       15
  MONTH TO DATE  680                       574    106      724
  SINCE MAR 1    680                       574    106      724
  SINCE JUL 1   4954                      4249    705     5126

 COOLING
  YESTERDAY        0                         0      0        0
  MONTH TO DATE    0                         0      0        0
  SINCE MAR 1      0                         0      0        0
  SINCE JAN 1      0                         0      0        0
..................................................................


WIND (MPH)
  HIGHEST WIND SPEED    15   HIGHEST WIND DIRECTION    NE (40)
  HIGHEST GUST SPEED    17   HIGHEST GUST DIRECTION    NE (50)
  AVERAGE WIND SPEED     4.3


SKY COVER
  POSSIBLE SUNSHINE  MM
  AVERAGE SKY COVER 0.0


WEATHER CONDITIONS
 THE FOLLOWING WEATHER WAS RECORDED YESTERDAY.
  NO SIGNIFICANT WEATHER WAS OBSERVED.


RELATIVE HUMIDITY (PERCENT)
 HIGHEST    85          1100 PM
 LOWEST     34           400 PM
 AVERAGE    60

..........................................................


THE LAWRENCEVILLE IL AIRPORT CLIMATE NORMALS FOR TODAY
                         NORMAL    RECORD    YEAR
 MAXIMUM TEMPERATURE (F)   60        MM        MM
 MINIMUM TEMPERATURE (F)   39        MM        MM


SUNRISE AND SUNSET
MARCH 29 2015.........SUNRISE   640 AM CDT   SUNSET   711 PM CDT
MARCH 30 2015.........SUNRISE   639 AM CDT   SUNSET   712 PM CDT


-  INDICATES NEGATIVE NUMBERS.
R  INDICATES RECORD WAS SET OR TIED.
MM INDICATES DATA IS MISSING.
T  INDICATES TRACE AMOUNT.




$$
