000
CDUS43 KILX 230636
CLILWV


CLIMATE REPORT
NATIONAL WEATHER SERVICE LINCOLN IL
136 AM CDT TUE MAY 23 2017


...................................

...THE LAWRENCEVILLE IL AIRPORT CLIMATE SUMMARY FOR MAY 22 2017...

CLIMATE NORMAL PERIOD 1981 TO 2010
CLIMATE RECORD PERIOD 9999 TO 9999


WEATHER ITEM   OBSERVED TIME   RECORD YEAR NORMAL DEPARTURE LAST
                VALUE   (LST)  VALUE       VALUE  FROM      YEAR
                                                  NORMAL
..................................................................
TEMPERATURE (F)
 YESTERDAY
  MAXIMUM         75    409 PM  MM      MM  78     -3       81
  MINIMUM         52    547 AM  MM      MM  57     -5       50
  AVERAGE         64                        68     -4       66

PRECIPITATION (IN)
  YESTERDAY        0.00         MM      MM   0.17  -0.17     0.00
  MONTH TO DATE    4.82                      4.37   0.45     3.89
  SINCE MAR 1     12.58                     11.96   0.62    13.15
  SINCE JAN 1     16.73                     16.35   0.38    17.39

DEGREE DAYS
 HEATING
  YESTERDAY        1                         2     -1        0
  MONTH TO DATE   88                        71     17      115
  SINCE MAR 1    822                       987   -165      842
  SINCE JUL 1   3877                      4662   -785     4069

 COOLING
  YESTERDAY        0                         5     -5        1
  MONTH TO DATE   83                        63     20       17
  SINCE MAR 1    130                        89     41       38
  SINCE JAN 1    130                        89     41       38
..................................................................


WIND (MPH)
  HIGHEST WIND SPEED    14   HIGHEST WIND DIRECTION    SW (220)
  HIGHEST GUST SPEED    17   HIGHEST GUST DIRECTION    SW (210)
  AVERAGE WIND SPEED     5.0


SKY COVER
  POSSIBLE SUNSHINE  MM
  AVERAGE SKY COVER 0.0


WEATHER CONDITIONS
 THE FOLLOWING WEATHER WAS RECORDED YESTERDAY.
  NO SIGNIFICANT WEATHER WAS OBSERVED.


RELATIVE HUMIDITY (PERCENT)
 HIGHEST   100           500 AM
 LOWEST     31           400 PM
 AVERAGE    66

..........................................................


THE LAWRENCEVILLE IL AIRPORT CLIMATE NORMALS FOR TODAY
                         NORMAL    RECORD    YEAR
 MAXIMUM TEMPERATURE (F)   79        MM        MM
 MINIMUM TEMPERATURE (F)   57        MM        MM


SUNRISE AND SUNSET
MAY 23 2017...........SUNRISE   532 AM CDT   SUNSET   803 PM CDT
MAY 24 2017...........SUNRISE   531 AM CDT   SUNSET   804 PM CDT


-  INDICATES NEGATIVE NUMBERS.
R  INDICATES RECORD WAS SET OR TIED.
MM INDICATES DATA IS MISSING.
T  INDICATES TRACE AMOUNT.




$$
