000
CDUS43 KILX 302135
CLILWV


CLIMATE REPORT
NATIONAL WEATHER SERVICE LINCOLN IL
434 PM CDT THU MAR 30 2017


...................................

...THE LAWRENCEVILLE IL AIRPORT CLIMATE SUMMARY FOR MARCH 30 2017...
VALID TODAY AS OF 0400 PM LOCAL TIME.

CLIMATE NORMAL PERIOD 1981 TO 2010
CLIMATE RECORD PERIOD 9999 TO 9999


WEATHER ITEM   OBSERVED TIME   RECORD YEAR NORMAL DEPARTURE LAST
                VALUE   (LST)  VALUE       VALUE  FROM      YEAR
                                                  NORMAL
..................................................................
TEMPERATURE (F)
 TODAY
  MAXIMUM         76    202 PM  MM      MM  61     15       74
  MINIMUM         55    548 AM  MM      MM  39     16       40
  AVERAGE         66                        50     16       57

PRECIPITATION (IN)
  TODAY            0.27         MM      MM   0.15   0.12     0.43
  MONTH TO DATE    2.52                      3.27  -0.75     3.87
  SINCE MAR 1      2.52                      3.27  -0.75     3.87
  SINCE JAN 1      6.67                      7.66  -0.99     8.11

DEGREE DAYS
 HEATING
  TODAY            0                        15    -15        8
  MONTH TO DATE  549                       605    -56      440
  SINCE MAR 1    549                       605    -56      440
  SINCE JUL 1   3604                      4280   -676     3667

 COOLING
  TODAY            1                         0      1        0
  MONTH TO DATE    3                         0      3        0
  SINCE MAR 1      3                         0      3        0
  SINCE JAN 1      3                         0      3        0
..................................................................


WIND (MPH)
  HIGHEST WIND SPEED    32   HIGHEST WIND DIRECTION    SW (240)
  HIGHEST GUST SPEED    43   HIGHEST GUST DIRECTION    SW (240)
  AVERAGE WIND SPEED    13.7


SKY COVER
  POSSIBLE SUNSHINE  MM
  AVERAGE SKY COVER 0.3


WEATHER CONDITIONS
 THE FOLLOWING WEATHER WAS RECORDED TODAY.
  THUNDERSTORM
  HEAVY RAIN
  RAIN
  LIGHT RAIN
  FOG


RELATIVE HUMIDITY (PERCENT)
 HIGHEST    93           500 AM
 LOWEST     50           200 PM
 AVERAGE    72

..........................................................


THE LAWRENCEVILLE IL AIRPORT CLIMATE NORMALS FOR TOMORROW
                         NORMAL    RECORD    YEAR
 MAXIMUM TEMPERATURE (F)   61        MM        MM
 MINIMUM TEMPERATURE (F)   39        MM        MM


SUNRISE AND SUNSET
MARCH 30 2017.........SUNRISE   638 AM CDT   SUNSET   712 PM CDT
MARCH 31 2017.........SUNRISE   636 AM CDT   SUNSET   713 PM CDT


-  INDICATES NEGATIVE NUMBERS.
R  INDICATES RECORD WAS SET OR TIED.
MM INDICATES DATA IS MISSING.
T  INDICATES TRACE AMOUNT.




$$
