000
CDUS43 KILX 230629
CLILWV


CLIMATE REPORT
NATIONAL WEATHER SERVICE LINCOLN IL
128 AM CDT TUE SEP 23 2014


...................................

...THE LAWRENCEVILLE IL AIRPORT CLIMATE SUMMARY FOR SEPTEMBER 22 2014...

CLIMATE NORMAL PERIOD 1981 TO 2010
CLIMATE RECORD PERIOD 9999 TO 9999


WEATHER ITEM   OBSERVED TIME   RECORD YEAR NORMAL DEPARTURE LAST
                VALUE   (LST)  VALUE       VALUE  FROM      YEAR
                                                  NORMAL
..................................................................
TEMPERATURE (F)
 YESTERDAY
  MAXIMUM         72    316 PM  MM      MM  80     -8       73
  MINIMUM         47   1143 PM  MM      MM  54     -7       49
  AVERAGE         60                        67     -7       61

PRECIPITATION (IN)
  YESTERDAY        0.00         MM      MM   0.10  -0.10     0.00
  MONTH TO DATE    2.93                      2.29   0.64     0.58
  SINCE SEP 1      2.93                      2.29   0.64     0.58
  SINCE JAN 1     31.73                     31.64   0.09    42.22

DEGREE DAYS
 HEATING
  YESTERDAY        5                         2      3        4
  MONTH TO DATE   51                        12     39       11
  SINCE SEP 1     51                        12     39       11
  SINCE JUL 1     51                        13     38       16

 COOLING
  YESTERDAY        0                         4     -4        0
  MONTH TO DATE   91                       145    -54      165
  SINCE SEP 1     91                       145    -54      165
  SINCE JAN 1   1164                      1328   -164     1220
..................................................................


WIND (MPH)
  HIGHEST WIND SPEED    13   HIGHEST WIND DIRECTION     N (10)
  HIGHEST GUST SPEED    17   HIGHEST GUST DIRECTION     N (360)
  AVERAGE WIND SPEED     5.6


SKY COVER
  POSSIBLE SUNSHINE  MM
  AVERAGE SKY COVER 0.0


WEATHER CONDITIONS
 THE FOLLOWING WEATHER WAS RECORDED YESTERDAY.
  NO SIGNIFICANT WEATHER WAS OBSERVED.


RELATIVE HUMIDITY (PERCENT)
 HIGHEST    96           400 AM
 LOWEST     38           300 PM
 AVERAGE    67

..........................................................


THE LAWRENCEVILLE IL AIRPORT CLIMATE NORMALS FOR TODAY
                         NORMAL    RECORD    YEAR
 MAXIMUM TEMPERATURE (F)   79        MM        MM
 MINIMUM TEMPERATURE (F)   54        MM        MM


SUNRISE AND SUNSET
SEPTEMBER 23 2014.....SUNRISE   639 AM CDT   SUNSET   646 PM CDT
SEPTEMBER 24 2014.....SUNRISE   640 AM CDT   SUNSET   644 PM CDT


-  INDICATES NEGATIVE NUMBERS.
R  INDICATES RECORD WAS SET OR TIED.
MM INDICATES DATA IS MISSING.
T  INDICATES TRACE AMOUNT.




$$
