000
CDUS43 KILX 010700
CLILWV


CLIMATE REPORT
NATIONAL WEATHER SERVICE LINCOLN IL
1253 AM CST SUN MAR 1 2015


...................................

...THE LAWRENCEVILLE IL AIRPORT CLIMATE SUMMARY FOR FEBRUARY 28 2015...

CLIMATE NORMAL PERIOD 1981 TO 2010
CLIMATE RECORD PERIOD 9999 TO 9999


WEATHER ITEM   OBSERVED TIME   RECORD YEAR NORMAL DEPARTURE LAST
                VALUE   (LST)  VALUE       VALUE  FROM      YEAR
                                                  NORMAL
..................................................................
TEMPERATURE (F)
 YESTERDAY
  MAXIMUM         30    510 PM  MM      MM  49    -19       42
  MINIMUM         10    139 AM  MM      MM  30    -20       14
  AVERAGE         20                        40    -20       28

PRECIPITATION (IN)
  YESTERDAY       MM            MM      MM   0.06  MM        0.00
  MONTH TO DATE    0.54                      2.01  -1.47     1.17
  SINCE DEC 1      5.74                      7.78  -2.04     7.33
  SINCE JAN 1      2.50                      4.39  -1.89     2.76

DEGREE DAYS
 HEATING
  YESTERDAY       45                        25     20       37
  MONTH TO DATE 1189                       825    364     1096
  SINCE DEC 1   3139                      2817    322     3378
  SINCE JUL 1   4274                      3675    599     4402

 COOLING
  YESTERDAY        0                         0      0        0
  MONTH TO DATE    0                         0      0        0
  SINCE DEC 1      0                         0      0        0
  SINCE JAN 1      0                         0      0        0
..................................................................


WIND (MPH)
  HIGHEST WIND SPEED    13   HIGHEST WIND DIRECTION     E (110)
  HIGHEST GUST SPEED    14   HIGHEST GUST DIRECTION     E (100)
  AVERAGE WIND SPEED     7.7


SKY COVER
  POSSIBLE SUNSHINE  MM
  AVERAGE SKY COVER 0.9


WEATHER CONDITIONS
 THE FOLLOWING WEATHER WAS RECORDED YESTERDAY.
  SNOW
  LIGHT SNOW
  FOG
  HAZE


RELATIVE HUMIDITY (PERCENT)
 HIGHEST    92           700 PM
 LOWEST     50           200 PM
 AVERAGE    71

..........................................................


THE LAWRENCEVILLE IL AIRPORT CLIMATE NORMALS FOR TODAY
                         NORMAL    RECORD    YEAR
 MAXIMUM TEMPERATURE (F)   49        MM        MM
 MINIMUM TEMPERATURE (F)   31        MM        MM


SUNRISE AND SUNSET
MARCH  1 2015.........SUNRISE   623 AM CST   SUNSET   543 PM CST
MARCH  2 2015.........SUNRISE   622 AM CST   SUNSET   544 PM CST


-  INDICATES NEGATIVE NUMBERS.
R  INDICATES RECORD WAS SET OR TIED.
MM INDICATES DATA IS MISSING.
T  INDICATES TRACE AMOUNT.




$$
