000
CDUS41 KRNK 142203
CLILYH


CLIMATE REPORT
NATIONAL WEATHER SERVICE BLACKSBURG VA
503 PM EST THU DEC 14 2017


...................................

...THE LYNCHBURG VA CLIMATE SUMMARY FOR DECEMBER 14 2017...
VALID TODAY AS OF 0500 PM LOCAL TIME.

CLIMATE NORMAL PERIOD 1981 TO 2010
CLIMATE RECORD PERIOD 1893 TO 2017


WEATHER ITEM   OBSERVED TIME   RECORD YEAR NORMAL DEPARTURE LAST
                VALUE   (LST)  VALUE       VALUE  FROM      YEAR
                                                  NORMAL
..................................................................
TEMPERATURE (F)
 TODAY
  MAXIMUM         47    243 PM  70    1948  48     -1       48
                                      1929
  MINIMUM         28    720 AM  12    2010  27      1       29
                                      1989
  AVERAGE         38                        38      0       39

PRECIPITATION (IN)
  TODAY            0.00          0.99 1999   0.11  -0.11     0.00
  MONTH TO DATE    0.45                      1.58  -1.13     2.08
  SINCE DEC 1      0.45                      1.58  -1.13     2.08
  SINCE JAN 1     32.68                     39.91  -7.23    41.48

SNOWFALL (IN)
  TODAY            0.0                                       0.0
  MONTH TO DATE    1.5                                       0.0
  SINCE DEC 1      1.5                                       0.0
  SINCE JUL 1      1.5                                       0.0
  SNOW DEPTH       0

DEGREE DAYS
 HEATING
  TODAY           27                        27      0       26
  MONTH TO DATE  360                       359      1      362
  SINCE DEC 1    360                       359      1      362
  SINCE JUL 1   1175                      1253    -78      992

 COOLING
  TODAY            0                         0      0        0
  MONTH TO DATE    0                         0      0        0
  SINCE DEC 1      0                         0      0        0
  SINCE JAN 1   1174                      1032    142     1358
..................................................................


WIND (MPH)
  HIGHEST WIND SPEED    15   HIGHEST WIND DIRECTION     W (290)
  HIGHEST GUST SPEED    25   HIGHEST GUST DIRECTION    NW (300)
  AVERAGE WIND SPEED     7.7


SKY COVER
  AVERAGE SKY COVER 0.2


WEATHER CONDITIONS
 THE FOLLOWING WEATHER WAS RECORDED TODAY.
  NO SIGNIFICANT WEATHER WAS OBSERVED.


RELATIVE HUMIDITY (PERCENT)
 HIGHEST    63           600 AM
 LOWEST     34           200 PM
 AVERAGE    49

..........................................................


THE LYNCHBURG VA CLIMATE NORMALS FOR TOMORROW
                         NORMAL    RECORD    YEAR
 MAXIMUM TEMPERATURE (F)   48        74      1984
 MINIMUM TEMPERATURE (F)   27         7      1917


SUNRISE AND SUNSET
DECEMBER 14 2017......SUNRISE   723 AM EST   SUNSET   500 PM EST
DECEMBER 15 2017......SUNRISE   724 AM EST   SUNSET   500 PM EST


-  INDICATES NEGATIVE NUMBERS.
R  INDICATES RECORD WAS SET OR TIED.
MM INDICATES DATA IS MISSING.
T  INDICATES TRACE AMOUNT.

REMARKS:
DUE TO MISSING TEMPERATURES ON FEBRUARY 23 AND JULY 24-25...ALL
TEMPERATURE AND DEGREE DAY INFORMATION WILL BE CALCULATED WITHOUT
DATA FROM THESE DATES.


$$
