000
CDUS41 KRNK 180749
CLILYH


CLIMATE REPORT
NATIONAL WEATHER SERVICE BLACKSBURG VA
238 AM EST WED JAN 18 2017


...................................

...THE LYNCHBURG VA CLIMATE SUMMARY FOR JANUARY 17 2017...

CLIMATE NORMAL PERIOD 1981 TO 2010
CLIMATE RECORD PERIOD 1893 TO 2017


WEATHER ITEM   OBSERVED TIME   RECORD YEAR NORMAL DEPARTURE LAST
                VALUE   (LST)  VALUE       VALUE  FROM      YEAR
                                                  NORMAL
..................................................................
TEMPERATURE (F)
 YESTERDAY
  MAXIMUM         55   1159 PM  78    1943  45     10       39
  MINIMUM         37    523 AM  -8    1977  25     12       27
  AVERAGE         46                        35     11       33

PRECIPITATION (IN)
  YESTERDAY        0.10          1.81 2013   0.11  -0.01     0.04
  MONTH TO DATE    1.63                      1.71  -0.08     1.46
  SINCE DEC 1      4.73                      4.95  -0.22     6.43
  SINCE JAN 1      1.63                      1.71  -0.08     1.46

SNOWFALL (IN)
  YESTERDAY        0.0                                        T
  MONTH TO DATE    5.9                                        T
  SINCE DEC 1      5.9                                        T
  SINCE JUL 1      5.9                                        T
  SNOW DEPTH       0

DEGREE DAYS
 HEATING
  YESTERDAY       19                        30    -11       32
  MONTH TO DATE  472                       510    -38      499
  SINCE DEC 1   1281                      1361    -80      983
  SINCE JUL 1   1911                      2255   -344     1693

 COOLING
  YESTERDAY        0                         0      0        0
  MONTH TO DATE    0                         0      0        0
  SINCE DEC 1      0                         0      0        0
  SINCE JAN 1      0                         0      0        0
..................................................................


WIND (MPH)
  HIGHEST WIND SPEED    15   HIGHEST WIND DIRECTION     S (200)
  HIGHEST GUST SPEED    21   HIGHEST GUST DIRECTION     S (200)
  AVERAGE WIND SPEED     6.3


SKY COVER
  AVERAGE SKY COVER 0.8


WEATHER CONDITIONS
 THE FOLLOWING WEATHER WAS RECORDED YESTERDAY.
  LIGHT RAIN
  FOG


RELATIVE HUMIDITY (PERCENT)
 HIGHEST   100          1200 AM
 LOWEST     85           400 AM
 AVERAGE    93

..........................................................


THE LYNCHBURG VA CLIMATE NORMALS FOR TODAY
                         NORMAL    RECORD    YEAR
 MAXIMUM TEMPERATURE (F)   45        70      1990
 MINIMUM TEMPERATURE (F)   25        -3      1893


SUNRISE AND SUNSET
JANUARY 18 2017.......SUNRISE   729 AM EST   SUNSET   526 PM EST
JANUARY 19 2017.......SUNRISE   728 AM EST   SUNSET   527 PM EST


-  INDICATES NEGATIVE NUMBERS.
R  INDICATES RECORD WAS SET OR TIED.
MM INDICATES DATA IS MISSING.
T  INDICATES TRACE AMOUNT.




$$
