000
CDUS41 KRNK 300914 CCA
CLILYH

CLIMATE REPORT
NATIONAL WEATHER SERVICE BLACKSBURG VA
511 AM EDT THU OCT 30 2014


...................................

...THE LYNCHBURG VA CLIMATE SUMMARY FOR OCTOBER 29 2014...

CLIMATE NORMAL PERIOD 1981 TO 2010
CLIMATE RECORD PERIOD 1893 TO 2014


WEATHER ITEM   OBSERVED TIME   RECORD YEAR NORMAL DEPARTURE LAST
                VALUE   (LST)  VALUE       VALUE  FROM      YEAR
                                                  NORMAL
..................................................................
TEMPERATURE (F)
 YESTERDAY
  MAXIMUM         67   1045 AM  83    1927  65      2       68
  MINIMUM         43   1155 PM  25    2001  40      3       50
                                      1976
  AVERAGE         55                        52      3       59

PRECIPITATION (IN)
  YESTERDAY        0.00          1.69 1935   0.11  -0.11      T
  MONTH TO DATE    3.56                      2.89   0.67     2.29
  SINCE SEP 1      5.18                      6.77  -1.59     2.77
  SINCE JAN 1     39.17                     34.70   4.47    36.49

SNOWFALL (IN)
  YESTERDAY        0.0
  MONTH TO DATE    0.0
  SINCE SEP 1      0.0
  SINCE JUL 1      0.0
  SNOW DEPTH       0

DEGREE DAYS
 HEATING
  YESTERDAY       10                        13     -3        6
  MONTH TO DATE  226                       259    -33      223
  SINCE SEP 1    257                       317    -60      266
  SINCE JUL 1    257                       320    -63      271

 COOLING
  YESTERDAY        0                         0      0        0
  MONTH TO DATE   15                        11      4       35
  SINCE SEP 1    137                       129      8      155
  SINCE JAN 1    967                      1027    -60     1184
..................................................................


WIND (MPH)
  HIGHEST WIND SPEED    13   HIGHEST WIND DIRECTION     W (270)
  HIGHEST GUST SPEED    19   HIGHEST GUST DIRECTION     W (260)
  AVERAGE WIND SPEED     4.7


SKY COVER
  POSSIBLE SUNSHINE  MM
  AVERAGE SKY COVER 0.4


WEATHER CONDITIONS
 THE FOLLOWING WEATHER WAS RECORDED YESTERDAY.
  NO SIGNIFICANT WEATHER WAS OBSERVED.


RELATIVE HUMIDITY (PERCENT)
 HIGHEST    93           600 AM
 LOWEST     55           400 PM
 AVERAGE    74

..........................................................


THE LYNCHBURG VA CLIMATE NORMALS FOR TODAY
                         NORMAL    RECORD    YEAR
 MAXIMUM TEMPERATURE (F)   65        85      1937
 MINIMUM TEMPERATURE (F)   40        21      1965


SUNRISE AND SUNSET
OCTOBER 30 2014.......SUNRISE   739 AM EDT   SUNSET   621 PM EDT
OCTOBER 31 2014.......SUNRISE   740 AM EDT   SUNSET   620 PM EDT


-  INDICATES NEGATIVE NUMBERS.
R  INDICATES RECORD WAS SET OR TIED.
MM INDICATES DATA IS MISSING.
T  INDICATES TRACE AMOUNT.

REMARKS:
DUE TO A SYSTEM FAILURE CAUSING MISSING TEMPERATURES ON
AUGUST 21-24...THE SEASONAL TOTAL AND DEPARTURE FROM NORMAL FOR CDD
WILL BE CALCULATED WITHOUT DATA FROM THOSE DATES.


$$
