000
CDUS41 KRNK 261011
CLILYH


CLIMATE REPORT
NATIONAL WEATHER SERVICE BLACKSBURG VA
508 AM EST WED NOV 26 2014


...................................

...THE LYNCHBURG VA CLIMATE SUMMARY FOR NOVEMBER 25 2014...

CLIMATE NORMAL PERIOD 1981 TO 2010
CLIMATE RECORD PERIOD 1893 TO 2014


WEATHER ITEM   OBSERVED TIME   RECORD YEAR NORMAL DEPARTURE LAST
                VALUE   (LST)  VALUE       VALUE  FROM      YEAR
                                                  NORMAL
..................................................................
TEMPERATURE (F)
 YESTERDAY
  MAXIMUM         59    109 AM  75    1973  55      4       36
  MINIMUM         42    657 PM   8    1970  32     10       14
  AVERAGE         51                        44      7       25

PRECIPITATION (IN)
  YESTERDAY        0.00          2.15 1964   0.11  -0.11     0.00
  MONTH TO DATE    1.33                      2.84  -1.51     0.48
  SINCE SEP 1      6.52                      9.83  -3.31     3.30
  SINCE JAN 1     40.51                     37.76   2.75    37.02

SNOWFALL (IN)
  YESTERDAY        0.0
  MONTH TO DATE    T
  SINCE SEP 1      T
  SINCE JUL 1      T
  SNOW DEPTH       0

DEGREE DAYS
 HEATING
  YESTERDAY       14                        22     -8       40
  MONTH TO DATE  549                       435    114      478
  SINCE SEP 1    842                       779     63      752
  SINCE JUL 1    842                       782     60      757

 COOLING
  YESTERDAY        0                         0      0        0
  MONTH TO DATE    0                         0      0        0
  SINCE SEP 1    137                       133      4      155
  SINCE JAN 1    967                      1031    -64     1184
..................................................................


WIND (MPH)
  HIGHEST WIND SPEED    10   HIGHEST WIND DIRECTION     W (270)
  HIGHEST GUST SPEED    13   HIGHEST GUST DIRECTION     W (260)
  AVERAGE WIND SPEED     2.6


SKY COVER
  POSSIBLE SUNSHINE  MM
  AVERAGE SKY COVER 0.1


WEATHER CONDITIONS
 THE FOLLOWING WEATHER WAS RECORDED YESTERDAY.
  NO SIGNIFICANT WEATHER WAS OBSERVED.


RELATIVE HUMIDITY (PERCENT)
 HIGHEST    87          1200 AM
 LOWEST     32           300 PM
 AVERAGE    60

..........................................................


THE LYNCHBURG VA CLIMATE NORMALS FOR TODAY
                         NORMAL    RECORD    YEAR
 MAXIMUM TEMPERATURE (F)   54        73      1990
                                             1896
 MINIMUM TEMPERATURE (F)   32        11      1950


SUNRISE AND SUNSET
NOVEMBER 26 2014......SUNRISE   707 AM EST   SUNSET   501 PM EST
NOVEMBER 27 2014......SUNRISE   708 AM EST   SUNSET   500 PM EST


-  INDICATES NEGATIVE NUMBERS.
R  INDICATES RECORD WAS SET OR TIED.
MM INDICATES DATA IS MISSING.
T  INDICATES TRACE AMOUNT.

REMARKS:
DUE TO A SYSTEM FAILURE CAUSING MISSING TEMPERATURES ON
AUGUST 21-24...THE SEASONAL TOTAL AND DEPARTURE FROM NORMAL
FOR CDD WILL BE CALCULATED WITHOUT DATA FROM THOSE DATES.


$$
