000
CDUS41 KRNK 290533
CLILYH


CLIMATE REPORT
NATIONAL WEATHER SERVICE BLACKSBURG VA
130 AM EDT THU JUN 29 2017


...................................

...THE LYNCHBURG VA CLIMATE SUMMARY FOR JUNE 28 2017...

CLIMATE NORMAL PERIOD 1981 TO 2010
CLIMATE RECORD PERIOD 1893 TO 2017


WEATHER ITEM   OBSERVED TIME   RECORD YEAR NORMAL DEPARTURE LAST
                VALUE   (LST)  VALUE       VALUE  FROM      YEAR
                                                  NORMAL
..................................................................
TEMPERATURE (F)
 YESTERDAY
  MAXIMUM         80    403 PM  99    1934  86     -6       84
  MINIMUM         49R   526 AM  51    1987  63    -14       68
                                      1927
  AVERAGE         65                        74     -9       76

PRECIPITATION (IN)
  YESTERDAY        0.00          3.19 1949   0.11  -0.11      T
  MONTH TO DATE    2.09                      3.39  -1.30     6.27
  SINCE JUN 1      2.09                      3.39  -1.30     6.27
  SINCE JAN 1     21.19                     20.08   1.11    25.93

SNOWFALL (IN)
  YESTERDAY        0.0                                       0.0
  MONTH TO DATE    0.0                                       0.0
  SINCE JUN 1      0.0                                       0.0
  SINCE JUL 1      5.9                                      15.6
  SNOW DEPTH       0

DEGREE DAYS
 HEATING
  YESTERDAY        0                         0      0        0
  MONTH TO DATE    4                        13     -9        1
  SINCE JUN 1      4                        13     -9        1
  SINCE JUL 1   3506                      4458   -952     3766

 COOLING
  YESTERDAY        0                         9     -9       11
  MONTH TO DATE  191                       194     -3      213
  SINCE JUN 1    191                       194     -3      213
  SINCE JAN 1    327                       276     51      284
..................................................................


WIND (MPH)
  HIGHEST WIND SPEED    10   HIGHEST WIND DIRECTION    SW (210)
  HIGHEST GUST SPEED    14   HIGHEST GUST DIRECTION     S (180)
  AVERAGE WIND SPEED     3.5


SKY COVER
  AVERAGE SKY COVER 0.0


WEATHER CONDITIONS
 THE FOLLOWING WEATHER WAS RECORDED YESTERDAY.
  NO SIGNIFICANT WEATHER WAS OBSERVED.


RELATIVE HUMIDITY (PERCENT)
 HIGHEST    89           300 AM
 LOWEST     35           300 PM
 AVERAGE    62

..........................................................


THE LYNCHBURG VA CLIMATE NORMALS FOR TODAY
                         NORMAL    RECORD    YEAR
 MAXIMUM TEMPERATURE (F)   86       104      1934
 MINIMUM TEMPERATURE (F)   63        51      1970
                                             1968


SUNRISE AND SUNSET
JUNE 29 2017..........SUNRISE   559 AM EDT   SUNSET   841 PM EDT
JUNE 30 2017..........SUNRISE   600 AM EDT   SUNSET   841 PM EDT


-  INDICATES NEGATIVE NUMBERS.
R  INDICATES RECORD WAS SET OR TIED.
MM INDICATES DATA IS MISSING.
T  INDICATES TRACE AMOUNT.

REMARKS:
DUE TO A POWER OUTAGE CAUSING A MISSING LOW TEMPERATURE ON FEBRUARY
23...THE SEASONAL HEATING DEGREE DAY TOTAL AND DEPARTURE FROM
NORMAL WILL BE CALCULATED WITHOUT DATA FROM THIS DATE.


$$
