510
CDUS41 KRNK 270632
CLILYH


CLIMATE REPORT
NATIONAL WEATHER SERVICE BLACKSBURG VA
231 AM EDT WED JUL 27 2016


...................................

...THE LYNCHBURG VA CLIMATE SUMMARY FOR JULY 26 2016...

CLIMATE NORMAL PERIOD 1981 TO 2010
CLIMATE RECORD PERIOD 1893 TO 2016


WEATHER ITEM   OBSERVED TIME   RECORD YEAR NORMAL DEPARTURE LAST
                VALUE   (LST)  VALUE       VALUE  FROM      YEAR
                                                  NORMAL
..................................................................
TEMPERATURE (F)
 YESTERDAY
  MAXIMUM         95    421 PM 104    1934  86      9       89
  MINIMUM         71   1159 PM  56    1911  64      7       63
  AVERAGE         83                        75      8       76

PRECIPITATION (IN)
  YESTERDAY        3.22R         2.13 2001   0.15   3.07     0.00
  MONTH TO DATE    4.74                      3.62   1.12     2.73
  SINCE JUN 1     11.01                      7.24   3.77     8.32
  SINCE JAN 1     30.67                     23.93   6.74    21.70

SNOWFALL (IN)
  YESTERDAY        0.0                                       0.0
  MONTH TO DATE    0.0                                       0.0
  SINCE JUN 1      0.0                                       0.0
  SINCE JUL 1      0.0                                       0.0
  SNOW DEPTH       0

DEGREE DAYS
 HEATING
  YESTERDAY        0                         0      0        0
  MONTH TO DATE    0                         0      0        0
  SINCE JUN 1      1                        14    -13       13
  SINCE JUL 1      0                         0      0        0

 COOLING
  YESTERDAY       18                        10      8       11
  MONTH TO DATE  319                       260     59      263
  SINCE JUN 1    548                       474     74      541
  SINCE JAN 1    619                       556     63      689
..................................................................


WIND (MPH)
  HIGHEST WIND SPEED    21   HIGHEST WIND DIRECTION     N (360)
  HIGHEST GUST SPEED    29   HIGHEST GUST DIRECTION     N (10)
  AVERAGE WIND SPEED     3.3


SKY COVER
  AVERAGE SKY COVER 0.2


WEATHER CONDITIONS
 THE FOLLOWING WEATHER WAS RECORDED YESTERDAY.
  THUNDERSTORM
  HEAVY RAIN
  RAIN
  LIGHT RAIN
  FOG


RELATIVE HUMIDITY (PERCENT)
 HIGHEST   100           400 AM
 LOWEST     46           100 PM
 AVERAGE    73

..........................................................


THE LYNCHBURG VA CLIMATE NORMALS FOR TODAY
                         NORMAL    RECORD    YEAR
 MAXIMUM TEMPERATURE (F)   86       103      1936
 MINIMUM TEMPERATURE (F)   64        53      1962


SUNRISE AND SUNSET
JULY 27 2016..........SUNRISE   618 AM EDT   SUNSET   829 PM EDT
JULY 28 2016..........SUNRISE   618 AM EDT   SUNSET   828 PM EDT


-  INDICATES NEGATIVE NUMBERS.
R  INDICATES RECORD WAS SET OR TIED.
MM INDICATES DATA IS MISSING.
T  INDICATES TRACE AMOUNT.




$$
