000
CDUS41 KRNK 162111
CLILYH


CLIMATE REPORT
NATIONAL WEATHER SERVICE BLACKSBURG VA
509 PM EDT MON OCT 16 2017


...................................

...THE LYNCHBURG VA CLIMATE SUMMARY FOR OCTOBER 16 2017...
VALID TODAY AS OF 0500 PM LOCAL TIME.

CLIMATE NORMAL PERIOD 1981 TO 2010
CLIMATE RECORD PERIOD 1893 TO 2017


WEATHER ITEM   OBSERVED TIME   RECORD YEAR NORMAL DEPARTURE LAST
                VALUE   (LST)  VALUE       VALUE  FROM      YEAR
                                                  NORMAL
..................................................................
TEMPERATURE (F)
 TODAY
  MAXIMUM         70    111 AM  89    1897  68      2       75
  MINIMUM         56    823 AM  31    1944  44     12       48
                                      1939
                                      1937
  AVERAGE         63                        56      7       62

PRECIPITATION (IN)
  TODAY            0.19          2.51 1936   0.09   0.10     0.00
  MONTH TO DATE    1.67                      1.58   0.09     1.73
  SINCE SEP 1      3.58                      5.46  -1.88     5.11
  SINCE JAN 1     30.31                     33.39  -3.08    38.23

SNOWFALL (IN)
  TODAY            0.0                                       0.0
  MONTH TO DATE    0.0                                       0.0
  SINCE SEP 1      0.0                                       0.0
  SINCE JUL 1      0.0                                       0.0
  SNOW DEPTH       0

DEGREE DAYS
 HEATING
  TODAY            2                         9     -7        3
  MONTH TO DATE   32                       115    -83       77
  SINCE SEP 1     83                       173    -90       77
  SINCE JUL 1     85                       176    -91       77

 COOLING
  TODAY            0                         0      0        0
  MONTH TO DATE   55                        11     44       10
  SINCE SEP 1    196                       129     67      250
  SINCE JAN 1   1174                      1027    147     1328
..................................................................


WIND (MPH)
  HIGHEST WIND SPEED    15   HIGHEST WIND DIRECTION     N (10)
  HIGHEST GUST SPEED    22   HIGHEST GUST DIRECTION     N (20)
  AVERAGE WIND SPEED     6.5


SKY COVER
  AVERAGE SKY COVER 0.6


WEATHER CONDITIONS
 THE FOLLOWING WEATHER WAS RECORDED TODAY.
  RAIN
  LIGHT RAIN
  FOG


RELATIVE HUMIDITY (PERCENT)
 HIGHEST   100           300 AM
 LOWEST     43           200 PM
 AVERAGE    72

..........................................................


THE LYNCHBURG VA CLIMATE NORMALS FOR TOMORROW
                         NORMAL    RECORD    YEAR
 MAXIMUM TEMPERATURE (F)   68        88      1908
 MINIMUM TEMPERATURE (F)   43        31      2001


SUNRISE AND SUNSET
OCTOBER 16 2017.......SUNRISE   726 AM EDT   SUNSET   638 PM EDT
OCTOBER 17 2017.......SUNRISE   727 AM EDT   SUNSET   637 PM EDT


-  INDICATES NEGATIVE NUMBERS.
R  INDICATES RECORD WAS SET OR TIED.
MM INDICATES DATA IS MISSING.
T  INDICATES TRACE AMOUNT.


REMARKS:
DUE TO MISSING TEMPERATURES ON FEBRUARY 23 AND JULY 24-25...ALL
TEMPERATURE AND DEGREE DAY INFORMATION WILL BE CALCULATED WITHOUT
DATA FROM THESE DATES.


$$

PW
