000
CDUS44 KLZK 230645
CLILZK


CLIMATE REPORT
NATIONAL WEATHER SERVICE LITTLE ROCK AR
144 AM CDT TUE MAY 23 2017


...................................

...THE NORTH LITTLE ROCK CLIMATE SUMMARY FOR MAY 22 2017...

CLIMATE NORMAL PERIOD 1981 TO 2010
CLIMATE RECORD PERIOD 1975 TO 2017


WEATHER ITEM   OBSERVED TIME   RECORD YEAR NORMAL DEPARTURE LAST
                VALUE   (LST)  VALUE       VALUE  FROM      YEAR
                                                  NORMAL
..................................................................
TEMPERATURE (F)
 YESTERDAY
  MAXIMUM         73        MM  92    1998  82     -9       82
  MINIMUM         59   1000 PM  49    2015  63     -4       59
  AVERAGE         66                        72     -6       71

PRECIPITATION (IN)
  YESTERDAY        T             1.26 1979   0.15  -0.15     0.00
  MONTH TO DATE    4.49                      3.70   0.79     1.59
  SINCE MAR 1     17.89                     13.26   4.63    22.04
  SINCE JAN 1     23.17                     20.34   2.83    27.10

SNOWFALL (IN)
  YESTERDAY        0.0          MM      MM   0.0    0.0      0.0
  MONTH TO DATE    0.0                       0.0    0.0      0.0
  SINCE MAR 1      T                         0.4   -0.4       T
  SINCE JUL 1      0.8                       4.4   -3.6      7.2
  SNOW DEPTH       0

DEGREE DAYS
 HEATING
  YESTERDAY        0                         0      0        0
  MONTH TO DATE   21                        21      0       33
  SINCE MAR 1    363                       517   -154      360
  SINCE JUL 1   2194                      3003   -809     2321

 COOLING
  YESTERDAY        1                         8     -7        6
  MONTH TO DATE  108                       126    -18       63
  SINCE MAR 1    218                       213      5      140
  SINCE JAN 1    235                       215     20      143
..................................................................


WIND (MPH)
  HIGHEST WIND SPEED    10   HIGHEST WIND DIRECTION     E (90)
  HIGHEST GUST SPEED    MM   HIGHEST GUST DIRECTION    MM
  AVERAGE WIND SPEED     4.4


SKY COVER
  POSSIBLE SUNSHINE  MM
  AVERAGE SKY COVER 0.0


WEATHER CONDITIONS
 THE FOLLOWING WEATHER WAS RECORDED YESTERDAY.
  LIGHT RAIN


RELATIVE HUMIDITY (PERCENT)
 HIGHEST    87          1000 PM
 LOWEST     47          1100 AM
 AVERAGE    67

..........................................................


THE NORTH LITTLE ROCK CLIMATE NORMALS FOR TODAY
                         NORMAL    RECORD    YEAR
 MAXIMUM TEMPERATURE (F)   82        93      1996
 MINIMUM TEMPERATURE (F)   64        52      1990


SUNRISE AND SUNSET
MAY 23 2017...........SUNRISE   600 AM CDT   SUNSET   812 PM CDT
MAY 24 2017...........SUNRISE   600 AM CDT   SUNSET   812 PM CDT


-  INDICATES NEGATIVE NUMBERS.
R  INDICATES RECORD WAS SET OR TIED.
MM INDICATES DATA IS MISSING.
T  INDICATES TRACE AMOUNT.




$$
