000
CDUS44 KLZK 222152
CLILZK


CLIMATE REPORT
NATIONAL WEATHER SERVICE LITTLE ROCK AR
449 PM CDT SUN OCT 22 2017


...................................

...THE NORTH LITTLE ROCK CLIMATE SUMMARY FOR OCTOBER 22 2017...
VALID TODAY AS OF 0400 PM LOCAL TIME.

CLIMATE NORMAL PERIOD 1981 TO 2010
CLIMATE RECORD PERIOD 1975 TO 2017


WEATHER ITEM   OBSERVED TIME   RECORD YEAR NORMAL DEPARTURE LAST
                VALUE   (LST)  VALUE       VALUE  FROM      YEAR
                                                  NORMAL
..................................................................
TEMPERATURE (F)
 TODAY
  MAXIMUM         74        MM  88    2003  72      2       73
  MINIMUM         58        MM  36    1982  52      6       48
  AVERAGE         66                        62      4       61

PRECIPITATION (IN)
  TODAY            0.51          1.96 2009   0.18   0.33     0.00
  MONTH TO DATE    1.18                      3.32  -2.14     1.69
  SINCE SEP 1      1.46                      6.63  -5.17     2.62
  SINCE JAN 1     44.05                     38.15   5.90    46.81

SNOWFALL (IN)
  TODAY            0.0          MM      MM   0.0    0.0      0.0
  MONTH TO DATE    0.0                       0.0    0.0      0.0
  SINCE SEP 1      0.0                       0.0    0.0      0.0
  SINCE JUL 1      T                         0.0    0.0       T
  SNOW DEPTH       0

DEGREE DAYS
 HEATING
  TODAY            0                         5     -5        4
  MONTH TO DATE   20                        66    -46       23
  SINCE SEP 1     21                        79    -58       23
  SINCE JUL 1     21                        79    -58       23

 COOLING
  TODAY            1                         2     -1        0
  MONTH TO DATE  134                        69     65      127
  SINCE SEP 1    458                       366     92      503
  SINCE JAN 1   2055                      2143    -88     2298
..................................................................


WIND (MPH)
  HIGHEST WIND SPEED    MM   HIGHEST WIND DIRECTION    MM
  HIGHEST GUST SPEED    MM   HIGHEST GUST DIRECTION    MM
  AVERAGE WIND SPEED    MM


SKY COVER
  POSSIBLE SUNSHINE  MM
  AVERAGE SKY COVER  MM


WEATHER CONDITIONS
 THE FOLLOWING WEATHER WAS RECORDED TODAY.
  THUNDERSTORM
  HEAVY RAIN
  RAIN
  LIGHT RAIN
  FOG


RELATIVE HUMIDITY (PERCENT)
 HIGHEST    MM
 LOWEST     MM
 AVERAGE    MM

..........................................................


THE NORTH LITTLE ROCK CLIMATE NORMALS FOR TOMORROW
                         NORMAL    RECORD    YEAR
 MAXIMUM TEMPERATURE (F)   71        92      2003
 MINIMUM TEMPERATURE (F)   52        35      1982
                                             1981


SUNRISE AND SUNSET
OCTOBER 22 2017.......SUNRISE   721 AM CDT   SUNSET   625 PM CDT
OCTOBER 23 2017.......SUNRISE   722 AM CDT   SUNSET   624 PM CDT


-  INDICATES NEGATIVE NUMBERS.
R  INDICATES RECORD WAS SET OR TIED.
MM INDICATES DATA IS MISSING.
T  INDICATES TRACE AMOUNT.




$$
