000
CDUS44 KLZK 072201
CLILZK


CLIMATE REPORT
NATIONAL WEATHER SERVICE LITTLE ROCK AR
401 PM CST SUN FEB 7 2016


...................................

...THE NORTH LITTLE ROCK CLIMATE SUMMARY FOR FEBRUARY 7 2016...
VALID TODAY AS OF 0400 PM LOCAL TIME.

CLIMATE NORMAL PERIOD 1981 TO 2010
CLIMATE RECORD PERIOD 1975 TO 2016


WEATHER ITEM   OBSERVED TIME   RECORD YEAR NORMAL DEPARTURE LAST
                VALUE   (LST)  VALUE       VALUE  FROM      YEAR
                                                  NORMAL
..................................................................
TEMPERATURE (F)
 TODAY
  MAXIMUM         59        MM  72    2001  52      7       65
  MINIMUM         34        MM  11    1976  35     -1       39
  AVERAGE         47                        43      4       52

PRECIPITATION (IN)
  TODAY            0.00          0.56 1997   0.12  -0.12     0.00
  MONTH TO DATE    T                         0.85  -0.85     0.61
  SINCE DEC 1     13.31                      9.28   4.03     6.52
  SINCE JAN 1      3.23                      4.27  -1.04     3.53

SNOWFALL (IN)
  TODAY            0.0           2.4  1979   0.0    0.0      0.0
  MONTH TO DATE    0.0                       0.5   -0.5      0.0
  SINCE DEC 1      7.2                       2.7    4.5       T
  SINCE JUL 1      7.2                       2.7    4.5      0.6
  SNOW DEPTH       0

DEGREE DAYS
 HEATING
  TODAY           18                        22     -4       13
  MONTH TO DATE  117                       156    -39      173
  SINCE DEC 1   1252                      1577   -325     1566
  SINCE JUL 1   1605                      2089   -484     2181

 COOLING
  TODAY            0                         0      0        0
  MONTH TO DATE    0                         0      0        0
  SINCE DEC 1      8                         2      6        0
  SINCE JAN 1      1                         1      0        0
..................................................................


WIND (MPH)
  HIGHEST WIND SPEED    MM   HIGHEST WIND DIRECTION    MM
  HIGHEST GUST SPEED    MM   HIGHEST GUST DIRECTION    MM
  AVERAGE WIND SPEED    MM


SKY COVER
  POSSIBLE SUNSHINE  MM
  AVERAGE SKY COVER  MM


WEATHER CONDITIONS
 THE FOLLOWING WEATHER WAS RECORDED TODAY.
  NO SIGNIFICANT WEATHER WAS OBSERVED.


RELATIVE HUMIDITY (PERCENT)
 HIGHEST    MM
 LOWEST     MM
 AVERAGE    MM

..........................................................


THE NORTH LITTLE ROCK CLIMATE NORMALS FOR TOMORROW
                         NORMAL    RECORD    YEAR
 MAXIMUM TEMPERATURE (F)   53        75      1999
                                             1994
 MINIMUM TEMPERATURE (F)   35        14      1979


SUNRISE AND SUNSET
FEBRUARY  7 2016......SUNRISE   703 AM CST   SUNSET   544 PM CST
FEBRUARY  8 2016......SUNRISE   702 AM CST   SUNSET   545 PM CST


-  INDICATES NEGATIVE NUMBERS.
R  INDICATES RECORD WAS SET OR TIED.
MM INDICATES DATA IS MISSING.
T  INDICATES TRACE AMOUNT.




$$
