000
CDUS44 KLZK 242220
CLILZK


CLIMATE REPORT
NATIONAL WEATHER SERVICE LITTLE ROCK AR
420 PM CST WED DEC 24 2014


...................................

...THE NORTH LITTLE ROCK CLIMATE SUMMARY FOR DECEMBER 24 2014...
VALID TODAY AS OF 0400 PM LOCAL TIME.

CLIMATE NORMAL PERIOD 1981 TO 2010
CLIMATE RECORD PERIOD 1975 TO 2014


WEATHER ITEM   OBSERVED TIME   RECORD YEAR NORMAL DEPARTURE LAST
                VALUE   (LST)  VALUE       VALUE  FROM      YEAR
                                                  NORMAL
..................................................................
TEMPERATURE (F)
 TODAY
  MAXIMUM         44        MM  76    1982  50     -6       35
  MINIMUM         37        MM   0    1983  34      3       22
  AVERAGE         41                        42     -1       29

PRECIPITATION (IN)
  TODAY            0.00          5.01 1987   0.16  -0.16     0.00
  MONTH TO DATE    2.15                      4.03  -1.88     7.31
  SINCE DEC 1      2.15                      4.03  -1.88     7.31
  SINCE JAN 1     46.31                     49.05  -2.74    51.29

SNOWFALL (IN)
  TODAY            0.0           T    2002   0.0    0.0      0.0
                                      1989
  MONTH TO DATE    T                         0.3   -0.3      1.1
  SINCE DEC 1      T                         0.3   -0.3      1.1
  SINCE JUL 1      0.6                       0.3    0.3      1.1
  SNOW DEPTH       0

DEGREE DAYS
 HEATING
  TODAY           24                        23      1       36
  MONTH TO DATE  475                       513    -38      525
  SINCE DEC 1    475                       513    -38      525
  SINCE JUL 1   1090                      1025     65     1131

 COOLING
  TODAY            0                         0      0        0
  MONTH TO DATE    0                         0      0        1
  SINCE DEC 1      0                         0      0        1
  SINCE JAN 1   1934                      2169   -235     2119
..................................................................


WIND (MPH)
  HIGHEST WIND SPEED    MM   HIGHEST WIND DIRECTION    MM
  HIGHEST GUST SPEED    MM   HIGHEST GUST DIRECTION    MM
  AVERAGE WIND SPEED    MM


SKY COVER
  POSSIBLE SUNSHINE  MM
  AVERAGE SKY COVER  MM


WEATHER CONDITIONS
 THE FOLLOWING WEATHER WAS RECORDED TODAY.
  NO SIGNIFICANT WEATHER WAS OBSERVED.


RELATIVE HUMIDITY (PERCENT)
 HIGHEST    MM
 LOWEST     MM
 AVERAGE    MM

..........................................................


THE NORTH LITTLE ROCK CLIMATE NORMALS FOR TOMORROW
                         NORMAL    RECORD    YEAR
 MAXIMUM TEMPERATURE (F)   49        64      1982
 MINIMUM TEMPERATURE (F)   34        -1      1983


SUNRISE AND SUNSET
DECEMBER 24 2014......SUNRISE   714 AM CST   SUNSET   503 PM CST
DECEMBER 25 2014......SUNRISE   714 AM CST   SUNSET   504 PM CST


-  INDICATES NEGATIVE NUMBERS.
R  INDICATES RECORD WAS SET OR TIED.
MM INDICATES DATA IS MISSING.
T  INDICATES TRACE AMOUNT.




$$
