000
CDUS44 KLZK 260640
CLILZK


CLIMATE REPORT
NATIONAL WEATHER SERVICE LITTLE ROCK AR
1239 AM CST SUN FEB 26 2017


...................................

...THE NORTH LITTLE ROCK CLIMATE SUMMARY FOR FEBRUARY 25 2017...

CLIMATE NORMAL PERIOD 1981 TO 2010
CLIMATE RECORD PERIOD 1975 TO 2017


WEATHER ITEM   OBSERVED TIME   RECORD YEAR NORMAL DEPARTURE LAST
                VALUE   (LST)  VALUE       VALUE  FROM      YEAR
                                                  NORMAL
..................................................................
TEMPERATURE (F)
 YESTERDAY
  MAXIMUM         50        MM  78    1996  57     -7       49
                                      1981
  MINIMUM         32        MM  20    2003  39     -7       36
  AVERAGE         41                        48     -7       43

PRECIPITATION (IN)
  YESTERDAY        0.00          1.01 2013   0.15  -0.15     0.00
  MONTH TO DATE    2.78                      3.23  -0.45     1.83
  SINCE DEC 1      8.25                     11.66  -3.41    15.14
  SINCE JAN 1      5.08                      6.65  -1.57     5.06

SNOWFALL (IN)
  YESTERDAY        0.0           4.0  1979   0.1   -0.1      0.0
  MONTH TO DATE    0.0                       1.7   -1.7      0.0
  SINCE DEC 1      0.8                       3.9   -3.1      7.2
  SINCE JUL 1      0.8                       3.9   -3.1      7.2
  SNOW DEPTH       0

DEGREE DAYS
 HEATING
  YESTERDAY       24                        17      7       22
  MONTH TO DATE  291                       504   -213      425
  SINCE DEC 1   1506                      1925   -419     1560
  SINCE JUL 1   1800                      2437   -637     1913

 COOLING
  YESTERDAY        0                         0      0        0
  MONTH TO DATE   13                         0     13        2
  SINCE DEC 1     15                         2     13       10
  SINCE JAN 1     14                         1     13        3
..................................................................


WIND (MPH)
  HIGHEST WIND SPEED    10   HIGHEST WIND DIRECTION    NW (320)
  HIGHEST GUST SPEED    25   HIGHEST GUST DIRECTION    NW (320)
  AVERAGE WIND SPEED     5.2


SKY COVER
  POSSIBLE SUNSHINE  MM
  AVERAGE SKY COVER 0.0


WEATHER CONDITIONS
 THE FOLLOWING WEATHER WAS RECORDED YESTERDAY.
  NO SIGNIFICANT WEATHER WAS OBSERVED.


RELATIVE HUMIDITY (PERCENT)
 HIGHEST    66           600 AM
 LOWEST     32           400 PM
 AVERAGE    49

..........................................................


THE NORTH LITTLE ROCK CLIMATE NORMALS FOR TODAY
                         NORMAL    RECORD    YEAR
 MAXIMUM TEMPERATURE (F)   58        80      1986
 MINIMUM TEMPERATURE (F)   39        17      1980


SUNRISE AND SUNSET
FEBRUARY 26 2017......SUNRISE   642 AM CST   SUNSET   602 PM CST
FEBRUARY 27 2017......SUNRISE   640 AM CST   SUNSET   603 PM CST


-  INDICATES NEGATIVE NUMBERS.
R  INDICATES RECORD WAS SET OR TIED.
MM INDICATES DATA IS MISSING.
T  INDICATES TRACE AMOUNT.




$$
