000
CDUS44 KLZK 160926
CLILZK


CLIMATE REPORT
NATIONAL WEATHER SERVICE LITTLE ROCK AR
426 AM CDT WED APR 16 2014


...................................

...THE NORTH LITTLE ROCK CLIMATE SUMMARY FOR APRIL 15 2014...

CLIMATE NORMAL PERIOD 1981 TO 2010
CLIMATE RECORD PERIOD 1975 TO 2014


WEATHER ITEM   OBSERVED TIME   RECORD YEAR NORMAL DEPARTURE LAST
                VALUE   (LST)  VALUE       VALUE  FROM      YEAR
                                                  NORMAL
..................................................................
TEMPERATURE (F)
 YESTERDAY
  MAXIMUM         55        MM  89    2002  73    -18       80
  MINIMUM         35        MM  33    1980  53    -18       59
  AVERAGE         45                        63    -18       70

PRECIPITATION (IN)
  YESTERDAY        0.00          0.85 2011   0.16  -0.16     0.00
  MONTH TO DATE    3.66                      2.27   1.39     2.56
  SINCE MAR 1      8.83                      7.04   1.79     7.55
  SINCE JAN 1     14.15                     14.12   0.03    17.07

SNOWFALL (IN)
  YESTERDAY        0.0          MM      MM   0.0    0.0      0.0
  MONTH TO DATE    0.0                       0.0    0.0      0.0
  SINCE MAR 1      1.6                       0.4    1.2       T
  SINCE JUL 1      5.2                       4.4    0.8     10.9
  SNOW DEPTH       0

DEGREE DAYS
 HEATING
  YESTERDAY       20                         5     15        0
  MONTH TO DATE  109                        91     18      113
  SINCE MAR 1    598                       451    147      626
  SINCE JUL 1   3425                      2937    488     2895

 COOLING
  YESTERDAY        0                         2     -2        5
  MONTH TO DATE   26                        25      1       19
  SINCE MAR 1     26                        42    -16       22
  SINCE JAN 1     26                        44    -18       24
..................................................................


WIND (MPH)
  HIGHEST WIND SPEED    MM   HIGHEST WIND DIRECTION    MM
  HIGHEST GUST SPEED    MM   HIGHEST GUST DIRECTION    MM
  AVERAGE WIND SPEED    MM


SKY COVER
  POSSIBLE SUNSHINE  MM
  AVERAGE SKY COVER  MM


WEATHER CONDITIONS
 THE FOLLOWING WEATHER WAS RECORDED YESTERDAY.
  NO SIGNIFICANT WEATHER WAS OBSERVED.


RELATIVE HUMIDITY (PERCENT)
 HIGHEST    MM
 LOWEST     MM
 AVERAGE    MM

..........................................................


THE NORTH LITTLE ROCK CLIMATE NORMALS FOR TODAY
                         NORMAL    RECORD    YEAR
 MAXIMUM TEMPERATURE (F)   73        88      2013
 MINIMUM TEMPERATURE (F)   53        40      1999


SUNRISE AND SUNSET
APRIL 16 2014.........SUNRISE   636 AM CDT   SUNSET   742 PM CDT
APRIL 17 2014.........SUNRISE   635 AM CDT   SUNSET   743 PM CDT


-  INDICATES NEGATIVE NUMBERS.
R  INDICATES RECORD WAS SET OR TIED.
MM INDICATES DATA IS MISSING.
T  INDICATES TRACE AMOUNT.




$$
