000
CDUS44 KLZK 010647
CLILZK


CLIMATE REPORT
NATIONAL WEATHER SERVICE LITTLE ROCK AR
147 AM CDT SUN MAY 1 2016


...................................

...THE NORTH LITTLE ROCK CLIMATE SUMMARY FOR APRIL 30 2016...

CLIMATE NORMAL PERIOD 1981 TO 2010
CLIMATE RECORD PERIOD 1975 TO 2016


WEATHER ITEM   OBSERVED TIME   RECORD YEAR NORMAL DEPARTURE LAST
                VALUE   (LST)  VALUE       VALUE  FROM      YEAR
                                                  NORMAL
..................................................................
TEMPERATURE (F)
 YESTERDAY
  MAXIMUM         79        MM  92    1987  76      3       77
  MINIMUM         63        MM  41    1996  57      6       56
  AVERAGE         71                        67      4       67

PRECIPITATION (IN)
  YESTERDAY        1.23          3.50 2011   0.17   1.06     0.00
  MONTH TO DATE    7.97                      4.79   3.18     4.84
  SINCE MAR 1     20.49                      9.56  10.93    13.61
  SINCE JAN 1     25.55                     16.64   8.91    19.79

SNOWFALL (IN)
  YESTERDAY        0.0          MM      MM   0.0    0.0      0.0
  MONTH TO DATE    0.0                       0.0    0.0      0.0
  SINCE MAR 1      T                         0.4   -0.4      6.4
  SINCE JUL 1      7.2                       4.4    2.8     10.6
  SNOW DEPTH       0

DEGREE DAYS
 HEATING
  YESTERDAY        0                         2     -2        0
  MONTH TO DATE   83                       137    -54       94
  SINCE MAR 1    327                       496   -169      497
  SINCE JUL 1   2288                      2982   -694     3294

 COOLING
  YESTERDAY        6                         4      2        2
  MONTH TO DATE   60                        70    -10       61
  SINCE MAR 1     77                        87    -10       75
  SINCE JAN 1     80                        89     -9       75
..................................................................


WIND (MPH)
  HIGHEST WIND SPEED    13   HIGHEST WIND DIRECTION     S (200)
  HIGHEST GUST SPEED    25   HIGHEST GUST DIRECTION     E (110)
  AVERAGE WIND SPEED     5.9


SKY COVER
  POSSIBLE SUNSHINE  MM
  AVERAGE SKY COVER 0.0


WEATHER CONDITIONS
 THE FOLLOWING WEATHER WAS RECORDED YESTERDAY.
  THUNDERSTORM
  RAIN
  LIGHT RAIN


RELATIVE HUMIDITY (PERCENT)
 HIGHEST   100           100 AM
 LOWEST     58           300 PM
 AVERAGE    79

..........................................................


THE NORTH LITTLE ROCK CLIMATE NORMALS FOR TODAY
                         NORMAL    RECORD    YEAR
 MAXIMUM TEMPERATURE (F)   77        89      2012
                                             2002
 MINIMUM TEMPERATURE (F)   57        43      2014


SUNRISE AND SUNSET
MAY  1 2016...........SUNRISE   618 AM CDT   SUNSET   755 PM CDT
MAY  2 2016...........SUNRISE   617 AM CDT   SUNSET   755 PM CDT


-  INDICATES NEGATIVE NUMBERS.
R  INDICATES RECORD WAS SET OR TIED.
MM INDICATES DATA IS MISSING.
T  INDICATES TRACE AMOUNT.




$$
