000
CDUS46 KHNX 230823
CLIMAE


CLIMATE REPORT
NATIONAL WEATHER SERVICE SAN JOAQUIN VALLEY, CA
122 AM PDT MON OCT 23 2017


...................................

...THE MADERA CA AIRPORT CLIMATE SUMMARY FOR OCTOBER 22 2017...

CLIMATE NORMAL PERIOD 1981 TO 2010
CLIMATE RECORD PERIOD 1998 TO 2017


WEATHER ITEM   OBSERVED TIME   RECORD YEAR NORMAL DEPARTURE
                VALUE   (LST)  VALUE       VALUE  FROM
                                                  NORMAL
...............................................................
TEMPERATURE (F)
 YESTERDAY
  MAXIMUM         75    336 PM  89    2003  77     -2
  MINIMUM         43    634 AM  40    2000  47     -4
  AVERAGE         59                        62     -3

PRECIPITATION (IN)
  YESTERDAY        0.00          0.10 2012   0.03  -0.03
  MONTH TO DATE    0.08                      0.42  -0.34
  SINCE OCT 1      0.08                      0.42  -0.34
  SINCE JAN 1     10.27                      8.71   1.56

SNOWFALL (IN)
  YESTERDAY        0.0
  MONTH TO DATE    0.0
  SINCE SEP 1      0.0
  SINCE JUL 1      0.0
  SNOW DEPTH       0

DEGREE DAYS
 HEATING
  YESTERDAY        6
  MONTH TO DATE   68
  SINCE SEP 1     73
  SINCE JUL 1     73

 COOLING
  YESTERDAY        0
  MONTH TO DATE    9
  SINCE SEP 1    333
  SINCE JAN 1   2004
...............................................................


WIND (MPH)
  HIGHEST WIND SPEED    12   HIGHEST WIND DIRECTION     W (290)
  HIGHEST GUST SPEED    14   HIGHEST GUST DIRECTION     W (280)
  AVERAGE WIND SPEED     2.3




RELATIVE HUMIDITY (PERCENT)
 HIGHEST    93
 LOWEST     35
 AVERAGE    64

..........................................................


THE MADERA CA AIRPORT CLIMATE NORMALS FOR TODAY
                         NORMAL    RECORD    YEAR
 MAXIMUM TEMPERATURE (F)   76        86      2016
                                             2015
 MINIMUM TEMPERATURE (F)   47        42      2012


SUNRISE AND SUNSET
OCTOBER 23 2017.......SUNRISE   716 AM PDT   SUNSET   613 PM PDT
OCTOBER 24 2017.......SUNRISE   717 AM PDT   SUNSET   612 PM PDT


-  INDICATES NEGATIVE NUMBERS.
R  INDICATES RECORD WAS SET OR TIED.
MM INDICATES DATA IS MISSING.
T  INDICATES TRACE AMOUNT.




$$
