000
CDUS46 KHNX 190823
CLIMAE


CLIMATE REPORT
NATIONAL WEATHER SERVICE SAN JOAQUIN VALLEY, CA
123 AM PDT SAT AUG 19 2017


...................................

...THE MADERA CA AIRPORT CLIMATE SUMMARY FOR AUGUST 18 2017...

CLIMATE NORMAL PERIOD 1981 TO 2010
CLIMATE RECORD PERIOD 1998 TO 2017


WEATHER ITEM   OBSERVED TIME   RECORD YEAR NORMAL DEPARTURE
                VALUE   (LST)  VALUE       VALUE  FROM
                                                  NORMAL
...............................................................
TEMPERATURE (F)
 YESTERDAY
  MAXIMUM         98        MM 102    2015  95      3
                                      2001
  MINIMUM         67        MM  55    2007  59      8
  AVERAGE         83                        77      6

PRECIPITATION (IN)
  YESTERDAY        0.00          T    2012   0.00   0.00
  MONTH TO DATE    T                         0.00   0.00
  SINCE OCT 1     14.18                     11.75   2.43
  SINCE JAN 1     10.11                      8.02   2.09

SNOWFALL (IN)
  YESTERDAY        0.0
  MONTH TO DATE    0.0
  SINCE JUN 1      0.0
  SINCE JUL 1      0.0
  SNOW DEPTH       0

DEGREE DAYS
 HEATING
  YESTERDAY        0
  MONTH TO DATE    0
  SINCE JUN 1      6
  SINCE JUL 1      0

 COOLING
  YESTERDAY       18
  MONTH TO DATE  305
  SINCE JUN 1   1248
  SINCE JAN 1   1433
...............................................................


WIND (MPH)
  HIGHEST WIND SPEED    12   HIGHEST WIND DIRECTION     W (290)
  HIGHEST GUST SPEED    MM   HIGHEST GUST DIRECTION    MM
  AVERAGE WIND SPEED     7.3




RELATIVE HUMIDITY (PERCENT)
 HIGHEST    73
 LOWEST     25
 AVERAGE    49

..........................................................


THE MADERA CA AIRPORT CLIMATE NORMALS FOR TODAY
                         NORMAL    RECORD    YEAR
 MAXIMUM TEMPERATURE (F)   95       107      2013
 MINIMUM TEMPERATURE (F)   59        52      1999


SUNRISE AND SUNSET
AUGUST 19 2017........SUNRISE   621 AM PDT   SUNSET   746 PM PDT
AUGUST 20 2017........SUNRISE   622 AM PDT   SUNSET   745 PM PDT


-  INDICATES NEGATIVE NUMBERS.
R  INDICATES RECORD WAS SET OR TIED.
MM INDICATES DATA IS MISSING.
T  INDICATES TRACE AMOUNT.




$$
