000
CDUS46 KHNX 070021
CLIMAE


CLIMATE REPORT
NATIONAL WEATHER SERVICE SAN JOAQUIN VALLEY, CA
521 PM PDT MON JUL 6 2015


...................................

...THE MADERA CA CLIMATE SUMMARY FOR JULY 6 2015...
VALID AS OF 0500 PM LOCAL TIME.

CLIMATE NORMAL PERIOD 1981 TO 2010
CLIMATE RECORD PERIOD 1998 TO 2015


WEATHER ITEM   OBSERVED TIME   RECORD YEAR NORMAL DEPARTURE LAST
                VALUE   (LST)  VALUE       VALUE  FROM      YEAR
                                                  NORMAL
..................................................................
TEMPERATURE (F)
 TODAY
  MAXIMUM         93    359 PM 107    2007  96     -3      102
  MINIMUM         66    526 AM  54    2000  61      5       63
  AVERAGE         80                        78      2       83

PRECIPITATION (IN)
  TODAY            0.00          0.07 2001   0.00   0.00     0.00
  MONTH TO DATE    T                         0.01  -0.01     0.00
  SINCE OCT 1      5.71                     11.74  -6.03     4.30
  SINCE JAN 1      2.03                      8.01  -5.98     3.61

SNOWFALL (IN)
  TODAY            0.0
  MONTH TO DATE    0.0
  SINCE JUN 1      0.0
  SINCE JUL 1      0.0
  SNOW DEPTH       0

DEGREE DAYS
 HEATING
  TODAY            0                                         0
  MONTH TO DATE    0                                         0
  SINCE JUN 1      0                                         0
  SINCE JUL 1      0                                         0

 COOLING
  TODAY           15                                        18
  MONTH TO DATE  116                                       112
  SINCE JUN 1    545                                       451
  SINCE JAN 1    726                                       693
..................................................................


WIND (MPH)
  HIGHEST WIND SPEED    18   HIGHEST WIND DIRECTION    NW (320)
  HIGHEST GUST SPEED    23   HIGHEST GUST DIRECTION    NW (320)
  AVERAGE WIND SPEED    11.2




RELATIVE HUMIDITY (PERCENT)
 HIGHEST    68
 LOWEST     28
 AVERAGE    48

..........................................................


THE MADERA CA CLIMATE NORMALS FOR TOMORROW
                         NORMAL    RECORD    YEAR
 MAXIMUM TEMPERATURE (F)   96       101      2011
                                             2008
 MINIMUM TEMPERATURE (F)   61        54      2009


SUNRISE AND SUNSET
JULY  6 2015..........SUNRISE   547 AM PDT   SUNSET   823 PM PDT
JULY  7 2015..........SUNRISE   548 AM PDT   SUNSET   823 PM PDT


-  INDICATES NEGATIVE NUMBERS.
R  INDICATES RECORD WAS SET OR TIED.
MM INDICATES DATA IS MISSING.
T  INDICATES TRACE AMOUNT.




$$
