000
CDUS46 KHNX 010026
CLIMAE


CLIMATE REPORT
NATIONAL WEATHER SERVICE SAN JOAQUIN VALLEY, CA
525 PM PDT TUE MAY 31 2016


...................................

...THE MADERA CA CLIMATE SUMMARY FOR MAY 31 2016...
VALID AS OF 0400 PM LOCAL TIME.

CLIMATE NORMAL PERIOD 1981 TO 2010
CLIMATE RECORD PERIOD 1998 TO 2016


WEATHER ITEM   OBSERVED TIME   RECORD YEAR NORMAL DEPARTURE LAST
                VALUE   (LST)  VALUE       VALUE  FROM      YEAR
                                                  NORMAL
..................................................................
TEMPERATURE (F)
 TODAY
  MAXIMUM         98    358 PM 105    2001  87     11       95
  MINIMUM         60    512 AM  45    2011  54      6       57
  AVERAGE         79                        70      9       76

PRECIPITATION (IN)
  TODAY            0.00          0.05 2002   0.00   0.00     0.00
  MONTH TO DATE    T                         0.48  -0.48     0.45
  SINCE OCT 1     12.96                     11.54   1.42     5.71
  SINCE JAN 1      8.40                      7.81   0.59     2.03

SNOWFALL (IN)
  TODAY            0.0
  MONTH TO DATE    0.0
  SINCE MAR 1      0.0
  SINCE JUL 1      0.0
  SNOW DEPTH       0

DEGREE DAYS
 HEATING
  TODAY            0                                         0
  MONTH TO DATE   19                                        27
  SINCE MAR 1    328                                       276
  SINCE JUL 1   2072                                      1726

 COOLING
  TODAY           14                                        11
  MONTH TO DATE  161                                       103
  SINCE MAR 1    193                                       179
  SINCE JAN 1    193                                       181
..................................................................


WIND (MPH)
  HIGHEST WIND SPEED    14   HIGHEST WIND DIRECTION     W (290)
  HIGHEST GUST SPEED    17   HIGHEST GUST DIRECTION    NW (300)
  AVERAGE WIND SPEED     5.3




RELATIVE HUMIDITY (PERCENT)
 HIGHEST    78
 LOWEST     21
 AVERAGE    50

..........................................................


THE MADERA CA CLIMATE NORMALS FOR TOMORROW
                         NORMAL    RECORD    YEAR
 MAXIMUM TEMPERATURE (F)   87       101      2012
 MINIMUM TEMPERATURE (F)   54        50      2000


SUNRISE AND SUNSET
MAY 31 2016...........SUNRISE   543 AM PDT   SUNSET   814 PM PDT
JUNE  1 2016..........SUNRISE   542 AM PDT   SUNSET   815 PM PDT


-  INDICATES NEGATIVE NUMBERS.
R  INDICATES RECORD WAS SET OR TIED.
MM INDICATES DATA IS MISSING.
T  INDICATES TRACE AMOUNT.




$$
