000
CDUS46 KHNX 300824
CLIMAE


CLIMATE REPORT
NATIONAL WEATHER SERVICE SAN JOAQUIN VALLEY, CA
123 AM PDT SUN APR 30 2017


...................................

...THE MADERA CA AIRPORT CLIMATE SUMMARY FOR APRIL 29 2017...

CLIMATE NORMAL PERIOD 1981 TO 2010
CLIMATE RECORD PERIOD 1998 TO 2017


WEATHER ITEM   OBSERVED TIME   RECORD YEAR NORMAL DEPARTURE
                VALUE   (LST)  VALUE       VALUE  FROM
                                                  NORMAL
...............................................................
TEMPERATURE (F)
 YESTERDAY
  MAXIMUM         80    449 PM  94    2007  79      1
  MINIMUM         42    525 AM  39    1999  48     -6
  AVERAGE         61                        63     -2

PRECIPITATION (IN)
  YESTERDAY        0.00          T    2002   0.03  -0.03
                                      2002
                                      2010
  MONTH TO DATE    0.47                      0.93  -0.46
  SINCE OCT 1     14.17                     11.04   3.13
  SINCE JAN 1     10.10                      7.31   2.79

SNOWFALL (IN)
  YESTERDAY        0.0
  MONTH TO DATE    0.0
  SINCE MAR 1      0.0
  SINCE JUL 1      0.0
  SNOW DEPTH       0

DEGREE DAYS
 HEATING
  YESTERDAY        4
  MONTH TO DATE  122
  SINCE MAR 1    364
  SINCE JUL 1   2043

 COOLING
  YESTERDAY        0
  MONTH TO DATE    3
  SINCE MAR 1      9
  SINCE JAN 1      9
...............................................................


WIND (MPH)
  HIGHEST WIND SPEED     9   HIGHEST WIND DIRECTION    NW (310)
  HIGHEST GUST SPEED    12   HIGHEST GUST DIRECTION    NW (310)
  AVERAGE WIND SPEED     4.6




RELATIVE HUMIDITY (PERCENT)
 HIGHEST    89
 LOWEST     16
 AVERAGE    53

..........................................................


THE MADERA CA AIRPORT CLIMATE NORMALS FOR TODAY
                         NORMAL    RECORD    YEAR
 MAXIMUM TEMPERATURE (F)   80        93      2015
 MINIMUM TEMPERATURE (F)   48        36      2011


SUNRISE AND SUNSET
APRIL 30 2017.........SUNRISE   607 AM PDT   SUNSET   749 PM PDT
MAY  1 2017...........SUNRISE   606 AM PDT   SUNSET   750 PM PDT


-  INDICATES NEGATIVE NUMBERS.
R  INDICATES RECORD WAS SET OR TIED.
MM INDICATES DATA IS MISSING.
T  INDICATES TRACE AMOUNT.




$$
