000
CDUS46 KHNX 060825
CLIMAE


CLIMATE REPORT
NATIONAL WEATHER SERVICE SAN JOAQUIN VALLEY, CA
1223 AM PST FRI MAR 6 2015


...................................

...THE MADERA CA AIRPORT CLIMATE SUMMARY FOR MARCH 5 2015...

CLIMATE NORMAL PERIOD 1981 TO 2010
CLIMATE RECORD PERIOD 1998 TO 2015


WEATHER ITEM   OBSERVED TIME   RECORD YEAR NORMAL DEPARTURE
                VALUE   (LST)  VALUE       VALUE  FROM
                                                  NORMAL
...............................................................
TEMPERATURE (F)
 YESTERDAY
  MAXIMUM         72    422 PM  78    2012  65      7
  MINIMUM         34    452 AM  32    1999  42     -8
  AVERAGE         53                        53      0

PRECIPITATION (IN)
  YESTERDAY        0.00          0.86 2000   0.08  -0.08
  MONTH TO DATE    0.01                      0.47  -0.46
  SINCE OCT 1      4.26                      8.78  -4.52
  SINCE JAN 1      0.58                      5.05  -4.47

SNOWFALL (IN)
  YESTERDAY        0.0
  MONTH TO DATE    0.0
  SINCE MAR 1      0.0
  SINCE JUL 1      0.0
  SNOW DEPTH       0

DEGREE DAYS
 HEATING
  YESTERDAY       12
  MONTH TO DATE   66
  SINCE MAR 1     66
  SINCE JUL 1   1516

 COOLING
  YESTERDAY        0
  MONTH TO DATE    0
  SINCE MAR 1      0
  SINCE JAN 1      2
...............................................................


WIND (MPH)
  HIGHEST WIND SPEED    10   HIGHEST WIND DIRECTION    NW (310)
  HIGHEST GUST SPEED    14   HIGHEST GUST DIRECTION    NW (330)
  AVERAGE WIND SPEED     2.7




RELATIVE HUMIDITY (PERCENT)
 HIGHEST    89
 LOWEST     22
 AVERAGE    56

..........................................................


THE MADERA CA AIRPORT CLIMATE NORMALS FOR TODAY
                         NORMAL    RECORD    YEAR
 MAXIMUM TEMPERATURE (F)   65        77      2007
 MINIMUM TEMPERATURE (F)   42        38      2008


SUNRISE AND SUNSET
MARCH  6 2015.........SUNRISE   625 AM PST   SUNSET   559 PM PST
MARCH  7 2015.........SUNRISE   623 AM PST   SUNSET   600 PM PST


-  INDICATES NEGATIVE NUMBERS.
R  INDICATES RECORD WAS SET OR TIED.
MM INDICATES DATA IS MISSING.
T  INDICATES TRACE AMOUNT.




$$
