000
CDUS46 KHNX 080028
CLIMAE


CLIMATE REPORT
NATIONAL WEATHER SERVICE SAN JOAQUIN VALLEY, CA
427 PM PST SUN FEB 7 2016


...................................

...THE MADERA CA CLIMATE SUMMARY FOR FEBRUARY 7 2016...
VALID TODAY AS OF 0400 PM LOCAL TIME.

CLIMATE NORMAL PERIOD 1981 TO 2010
CLIMATE RECORD PERIOD 1998 TO 2016


WEATHER ITEM   OBSERVED TIME   RECORD YEAR NORMAL DEPARTURE LAST
                VALUE   (LST)  VALUE       VALUE  FROM      YEAR
                                                  NORMAL
..................................................................
TEMPERATURE (F)
 TODAY
  MAXIMUM         68    331 PM  72    2000  59      9       69
  MINIMUM         39    715 AM  32    2013  39      0       56
  AVERAGE         54                        49      5       63

PRECIPITATION (IN)
  TODAY            0.00          0.37 2015   0.07  -0.07     0.37
  MONTH TO DATE    T                         0.43  -0.43     0.37
  SINCE OCT 1      8.19                      6.61   1.58     4.08
  SINCE JAN 1      3.63                      2.88   0.75     0.40

SNOWFALL (IN)
  TODAY            0.0
  MONTH TO DATE    0.0
  SINCE DEC 1      0.0
  SINCE JUL 1      0.0
  SNOW DEPTH       0

DEGREE DAYS
 HEATING
  TODAY           11                                         2
  MONTH TO DATE  121                                        46
  SINCE DEC 1   1149                                       923
  SINCE JUL 1   1560                                      1239

 COOLING
  TODAY            0                                         0
  MONTH TO DATE    0                                         0
  SINCE DEC 1      0                                         1
  SINCE JAN 1      0                                         0
..................................................................


WIND (MPH)
  HIGHEST WIND SPEED     7   HIGHEST WIND DIRECTION     E (110)
  HIGHEST GUST SPEED     9   HIGHEST GUST DIRECTION     E (110)
  AVERAGE WIND SPEED     2.2




RELATIVE HUMIDITY (PERCENT)
 HIGHEST    96
 LOWEST     48
 AVERAGE    72

..........................................................


THE MADERA CA CLIMATE NORMALS FOR TOMORROW
                         NORMAL    RECORD    YEAR
 MAXIMUM TEMPERATURE (F)   59        74      2015
 MINIMUM TEMPERATURE (F)   39        26      2001


SUNRISE AND SUNSET
FEBRUARY  7 2016......SUNRISE   658 AM PST   SUNSET   532 PM PST
FEBRUARY  8 2016......SUNRISE   657 AM PST   SUNSET   533 PM PST


-  INDICATES NEGATIVE NUMBERS.
R  INDICATES RECORD WAS SET OR TIED.
MM INDICATES DATA IS MISSING.
T  INDICATES TRACE AMOUNT.




$$
