000
CDUS44 KMAF 260730
CLIMAF


CLIMATE REPORT
NATIONAL WEATHER SERVICE MIDLAND TX
230 AM CDT MON JUN 26 2017


...................................

...THE MIDLAND CLIMATE SUMMARY FOR JUNE 25 2017...

CLIMATE NORMAL PERIOD 1981 TO 2010
CLIMATE RECORD PERIOD 1930 TO 2017


WEATHER ITEM   OBSERVED TIME   RECORD YEAR NORMAL DEPARTURE LAST
                VALUE   (LST)  VALUE       VALUE  FROM      YEAR
                                                  NORMAL
..................................................................
TEMPERATURE (F)
 YESTERDAY
  MAXIMUM         92    455 PM 111    2011  94     -2       96
  MINIMUM         71    630 AM  57    1940  69      2       71
  AVERAGE         82                        82      0       84

PRECIPITATION (IN)
  YESTERDAY        0.00          0.91 1996   0.06  -0.06     0.00
  MONTH TO DATE    1.58                      1.51   0.07     2.69
  SINCE JUN 1      1.58                      1.51   0.07     2.69
  SINCE JAN 1      7.27                      5.77   1.50     6.43

DEGREE DAYS
 COOLING
  YESTERDAY       17                        17      0       19
  MONTH TO DATE  483                       377    106      415
  SINCE JUN 1    483                       377    106      415
  SINCE JAN 1   1044                       766    278      895
..................................................................


WIND (MPH)
  HIGHEST WIND SPEED    25   HIGHEST WIND DIRECTION    SE (120)
  HIGHEST GUST SPEED    30   HIGHEST GUST DIRECTION    SE (120)
  AVERAGE WIND SPEED    14.2


SKY COVER
  POSSIBLE SUNSHINE  MM
  AVERAGE SKY COVER 0.4


WEATHER CONDITIONS
 THE FOLLOWING WEATHER WAS RECORDED YESTERDAY.
  NO SIGNIFICANT WEATHER WAS OBSERVED.


RELATIVE HUMIDITY (PERCENT)
 HIGHEST    79           500 AM
 LOWEST     32           300 PM
 AVERAGE    56

..........................................................


THE MIDLAND CLIMATE NORMALS FOR TODAY
                         NORMAL    RECORD    YEAR
 MAXIMUM TEMPERATURE (F)   94       112      1994
 MINIMUM TEMPERATURE (F)   69        59      1958
                                             1940


SUNRISE AND SUNSET
JUNE 26 2017..........SUNRISE   645 AM CDT   SUNSET   859 PM CDT
JUNE 27 2017..........SUNRISE   645 AM CDT   SUNSET   859 PM CDT


-  INDICATES NEGATIVE NUMBERS.
R  INDICATES RECORD WAS SET OR TIED.
MM INDICATES DATA IS MISSING.
T  INDICATES TRACE AMOUNT.




$$
