000
CDUS44 KMAF 302113
CLIMAF


CLIMATE REPORT
NATIONAL WEATHER SERVICE MIDLAND TX
411 PM CDT SUN APR 30 2017


...................................

...THE MIDLAND CLIMATE SUMMARY FOR APRIL 30 2017...
VALID TODAY AS OF 0400 PM LOCAL TIME.

CLIMATE NORMAL PERIOD 1981 TO 2010
CLIMATE RECORD PERIOD 1930 TO 2017


WEATHER ITEM   OBSERVED TIME   RECORD YEAR NORMAL DEPARTURE LAST
                VALUE   (LST)  VALUE       VALUE  FROM      YEAR
                                                  NORMAL
..................................................................
TEMPERATURE (F)
 TODAY
  MAXIMUM         71    302 PM  97    2013  83    -12       82
                                      2009
  MINIMUM         39R   629 AM  41    1960  54    -15       49
  AVERAGE         55                        69    -14       66

PRECIPITATION (IN)
  TODAY            0.00          0.41 1966   0.02  -0.02     0.00
  MONTH TO DATE    2.51                      0.65   1.86     1.45
  SINCE MAR 1      2.99                      1.25   1.74     1.79
  SINCE JAN 1      4.83                      2.52   2.31     2.27

SNOWFALL (IN)
  TODAY            0.0
  MONTH TO DATE    0.0
  SINCE MAR 1      0.0
  SINCE JUL 1      0.3
  SNOW DEPTH       0

DEGREE DAYS
 HEATING
  TODAY           10                         1      9        0
  MONTH TO DATE   62                       112    -50       54
  SINCE MAR 1    178                       419   -241      215
  SINCE JUL 1   1678                      2656   -978     2045

 COOLING
  TODAY            0                         5     -5        1
  MONTH TO DATE  151                        90     61      123
  SINCE MAR 1    259                       106    153      158
  SINCE JAN 1    276                       108    168      173
..................................................................


WIND (MPH)
  HIGHEST WIND SPEED    22   HIGHEST WIND DIRECTION     W (260)
  HIGHEST GUST SPEED    37   HIGHEST GUST DIRECTION    NW (310)
  AVERAGE WIND SPEED    16.3


SKY COVER
  POSSIBLE SUNSHINE  MM
  AVERAGE SKY COVER 0.0


WEATHER CONDITIONS
 THE FOLLOWING WEATHER WAS RECORDED TODAY.
  NO SIGNIFICANT WEATHER WAS OBSERVED.


RELATIVE HUMIDITY (PERCENT)
 HIGHEST    76           200 AM
 LOWEST     23           300 PM
 AVERAGE    50

..........................................................


THE MIDLAND CLIMATE NORMALS FOR TOMORROW
                         NORMAL    RECORD    YEAR
 MAXIMUM TEMPERATURE (F)   84        99      2009
 MINIMUM TEMPERATURE (F)   55        34      1970


SUNRISE AND SUNSET
APRIL 30 2017.........SUNRISE   704 AM CDT   SUNSET   829 PM CDT
MAY  1 2017...........SUNRISE   703 AM CDT   SUNSET   829 PM CDT


-  INDICATES NEGATIVE NUMBERS.
R  INDICATES RECORD WAS SET OR TIED.
MM INDICATES DATA IS MISSING.
T  INDICATES TRACE AMOUNT.




$$
