000
CDUS44 KMAF 230731
CLIMAF


CLIMATE REPORT
NATIONAL WEATHER SERVICE MIDLAND TX
230 AM CDT SAT JUL 23 2016


...................................

...THE MIDLAND CLIMATE SUMMARY FOR JULY 22 2016...

CLIMATE NORMAL PERIOD 1981 TO 2010
CLIMATE RECORD PERIOD 1930 TO 2016


WEATHER ITEM   OBSERVED TIME   RECORD YEAR NORMAL DEPARTURE LAST
                VALUE   (LST)  VALUE       VALUE  FROM      YEAR
                                                  NORMAL
..................................................................
TEMPERATURE (F)
 YESTERDAY
  MAXIMUM        100    424 PM 103    2001  95      5       98
                                      1981
  MINIMUM         72    611 AM  58    1988  70      2       74
  AVERAGE         86                        82      4       86

PRECIPITATION (IN)
  YESTERDAY        0.00          1.89 1961   0.06  -0.06     0.00
  MONTH TO DATE    0.02                      1.31  -1.29     0.52
  SINCE JUN 1      3.18                      3.11   0.07     3.81
  SINCE JAN 1      6.92                      7.37  -0.45    12.80

DEGREE DAYS
 COOLING
  YESTERDAY       21                        17      4       21
  MONTH TO DATE  530                       374    156      412
  SINCE JUN 1   1016                       835    181      861
  SINCE JAN 1   1496                      1224    272     1219
..................................................................


WIND (MPH)
  HIGHEST WIND SPEED    21   HIGHEST WIND DIRECTION    SE (150)
  HIGHEST GUST SPEED    26   HIGHEST GUST DIRECTION    SE (150)
  AVERAGE WIND SPEED    10.2


SKY COVER
  POSSIBLE SUNSHINE  MM
  AVERAGE SKY COVER 0.0


WEATHER CONDITIONS
 THE FOLLOWING WEATHER WAS RECORDED YESTERDAY.
  NO SIGNIFICANT WEATHER WAS OBSERVED.


RELATIVE HUMIDITY (PERCENT)
 HIGHEST    54           700 AM
 LOWEST     22           200 PM
 AVERAGE    38

..........................................................


THE MIDLAND CLIMATE NORMALS FOR TODAY
                         NORMAL    RECORD    YEAR
 MAXIMUM TEMPERATURE (F)   95       105      1995
 MINIMUM TEMPERATURE (F)   70        53      1978


SUNRISE AND SUNSET
JULY 23 2016..........SUNRISE   659 AM CDT   SUNSET   851 PM CDT
JULY 24 2016..........SUNRISE   659 AM CDT   SUNSET   851 PM CDT


-  INDICATES NEGATIVE NUMBERS.
R  INDICATES RECORD WAS SET OR TIED.
MM INDICATES DATA IS MISSING.
T  INDICATES TRACE AMOUNT.




$$
