000
CDUS44 KMAF 210731
CLIMAF


CLIMATE REPORT
NATIONAL WEATHER SERVICE MIDLAND/ODESSA TX
231 AM CDT MON APR 21 2014


...................................

...THE MIDLAND CLIMATE SUMMARY FOR APRIL 20 2014...

CLIMATE NORMAL PERIOD 1981 TO 2010
CLIMATE RECORD PERIOD 1930 TO 2014


WEATHER ITEM   OBSERVED TIME   RECORD YEAR NORMAL DEPARTURE LAST
                VALUE   (LST)  VALUE       VALUE  FROM      YEAR
                                                  NORMAL
..................................................................
TEMPERATURE (F)
 YESTERDAY
  MAXIMUM         81    610 PM  93    1999  81      0       81
                                      1997
                                      1964
  MINIMUM         58    521 AM  27    1933  51      7       50
  AVERAGE         70                        66      4       66

PRECIPITATION (IN)
  YESTERDAY        0.00          0.33 1936   0.02  -0.02     0.00
  MONTH TO DATE    0.45                      0.42   0.03      T
  SINCE MAR 1      0.64                      1.02  -0.38      T
  SINCE JAN 1      0.90                      2.29  -1.39     1.53

SNOWFALL (IN)
  YESTERDAY        0.0
  MONTH TO DATE    0.0
  SINCE MAR 1      0.0
  SINCE JUL 1      0.8
  SNOW DEPTH       0

DEGREE DAYS
 HEATING
  YESTERDAY        0                         3     -3        0
  MONTH TO DATE   68                        92    -24      100
  SINCE MAR 1    350                       399    -49      338
  SINCE JUL 1   2598                      2636    -38     2310

 COOLING
  YESTERDAY        5                         3      2        1
  MONTH TO DATE   74                        45     29       71
  SINCE MAR 1     97                        61     36      106
  SINCE JAN 1     99                        63     36      106
..................................................................


WIND (MPH)
  HIGHEST WIND SPEED    17   HIGHEST WIND DIRECTION     S (170)
  HIGHEST GUST SPEED    23   HIGHEST GUST DIRECTION     S (170)
  AVERAGE WIND SPEED    10.3


SKY COVER
  POSSIBLE SUNSHINE  MM
  AVERAGE SKY COVER 0.4


WEATHER CONDITIONS
 THE FOLLOWING WEATHER WAS RECORDED YESTERDAY.
  FOG
  HAZE


RELATIVE HUMIDITY (PERCENT)
 HIGHEST    90          1200 AM
 LOWEST     33           600 PM
 AVERAGE    62

..........................................................


THE MIDLAND CLIMATE NORMALS FOR TODAY
                         NORMAL    RECORD    YEAR
 MAXIMUM TEMPERATURE (F)   81       101      1989
 MINIMUM TEMPERATURE (F)   51        35      1933


SUNRISE AND SUNSET
APRIL 21 2014.........SUNRISE   713 AM CDT   SUNSET   822 PM CDT
APRIL 22 2014.........SUNRISE   712 AM CDT   SUNSET   823 PM CDT


-  INDICATES NEGATIVE NUMBERS.
R  INDICATES RECORD WAS SET OR TIED.
MM INDICATES DATA IS MISSING.
T  INDICATES TRACE AMOUNT.




$$
