000
CDUS44 KMAF 190830
CLIMAF


CLIMATE REPORT
NATIONAL WEATHER SERVICE MIDLAND TX
230 AM CST FRI JAN 19 2018


...................................

...THE MIDLAND CLIMATE SUMMARY FOR JANUARY 18 2018...

CLIMATE NORMAL PERIOD 1981 TO 2010
CLIMATE RECORD PERIOD 1930 TO 2018


WEATHER ITEM   OBSERVED TIME   RECORD YEAR NORMAL DEPARTURE LAST
                VALUE   (LST)  VALUE       VALUE  FROM      YEAR
                                                  NORMAL
..................................................................
TEMPERATURE (F)
 YESTERDAY
  MAXIMUM         51    511 PM  83    2000  57     -6       59
  MINIMUM         24    811 AM   7    1949  30     -6       44
  AVERAGE         38                        44     -6       52

PRECIPITATION (IN)
  YESTERDAY        0.00          0.96 1991   0.02  -0.02     0.00
  MONTH TO DATE    0.01                      0.28  -0.27     1.12
  SINCE DEC 1      0.40                      0.88  -0.48     1.53
  SINCE JAN 1      0.01                      0.28  -0.27     1.12

SNOWFALL (IN)
  YESTERDAY        0.0
  MONTH TO DATE    T
  SINCE DEC 1      T
  SINCE JUL 1      T
  SNOW DEPTH       0

DEGREE DAYS
 HEATING
  YESTERDAY       27                        21      6       13
  MONTH TO DATE  427                       392     35      335
  SINCE DEC 1   1004                      1029    -25      869
  SINCE JUL 1   1325                      1508   -183     1080
..................................................................


WIND (MPH)
  HIGHEST WIND SPEED    14   HIGHEST WIND DIRECTION     S (180)
  HIGHEST GUST SPEED    18   HIGHEST GUST DIRECTION     S (170)
  AVERAGE WIND SPEED     8.1


SKY COVER
  POSSIBLE SUNSHINE  MM
  AVERAGE SKY COVER 0.2


WEATHER CONDITIONS
 THE FOLLOWING WEATHER WAS RECORDED YESTERDAY.
  NO SIGNIFICANT WEATHER WAS OBSERVED.


RELATIVE HUMIDITY (PERCENT)
 HIGHEST    47          1100 PM
 LOWEST     19          1200 AM
 AVERAGE    33

..........................................................


THE MIDLAND CLIMATE NORMALS FOR TODAY
                         NORMAL    RECORD    YEAR
 MAXIMUM TEMPERATURE (F)   57        83      2000
 MINIMUM TEMPERATURE (F)   30         8      1963


SUNRISE AND SUNSET
JANUARY 19 2018.......SUNRISE   748 AM CST   SUNSET   611 PM CST
JANUARY 20 2018.......SUNRISE   748 AM CST   SUNSET   612 PM CST


-  INDICATES NEGATIVE NUMBERS.
R  INDICATES RECORD WAS SET OR TIED.
MM INDICATES DATA IS MISSING.
T  INDICATES TRACE AMOUNT.




$$
