000
CDUS44 KMAF 230731
CLIMAF


CLIMATE REPORT
NATIONAL WEATHER SERVICE MIDLAND/ODESSA TX
231 AM CDT WED APR 23 2014


...................................

...THE MIDLAND CLIMATE SUMMARY FOR APRIL 22 2014...

CLIMATE NORMAL PERIOD 1981 TO 2010
CLIMATE RECORD PERIOD 1930 TO 2014


WEATHER ITEM   OBSERVED TIME   RECORD YEAR NORMAL DEPARTURE LAST
                VALUE   (LST)  VALUE       VALUE  FROM      YEAR
                                                  NORMAL
..................................................................
TEMPERATURE (F)
 YESTERDAY
  MAXIMUM         87    413 PM 100    1989  81      6       93
  MINIMUM         58    634 AM  36    1931  51      7       55
  AVERAGE         73                        66      7       74

PRECIPITATION (IN)
  YESTERDAY        0.00          0.53 1932   0.02  -0.02     0.00
  MONTH TO DATE    0.45                      0.46  -0.01      T
  SINCE MAR 1      0.64                      1.06  -0.42      T
  SINCE JAN 1      0.90                      2.33  -1.43     1.53

SNOWFALL (IN)
  YESTERDAY        0.0
  MONTH TO DATE    0.0
  SINCE MAR 1      0.0
  SINCE JUL 1      0.8
  SNOW DEPTH       0

DEGREE DAYS
 HEATING
  YESTERDAY        0                         2     -2        0
  MONTH TO DATE   68                        97    -29      101
  SINCE MAR 1    350                       404    -54      339
  SINCE JUL 1   2598                      2641    -43     2311

 COOLING
  YESTERDAY        8                         4      4        9
  MONTH TO DATE   93                        53     40       80
  SINCE MAR 1    116                        69     47      115
  SINCE JAN 1    118                        71     47      115
..................................................................


WIND (MPH)
  HIGHEST WIND SPEED    21   HIGHEST WIND DIRECTION    SE (120)
  HIGHEST GUST SPEED    26   HIGHEST GUST DIRECTION    SE (140)
  AVERAGE WIND SPEED    11.9


SKY COVER
  POSSIBLE SUNSHINE  MM
  AVERAGE SKY COVER 0.0


WEATHER CONDITIONS
 THE FOLLOWING WEATHER WAS RECORDED YESTERDAY.
  NO SIGNIFICANT WEATHER WAS OBSERVED.


RELATIVE HUMIDITY (PERCENT)
 HIGHEST    78           600 AM
 LOWEST     21           400 PM
 AVERAGE    50

..........................................................


THE MIDLAND CLIMATE NORMALS FOR TODAY
                         NORMAL    RECORD    YEAR
 MAXIMUM TEMPERATURE (F)   81        98      1989
 MINIMUM TEMPERATURE (F)   52        33      1995


SUNRISE AND SUNSET
APRIL 23 2014.........SUNRISE   711 AM CDT   SUNSET   824 PM CDT
APRIL 24 2014.........SUNRISE   710 AM CDT   SUNSET   824 PM CDT


-  INDICATES NEGATIVE NUMBERS.
R  INDICATES RECORD WAS SET OR TIED.
MM INDICATES DATA IS MISSING.
T  INDICATES TRACE AMOUNT.




$$
