000
CDUS44 KMAF 240731
CLIMAF


CLIMATE REPORT
NATIONAL WEATHER SERVICE MIDLAND/ODESSA TX
230 AM CDT FRI OCT 24 2014


...................................

...THE MIDLAND CLIMATE SUMMARY FOR OCTOBER 23 2014...

CLIMATE NORMAL PERIOD 1981 TO 2010
CLIMATE RECORD PERIOD 1930 TO 2014


WEATHER ITEM   OBSERVED TIME   RECORD YEAR NORMAL DEPARTURE LAST
                VALUE   (LST)  VALUE       VALUE  FROM      YEAR
                                                  NORMAL
..................................................................
TEMPERATURE (F)
 YESTERDAY
  MAXIMUM         83    401 PM  90    1934  76      7       77
  MINIMUM         54    451 AM  30    1996  49      5       46
  AVERAGE         69                        63      6       62

PRECIPITATION (IN)
  YESTERDAY        0.00          1.94 1978   0.05  -0.05     0.00
  MONTH TO DATE    T                         1.42  -1.42     1.66
  SINCE SEP 1      1.69                      3.28  -1.59     1.93
  SINCE JAN 1      6.43                     13.00  -6.57     6.50

SNOWFALL (IN)
  YESTERDAY        0.0
  MONTH TO DATE    0.0
  SINCE SEP 1      0.0
  SINCE JUL 1      0.0
  SNOW DEPTH       0

DEGREE DAYS
 HEATING
  YESTERDAY        0                         4     -4        3
  MONTH TO DATE   14                        55    -41       61
  SINCE SEP 1     28                        66    -38       61
  SINCE JUL 1     28                        66    -38       61

 COOLING
  YESTERDAY        4                         2      2        0
  MONTH TO DATE  128                        85     43      109
  SINCE SEP 1    448                       380     68      493
  SINCE JAN 1   2645                      2264    381     2668
..................................................................


WIND (MPH)
  HIGHEST WIND SPEED    15   HIGHEST WIND DIRECTION     S (180)
  HIGHEST GUST SPEED    17   HIGHEST GUST DIRECTION     S (180)
  AVERAGE WIND SPEED     5.8


SKY COVER
  POSSIBLE SUNSHINE  MM
  AVERAGE SKY COVER 0.3


WEATHER CONDITIONS
 THE FOLLOWING WEATHER WAS RECORDED YESTERDAY.
  FOG
  FOG W/VISIBILITY <= 1/4 MILE
  HAZE


RELATIVE HUMIDITY (PERCENT)
 HIGHEST   100           600 AM
 LOWEST     34           500 PM
 AVERAGE    67

..........................................................


THE MIDLAND CLIMATE NORMALS FOR TODAY
                         NORMAL    RECORD    YEAR
 MAXIMUM TEMPERATURE (F)   75        92      1933
 MINIMUM TEMPERATURE (F)   49        33      1980


SUNRISE AND SUNSET
OCTOBER 24 2014.......SUNRISE   759 AM CDT   SUNSET   706 PM CDT
OCTOBER 25 2014.......SUNRISE   800 AM CDT   SUNSET   705 PM CDT


-  INDICATES NEGATIVE NUMBERS.
R  INDICATES RECORD WAS SET OR TIED.
MM INDICATES DATA IS MISSING.
T  INDICATES TRACE AMOUNT.




$$
