000
CDUS44 KMAF 232112
CLIMAF


CLIMATE REPORT
NATIONAL WEATHER SERVICE MIDLAND TX
412 PM CDT MON OCT 23 2017


...................................

...THE MIDLAND CLIMATE SUMMARY FOR OCTOBER 23 2017...
VALID TODAY AS OF 0400 PM LOCAL TIME.

CLIMATE NORMAL PERIOD 1981 TO 2010
CLIMATE RECORD PERIOD 1930 TO 2017


WEATHER ITEM   OBSERVED TIME   RECORD YEAR NORMAL DEPARTURE LAST
                VALUE   (LST)  VALUE       VALUE  FROM      YEAR
                                                  NORMAL
..................................................................
TEMPERATURE (F)
 TODAY
  MAXIMUM         88    307 PM  90    1934  76     12       88
  MINIMUM         46    519 AM  30    1996  49     -3       63
  AVERAGE         67                        63      4       76

PRECIPITATION (IN)
  TODAY            0.00          1.94 1978   0.05  -0.05     0.00
  MONTH TO DATE    0.09                      1.42  -1.33     0.31
  SINCE SEP 1      4.16                      3.28   0.88     2.42
  SINCE JAN 1     16.90                     13.00   3.90    12.76

SNOWFALL (IN)
  TODAY            0.0
  MONTH TO DATE    0.0
  SINCE SEP 1      0.0
  SINCE JUL 1      0.0
  SNOW DEPTH       0

DEGREE DAYS
 HEATING
  TODAY            0                         4     -4        0
  MONTH TO DATE   25                        55    -30       10
  SINCE SEP 1     32                        66    -34       11
  SINCE JUL 1     32                        66    -34       11

 COOLING
  TODAY            2                         2      0       11
  MONTH TO DATE  146                        85     61      190
  SINCE SEP 1    528                       380    148      559
  SINCE JAN 1   2775                      2264    511     2791
..................................................................


WIND (MPH)
  HIGHEST WIND SPEED     9   HIGHEST WIND DIRECTION     N (10)
  HIGHEST GUST SPEED    MM   HIGHEST GUST DIRECTION    MM
  AVERAGE WIND SPEED     5.9


SKY COVER
  POSSIBLE SUNSHINE  MM
  AVERAGE SKY COVER 0.0


WEATHER CONDITIONS
 THE FOLLOWING WEATHER WAS RECORDED TODAY.
  NO SIGNIFICANT WEATHER WAS OBSERVED.


RELATIVE HUMIDITY (PERCENT)
 HIGHEST    61           500 AM
 LOWEST     16           100 PM
 AVERAGE    39

..........................................................


THE MIDLAND CLIMATE NORMALS FOR TOMORROW
                         NORMAL    RECORD    YEAR
 MAXIMUM TEMPERATURE (F)   75        92      1933
 MINIMUM TEMPERATURE (F)   49        33      1980


SUNRISE AND SUNSET
OCTOBER 23 2017.......SUNRISE   758 AM CDT   SUNSET   707 PM CDT
OCTOBER 24 2017.......SUNRISE   759 AM CDT   SUNSET   706 PM CDT


-  INDICATES NEGATIVE NUMBERS.
R  INDICATES RECORD WAS SET OR TIED.
MM INDICATES DATA IS MISSING.
T  INDICATES TRACE AMOUNT.




$$
